20.171.207.65 - - [14/Sep/2025:08:36:36 -0700] "GET /xmlrpc.php?path=//var/lib/proxyexec/cagefs.sock HTTP/1.1" 200 2591 "-" "Mozilla/5.0 AppleWebKit/537.36 (KHTML, like Gecko; compatible; GPTBot/1.2; +https://openai.com/gptbot)" 38 **0/38309**
20.171.207.65 - - [14/Sep/2025:08:36:39 -0700] "GET /?fileloc=//proc/self/cwd/ru/ru/index.php&path=//proc/self/cwd/ru/ru HTTP/1.1" 200 4751 "-" "Mozilla/5.0 AppleWebKit/537.36 (KHTML, like Gecko; compatible; GPTBot/1.2; +https://openai.com/gptbot)" 144 **0/144708**
20.171.207.65 - - [14/Sep/2025:08:36:46 -0700] "GET /?path=//proc/self/cwd/ru/ru/ru HTTP/1.1" 200 2728 "-" "Mozilla/5.0 AppleWebKit/537.36 (KHTML, like Gecko; compatible; GPTBot/1.2; +https://openai.com/gptbot)" 128 **0/128320**
20.171.207.65 - - [14/Sep/2025:08:36:49 -0700] "GET /?fileloc=//proc/self/cwd/ru/ru/cache.php&path=//proc/self/cwd/ru/ru HTTP/1.1" 200 6700 "-" "Mozilla/5.0 AppleWebKit/537.36 (KHTML, like Gecko; compatible; GPTBot/1.2; +https://openai.com/gptbot)" 123 **0/123384**
20.171.207.65 - - [14/Sep/2025:08:36:55 -0700] "GET /inputs.php?path=//opt/cloudlinux/venv/lib/python3.11/site-packages/pip/_internal/index HTTP/1.1" 200 2838 "-" "Mozilla/5.0 AppleWebKit/537.36 (KHTML, like Gecko; compatible; GPTBot/1.2; +https://openai.com/gptbot)" 127 **0/127123**
20.171.207.65 - - [14/Sep/2025:08:37:05 -0700] "GET /?fileloc=//proc/self/cwd/ru/ru/ru/cache.php&path=//proc/self/cwd/ru/ru/ru HTTP/1.1" 200 6696 "-" "Mozilla/5.0 AppleWebKit/537.36 (KHTML, like Gecko; compatible; GPTBot/1.2; +https://openai.com/gptbot)" 126 **0/126590**
98.98.21.202 - - [14/Sep/2025:08:37:15 -0700] "POST /xmlrpc.php HTTP/1.1" 200 72275 "-" "Mozilla/5.0 (Windows NT 10.0; Win64; x64) AppleWebKit/537.36 (KHTML, like Gecko) Chrome/114.0.0.0 Safari/537.36" 574 **0/574052**
98.98.21.202 - - [14/Sep/2025:08:37:16 -0700] "POST /xmlrpc.php HTTP/1.1" 200 72275 "-" "Mozilla/5.0 (Windows NT 10.0; Win64; x64) AppleWebKit/537.36 (KHTML, like Gecko) Chrome/114.0.0.0 Safari/537.36" 541 **0/541556**
20.171.207.65 - - [14/Sep/2025:08:37:21 -0700] "GET /?fileloc=//proc/self/cwd/ru/ru/ru/index.php&path=//proc/self/cwd/ru/ru/ru HTTP/1.1" 200 3358 "-" "Mozilla/5.0 AppleWebKit/537.36 (KHTML, like Gecko; compatible; GPTBot/1.2; +https://openai.com/gptbot)" 148 **0/148177**
20.171.207.65 - - [14/Sep/2025:08:37:24 -0700] "GET /?path=//proc/self/root/root HTTP/1.1" 200 2316 "-" "Mozilla/5.0 AppleWebKit/537.36 (KHTML, like Gecko; compatible; GPTBot/1.2; +https://openai.com/gptbot)" 139 **0/139107**
20.171.207.65 - - [14/Sep/2025:08:37:27 -0700] "GET /?path=//proc/self/root/proc HTTP/1.1" 200 4106 "-" "Mozilla/5.0 AppleWebKit/537.36 (KHTML, like Gecko; compatible; GPTBot/1.2; +https://openai.com/gptbot)" 136 **0/136142**
20.171.207.65 - - [14/Sep/2025:08:37:43 -0700] "GET /?path=//proc/self/root/proc/sys HTTP/1.1" 200 2786 "-" "Mozilla/5.0 AppleWebKit/537.36 (KHTML, like Gecko; compatible; GPTBot/1.2; +https://openai.com/gptbot)" 148 **0/148659**
20.171.207.65 - - [14/Sep/2025:08:37:46 -0700] "GET /?fileloc=//proc/self/root/proc/kpageflags&path=//proc/self/root/proc HTTP/1.1" 200 2269 "-" "Mozilla/5.0 AppleWebKit/537.36 (KHTML, like Gecko; compatible; GPTBot/1.2; +https://openai.com/gptbot)" 133 **0/133208**
20.171.207.65 - - [14/Sep/2025:08:37:49 -0700] "GET /?fileloc=//proc/self/root/proc/pagetypeinfo&path=//proc/self/root/proc HTTP/1.1" 200 2269 "-" "Mozilla/5.0 AppleWebKit/537.36 (KHTML, like Gecko; compatible; GPTBot/1.2; +https://openai.com/gptbot)" 135 **0/135398**
20.171.207.65 - - [14/Sep/2025:08:37:52 -0700] "GET /?path=//proc/self/root/proc/869087 HTTP/1.1" 200 2327 "-" "Mozilla/5.0 AppleWebKit/537.36 (KHTML, like Gecko; compatible; GPTBot/1.2; +https://openai.com/gptbot)" 173 **0/173737**
20.171.207.65 - - [14/Sep/2025:08:37:55 -0700] "GET /?path=//proc/self/root/proc/869085 HTTP/1.1" 200 2328 "-" "Mozilla/5.0 AppleWebKit/537.36 (KHTML, like Gecko; compatible; GPTBot/1.2; +https://openai.com/gptbot)" 137 **0/137671**
20.171.207.65 - - [14/Sep/2025:08:37:58 -0700] "GET /?path=//proc/self/root/proc/sys/net HTTP/1.1" 200 2780 "-" "Mozilla/5.0 AppleWebKit/537.36 (KHTML, like Gecko; compatible; GPTBot/1.2; +https://openai.com/gptbot)" 170 **0/170165**
20.171.207.65 - - [14/Sep/2025:08:38:08 -0700] "GET /?path=//proc/self/root/proc/795069 HTTP/1.1" 200 3896 "-" "Mozilla/5.0 AppleWebKit/537.36 (KHTML, like Gecko; compatible; GPTBot/1.2; +https://openai.com/gptbot)" 144 **0/144411**
20.171.207.65 - - [14/Sep/2025:08:38:11 -0700] "GET /?path=//proc/self/root/proc/869082 HTTP/1.1" 200 2328 "-" "Mozilla/5.0 AppleWebKit/537.36 (KHTML, like Gecko; compatible; GPTBot/1.2; +https://openai.com/gptbot)" 128 **0/128968**
20.171.207.65 - - [14/Sep/2025:08:38:18 -0700] "GET /?fileloc=//proc/self/root/proc/sys/net/nf_conntrack_max&path=//proc/self/root/proc/sys/net HTTP/1.1" 200 2303 "-" "Mozilla/5.0 AppleWebKit/537.36 (KHTML, like Gecko; compatible; GPTBot/1.2; +https://openai.com/gptbot)" 121 **0/121325**
20.171.207.65 - - [14/Sep/2025:08:38:21 -0700] "GET /?path=//proc/self/root/proc/sys/net/mptcp HTTP/1.1" 200 2679 "-" "Mozilla/5.0 AppleWebKit/537.36 (KHTML, like Gecko; compatible; GPTBot/1.2; +https://openai.com/gptbot)" 141 **0/141676**
20.171.207.65 - - [14/Sep/2025:08:38:24 -0700] "GET /?path=//proc/self/root/proc/sys/net/core HTTP/1.1" 200 3555 "-" "Mozilla/5.0 AppleWebKit/537.36 (KHTML, like Gecko; compatible; GPTBot/1.2; +https://openai.com/gptbot)" 137 **0/137713**
20.171.207.65 - - [14/Sep/2025:08:38:27 -0700] "GET /?path=//proc/self/root/proc/sys/net/ipv4 HTTP/1.1" 200 5655 "-" "Mozilla/5.0 AppleWebKit/537.36 (KHTML, like Gecko; compatible; GPTBot/1.2; +https://openai.com/gptbot)" 148 **0/148802**
20.171.207.65 - - [14/Sep/2025:08:38:30 -0700] "GET /?path=//proc/self/root/proc/sys/net/unix HTTP/1.1" 200 2609 "-" "Mozilla/5.0 AppleWebKit/537.36 (KHTML, like Gecko; compatible; GPTBot/1.2; +https://openai.com/gptbot)" 144 **0/144193**
20.171.207.65 - - [14/Sep/2025:08:38:34 -0700] "GET /?path=//proc/self/root/proc/sys/net/ipv6 HTTP/1.1" 200 3459 "-" "Mozilla/5.0 AppleWebKit/537.36 (KHTML, like Gecko; compatible; GPTBot/1.2; +https://openai.com/gptbot)" 138 **0/138094**
20.171.207.65 - - [14/Sep/2025:08:38:37 -0700] "GET /?path=//proc/self/root/proc/sys/net/netfilter HTTP/1.1" 200 3907 "-" "Mozilla/5.0 AppleWebKit/537.36 (KHTML, like Gecko; compatible; GPTBot/1.2; +https://openai.com/gptbot)" 135 **0/135691**
216.73.216.168 - - [14/Sep/2025:08:38:38 -0700] "GET /claiming-deposit-bonuses-at-rocketplay-casino-for-australian-players?fileloc=%2F%2Flib64%2Flibinotifytools.so.0.4.1&path=%2F%2Flib64 HTTP/1.1" 403 3820 "-" "Mozilla/5.0 AppleWebKit/537.36 (KHTML, like Gecko; compatible; ClaudeBot/1.0; +claudebot@anthropic.com)" 243 **0/243008**
20.171.207.65 - - [14/Sep/2025:08:38:40 -0700] "GET /?fileloc=//proc/self/root/proc/sys/net/mptcp/enabled&path=//proc/self/root/proc/sys/net/mptcp HTTP/1.1" 200 2298 "-" "Mozilla/5.0 AppleWebKit/537.36 (KHTML, like Gecko; compatible; GPTBot/1.2; +https://openai.com/gptbot)" 118 **0/118612**
216.73.216.168 - - [14/Sep/2025:08:38:42 -0700] "GET /pin-up-kazino-oficialnyj-sajt-pin-ap-vhod-na-564?fileloc=%2F%2Flib64%2Flibsecureio.so.0.9.0&path=%2F%2Flib64 HTTP/1.1" 403 3820 "-" "Mozilla/5.0 AppleWebKit/537.36 (KHTML, like Gecko; compatible; ClaudeBot/1.0; +claudebot@anthropic.com)" 245 **0/245960**
20.171.207.65 - - [14/Sep/2025:08:38:43 -0700] "GET /?fileloc=//proc/self/root/proc/sys/net/core/bpf_jit_harden&path=//proc/self/root/proc/sys/net/core HTTP/1.1" 200 2305 "-" "Mozilla/5.0 AppleWebKit/537.36 (KHTML, like Gecko; compatible; GPTBot/1.2; +https://openai.com/gptbot)" 124 **0/124696**
216.73.216.168 - - [14/Sep/2025:08:38:44 -0700] "GET /claiming-deposit-bonuses-at-rocketplay-casino-for-australian-players?fileloc=%2F%2Flib64%2Flibgdk_pixbuf-2.0.so.0&path=%2F%2Flib64 HTTP/1.1" 403 3820 "-" "Mozilla/5.0 AppleWebKit/537.36 (KHTML, like Gecko; compatible; ClaudeBot/1.0; +claudebot@anthropic.com)" 245 **0/245248**
20.171.207.65 - - [14/Sep/2025:08:38:46 -0700] "GET /?fileloc=//proc/self/root/proc/sys/net/ipv4/tcp_pacing_ss_ratio&path=//proc/self/root/proc/sys/net/ipv4 HTTP/1.1" 200 2311 "-" "Mozilla/5.0 AppleWebKit/537.36 (KHTML, like Gecko; compatible; GPTBot/1.2; +https://openai.com/gptbot)" 124 **0/124072**
216.73.216.168 - - [14/Sep/2025:08:38:46 -0700] "GET /pin-up-kazino-oficialnyj-sajt-pin-ap-vhod-na-564?fileloc=%2F%2Flib64%2Flibnfsidmap.so.1.0.0&path=%2F%2Flib64 HTTP/1.1" 403 3820 "-" "Mozilla/5.0 AppleWebKit/537.36 (KHTML, like Gecko; compatible; ClaudeBot/1.0; +claudebot@anthropic.com)" 222 **0/222631**
20.171.207.65 - - [14/Sep/2025:08:38:49 -0700] "GET /?fileloc=//proc/self/root/proc/sys/net/ipv4/igmp_max_msf&path=//proc/self/root/proc/sys/net/ipv4 HTTP/1.1" 200 2305 "-" "Mozilla/5.0 AppleWebKit/537.36 (KHTML, like Gecko; compatible; GPTBot/1.2; +https://openai.com/gptbot)" 122 **0/122624**
216.73.216.168 - - [14/Sep/2025:08:38:49 -0700] "GET /pin-up-kazino-oficialnyj-sajt-pin-ap-vhod-na-564?fileloc=%2F%2Flib64%2Flibnetfilter_conntrack.so.3.6.0&path=%2F%2Flib64 HTTP/1.1" 403 3820 "-" "Mozilla/5.0 AppleWebKit/537.36 (KHTML, like Gecko; compatible; ClaudeBot/1.0; +claudebot@anthropic.com)" 225 **0/225687**
20.171.207.65 - - [14/Sep/2025:08:38:52 -0700] "GET /?fileloc=//proc/self/root/proc/sys/net/ipv4/tcp_max_orphans&path=//proc/self/root/proc/sys/net/ipv4 HTTP/1.1" 200 2311 "-" "Mozilla/5.0 AppleWebKit/537.36 (KHTML, like Gecko; compatible; GPTBot/1.2; +https://openai.com/gptbot)" 136 **0/136905**
216.73.216.168 - - [14/Sep/2025:08:38:52 -0700] "GET /claiming-deposit-bonuses-at-rocketplay-casino-for-australian-players?fileloc=%2F%2Flib64%2Flibglib-2.0.so.0.5600.4&path=%2F%2Flib64 HTTP/1.1" 403 3820 "-" "Mozilla/5.0 AppleWebKit/537.36 (KHTML, like Gecko; compatible; ClaudeBot/1.0; +claudebot@anthropic.com)" 237 **0/237409**
20.171.207.65 - - [14/Sep/2025:08:38:55 -0700] "GET /?fileloc=//proc/self/root/proc/sys/net/netfilter/nf_conntrack_tcp_timeout_fin_wait&path=//proc/self/root/proc/sys/net/netfilter HTTP/1.1" 200 2328 "-" "Mozilla/5.0 AppleWebKit/537.36 (KHTML, like Gecko; compatible; GPTBot/1.2; +https://openai.com/gptbot)" 123 **0/123890**
216.73.216.168 - - [14/Sep/2025:08:38:55 -0700] "GET /kazino-oficialnyj-sajt-pin-up-casino-vhodi-i-308/feed?fileloc=%2F%2Flib64%2Flibmcpp.so.0&path=%2F%2Flib64 HTTP/1.1" 403 3820 "-" "Mozilla/5.0 AppleWebKit/537.36 (KHTML, like Gecko; compatible; ClaudeBot/1.0; +claudebot@anthropic.com)" 260 **0/260171**
216.73.216.168 - - [14/Sep/2025:08:38:58 -0700] "GET /claiming-deposit-bonuses-at-rocketplay-casino-for-australian-players?fileloc=%2F%2Flib64%2Flibaudit.so.1.0.0&path=%2F%2Flib64 HTTP/1.1" 403 3820 "-" "Mozilla/5.0 AppleWebKit/537.36 (KHTML, like Gecko; compatible; ClaudeBot/1.0; +claudebot@anthropic.com)" 215 **0/215426**
20.171.207.65 - - [14/Sep/2025:08:38:59 -0700] "GET /?fileloc=//proc/self/root/proc/sys/net/netfilter/nf_conntrack_dccp_timeout_closereq&path=//proc/self/root/proc/sys/net/netfilter HTTP/1.1" 200 2324 "-" "Mozilla/5.0 AppleWebKit/537.36 (KHTML, like Gecko; compatible; GPTBot/1.2; +https://openai.com/gptbot)" 131 **0/131952**
20.171.207.65 - - [14/Sep/2025:08:39:01 -0700] "GET /?fileloc=//proc/self/root/proc/sys/net/core/netdev_rss_key&path=//proc/self/root/proc/sys/net/core HTTP/1.1" 200 2309 "-" "Mozilla/5.0 AppleWebKit/537.36 (KHTML, like Gecko; compatible; GPTBot/1.2; +https://openai.com/gptbot)" 195 **0/195583**
216.73.216.168 - - [14/Sep/2025:08:39:01 -0700] "GET /free-spin-nedir-ucretsiz-ve-bedava-spin-oyunlar?path=%2F%2Fhome HTTP/1.1" 403 3820 "-" "Mozilla/5.0 AppleWebKit/537.36 (KHTML, like Gecko; compatible; ClaudeBot/1.0; +claudebot@anthropic.com)" 309 **0/309697**
216.73.216.168 - - [14/Sep/2025:08:39:04 -0700] "GET /%e0%b8%a3%e0%b8%ab%e0%b8%b1%e0%b8%aa%e0%b8%9c%e0%b9%88%e0%b8%b2%e0%b8%99%e0%b9%82%e0%b8%9b%e0%b8%a3%e0%b9%82%e0%b8%a1%e0%b8%8a%e0%b8%b1%e0%b9%88%e0%b8%99-1xbet-2025-bcvip-130-145-%e0%b9%80%e0%b8%9e/feed?path=%2Fhome%2Fvrposilw0xwl%2Fpublic_html%2Fwp-admin%2Fjs HTTP/1.1" 403 3820 "-" "Mozilla/5.0 AppleWebKit/537.36 (KHTML, like Gecko; compatible; ClaudeBot/1.0; +claudebot@anthropic.com)" 240 **0/240456**
20.171.207.65 - - [14/Sep/2025:08:39:05 -0700] "GET /?fileloc=//proc/self/root/proc/sys/net/core/dev_weight_tx_bias&path=//proc/self/root/proc/sys/net/core HTTP/1.1" 200 2306 "-" "Mozilla/5.0 AppleWebKit/537.36 (KHTML, like Gecko; compatible; GPTBot/1.2; +https://openai.com/gptbot)" 167 **0/167507**
216.73.216.168 - - [14/Sep/2025:08:39:07 -0700] "GET /claiming-deposit-bonuses-at-rocketplay-casino-for-australian-players?fileloc=%2F%2Flib64%2Flibmysqlclient.so.19&path=%2F%2Flib64 HTTP/1.1" 403 3820 "-" "Mozilla/5.0 AppleWebKit/537.36 (KHTML, like Gecko; compatible; ClaudeBot/1.0; +claudebot@anthropic.com)" 259 **0/259862**
20.171.207.65 - - [14/Sep/2025:08:39:08 -0700] "GET /?fileloc=//proc/self/root/proc/sys/net/core/dev_weight_rx_bias&path=//proc/self/root/proc/sys/net/core HTTP/1.1" 200 2306 "-" "Mozilla/5.0 AppleWebKit/537.36 (KHTML, like Gecko; compatible; GPTBot/1.2; +https://openai.com/gptbot)" 125 **0/125185**
20.171.207.65 - - [14/Sep/2025:08:39:11 -0700] "GET /?fileloc=//proc/self/root/proc/sys/net/core/bpf_jit_enable&path=//proc/self/root/proc/sys/net/core HTTP/1.1" 200 2304 "-" "Mozilla/5.0 AppleWebKit/537.36 (KHTML, like Gecko; compatible; GPTBot/1.2; +https://openai.com/gptbot)" 134 **0/134243**
216.73.216.168 - - [14/Sep/2025:08:39:11 -0700] "GET /pin-up-kazino-oficialnyj-sajt-pin-ap-vhod-na-564?fileloc=%2F%2Flib64%2Flibsystemd.so.0.23.0&path=%2F%2Flib64 HTTP/1.1" 200 2254 "-" "Mozilla/5.0 AppleWebKit/537.36 (KHTML, like Gecko; compatible; ClaudeBot/1.0; +claudebot@anthropic.com)" 253 **0/253247**
216.73.216.168 - - [14/Sep/2025:08:39:13 -0700] "GET /2025-delajte-stavki-i-vyigryvajte-v-ljuboe-vremja-120/feed?fileloc=%2F%2Flib64%2Flibsasl2.so.3.0.0&path=%2F%2Flib64 HTTP/1.1" 200 2254 "-" "Mozilla/5.0 AppleWebKit/537.36 (KHTML, like Gecko; compatible; ClaudeBot/1.0; +claudebot@anthropic.com)" 243 **0/243553**
20.171.207.65 - - [14/Sep/2025:08:39:14 -0700] "GET /?fileloc=//proc/self/root/proc/sys/net/netfilter/nf_flowtable_tcp_timeout&path=//proc/self/root/proc/sys/net/netfilter HTTP/1.1" 200 2316 "-" "Mozilla/5.0 AppleWebKit/537.36 (KHTML, like Gecko; compatible; GPTBot/1.2; +https://openai.com/gptbot)" 129 **0/129557**
216.73.216.168 - - [14/Sep/2025:08:39:16 -0700] "GET /claiming-deposit-bonuses-at-rocketplay-casino-for-australian-players?fileloc=%2F%2Flib64%2Flibfbclient.so.4.0.0&path=%2F%2Flib64 HTTP/1.1" 200 2254 "-" "Mozilla/5.0 AppleWebKit/537.36 (KHTML, like Gecko; compatible; ClaudeBot/1.0; +claudebot@anthropic.com)" 280 **0/280933**
20.171.207.65 - - [14/Sep/2025:08:39:17 -0700] "GET /?fileloc=//proc/self/root/proc/sys/net/unix/max_dgram_qlen&path=//proc/self/root/proc/sys/net/unix HTTP/1.1" 200 2309 "-" "Mozilla/5.0 AppleWebKit/537.36 (KHTML, like Gecko; compatible; GPTBot/1.2; +https://openai.com/gptbot)" 136 **0/136879**
216.73.216.168 - - [14/Sep/2025:08:39:19 -0700] "GET /a-ascensao-dos-cassinos-moveis-jogos-em-movimento-24/feed?fileloc=%2F%2Flib64%2Flibwebpdecoder.so.3.0.2&path=%2F%2Flib64 HTTP/1.1" 200 2258 "-" "Mozilla/5.0 AppleWebKit/537.36 (KHTML, like Gecko; compatible; ClaudeBot/1.0; +claudebot@anthropic.com)" 255 **0/255036**
20.171.207.65 - - [14/Sep/2025:08:39:20 -0700] "GET /?fileloc=//proc/self/root/proc/sys/net/netfilter/nf_conntrack_dccp_loose&path=//proc/self/root/proc/sys/net/netfilter HTTP/1.1" 200 2314 "-" "Mozilla/5.0 AppleWebKit/537.36 (KHTML, like Gecko; compatible; GPTBot/1.2; +https://openai.com/gptbot)" 122 **0/122884**
20.171.207.65 - - [14/Sep/2025:08:39:23 -0700] "GET /?fileloc=//proc/self/root/proc/sys/net/netfilter/nf_conntrack_icmp_timeout&path=//proc/self/root/proc/sys/net/netfilter HTTP/1.1" 200 2319 "-" "Mozilla/5.0 AppleWebKit/537.36 (KHTML, like Gecko; compatible; GPTBot/1.2; +https://openai.com/gptbot)" 130 **0/130362**
216.73.216.168 - - [14/Sep/2025:08:39:22 -0700] "GET /pin-up-kazino-oficialnyj-sajt-pin-ap-vhod-na-564?fileloc=%2F%2Flib64%2Flibmariadbd.so.19&path=%2F%2Flib64 HTTP/1.1" 200 2253 "-" "Mozilla/5.0 AppleWebKit/537.36 (KHTML, like Gecko; compatible; ClaudeBot/1.0; +claudebot@anthropic.com)" 1527 **1/1527148**
216.73.216.168 - - [14/Sep/2025:08:39:25 -0700] "GET /a-ascensao-dos-cassinos-moveis-jogos-em-movimento-24/feed?fileloc=%2F%2Flib64%2Flibprotobuf.so.15.0.0&path=%2F%2Flib64 HTTP/1.1" 200 2256 "-" "Mozilla/5.0 AppleWebKit/537.36 (KHTML, like Gecko; compatible; ClaudeBot/1.0; +claudebot@anthropic.com)" 254 **0/254681**
20.171.207.65 - - [14/Sep/2025:08:39:27 -0700] "GET /?fileloc=//proc/self/root/proc/sys/net/netfilter/nf_conntrack_expect_max&path=//proc/self/root/proc/sys/net/netfilter HTTP/1.1" 200 2318 "-" "Mozilla/5.0 AppleWebKit/537.36 (KHTML, like Gecko; compatible; GPTBot/1.2; +https://openai.com/gptbot)" 129 **0/129875**
216.73.216.168 - - [14/Sep/2025:08:39:28 -0700] "GET /claiming-deposit-bonuses-at-rocketplay-casino-for-australian-players?fileloc=%2F%2Flib64%2Flibply-boot-client.so.5.0.0&path=%2F%2Flib64 HTTP/1.1" 200 2259 "-" "Mozilla/5.0 AppleWebKit/537.36 (KHTML, like Gecko; compatible; ClaudeBot/1.0; +claudebot@anthropic.com)" 256 **0/256328**
20.171.207.65 - - [14/Sep/2025:08:39:30 -0700] "GET /?fileloc=//proc/self/root/proc/sys/net/netfilter/nf_conntrack_buckets&path=//proc/self/root/proc/sys/net/netfilter HTTP/1.1" 200 2318 "-" "Mozilla/5.0 AppleWebKit/537.36 (KHTML, like Gecko; compatible; GPTBot/1.2; +https://openai.com/gptbot)" 128 **0/128820**
216.73.216.168 - - [14/Sep/2025:08:39:31 -0700] "GET /a-ascensao-dos-cassinos-moveis-jogos-em-movimento-24/feed?fileloc=%2F%2Flib64%2Flibonig.so.5.0.0&path=%2F%2Flib64 HTTP/1.1" 200 2253 "-" "Mozilla/5.0 AppleWebKit/537.36 (KHTML, like Gecko; compatible; ClaudeBot/1.0; +claudebot@anthropic.com)" 233 **0/233004**
20.171.207.65 - - [14/Sep/2025:08:39:33 -0700] "GET /?fileloc=//proc/self/root/proc/sys/net/netfilter/nf_conntrack_timestamp&path=//proc/self/root/proc/sys/net/netfilter HTTP/1.1" 200 2312 "-" "Mozilla/5.0 AppleWebKit/537.36 (KHTML, like Gecko; compatible; GPTBot/1.2; +https://openai.com/gptbot)" 145 **0/145330**
216.73.216.168 - - [14/Sep/2025:08:39:34 -0700] "GET /pin-up-kazino-oficialnyj-sajt-pin-ap-vhod-na-564?fileloc=%2F%2Flib64%2Flibpcre2-posix.so.2&path=%2F%2Flib64 HTTP/1.1" 200 2255 "-" "Mozilla/5.0 AppleWebKit/537.36 (KHTML, like Gecko; compatible; ClaudeBot/1.0; +claudebot@anthropic.com)" 233 **0/233874**
20.171.207.65 - - [14/Sep/2025:08:39:36 -0700] "GET /?fileloc=//proc/self/root/proc/sys/net/netfilter/nf_conntrack_checksum&path=//proc/self/root/proc/sys/net/netfilter HTTP/1.1" 200 2313 "-" "Mozilla/5.0 AppleWebKit/537.36 (KHTML, like Gecko; compatible; GPTBot/1.2; +https://openai.com/gptbot)" 127 **0/127042**
216.73.216.168 - - [14/Sep/2025:08:39:37 -0700] "GET /pin-up-kazino-oficialnyj-sajt-pin-ap-vhod-na-564?fileloc=%2F%2Flib64%2FlibsapdbS.so.2.0.0&path=%2F%2Flib64 HTTP/1.1" 200 2252 "-" "Mozilla/5.0 AppleWebKit/537.36 (KHTML, like Gecko; compatible; ClaudeBot/1.0; +claudebot@anthropic.com)" 231 **0/231548**
20.171.207.65 - - [14/Sep/2025:08:39:39 -0700] "GET /?fileloc=//proc/self/root/proc/sys/net/netfilter/nf_conntrack_tcp_loose&path=//proc/self/root/proc/sys/net/netfilter HTTP/1.1" 200 2314 "-" "Mozilla/5.0 AppleWebKit/537.36 (KHTML, like Gecko; compatible; GPTBot/1.2; +https://openai.com/gptbot)" 138 **0/138734**
216.73.216.168 - - [14/Sep/2025:08:39:40 -0700] "GET /pin-up-kazino-oficialnyj-sajt-pin-ap-vhod-na-564?fileloc=%2F%2Flib64%2Flibharfbuzz.so.0.10705.0&path=%2F%2Flib64 HTTP/1.1" 200 2261 "-" "Mozilla/5.0 AppleWebKit/537.36 (KHTML, like Gecko; compatible; ClaudeBot/1.0; +claudebot@anthropic.com)" 264 **0/264284**
20.171.207.65 - - [14/Sep/2025:08:39:42 -0700] "GET /?fileloc=//proc/self/root/proc/sys/net/netfilter/nf_conntrack_udp_timeout&path=//proc/self/root/proc/sys/net/netfilter HTTP/1.1" 200 2316 "-" "Mozilla/5.0 AppleWebKit/537.36 (KHTML, like Gecko; compatible; GPTBot/1.2; +https://openai.com/gptbot)" 125 **0/125075**
216.73.216.168 - - [14/Sep/2025:08:39:43 -0700] "GET /claiming-deposit-bonuses-at-rocketplay-casino-for-australian-players?fileloc=%2F%2Flib64%2Flibhwy_contrib.so.1&path=%2F%2Flib64 HTTP/1.1" 200 2256 "-" "Mozilla/5.0 AppleWebKit/537.36 (KHTML, like Gecko; compatible; ClaudeBot/1.0; +claudebot@anthropic.com)" 295 **0/295713**
57.141.2.28 - - [14/Sep/2025:08:39:46 -0700] "GET /goods/15081131.html HTTP/1.1" 200 72275 "-" "meta-externalagent/1.1 (+https://developers.facebook.com/docs/sharing/webmasters/crawler)" 120 **0/120223**
20.171.207.65 - - [14/Sep/2025:08:39:46 -0700] "GET /?fileloc=//proc/self/root/proc/sys/net/netfilter/nf_flowtable_udp_timeout&path=//proc/self/root/proc/sys/net/netfilter HTTP/1.1" 200 2316 "-" "Mozilla/5.0 AppleWebKit/537.36 (KHTML, like Gecko; compatible; GPTBot/1.2; +https://openai.com/gptbot)" 159 **0/159761**
20.171.207.65 - - [14/Sep/2025:08:39:49 -0700] "GET /?fileloc=//proc/self/root/proc/sys/net/netfilter/nf_conntrack_log_invalid&path=//proc/self/root/proc/sys/net/netfilter HTTP/1.1" 200 2319 "-" "Mozilla/5.0 AppleWebKit/537.36 (KHTML, like Gecko; compatible; GPTBot/1.2; +https://openai.com/gptbot)" 130 **0/130016**
20.171.207.65 - - [14/Sep/2025:08:39:52 -0700] "GET /?fileloc=//proc/self/root/proc/sys/net/core/bpf_jit_limit&path=//proc/self/root/proc/sys/net/core HTTP/1.1" 200 2303 "-" "Mozilla/5.0 AppleWebKit/537.36 (KHTML, like Gecko; compatible; GPTBot/1.2; +https://openai.com/gptbot)" 131 **0/131854**
20.171.207.65 - - [14/Sep/2025:08:39:55 -0700] "GET /?fileloc=//proc/self/root/proc/sys/net/netfilter/nf_conntrack_max&path=//proc/self/root/proc/sys/net/netfilter HTTP/1.1" 200 2315 "-" "Mozilla/5.0 AppleWebKit/537.36 (KHTML, like Gecko; compatible; GPTBot/1.2; +https://openai.com/gptbot)" 131 **0/131400**
20.171.207.65 - - [14/Sep/2025:08:39:58 -0700] "GET /?fileloc=//proc/self/root/proc/sys/net/core/max_skb_frags&path=//proc/self/root/proc/sys/net/core HTTP/1.1" 200 2305 "-" "Mozilla/5.0 AppleWebKit/537.36 (KHTML, like Gecko; compatible; GPTBot/1.2; +https://openai.com/gptbot)" 136 **0/136990**
20.171.207.65 - - [14/Sep/2025:08:40:01 -0700] "GET /?fileloc=//proc/self/root/proc/sys/net/netfilter/nf_conntrack_count&path=//proc/self/root/proc/sys/net/netfilter HTTP/1.1" 200 2313 "-" "Mozilla/5.0 AppleWebKit/537.36 (KHTML, like Gecko; compatible; GPTBot/1.2; +https://openai.com/gptbot)" 144 **0/144952**
20.171.207.65 - - [14/Sep/2025:08:40:05 -0700] "GET /?fileloc=//proc/self/root/proc/sys/net/netfilter/nf_conntrack_helper&path=//proc/self/root/proc/sys/net/netfilter HTTP/1.1" 200 2314 "-" "Mozilla/5.0 AppleWebKit/537.36 (KHTML, like Gecko; compatible; GPTBot/1.2; +https://openai.com/gptbot)" 131 **0/131348**
20.171.207.65 - - [14/Sep/2025:08:40:08 -0700] "GET /?fileloc=//proc/self/root/proc/sys/net/netfilter/nf_conntrack_events&path=//proc/self/root/proc/sys/net/netfilter HTTP/1.1" 200 2312 "-" "Mozilla/5.0 AppleWebKit/537.36 (KHTML, like Gecko; compatible; GPTBot/1.2; +https://openai.com/gptbot)" 132 **0/132957**
20.171.207.65 - - [14/Sep/2025:08:40:11 -0700] "GET /?fileloc=//proc/self/root/proc/sys/net/netfilter/nf_log_all_netns&path=//proc/self/root/proc/sys/net/netfilter HTTP/1.1" 200 2312 "-" "Mozilla/5.0 AppleWebKit/537.36 (KHTML, like Gecko; compatible; GPTBot/1.2; +https://openai.com/gptbot)" 129 **0/129567**
20.171.207.65 - - [14/Sep/2025:08:40:14 -0700] "GET /?fileloc=//proc/self/root/proc/sys/net/netfilter/nf_conntrack_acct&path=//proc/self/root/proc/sys/net/netfilter HTTP/1.1" 200 2312 "-" "Mozilla/5.0 AppleWebKit/537.36 (KHTML, like Gecko; compatible; GPTBot/1.2; +https://openai.com/gptbot)" 131 **0/131084**
20.171.207.65 - - [14/Sep/2025:08:40:17 -0700] "GET /?fileloc=//proc/self/root/proc/sys/net/netfilter/nf_conntrack_generic_timeout&path=//proc/self/root/proc/sys/net/netfilter HTTP/1.1" 200 2322 "-" "Mozilla/5.0 AppleWebKit/537.36 (KHTML, like Gecko; compatible; GPTBot/1.2; +https://openai.com/gptbot)" 135 **0/135997**
20.171.207.65 - - [14/Sep/2025:08:40:20 -0700] "GET /?fileloc=//proc/self/root/proc/sys/net/netfilter/nf_conntrack_tcp_be_liberal&path=//proc/self/root/proc/sys/net/netfilter HTTP/1.1" 200 2315 "-" "Mozilla/5.0 AppleWebKit/537.36 (KHTML, like Gecko; compatible; GPTBot/1.2; +https://openai.com/gptbot)" 133 **0/133029**
216.73.216.168 - - [14/Sep/2025:08:40:22 -0700] "GET /pin-up-kazino-oficialnyj-sajt-pin-ap-vhod-na-564?fileloc=%2F%2Flib64%2Flibenchant.so.1.6.0&path=%2F%2Flib64 HTTP/1.1" 200 2255 "-" "Mozilla/5.0 AppleWebKit/537.36 (KHTML, like Gecko; compatible; ClaudeBot/1.0; +claudebot@anthropic.com)" 260 **0/260880**
20.171.207.65 - - [14/Sep/2025:08:40:24 -0700] "GET /?fileloc=//proc/self/root/proc/sys/net/netfilter/nf_conntrack_tcp_max_retrans&path=//proc/self/root/proc/sys/net/netfilter HTTP/1.1" 200 2316 "-" "Mozilla/5.0 AppleWebKit/537.36 (KHTML, like Gecko; compatible; GPTBot/1.2; +https://openai.com/gptbot)" 126 **0/126065**
216.73.216.168 - - [14/Sep/2025:08:40:25 -0700] "GET /kazino-oficialnyj-sajt-pin-up-casino-vhodi-i-308/feed?fileloc=%2F%2Flib64%2Flibuser.so.1.5.2&path=%2F%2Flib64 HTTP/1.1" 200 2253 "-" "Mozilla/5.0 AppleWebKit/537.36 (KHTML, like Gecko; compatible; ClaudeBot/1.0; +claudebot@anthropic.com)" 244 **0/244845**
20.171.207.65 - - [14/Sep/2025:08:40:27 -0700] "GET /?fileloc=//proc/self/root/proc/sys/net/netfilter/nf_conntrack_tcp_timeout_close&path=//proc/self/root/proc/sys/net/netfilter HTTP/1.1" 200 2320 "-" "Mozilla/5.0 AppleWebKit/537.36 (KHTML, like Gecko; compatible; GPTBot/1.2; +https://openai.com/gptbot)" 121 **0/121327**
216.73.216.168 - - [14/Sep/2025:08:40:28 -0700] "GET /a-ascensao-dos-cassinos-moveis-jogos-em-movimento-24/feed?fileloc=%2F%2Flib64%2Flibsodium.so.23&path=%2F%2Flib64 HTTP/1.1" 200 2252 "-" "Mozilla/5.0 AppleWebKit/537.36 (KHTML, like Gecko; compatible; ClaudeBot/1.0; +claudebot@anthropic.com)" 234 **0/234657**
20.171.207.65 - - [14/Sep/2025:08:40:30 -0700] "GET /?fileloc=//proc/self/root/proc/sys/net/netfilter/nf_conntrack_dccp_timeout_open&path=//proc/self/root/proc/sys/net/netfilter HTTP/1.1" 200 2323 "-" "Mozilla/5.0 AppleWebKit/537.36 (KHTML, like Gecko; compatible; GPTBot/1.2; +https://openai.com/gptbot)" 137 **0/137447**
216.73.216.168 - - [14/Sep/2025:08:40:31 -0700] "GET /kazino-oficialnyj-sajt-pin-up-casino-vhodi-i-308/feed?fileloc=%2F%2Flib64%2Flibxcb-dri2.so.0.0.0&path=%2F%2Flib64 HTTP/1.1" 200 2255 "-" "Mozilla/5.0 AppleWebKit/537.36 (KHTML, like Gecko; compatible; ClaudeBot/1.0; +claudebot@anthropic.com)" 277 **0/277307**
20.171.207.65 - - [14/Sep/2025:08:40:33 -0700] "GET /?fileloc=//proc/self/root/proc/sys/net/core/warnings&path=//proc/self/root/proc/sys/net/core HTTP/1.1" 200 2297 "-" "Mozilla/5.0 AppleWebKit/537.36 (KHTML, like Gecko; compatible; GPTBot/1.2; +https://openai.com/gptbot)" 129 **0/129283**
216.73.216.168 - - [14/Sep/2025:08:40:34 -0700] "GET /pin-up-kazino-oficialnyj-sajt-pin-ap-vhod-na-564?fileloc=%2F%2Flib64%2Flibmlx4.so.1.0.48.0&path=%2F%2Flib64 HTTP/1.1" 200 2255 "-" "Mozilla/5.0 AppleWebKit/537.36 (KHTML, like Gecko; compatible; ClaudeBot/1.0; +claudebot@anthropic.com)" 269 **0/269711**
20.171.207.65 - - [14/Sep/2025:08:40:36 -0700] "GET /?fileloc=//proc/self/root/proc/sys/net/core/txrehash&path=//proc/self/root/proc/sys/net/core HTTP/1.1" 200 2300 "-" "Mozilla/5.0 AppleWebKit/537.36 (KHTML, like Gecko; compatible; GPTBot/1.2; +https://openai.com/gptbot)" 120 **0/120135**
216.73.216.168 - - [14/Sep/2025:08:40:37 -0700] "GET /claiming-deposit-bonuses-at-rocketplay-casino-for-australian-players?fileloc=%2F%2Flib64%2Flibhwy.so.1.0.2&path=%2F%2Flib64 HTTP/1.1" 200 2253 "-" "Mozilla/5.0 AppleWebKit/537.36 (KHTML, like Gecko; compatible; ClaudeBot/1.0; +claudebot@anthropic.com)" 272 **0/272054**
20.171.207.65 - - [14/Sep/2025:08:40:39 -0700] "GET /?fileloc=//proc/self/root/proc/sys/net/mptcp/stale_loss_cnt&path=//proc/self/root/proc/sys/net/mptcp HTTP/1.1" 200 2307 "-" "Mozilla/5.0 AppleWebKit/537.36 (KHTML, like Gecko; compatible; GPTBot/1.2; +https://openai.com/gptbot)" 128 **0/128907**
216.73.216.168 - - [14/Sep/2025:08:40:40 -0700] "GET /a-ascensao-dos-cassinos-moveis-jogos-em-movimento-24/feed?fileloc=%2F%2Flib64%2Flibhogweed.so.4&path=%2F%2Flib64 HTTP/1.1" 200 2252 "-" "Mozilla/5.0 AppleWebKit/537.36 (KHTML, like Gecko; compatible; ClaudeBot/1.0; +claudebot@anthropic.com)" 253 **0/253252**
20.171.207.65 - - [14/Sep/2025:08:40:42 -0700] "GET /?fileloc=//proc/self/root/proc/sys/net/core/message_cost&path=//proc/self/root/proc/sys/net/core HTTP/1.1" 200 2303 "-" "Mozilla/5.0 AppleWebKit/537.36 (KHTML, like Gecko; compatible; GPTBot/1.2; +https://openai.com/gptbot)" 130 **0/130840**
216.73.216.168 - - [14/Sep/2025:08:40:43 -0700] "GET /claiming-deposit-bonuses-at-rocketplay-casino-for-australian-players?fileloc=%2F%2Flib64%2Flibboost_context.so.1.66.0&path=%2F%2Flib64 HTTP/1.1" 200 2260 "-" "Mozilla/5.0 AppleWebKit/537.36 (KHTML, like Gecko; compatible; ClaudeBot/1.0; +claudebot@anthropic.com)" 265 **0/265069**
20.171.207.65 - - [14/Sep/2025:08:40:45 -0700] "GET /?fileloc=//proc/self/root/proc/sys/net/core/somaxconn&path=//proc/self/root/proc/sys/net/core HTTP/1.1" 200 2305 "-" "Mozilla/5.0 AppleWebKit/537.36 (KHTML, like Gecko; compatible; GPTBot/1.2; +https://openai.com/gptbot)" 134 **0/134016**
216.73.216.168 - - [14/Sep/2025:08:40:46 -0700] "GET /pin-up-kazino-oficialnyj-sajt-pin-ap-vhod-na-564?fileloc=%2F%2Flib64%2Flibpthread.so&path=%2F%2Flib64 HTTP/1.1" 200 2249 "-" "Mozilla/5.0 AppleWebKit/537.36 (KHTML, like Gecko; compatible; ClaudeBot/1.0; +claudebot@anthropic.com)" 295 **0/295583**
20.171.207.65 - - [14/Sep/2025:08:40:49 -0700] "GET /?fileloc=//proc/self/root/proc/sys/net/core/xfrm_larval_drop&path=//proc/self/root/proc/sys/net/core HTTP/1.1" 200 2306 "-" "Mozilla/5.0 AppleWebKit/537.36 (KHTML, like Gecko; compatible; GPTBot/1.2; +https://openai.com/gptbot)" 132 **0/132491**
216.73.216.168 - - [14/Sep/2025:08:40:49 -0700] "GET /a-ascensao-dos-cassinos-moveis-jogos-em-movimento-24/feed?fileloc=%2F%2Flib64%2Flibcryptsetup.so.12&path=%2F%2Flib64 HTTP/1.1" 200 2256 "-" "Mozilla/5.0 AppleWebKit/537.36 (KHTML, like Gecko; compatible; ClaudeBot/1.0; +claudebot@anthropic.com)" 285 **0/285552**
20.171.207.65 - - [14/Sep/2025:08:40:52 -0700] "GET /?fileloc=//proc/self/root/proc/sys/net/core/wmem_default&path=//proc/self/root/proc/sys/net/core HTTP/1.1" 200 2306 "-" "Mozilla/5.0 AppleWebKit/537.36 (KHTML, like Gecko; compatible; GPTBot/1.2; +https://openai.com/gptbot)" 138 **0/138387**
216.73.216.168 - - [14/Sep/2025:08:40:52 -0700] "GET /a-ascensao-dos-cassinos-moveis-jogos-em-movimento-24/feed?fileloc=%2F%2Flib64%2Flibxml2.so&path=%2F%2Flib64 HTTP/1.1" 200 2249 "-" "Mozilla/5.0 AppleWebKit/537.36 (KHTML, like Gecko; compatible; ClaudeBot/1.0; +claudebot@anthropic.com)" 258 **0/258678**
216.73.216.168 - - [14/Sep/2025:08:40:55 -0700] "GET /pin-up-kazino-oficialnyj-sajt-pin-ap-vhod-na-564?path=%2F%2Fopt%2Fsuphp HTTP/1.1" 200 2542 "-" "Mozilla/5.0 AppleWebKit/537.36 (KHTML, like Gecko; compatible; ClaudeBot/1.0; +claudebot@anthropic.com)" 287 **0/287589**
20.171.207.65 - - [14/Sep/2025:08:40:55 -0700] "GET /?fileloc=//proc/self/root/proc/sys/net/core/xfrm_aevent_rseqth&path=//proc/self/root/proc/sys/net/core HTTP/1.1" 200 2309 "-" "Mozilla/5.0 AppleWebKit/537.36 (KHTML, like Gecko; compatible; GPTBot/1.2; +https://openai.com/gptbot)" 177 **0/177136**
216.73.216.168 - - [14/Sep/2025:08:40:58 -0700] "GET /claiming-deposit-bonuses-at-rocketplay-casino-for-australian-players?fileloc=%2F%2Flib64%2Flibgettextpo.so.0&path=%2F%2Flib64 HTTP/1.1" 200 2253 "-" "Mozilla/5.0 AppleWebKit/537.36 (KHTML, like Gecko; compatible; ClaudeBot/1.0; +claudebot@anthropic.com)" 250 **0/250213**
20.171.207.65 - - [14/Sep/2025:08:40:58 -0700] "GET /?fileloc=//proc/self/root/proc/sys/net/core/flow_limit_table_len&path=//proc/self/root/proc/sys/net/core HTTP/1.1" 200 2312 "-" "Mozilla/5.0 AppleWebKit/537.36 (KHTML, like Gecko; compatible; GPTBot/1.2; +https://openai.com/gptbot)" 128 **0/128103**
216.73.216.168 - - [14/Sep/2025:08:41:01 -0700] "GET /2025-delajte-stavki-i-vyigryvajte-v-ljuboe-vremja-120/feed?fileloc=%2F%2Flib64%2Flibdebuginfod-0.190.so&path=%2F%2Flib64 HTTP/1.1" 200 2256 "-" "Mozilla/5.0 AppleWebKit/537.36 (KHTML, like Gecko; compatible; ClaudeBot/1.0; +claudebot@anthropic.com)" 281 **0/281722**
20.171.207.65 - - [14/Sep/2025:08:41:01 -0700] "GET /?fileloc=//proc/self/root/proc/sys/net/core/xfrm_aevent_etime&path=//proc/self/root/proc/sys/net/core HTTP/1.1" 200 2308 "-" "Mozilla/5.0 AppleWebKit/537.36 (KHTML, like Gecko; compatible; GPTBot/1.2; +https://openai.com/gptbot)" 139 **0/139734**
216.73.216.168 - - [14/Sep/2025:08:41:04 -0700] "GET /2025-delajte-stavki-i-vyigryvajte-v-ljuboe-vremja-120/feed?fileloc=%2F%2Flib64%2Flibcdt.so.5.0.0&path=%2F%2Flib64 HTTP/1.1" 200 2252 "-" "Mozilla/5.0 AppleWebKit/537.36 (KHTML, like Gecko; compatible; ClaudeBot/1.0; +claudebot@anthropic.com)" 265 **0/265709**
20.171.207.65 - - [14/Sep/2025:08:41:04 -0700] "GET /?fileloc=//proc/self/root/proc/sys/net/core/netdev_tstamp_prequeue&path=//proc/self/root/proc/sys/net/core HTTP/1.1" 200 2311 "-" "Mozilla/5.0 AppleWebKit/537.36 (KHTML, like Gecko; compatible; GPTBot/1.2; +https://openai.com/gptbot)" 126 **0/126301**
216.73.216.168 - - [14/Sep/2025:08:41:07 -0700] "GET /kazino-oficialnyj-sajt-pin-up-casino-vhodi-i-308/feed?fileloc=%2F%2Flib64%2Flibpam_misc.so.0&path=%2F%2Flib64 HTTP/1.1" 200 2251 "-" "Mozilla/5.0 AppleWebKit/537.36 (KHTML, like Gecko; compatible; ClaudeBot/1.0; +claudebot@anthropic.com)" 276 **0/276400**
20.171.207.65 - - [14/Sep/2025:08:41:08 -0700] "GET /?fileloc=//proc/self/root/proc/sys/net/core/netdev_budget_usecs&path=//proc/self/root/proc/sys/net/core HTTP/1.1" 200 2309 "-" "Mozilla/5.0 AppleWebKit/537.36 (KHTML, like Gecko; compatible; GPTBot/1.2; +https://openai.com/gptbot)" 131 **0/131601**
216.73.216.168 - - [14/Sep/2025:08:41:10 -0700] "GET /pin-up-kazino-oficialnyj-sajt-pin-ap-vhod-na-564?fileloc=%2F%2Flib64%2Flibbrotlidec.so.1.0.6&path=%2F%2Flib64 HTTP/1.1" 200 2257 "-" "Mozilla/5.0 AppleWebKit/537.36 (KHTML, like Gecko; compatible; ClaudeBot/1.0; +claudebot@anthropic.com)" 275 **0/275650**
20.171.207.65 - - [14/Sep/2025:08:41:11 -0700] "GET /?fileloc=//proc/self/root/proc/sys/net/core/flow_limit_cpu_bitmap&path=//proc/self/root/proc/sys/net/core HTTP/1.1" 200 2312 "-" "Mozilla/5.0 AppleWebKit/537.36 (KHTML, like Gecko; compatible; GPTBot/1.2; +https://openai.com/gptbot)" 138 **0/138696**
216.73.216.168 - - [14/Sep/2025:08:41:13 -0700] "GET /pin-up-kazino-oficialnyj-sajt-pin-ap-vhod-na-564?path=%2F%2Flib64%2Fcmake HTTP/1.1" 200 2548 "-" "Mozilla/5.0 AppleWebKit/537.36 (KHTML, like Gecko; compatible; ClaudeBot/1.0; +claudebot@anthropic.com)" 251 **0/251059**
20.171.207.65 - - [14/Sep/2025:08:41:14 -0700] "GET /?fileloc=//proc/self/root/proc/sys/net/core/rps_default_mask&path=//proc/self/root/proc/sys/net/core HTTP/1.1" 200 2307 "-" "Mozilla/5.0 AppleWebKit/537.36 (KHTML, like Gecko; compatible; GPTBot/1.2; +https://openai.com/gptbot)" 125 **0/125177**
216.73.216.168 - - [14/Sep/2025:08:41:16 -0700] "GET /claiming-deposit-bonuses-at-rocketplay-casino-for-australian-players?fileloc=%2F%2Flib64%2Flibmcrypt.so.4&path=%2F%2Flib64 HTTP/1.1" 200 2252 "-" "Mozilla/5.0 AppleWebKit/537.36 (KHTML, like Gecko; compatible; ClaudeBot/1.0; +claudebot@anthropic.com)" 258 **0/258424**
20.171.207.65 - - [14/Sep/2025:08:41:17 -0700] "GET /?fileloc=//proc/self/root/proc/sys/net/core/fb_tunnels_only_for_init_net&path=//proc/self/root/proc/sys/net/core HTTP/1.1" 200 2317 "-" "Mozilla/5.0 AppleWebKit/537.36 (KHTML, like Gecko; compatible; GPTBot/1.2; +https://openai.com/gptbot)" 131 **0/131361**
216.73.216.168 - - [14/Sep/2025:08:41:19 -0700] "GET /2025-delajte-stavki-i-vyigryvajte-v-ljuboe-vremja-120/feed?fileloc=%2F%2Flib64%2Flibpam_misc.so.0&path=%2F%2Flib64 HTTP/1.1" 403 3820 "-" "Mozilla/5.0 AppleWebKit/537.36 (KHTML, like Gecko; compatible; ClaudeBot/1.0; +claudebot@anthropic.com)" 222 **0/222897**
20.171.207.65 - - [14/Sep/2025:08:41:20 -0700] "GET /?fileloc=//proc/self/root/proc/sys/net/mptcp/add_addr_timeout&path=//proc/self/root/proc/sys/net/mptcp HTTP/1.1" 200 2308 "-" "Mozilla/5.0 AppleWebKit/537.36 (KHTML, like Gecko; compatible; GPTBot/1.2; +https://openai.com/gptbot)" 125 **0/125008**
20.171.207.65 - - [14/Sep/2025:08:41:23 -0700] "GET /?fileloc=//proc/self/root/proc/sys/net/core/netdev_budget&path=//proc/self/root/proc/sys/net/core HTTP/1.1" 200 2304 "-" "Mozilla/5.0 AppleWebKit/537.36 (KHTML, like Gecko; compatible; GPTBot/1.2; +https://openai.com/gptbot)" 155 **0/155286**
216.73.216.168 - - [14/Sep/2025:08:41:24 -0700] "GET /a-ascensao-dos-cassinos-moveis-jogos-em-movimento-24/feed?fileloc=%2F%2Flib64%2Flibparted.so.2&path=%2F%2Flib64 HTTP/1.1" 403 3820 "-" "Mozilla/5.0 AppleWebKit/537.36 (KHTML, like Gecko; compatible; ClaudeBot/1.0; +claudebot@anthropic.com)" 255 **0/255371**
20.171.207.65 - - [14/Sep/2025:08:41:26 -0700] "GET /?fileloc=//proc/self/root/proc/sys/net/core/bpf_jit_kallsyms&path=//proc/self/root/proc/sys/net/core HTTP/1.1" 200 2306 "-" "Mozilla/5.0 AppleWebKit/537.36 (KHTML, like Gecko; compatible; GPTBot/1.2; +https://openai.com/gptbot)" 122 **0/122718**
20.171.207.65 - - [14/Sep/2025:08:41:30 -0700] "GET /?fileloc=//proc/self/root/proc/sys/net/core/message_burst&path=//proc/self/root/proc/sys/net/core HTTP/1.1" 200 2303 "-" "Mozilla/5.0 AppleWebKit/537.36 (KHTML, like Gecko; compatible; GPTBot/1.2; +https://openai.com/gptbot)" 143 **0/143836**
216.73.216.168 - - [14/Sep/2025:08:41:30 -0700] "GET /a-ascensao-dos-cassinos-moveis-jogos-em-movimento-24/feed?fileloc=%2F%2Flib64%2Flibffi.so.6&path=%2F%2Flib64 HTTP/1.1" 403 3820 "-" "Mozilla/5.0 AppleWebKit/537.36 (KHTML, like Gecko; compatible; ClaudeBot/1.0; +claudebot@anthropic.com)" 240 **0/240174**
216.73.216.168 - - [14/Sep/2025:08:41:33 -0700] "GET /pin-up-kazino-oficialnyj-sajt-pin-ap-vhod-na-564?fileloc=%2F%2Flib64%2Flibuuid.so.1&path=%2F%2Flib64 HTTP/1.1" 403 3820 "-" "Mozilla/5.0 AppleWebKit/537.36 (KHTML, like Gecko; compatible; ClaudeBot/1.0; +claudebot@anthropic.com)" 221 **0/221416**
20.171.207.65 - - [14/Sep/2025:08:41:33 -0700] "GET /?fileloc=//proc/self/root/proc/sys/net/core/tstamp_allow_data&path=//proc/self/root/proc/sys/net/core HTTP/1.1" 200 2308 "-" "Mozilla/5.0 AppleWebKit/537.36 (KHTML, like Gecko; compatible; GPTBot/1.2; +https://openai.com/gptbot)" 128 **0/128524**
216.73.216.168 - - [14/Sep/2025:08:41:34 -0700] "GET /claiming-deposit-bonuses-at-rocketplay-casino-for-australian-players?fileloc=%2F%2Flib64%2FlibXxf86misc.so.1&path=%2F%2Flib64 HTTP/1.1" 403 3820 "-" "Mozilla/5.0 AppleWebKit/537.36 (KHTML, like Gecko; compatible; ClaudeBot/1.0; +claudebot@anthropic.com)" 239 **0/239123**
20.171.207.65 - - [14/Sep/2025:08:41:36 -0700] "GET /?fileloc=//proc/self/root/proc/sys/net/core/rmem_default&path=//proc/self/root/proc/sys/net/core HTTP/1.1" 200 2304 "-" "Mozilla/5.0 AppleWebKit/537.36 (KHTML, like Gecko; compatible; GPTBot/1.2; +https://openai.com/gptbot)" 123 **0/123454**
216.73.216.168 - - [14/Sep/2025:08:41:38 -0700] "GET /claiming-deposit-bonuses-at-rocketplay-casino-for-australian-players?fileloc=%2F%2Flib64%2Flibthai.so.0.3.0&path=%2F%2Flib64 HTTP/1.1" 403 3820 "-" "Mozilla/5.0 AppleWebKit/537.36 (KHTML, like Gecko; compatible; ClaudeBot/1.0; +claudebot@anthropic.com)" 241 **0/241079**
20.171.207.65 - - [14/Sep/2025:08:41:39 -0700] "GET /?fileloc=//proc/self/root/proc/sys/net/core/default_qdisc&path=//proc/self/root/proc/sys/net/core HTTP/1.1" 200 2308 "-" "Mozilla/5.0 AppleWebKit/537.36 (KHTML, like Gecko; compatible; GPTBot/1.2; +https://openai.com/gptbot)" 130 **0/130584**
216.73.216.168 - - [14/Sep/2025:08:41:40 -0700] "GET /a-ascensao-dos-cassinos-moveis-jogos-em-movimento-24/feed?fileloc=%2F%2Flib64%2Flibgraphite2.so.3&path=%2F%2Flib64 HTTP/1.1" 403 3820 "-" "Mozilla/5.0 AppleWebKit/537.36 (KHTML, like Gecko; compatible; ClaudeBot/1.0; +claudebot@anthropic.com)" 224 **0/224399**
20.171.207.65 - - [14/Sep/2025:08:41:42 -0700] "GET /?fileloc=//proc/self/root/proc/sys/net/core/xfrm_acq_expires&path=//proc/self/root/proc/sys/net/core HTTP/1.1" 200 2307 "-" "Mozilla/5.0 AppleWebKit/537.36 (KHTML, like Gecko; compatible; GPTBot/1.2; +https://openai.com/gptbot)" 130 **0/130923**
216.73.216.168 - - [14/Sep/2025:08:41:43 -0700] "GET /claiming-deposit-bonuses-at-rocketplay-casino-for-australian-players?fileloc=%2F%2Flib64%2Flibraqm.so.0.700.0&path=%2F%2Flib64 HTTP/1.1" 403 3820 "-" "Mozilla/5.0 AppleWebKit/537.36 (KHTML, like Gecko; compatible; ClaudeBot/1.0; +claudebot@anthropic.com)" 220 **0/220038**
20.171.207.65 - - [14/Sep/2025:08:41:45 -0700] "GET /?fileloc=//proc/self/root/proc/sys/net/core/rps_sock_flow_entries&path=//proc/self/root/proc/sys/net/core HTTP/1.1" 200 2309 "-" "Mozilla/5.0 AppleWebKit/537.36 (KHTML, like Gecko; compatible; GPTBot/1.2; +https://openai.com/gptbot)" 129 **0/129760**
216.73.216.168 - - [14/Sep/2025:08:41:46 -0700] "GET /claiming-deposit-bonuses-at-rocketplay-casino-for-australian-players?fileloc=%2F%2Flib64%2Flibxslt.so.1&path=%2F%2Flib64 HTTP/1.1" 403 3820 "-" "Mozilla/5.0 AppleWebKit/537.36 (KHTML, like Gecko; compatible; ClaudeBot/1.0; +claudebot@anthropic.com)" 221 **0/221879**
20.171.207.65 - - [14/Sep/2025:08:41:49 -0700] "GET /?fileloc=//proc/self/root/proc/sys/net/core/optmem_max&path=//proc/self/root/proc/sys/net/core HTTP/1.1" 200 2305 "-" "Mozilla/5.0 AppleWebKit/537.36 (KHTML, like Gecko; compatible; GPTBot/1.2; +https://openai.com/gptbot)" 126 **0/126896**
216.73.216.168 - - [14/Sep/2025:08:41:49 -0700] "GET /2025-delajte-stavki-i-vyigryvajte-v-ljuboe-vremja-120/feed?fileloc=%2F%2Flib64%2Flibgov_test.so.1.2&path=%2F%2Flib64 HTTP/1.1" 403 3820 "-" "Mozilla/5.0 AppleWebKit/537.36 (KHTML, like Gecko; compatible; ClaudeBot/1.0; +claudebot@anthropic.com)" 234 **0/234442**
20.171.207.65 - - [14/Sep/2025:08:41:52 -0700] "GET /?fileloc=//proc/self/root/proc/sys/net/core/netdev_max_backlog&path=//proc/self/root/proc/sys/net/core HTTP/1.1" 200 2310 "-" "Mozilla/5.0 AppleWebKit/537.36 (KHTML, like Gecko; compatible; GPTBot/1.2; +https://openai.com/gptbot)" 117 **0/117177**
216.73.216.168 - - [14/Sep/2025:08:41:53 -0700] "GET /claiming-deposit-bonuses-at-rocketplay-casino-for-australian-players?fileloc=%2F%2Flib64%2Flibtomcrypt.so.1&path=%2F%2Flib64 HTTP/1.1" 403 3820 "-" "Mozilla/5.0 AppleWebKit/537.36 (KHTML, like Gecko; compatible; ClaudeBot/1.0; +claudebot@anthropic.com)" 224 **0/224112**
20.171.207.65 - - [14/Sep/2025:08:41:55 -0700] "GET /?fileloc=//proc/self/root/proc/sys/net/core/rmem_max&path=//proc/self/root/proc/sys/net/core HTTP/1.1" 200 2306 "-" "Mozilla/5.0 AppleWebKit/537.36 (KHTML, like Gecko; compatible; GPTBot/1.2; +https://openai.com/gptbot)" 123 **0/123830**
216.73.216.168 - - [14/Sep/2025:08:41:56 -0700] "GET /2025-delajte-stavki-i-vyigryvajte-v-ljuboe-vremja-120/feed?fileloc=%2F%2Flib64%2FlibGraphicsMagickWand-Q16.so.2.9.7&path=%2F%2Flib64 HTTP/1.1" 403 3820 "-" "Mozilla/5.0 AppleWebKit/537.36 (KHTML, like Gecko; compatible; ClaudeBot/1.0; +claudebot@anthropic.com)" 223 **0/223990**
20.171.207.65 - - [14/Sep/2025:08:41:58 -0700] "GET /?fileloc=//proc/self/root/proc/sys/net/core/wmem_max&path=//proc/self/root/proc/sys/net/core HTTP/1.1" 200 2307 "-" "Mozilla/5.0 AppleWebKit/537.36 (KHTML, like Gecko; compatible; GPTBot/1.2; +https://openai.com/gptbot)" 123 **0/123022**
216.73.216.168 - - [14/Sep/2025:08:41:58 -0700] "GET /a-ascensao-dos-cassinos-moveis-jogos-em-movimento-24/feed?fileloc=%2F%2Flib64%2Flibip4tc.so.2&path=%2F%2Flib64 HTTP/1.1" 403 3820 "-" "Mozilla/5.0 AppleWebKit/537.36 (KHTML, like Gecko; compatible; ClaudeBot/1.0; +claudebot@anthropic.com)" 254 **0/254174**
216.73.216.168 - - [14/Sep/2025:08:42:01 -0700] "GET /kazino-oficialnyj-sajt-pin-up-casino-vhodi-i-308/feed?fileloc=%2F%2Flib64%2Flibpam_misc.so.0.82.1&path=%2F%2Flib64 HTTP/1.1" 200 2254 "-" "Mozilla/5.0 AppleWebKit/537.36 (KHTML, like Gecko; compatible; ClaudeBot/1.0; +claudebot@anthropic.com)" 260 **0/260704**
20.171.207.65 - - [14/Sep/2025:08:42:01 -0700] "GET /?fileloc=//proc/self/root/proc/sys/net/netfilter/nf_conntrack_tcp_timeout_syn_sent&path=//proc/self/root/proc/sys/net/netfilter HTTP/1.1" 200 2325 "-" "Mozilla/5.0 AppleWebKit/537.36 (KHTML, like Gecko; compatible; GPTBot/1.2; +https://openai.com/gptbot)" 151 **0/151072**
216.73.216.168 - - [14/Sep/2025:08:42:04 -0700] "GET /pin-up-kazino-oficialnyj-sajt-pin-ap-vhod-na-564?fileloc=%2F%2Flib64%2Flibcap-ng.so.0&path=%2F%2Flib64 HTTP/1.1" 200 2252 "-" "Mozilla/5.0 AppleWebKit/537.36 (KHTML, like Gecko; compatible; ClaudeBot/1.0; +claudebot@anthropic.com)" 228 **0/228247**
20.171.207.65 - - [14/Sep/2025:08:42:04 -0700] "GET /?fileloc=//proc/self/root/proc/sys/net/core/dev_weight&path=//proc/self/root/proc/sys/net/core HTTP/1.1" 200 2303 "-" "Mozilla/5.0 AppleWebKit/537.36 (KHTML, like Gecko; compatible; GPTBot/1.2; +https://openai.com/gptbot)" 133 **0/133372**
216.73.216.168 - - [14/Sep/2025:08:42:07 -0700] "GET /claiming-deposit-bonuses-at-rocketplay-casino-for-australian-players?fileloc=%2F%2Flib64%2Flibldap-2.4.so.2&path=%2F%2Flib64 HTTP/1.1" 200 2252 "-" "Mozilla/5.0 AppleWebKit/537.36 (KHTML, like Gecko; compatible; ClaudeBot/1.0; +claudebot@anthropic.com)" 294 **0/294979**
20.171.207.65 - - [14/Sep/2025:08:42:08 -0700] "GET /?fileloc=//proc/self/root/proc/sys/net/netfilter/nf_conntrack_sctp_timeout_closed&path=//proc/self/root/proc/sys/net/netfilter HTTP/1.1" 200 2321 "-" "Mozilla/5.0 AppleWebKit/537.36 (KHTML, like Gecko; compatible; GPTBot/1.2; +https://openai.com/gptbot)" 138 **0/138996**
216.73.216.168 - - [14/Sep/2025:08:42:10 -0700] "GET /tipobet-casino-tipobet-giri-adresi-tipobet365-932/feed?path=%2F%2Fusr HTTP/1.1" 200 2761 "-" "Mozilla/5.0 AppleWebKit/537.36 (KHTML, like Gecko; compatible; ClaudeBot/1.0; +claudebot@anthropic.com)" 229 **0/229498**
20.171.207.65 - - [14/Sep/2025:08:42:11 -0700] "GET /?fileloc=//proc/self/root/proc/sys/net/netfilter/nf_conntrack_dccp_timeout_partopen&path=//proc/self/root/proc/sys/net/netfilter HTTP/1.1" 200 2324 "-" "Mozilla/5.0 AppleWebKit/537.36 (KHTML, like Gecko; compatible; GPTBot/1.2; +https://openai.com/gptbot)" 120 **0/120096**
216.73.216.168 - - [14/Sep/2025:08:42:13 -0700] "GET /claiming-deposit-bonuses-at-rocketplay-casino-for-australian-players?fileloc=%2F%2Flib64%2Flibpathplan.so.4&path=%2F%2Flib64 HTTP/1.1" 200 2253 "-" "Mozilla/5.0 AppleWebKit/537.36 (KHTML, like Gecko; compatible; ClaudeBot/1.0; +claudebot@anthropic.com)" 245 **0/245571**
20.171.207.65 - - [14/Sep/2025:08:42:14 -0700] "GET /?fileloc=//proc/self/root/proc/sys/net/netfilter/nf_conntrack_tcp_timeout_established&path=//proc/self/root/proc/sys/net/netfilter HTTP/1.1" 200 2327 "-" "Mozilla/5.0 AppleWebKit/537.36 (KHTML, like Gecko; compatible; GPTBot/1.2; +https://openai.com/gptbot)" 137 **0/137482**
216.73.216.168 - - [14/Sep/2025:08:42:16 -0700] "GET /2025-delajte-stavki-i-vyigryvajte-v-ljuboe-vremja-120/feed?fileloc=%2F%2Flib64%2Flibcairo.so.2.11512.0&path=%2F%2Flib64 HTTP/1.1" 200 2256 "-" "Mozilla/5.0 AppleWebKit/537.36 (KHTML, like Gecko; compatible; ClaudeBot/1.0; +claudebot@anthropic.com)" 222 **0/222514**
20.171.207.65 - - [14/Sep/2025:08:42:17 -0700] "GET /?fileloc=//proc/self/root/proc/sys/net/netfilter/nf_conntrack_tcp_timeout_unacknowledged&path=//proc/self/root/proc/sys/net/netfilter HTTP/1.1" 200 2325 "-" "Mozilla/5.0 AppleWebKit/537.36 (KHTML, like Gecko; compatible; GPTBot/1.2; +https://openai.com/gptbot)" 141 **0/141101**
20.171.207.65 - - [14/Sep/2025:08:42:20 -0700] "GET /?fileloc=//proc/self/root/proc/sys/net/netfilter/nf_conntrack_sctp_timeout_heartbeat_sent&path=//proc/self/root/proc/sys/net/netfilter HTTP/1.1" 200 2330 "-" "Mozilla/5.0 AppleWebKit/537.36 (KHTML, like Gecko; compatible; GPTBot/1.2; +https://openai.com/gptbot)" 139 **0/139185**
20.171.207.65 - - [14/Sep/2025:08:42:23 -0700] "GET /?fileloc=//proc/self/root/proc/sys/net/netfilter/nf_conntrack_sctp_timeout_shutdown_recd&path=//proc/self/root/proc/sys/net/netfilter HTTP/1.1" 200 2328 "-" "Mozilla/5.0 AppleWebKit/537.36 (KHTML, like Gecko; compatible; GPTBot/1.2; +https://openai.com/gptbot)" 135 **0/135678**
20.171.207.65 - - [14/Sep/2025:08:42:26 -0700] "GET /?fileloc=//proc/self/root/proc/sys/net/netfilter/nf_conntrack_tcp_timeout_max_retrans&path=//proc/self/root/proc/sys/net/netfilter HTTP/1.1" 200 2328 "-" "Mozilla/5.0 AppleWebKit/537.36 (KHTML, like Gecko; compatible; GPTBot/1.2; +https://openai.com/gptbot)" 130 **0/130418**
20.171.207.65 - - [14/Sep/2025:08:42:30 -0700] "GET /?fileloc=//proc/self/root/proc/sys/net/netfilter/nf_conntrack_sctp_timeout_shutdown_sent&path=//proc/self/root/proc/sys/net/netfilter HTTP/1.1" 200 2328 "-" "Mozilla/5.0 AppleWebKit/537.36 (KHTML, like Gecko; compatible; GPTBot/1.2; +https://openai.com/gptbot)" 131 **0/131475**
20.171.207.65 - - [14/Sep/2025:08:42:33 -0700] "GET /?fileloc=//proc/self/root/proc/sys/net/netfilter/nf_conntrack_udp_timeout_stream&path=//proc/self/root/proc/sys/net/netfilter HTTP/1.1" 200 2321 "-" "Mozilla/5.0 AppleWebKit/537.36 (KHTML, like Gecko; compatible; GPTBot/1.2; +https://openai.com/gptbot)" 129 **0/129289**
20.171.207.65 - - [14/Sep/2025:08:42:36 -0700] "GET /?fileloc=//proc/self/root/proc/sys/net/netfilter/nf_conntrack_dccp_timeout_respond&path=//proc/self/root/proc/sys/net/netfilter HTTP/1.1" 200 2324 "-" "Mozilla/5.0 AppleWebKit/537.36 (KHTML, like Gecko; compatible; GPTBot/1.2; +https://openai.com/gptbot)" 145 **0/145311**
20.171.207.65 - - [14/Sep/2025:08:42:39 -0700] "GET /?fileloc=//proc/self/root/proc/sys/net/netfilter/nf_conntrack_sctp_timeout_cookie_echoed&path=//proc/self/root/proc/sys/net/netfilter HTTP/1.1" 200 2325 "-" "Mozilla/5.0 AppleWebKit/537.36 (KHTML, like Gecko; compatible; GPTBot/1.2; +https://openai.com/gptbot)" 132 **0/132284**
20.171.207.65 - - [14/Sep/2025:08:42:42 -0700] "GET /?fileloc=//proc/self/root/proc/sys/net/netfilter/nf_conntrack_dccp_timeout_request&path=//proc/self/root/proc/sys/net/netfilter HTTP/1.1" 200 2324 "-" "Mozilla/5.0 AppleWebKit/537.36 (KHTML, like Gecko; compatible; GPTBot/1.2; +https://openai.com/gptbot)" 124 **0/124696**
