20.171.207.65 - - [14/Sep/2025:06:50:29 -0700] "GET /?path=//opt/alt/tests/alt-php81-pecl-vips_1.0.13-1.el8 HTTP/1.1" 200 2580 "-" "Mozilla/5.0 AppleWebKit/537.36 (KHTML, like Gecko; compatible; GPTBot/1.2; +https://openai.com/gptbot)" 161 **0/161333**
20.171.207.65 - - [14/Sep/2025:06:50:31 -0700] "GET /?path=//opt/alt/tests/alt-php70-pecl-amqp_1.11.0-1.el8 HTTP/1.1" 200 2581 "-" "Mozilla/5.0 AppleWebKit/537.36 (KHTML, like Gecko; compatible; GPTBot/1.2; +https://openai.com/gptbot)" 141 **0/141199**
20.171.207.65 - - [14/Sep/2025:06:50:33 -0700] "GET /?path=//opt/alt/tests/alt-php71-pecl-amqp_1.11.0-1.el8 HTTP/1.1" 200 2581 "-" "Mozilla/5.0 AppleWebKit/537.36 (KHTML, like Gecko; compatible; GPTBot/1.2; +https://openai.com/gptbot)" 160 **0/160163**
20.171.207.65 - - [14/Sep/2025:06:50:36 -0700] "GET /?path=//opt/alt/tests/alt-php84-pecl-apcu_5.1.24-1.el8 HTTP/1.1" 200 2580 "-" "Mozilla/5.0 AppleWebKit/537.36 (KHTML, like Gecko; compatible; GPTBot/1.2; +https://openai.com/gptbot)" 147 **0/147162**
20.171.207.65 - - [14/Sep/2025:06:50:39 -0700] "GET /?path=//opt/alt/tests/alt-php82-pecl-apcu_5.1.23-1.el8/tests HTTP/1.1" 200 4295 "-" "Mozilla/5.0 AppleWebKit/537.36 (KHTML, like Gecko; compatible; GPTBot/1.2; +https://openai.com/gptbot)" 124 **0/124364**
20.171.207.65 - - [14/Sep/2025:06:50:42 -0700] "GET /?path=//opt/alt/tests/alt-php73-pecl-amqp_1.11.0-1.el8 HTTP/1.1" 200 2581 "-" "Mozilla/5.0 AppleWebKit/537.36 (KHTML, like Gecko; compatible; GPTBot/1.2; +https://openai.com/gptbot)" 118 **0/118634**
216.73.216.168 - - [14/Sep/2025:06:50:45 -0700] "GET /penny-slot-machines-a-comprehensive-overview-to-playing-and-winning?fileloc=%2Fhome%2Fvrposilw0xwl%2Fpublic_html%2Fwp-includes%2FIXR%2Fclass-IXR-message.php&path=%2Fhome%2Fvrposilw0xwl%2Fpublic_html%2Fwp-includes%2FIXR HTTP/1.1" 200 4261 "-" "Mozilla/5.0 AppleWebKit/537.36 (KHTML, like Gecko; compatible; ClaudeBot/1.0; +claudebot@anthropic.com)" 236 **0/236909**
216.73.216.168 - - [14/Sep/2025:06:50:47 -0700] "GET /penny-slot-machines-a-comprehensive-overview-to-playing-and-winning?fileloc=%2Fhome%2Fvrposilw0xwl%2Fpublic_html%2Fwp-includes%2Fblocks%2Fquery.php&path=%2Fhome%2Fvrposilw0xwl%2Fpublic_html%2Fwp-includes%2Fblocks HTTP/1.1" 200 3980 "-" "Mozilla/5.0 AppleWebKit/537.36 (KHTML, like Gecko; compatible; ClaudeBot/1.0; +claudebot@anthropic.com)" 260 **0/260452**
20.171.207.65 - - [14/Sep/2025:06:50:48 -0700] "GET /?path=//opt/alt/tests/alt-php81-pecl-apcu_5.1.23-1.el8/tests HTTP/1.1" 200 4295 "-" "Mozilla/5.0 AppleWebKit/537.36 (KHTML, like Gecko; compatible; GPTBot/1.2; +https://openai.com/gptbot)" 153 **0/153056**
216.73.216.168 - - [14/Sep/2025:06:50:50 -0700] "GET /penny-slot-machines-a-comprehensive-overview-to-playing-and-winning?fileloc=%2Fhome%2Fvrposilw0xwl%2Fpublic_html%2Fwp-includes%2Fblocks%2Fpage-list.php&path=%2Fhome%2Fvrposilw0xwl%2Fpublic_html%2Fwp-includes%2Fblocks HTTP/1.1" 200 5466 "-" "Mozilla/5.0 AppleWebKit/537.36 (KHTML, like Gecko; compatible; ClaudeBot/1.0; +claudebot@anthropic.com)" 246 **0/246092**
20.171.207.65 - - [14/Sep/2025:06:50:51 -0700] "GET /?path=//opt/alt/tests/alt-php70-pecl-amqp_1.11.0-1.el8/tests HTTP/1.1" 200 3992 "-" "Mozilla/5.0 AppleWebKit/537.36 (KHTML, like Gecko; compatible; GPTBot/1.2; +https://openai.com/gptbot)" 139 **0/139999**
216.73.216.168 - - [14/Sep/2025:06:50:53 -0700] "GET /penny-slot-machines-a-comprehensive-overview-to-playing-and-winning?fileloc=%2Fhome%2Fvrposilw0xwl%2Fpublic_html%2Fwp-includes%2Fblocks%2Ffile.php&path=%2Fhome%2Fvrposilw0xwl%2Fpublic_html%2Fwp-includes%2Fblocks HTTP/1.1" 200 2985 "-" "Mozilla/5.0 AppleWebKit/537.36 (KHTML, like Gecko; compatible; ClaudeBot/1.0; +claudebot@anthropic.com)" 290 **0/290805**
216.73.216.168 - - [14/Sep/2025:06:50:56 -0700] "GET /penny-slot-machines-a-comprehensive-overview-to-playing-and-winning?fileloc=%2Fhome%2Fvrposilw0xwl%2Fpublic_html%2Fwp-includes%2Fblocks%2Fimage.php&path=%2Fhome%2Fvrposilw0xwl%2Fpublic_html%2Fwp-includes%2Fblocks HTTP/1.1" 200 6020 "-" "Mozilla/5.0 AppleWebKit/537.36 (KHTML, like Gecko; compatible; ClaudeBot/1.0; +claudebot@anthropic.com)" 218 **0/218935**
20.171.207.65 - - [14/Sep/2025:06:50:57 -0700] "GET /?path=//opt/alt/tests/alt-php71-pecl-amqp_1.11.0-1.el8/tests HTTP/1.1" 200 3992 "-" "Mozilla/5.0 AppleWebKit/537.36 (KHTML, like Gecko; compatible; GPTBot/1.2; +https://openai.com/gptbot)" 130 **0/130716**
20.171.207.65 - - [14/Sep/2025:06:50:58 -0700] "GET /?path=//opt/alt/tests/alt-php81-pecl-vips_1.0.13-1.el8/tests HTTP/1.1" 200 3196 "-" "Mozilla/5.0 AppleWebKit/537.36 (KHTML, like Gecko; compatible; GPTBot/1.2; +https://openai.com/gptbot)" 121 **0/121136**
216.73.216.168 - - [14/Sep/2025:06:50:59 -0700] "GET /penny-slot-machines-a-comprehensive-overview-to-playing-and-winning?fileloc=%2Fhome%2Fvrposilw0xwl%2Fpublic_html%2Fwp-includes%2Fblocks%2Fheading.php&path=%2Fhome%2Fvrposilw0xwl%2Fpublic_html%2Fwp-includes%2Fblocks HTTP/1.1" 200 2803 "-" "Mozilla/5.0 AppleWebKit/537.36 (KHTML, like Gecko; compatible; ClaudeBot/1.0; +claudebot@anthropic.com)" 216 **0/216570**
20.171.207.65 - - [14/Sep/2025:06:51:01 -0700] "GET /?path=//opt/alt/tests/alt-php82-pecl-apcu_5.1.23-1.el8/tests/data HTTP/1.1" 200 2617 "-" "Mozilla/5.0 AppleWebKit/537.36 (KHTML, like Gecko; compatible; GPTBot/1.2; +https://openai.com/gptbot)" 144 **0/144312**
216.73.216.168 - - [14/Sep/2025:06:51:02 -0700] "GET /penny-slot-machines-a-comprehensive-overview-to-playing-and-winning?fileloc=%2Fhome%2Fvrposilw0xwl%2Fpublic_html%2Fwp-includes%2Fblocks%2Fpost-content.php&path=%2Fhome%2Fvrposilw0xwl%2Fpublic_html%2Fwp-includes%2Fblocks HTTP/1.1" 200 3171 "-" "Mozilla/5.0 AppleWebKit/537.36 (KHTML, like Gecko; compatible; ClaudeBot/1.0; +claudebot@anthropic.com)" 281 **0/281987**
20.171.207.65 - - [14/Sep/2025:06:51:04 -0700] "GET /?path=//opt/alt/tests/alt-php73-pecl-amqp_1.11.0-1.el8/tests HTTP/1.1" 200 3992 "-" "Mozilla/5.0 AppleWebKit/537.36 (KHTML, like Gecko; compatible; GPTBot/1.2; +https://openai.com/gptbot)" 157 **0/157292**
216.73.216.168 - - [14/Sep/2025:06:51:05 -0700] "GET /penny-slot-machines-a-comprehensive-overview-to-playing-and-winning?fileloc=%2Fhome%2Fvrposilw0xwl%2Fpublic_html%2Fwp-admin%2Fincludes%2Fprivacy-tools.php&path=%2Fhome%2Fvrposilw0xwl%2Fpublic_html%2Fwp-admin%2Fincludes HTTP/1.1" 200 9892 "-" "Mozilla/5.0 AppleWebKit/537.36 (KHTML, like Gecko; compatible; ClaudeBot/1.0; +claudebot@anthropic.com)" 301 **0/301313**
66.249.73.233 - - [14/Sep/2025:06:51:07 -0700] "GET /27115846?goodscode=0027079482 HTTP/1.1" 200 24896 "-" "Mozilla/5.0 (Linux; Android 6.0.1; Nexus 5X Build/MMB29P) AppleWebKit/537.36 (KHTML, like Gecko) Chrome/140.0.7339.127 Mobile Safari/537.36 (compatible; Googlebot/2.1; +http://www.google.com/bot.html)" 537 **0/537460**
20.171.207.65 - - [14/Sep/2025:06:51:08 -0700] "GET /?path=//opt/alt/tests/alt-php82-pecl-apcu_5.1.23-1.el8/tests/bad HTTP/1.1" 200 2617 "-" "Mozilla/5.0 AppleWebKit/537.36 (KHTML, like Gecko; compatible; GPTBot/1.2; +https://openai.com/gptbot)" 148 **0/148803**
216.73.216.168 - - [14/Sep/2025:06:51:08 -0700] "GET /penny-slot-machines-a-comprehensive-overview-to-playing-and-winning?fileloc=%2Fhome%2Fvrposilw0xwl%2Fpublic_html%2Fwp-includes%2Fblocks%2Fquery-pagination-next.php&path=%2Fhome%2Fvrposilw0xwl%2Fpublic_html%2Fwp-includes%2Fblocks HTTP/1.1" 200 3526 "-" "Mozilla/5.0 AppleWebKit/537.36 (KHTML, like Gecko; compatible; ClaudeBot/1.0; +claudebot@anthropic.com)" 265 **0/265637**
20.171.207.65 - - [14/Sep/2025:06:51:10 -0700] "GET /?path=//opt/alt/tests/alt-php81-pecl-apcu_5.1.23-1.el8/tests/data HTTP/1.1" 200 2617 "-" "Mozilla/5.0 AppleWebKit/537.36 (KHTML, like Gecko; compatible; GPTBot/1.2; +https://openai.com/gptbot)" 164 **0/164606**
216.73.216.168 - - [14/Sep/2025:06:51:11 -0700] "GET /penny-slot-machines-a-comprehensive-overview-to-playing-and-winning?fileloc=%2Fhome%2Fvrposilw0xwl%2Fpublic_html%2Fwp-includes%2Fblocks%2Fcategories.php&path=%2Fhome%2Fvrposilw0xwl%2Fpublic_html%2Fwp-includes%2Fblocks HTTP/1.1" 200 3737 "-" "Mozilla/5.0 AppleWebKit/537.36 (KHTML, like Gecko; compatible; ClaudeBot/1.0; +claudebot@anthropic.com)" 268 **0/268804**
216.73.216.168 - - [14/Sep/2025:06:51:14 -0700] "GET /penny-slot-machines-a-comprehensive-overview-to-playing-and-winning?fileloc=%2Fhome%2Fvrposilw0xwl%2Fpublic_html%2Fwp-admin%2Fincludes%2Fclass-wp-privacy-requests-table.php&path=%2Fhome%2Fvrposilw0xwl%2Fpublic_html%2Fwp-admin%2Fincludes HTTP/1.1" 200 6047 "-" "Mozilla/5.0 AppleWebKit/537.36 (KHTML, like Gecko; compatible; ClaudeBot/1.0; +claudebot@anthropic.com)" 252 **0/252523**
20.171.207.65 - - [14/Sep/2025:06:51:16 -0700] "GET /?path=//opt/alt/tests/alt-php84-pecl-apcu_5.1.24-1.el8/tests HTTP/1.1" 200 4293 "-" "Mozilla/5.0 AppleWebKit/537.36 (KHTML, like Gecko; compatible; GPTBot/1.2; +https://openai.com/gptbot)" 141 **0/141971**
216.73.216.168 - - [14/Sep/2025:06:51:17 -0700] "GET /penny-slot-machines-a-comprehensive-overview-to-playing-and-winning?fileloc=%2Fhome%2Fvrposilw0xwl%2Fpublic_html%2Fwp-admin%2Fincludes%2Fclass-bulk-theme-upgrader-skin.php&path=%2Fhome%2Fvrposilw0xwl%2Fpublic_html%2Fwp-admin%2Fincludes HTTP/1.1" 200 3230 "-" "Mozilla/5.0 AppleWebKit/537.36 (KHTML, like Gecko; compatible; ClaudeBot/1.0; +claudebot@anthropic.com)" 236 **0/236433**
20.171.207.65 - - [14/Sep/2025:06:51:17 -0700] "GET /?fileloc=//opt/alt/tests/alt-php70-pecl-amqp_1.11.0-1.el8/tests/amqpconnection_setTimeout_deprecated.phpt&path=//opt/alt/tests/alt-php70-pecl-amqp_1.11.0-1.el8/tests HTTP/1.1" 200 2509 "-" "Mozilla/5.0 AppleWebKit/537.36 (KHTML, like Gecko; compatible; GPTBot/1.2; +https://openai.com/gptbot)" 137 **0/137998**
20.171.207.65 - - [14/Sep/2025:06:51:20 -0700] "GET /?path=//opt/alt/tests/alt-php81-pecl-apcu_5.1.23-1.el8/tests/bad HTTP/1.1" 200 2617 "-" "Mozilla/5.0 AppleWebKit/537.36 (KHTML, like Gecko; compatible; GPTBot/1.2; +https://openai.com/gptbot)" 130 **0/130751**
216.73.216.168 - - [14/Sep/2025:06:51:20 -0700] "GET /penny-slot-machines-a-comprehensive-overview-to-playing-and-winning?fileloc=%2Fhome%2Fvrposilw0xwl%2Fpublic_html%2Fwp-includes%2Fblocks%2Fpost-excerpt.php&path=%2Fhome%2Fvrposilw0xwl%2Fpublic_html%2Fwp-includes%2Fblocks HTTP/1.1" 200 3579 "-" "Mozilla/5.0 AppleWebKit/537.36 (KHTML, like Gecko; compatible; ClaudeBot/1.0; +claudebot@anthropic.com)" 245 **0/245864**
216.73.216.168 - - [14/Sep/2025:06:51:23 -0700] "GET /penny-slot-machines-a-comprehensive-overview-to-playing-and-winning?fileloc=%2Fhome%2Fvrposilw0xwl%2Fpublic_html%2Fwp-includes%2FIXR%2Fclass-IXR-date.php&path=%2Fhome%2Fvrposilw0xwl%2Fpublic_html%2Fwp-includes%2FIXR HTTP/1.1" 200 2770 "-" "Mozilla/5.0 AppleWebKit/537.36 (KHTML, like Gecko; compatible; ClaudeBot/1.0; +claudebot@anthropic.com)" 264 **0/264436**
216.73.216.168 - - [14/Sep/2025:06:51:26 -0700] "GET /penny-slot-machines-a-comprehensive-overview-to-playing-and-winning?fileloc=%2Fhome%2Fvrposilw0xwl%2Fpublic_html%2Fwp-admin%2Fincludes%2Ffile.php&path=%2Fhome%2Fvrposilw0xwl%2Fpublic_html%2Fwp-admin%2Fincludes HTTP/1.1" 200 25822 "-" "Mozilla/5.0 AppleWebKit/537.36 (KHTML, like Gecko; compatible; ClaudeBot/1.0; +claudebot@anthropic.com)" 277 **0/277883**
20.171.207.65 - - [14/Sep/2025:06:51:26 -0700] "GET /?path=//opt/alt/tests/alt-php81-pecl-vips_1.0.13-1.el8/tests/images HTTP/1.1" 200 2664 "-" "Mozilla/5.0 AppleWebKit/537.36 (KHTML, like Gecko; compatible; GPTBot/1.2; +https://openai.com/gptbot)" 139 **0/139658**
216.73.216.168 - - [14/Sep/2025:06:51:29 -0700] "GET /penny-slot-machines-a-comprehensive-overview-to-playing-and-winning?fileloc=%2Fhome%2Fvrposilw0xwl%2Fpublic_html%2Fwp-admin%2Fincludes%2Ftheme-install.php&path=%2Fhome%2Fvrposilw0xwl%2Fpublic_html%2Fwp-admin%2Fincludes HTTP/1.1" 200 4253 "-" "Mozilla/5.0 AppleWebKit/537.36 (KHTML, like Gecko; compatible; ClaudeBot/1.0; +claudebot@anthropic.com)" 241 **0/241108**
20.171.207.65 - - [14/Sep/2025:06:51:33 -0700] "GET /?fileloc=//opt/alt/tests/alt-php73-pecl-amqp_1.11.0-1.el8/tests/amqpconnection_setTimeout_deprecated.phpt&path=//opt/alt/tests/alt-php73-pecl-amqp_1.11.0-1.el8/tests HTTP/1.1" 200 2509 "-" "Mozilla/5.0 AppleWebKit/537.36 (KHTML, like Gecko; compatible; GPTBot/1.2; +https://openai.com/gptbot)" 151 **0/151486**
20.171.207.65 - - [14/Sep/2025:06:51:36 -0700] "GET /?path=//lib/rpm/platform/ppc64p7-linux HTTP/1.1" 200 2593 "-" "Mozilla/5.0 AppleWebKit/537.36 (KHTML, like Gecko; compatible; GPTBot/1.2; +https://openai.com/gptbot)" 154 **0/154014**
20.171.207.65 - - [14/Sep/2025:06:51:40 -0700] "GET /?fileloc=//opt/alt/tests/alt-php84-pecl-apcu_5.1.24-1.el8/tests/iterator_005.phpt&path=//opt/alt/tests/alt-php84-pecl-apcu_5.1.24-1.el8/tests HTTP/1.1" 200 2795 "-" "Mozilla/5.0 AppleWebKit/537.36 (KHTML, like Gecko; compatible; GPTBot/1.2; +https://openai.com/gptbot)" 151 **0/151522**
20.171.207.65 - - [14/Sep/2025:06:51:45 -0700] "GET /?fileloc=//opt/alt/tests/alt-php84-pecl-apcu_5.1.24-1.el8/tests/iterator_010.phpt&path=//opt/alt/tests/alt-php84-pecl-apcu_5.1.24-1.el8/tests HTTP/1.1" 200 2728 "-" "Mozilla/5.0 AppleWebKit/537.36 (KHTML, like Gecko; compatible; GPTBot/1.2; +https://openai.com/gptbot)" 181 **0/181358**
20.171.207.65 - - [14/Sep/2025:06:51:48 -0700] "GET /?path=//opt/alt/tests/alt-php84-pecl-apcu_5.1.24-1.el8/tests/bad HTTP/1.1" 200 2617 "-" "Mozilla/5.0 AppleWebKit/537.36 (KHTML, like Gecko; compatible; GPTBot/1.2; +https://openai.com/gptbot)" 133 **0/133333**
20.171.207.65 - - [14/Sep/2025:06:51:54 -0700] "GET /?path=//lib64/perl5/vendor_perl/common HTTP/1.1" 200 2629 "-" "Mozilla/5.0 AppleWebKit/537.36 (KHTML, like Gecko; compatible; GPTBot/1.2; +https://openai.com/gptbot)" 133 **0/133648**
20.171.207.65 - - [14/Sep/2025:06:52:02 -0700] "GET /?path=//opt/alt/tests/alt-php84-pecl-apcu_5.1.24-1.el8/tests/data HTTP/1.1" 200 2617 "-" "Mozilla/5.0 AppleWebKit/537.36 (KHTML, like Gecko; compatible; GPTBot/1.2; +https://openai.com/gptbot)" 253 **0/253209**
20.171.207.65 - - [14/Sep/2025:06:52:04 -0700] "GET /xmlrpc.php?path=//opt/cloudlinux/venv/lib/python3.11/site-packages/flake8/api/__pycache__ HTTP/1.1" 200 2705 "-" "Mozilla/5.0 AppleWebKit/537.36 (KHTML, like Gecko; compatible; GPTBot/1.2; +https://openai.com/gptbot)" 48 **0/48629**
66.249.73.234 - - [14/Sep/2025:06:52:07 -0700] "GET /27105078?goodscode=0027068730 HTTP/1.1" 200 26622 "-" "Mozilla/5.0 (Linux; Android 6.0.1; Nexus 5X Build/MMB29P) AppleWebKit/537.36 (KHTML, like Gecko) Chrome/140.0.7339.127 Mobile Safari/537.36 (compatible; Googlebot/2.1; +http://www.google.com/bot.html)" 626 **0/626355**
20.171.207.65 - - [14/Sep/2025:06:52:11 -0700] "GET /inputs.php?path=//opt/cloudlinux/venv/lib/python3.11/site-packages/jinja2/__pycache__ HTTP/1.1" 200 3419 "-" "Mozilla/5.0 AppleWebKit/537.36 (KHTML, like Gecko; compatible; GPTBot/1.2; +https://openai.com/gptbot)" 137 **0/137652**
20.171.207.65 - - [14/Sep/2025:06:52:13 -0700] "GET /inputs.php?path=//opt/cloudlinux/venv/lib/python3.11/site-packages/flake8/main/__pycache__ HTTP/1.1" 200 2806 "-" "Mozilla/5.0 AppleWebKit/537.36 (KHTML, like Gecko; compatible; GPTBot/1.2; +https://openai.com/gptbot)" 134 **0/134426**
20.171.207.65 - - [14/Sep/2025:06:52:15 -0700] "GET /?path=//opt/alt/alt-php-config HTTP/1.1" 200 2797 "-" "Mozilla/5.0 AppleWebKit/537.36 (KHTML, like Gecko; compatible; GPTBot/1.2; +https://openai.com/gptbot)" 157 **0/157015**
20.171.207.65 - - [14/Sep/2025:06:52:24 -0700] "GET /?fileloc=//lib64/tk8.6/pkgIndex.tcl&path=//lib64/tk8.6 HTTP/1.1" 200 2346 "-" "Mozilla/5.0 AppleWebKit/537.36 (KHTML, like Gecko; compatible; GPTBot/1.2; +https://openai.com/gptbot)" 123 **0/123702**
20.171.207.65 - - [14/Sep/2025:06:52:32 -0700] "GET /xmlrpc.php?path=//opt/cloudlinux/venv/lib64/python3.11/site-packages/urllib3/contrib/_securetransport/__pycache__ HTTP/1.1" 200 2764 "-" "Mozilla/5.0 AppleWebKit/537.36 (KHTML, like Gecko; compatible; GPTBot/1.2; +https://openai.com/gptbot)" 46 **0/46402**
20.171.207.65 - - [14/Sep/2025:06:52:33 -0700] "GET /?fileloc=//usr/lib64/libHalf.so.12.0.0&path=//usr/lib64 HTTP/1.1" 200 2263 "-" "Mozilla/5.0 AppleWebKit/537.36 (KHTML, like Gecko; compatible; GPTBot/1.2; +https://openai.com/gptbot)" 140 **0/140026**
20.171.207.65 - - [14/Sep/2025:06:52:40 -0700] "GET /?path=//opt/alt/alt-php-config/__pycache__ HTTP/1.1" 200 2633 "-" "Mozilla/5.0 AppleWebKit/537.36 (KHTML, like Gecko; compatible; GPTBot/1.2; +https://openai.com/gptbot)" 132 **0/132897**
20.171.207.65 - - [14/Sep/2025:06:52:43 -0700] "GET /?fileloc=//opt/alt/alt-php-config/alt-php-panel-configuration.py&path=//opt/alt/alt-php-config HTTP/1.1" 200 4312 "-" "Mozilla/5.0 AppleWebKit/537.36 (KHTML, like Gecko; compatible; GPTBot/1.2; +https://openai.com/gptbot)" 124 **0/124149**
20.171.207.65 - - [14/Sep/2025:06:52:49 -0700] "GET /?fileloc=//opt/alt/alt-php-config/multiphp_reconfigure.py&path=//opt/alt/alt-php-config HTTP/1.1" 200 4607 "-" "Mozilla/5.0 AppleWebKit/537.36 (KHTML, like Gecko; compatible; GPTBot/1.2; +https://openai.com/gptbot)" 146 **0/146579**
20.171.207.65 - - [14/Sep/2025:06:53:05 -0700] "GET /?path=//usr/lib64/python2.7/Tools/scripts HTTP/1.1" 200 6230 "-" "Mozilla/5.0 AppleWebKit/537.36 (KHTML, like Gecko; compatible; GPTBot/1.2; +https://openai.com/gptbot)" 139 **0/139362**
77.75.79.95 - - [14/Sep/2025:06:53:11 -0700] "GET /919432?goodscode=0000918906 HTTP/1.1" 200 4429 "-" "Mozilla/5.0 (compatible; SeznamBot/4.0; +https://o-seznam.cz/napoveda/vyhledavani/en/seznambot-crawler/)" 266 **0/266051**
20.171.207.65 - - [14/Sep/2025:06:53:14 -0700] "GET /inputs.php?path=//opt/cloudlinux/venv/lib/python3.11/site-packages/setuptools/tests/indexes/test_links_priority/simple/foobar HTTP/1.1" 200 2692 "-" "Mozilla/5.0 AppleWebKit/537.36 (KHTML, like Gecko; compatible; GPTBot/1.2; +https://openai.com/gptbot)" 135 **0/135184**
20.171.207.65 - - [14/Sep/2025:06:53:27 -0700] "GET /?fileloc=//usr/lib64/python2.7/Tools/scripts/byext.py&path=//usr/lib64/python2.7/Tools/scripts HTTP/1.1" 200 3514 "-" "Mozilla/5.0 AppleWebKit/537.36 (KHTML, like Gecko; compatible; GPTBot/1.2; +https://openai.com/gptbot)" 143 **0/143440**
20.171.207.65 - - [14/Sep/2025:06:53:30 -0700] "GET /?fileloc=//usr/lib64/python2.7/Tools/scripts/reindent-rst.py&path=//usr/lib64/python2.7/Tools/scripts HTTP/1.1" 200 2467 "-" "Mozilla/5.0 AppleWebKit/537.36 (KHTML, like Gecko; compatible; GPTBot/1.2; +https://openai.com/gptbot)" 136 **0/136139**
20.171.207.65 - - [14/Sep/2025:06:53:33 -0700] "GET /?fileloc=//usr/lib64/python2.7/Tools/scripts/findnocoding.pyc&path=//usr/lib64/python2.7/Tools/scripts HTTP/1.1" 200 2300 "-" "Mozilla/5.0 AppleWebKit/537.36 (KHTML, like Gecko; compatible; GPTBot/1.2; +https://openai.com/gptbot)" 127 **0/127176**
20.171.207.65 - - [14/Sep/2025:06:53:36 -0700] "GET /?fileloc=//usr/lib64/python2.7/Tools/scripts/lll.pyo&path=//usr/lib64/python2.7/Tools/scripts HTTP/1.1" 200 2294 "-" "Mozilla/5.0 AppleWebKit/537.36 (KHTML, like Gecko; compatible; GPTBot/1.2; +https://openai.com/gptbot)" 141 **0/141319**
20.171.207.65 - - [14/Sep/2025:06:53:40 -0700] "GET /?fileloc=//usr/lib64/python2.7/Tools/scripts/objgraph.py&path=//usr/lib64/python2.7/Tools/scripts HTTP/1.1" 200 4265 "-" "Mozilla/5.0 AppleWebKit/537.36 (KHTML, like Gecko; compatible; GPTBot/1.2; +https://openai.com/gptbot)" 145 **0/145432**
20.171.207.65 - - [14/Sep/2025:06:53:56 -0700] "GET /bloqueadores-de-la-aromatasa-un-curso-integral-para-comprender-su-uso-y-beneficios-4?path=//proc/lve/per-lve HTTP/1.1" 200 2314 "-" "Mozilla/5.0 AppleWebKit/537.36 (KHTML, like Gecko; compatible; GPTBot/1.2; +https://openai.com/gptbot)" 127 **0/127025**
20.171.207.65 - - [14/Sep/2025:06:54:02 -0700] "GET /?fileloc=//lib64/python2.7/unittest/test/test_assertions.py&path=//lib64/python2.7/unittest/test HTTP/1.1" 200 4292 "-" "Mozilla/5.0 AppleWebKit/537.36 (KHTML, like Gecko; compatible; GPTBot/1.2; +https://openai.com/gptbot)" 125 **0/125985**
20.171.207.65 - - [14/Sep/2025:06:54:07 -0700] "GET /?fileloc=//lib64/python2.7/unittest/test/test_skipping.pyo&path=//lib64/python2.7/unittest/test HTTP/1.1" 200 2284 "-" "Mozilla/5.0 AppleWebKit/537.36 (KHTML, like Gecko; compatible; GPTBot/1.2; +https://openai.com/gptbot)" 152 **0/152101**
20.171.207.65 - - [14/Sep/2025:06:54:08 -0700] "GET /?fileloc=//usr/lib64/python2.7/unittest/test/test_case.py&path=//usr/lib64/python2.7/unittest/test HTTP/1.1" 200 9871 "-" "Mozilla/5.0 AppleWebKit/537.36 (KHTML, like Gecko; compatible; GPTBot/1.2; +https://openai.com/gptbot)" 140 **0/140208**
66.249.73.234 - - [14/Sep/2025:06:54:08 -0700] "GET /27118472?goodscode=0027082106 HTTP/1.1" 200 26963 "-" "Mozilla/5.0 (Linux; Android 6.0.1; Nexus 5X Build/MMB29P) AppleWebKit/537.36 (KHTML, like Gecko) Chrome/140.0.7339.127 Mobile Safari/537.36 (compatible; Googlebot/2.1; +http://www.google.com/bot.html)" 564 **0/564804**
20.171.207.65 - - [14/Sep/2025:06:54:12 -0700] "GET /?path=//lib/rpm/platform/sh4a-linux HTTP/1.1" 200 2591 "-" "Mozilla/5.0 AppleWebKit/537.36 (KHTML, like Gecko; compatible; GPTBot/1.2; +https://openai.com/gptbot)" 131 **0/131327**
20.171.207.65 - - [14/Sep/2025:06:54:21 -0700] "GET /?path=//lib/rpm/platform/ia64-linux HTTP/1.1" 200 2592 "-" "Mozilla/5.0 AppleWebKit/537.36 (KHTML, like Gecko; compatible; GPTBot/1.2; +https://openai.com/gptbot)" 129 **0/129634**
20.171.207.65 - - [14/Sep/2025:06:54:27 -0700] "GET /inputs.php?path=//opt/cloudlinux/venv/lib/python3.11/site-packages/virtualenv/seed/wheels/embed/__pycache__ HTTP/1.1" 200 2693 "-" "Mozilla/5.0 AppleWebKit/537.36 (KHTML, like Gecko; compatible; GPTBot/1.2; +https://openai.com/gptbot)" 119 **0/119682**
20.171.207.65 - - [14/Sep/2025:06:54:31 -0700] "GET /inputs.php?path=//opt/cloudlinux/venv/lib/python3.11/site-packages/git/index HTTP/1.1" 200 2839 "-" "Mozilla/5.0 AppleWebKit/537.36 (KHTML, like Gecko; compatible; GPTBot/1.2; +https://openai.com/gptbot)" 132 **0/132197**
20.171.207.65 - - [14/Sep/2025:06:54:37 -0700] "GET /?path=//lib/python3.6/site-packages/dnfpluginscore/__pycache__ HTTP/1.1" 200 2652 "-" "Mozilla/5.0 AppleWebKit/537.36 (KHTML, like Gecko; compatible; GPTBot/1.2; +https://openai.com/gptbot)" 143 **0/143321**
20.171.207.65 - - [14/Sep/2025:06:54:40 -0700] "GET /?fileloc=//lib/systemd/system/icinga2.service&path=//lib/systemd/system HTTP/1.1" 200 2831 "-" "Mozilla/5.0 AppleWebKit/537.36 (KHTML, like Gecko; compatible; GPTBot/1.2; +https://openai.com/gptbot)" 132 **0/132441**
20.171.207.65 - - [14/Sep/2025:06:54:44 -0700] "GET /?fileloc=//lib64/python2.7/unittest/test/test_skipping.py&path=//lib64/python2.7/unittest/test HTTP/1.1" 200 3187 "-" "Mozilla/5.0 AppleWebKit/537.36 (KHTML, like Gecko; compatible; GPTBot/1.2; +https://openai.com/gptbot)" 134 **0/134519**
92.205.209.78 - - [14/Sep/2025:06:54:45 -0700] "GET /wp-login.php HTTP/1.1" 200 3820 "-" "Mozilla/5.0 (Macintosh; Intel Mac OS X 10_13_4) AppleWebKit/537.36 (KHTML, like Gecko) Chrome/67.0.3396.87 Safari/537.36" 35 **0/35495**
92.205.209.78 - - [14/Sep/2025:06:54:45 -0700] "POST /wp-login.php HTTP/1.1" 200 3820 "http://colitasfelicespr.com/wp-login.php" "Mozilla/5.0 (Macintosh; Intel Mac OS X 10_13_4) AppleWebKit/537.36 (KHTML, like Gecko) Chrome/67.0.3396.87 Safari/537.36" 47 **0/47322**
216.73.216.168 - - [14/Sep/2025:06:54:48 -0700] "GET /skycrown-casino-comprehensive-insight-into-user-support-for-australian-players?path=%2Fhome%2Fvrposilw0xwl%2Fpublic_html%2Fwp-content%2Fplugins%2Ftemplately HTTP/1.1" 200 2988 "-" "Mozilla/5.0 AppleWebKit/537.36 (KHTML, like Gecko; compatible; ClaudeBot/1.0; +claudebot@anthropic.com)" 234 **0/234299**
216.73.216.168 - - [14/Sep/2025:06:54:50 -0700] "GET /skycrown-casino-comprehensive-insight-into-user-support-for-australian-players?path=%2Fhome%2Fvrposilw0xwl%2Fpublic_html%2Fwp-content%2Fplugins%2Frevslider HTTP/1.1" 200 2946 "-" "Mozilla/5.0 AppleWebKit/537.36 (KHTML, like Gecko; compatible; ClaudeBot/1.0; +claudebot@anthropic.com)" 253 **0/253348**
20.171.207.65 - - [14/Sep/2025:06:54:53 -0700] "GET /?path=//lib/python3.6/site-packages/dns HTTP/1.1" 200 3681 "-" "Mozilla/5.0 AppleWebKit/537.36 (KHTML, like Gecko; compatible; GPTBot/1.2; +https://openai.com/gptbot)" 125 **0/125694**
216.73.216.168 - - [14/Sep/2025:06:54:53 -0700] "GET /penny-slot-machines-a-comprehensive-overview-to-playing-and-winning?fileloc=%2Fhome%2Fvrposilw0xwl%2Fpublic_html%2Fwp-content%2Flanguages%2Fes_ES.po&path=%2Fhome%2Fvrposilw0xwl%2Fpublic_html%2Fwp-content%2Flanguages HTTP/1.1" 200 166006 "-" "Mozilla/5.0 AppleWebKit/537.36 (KHTML, like Gecko; compatible; ClaudeBot/1.0; +claudebot@anthropic.com)" 311 **0/311859**
216.73.216.168 - - [14/Sep/2025:06:54:56 -0700] "GET /skycrown-casino-comprehensive-insight-into-user-support-for-australian-players?path=%2Fhome%2Fvrposilw0xwl%2Fpublic_html%2Fwp-content%2Fplugins%2Fcontact-form-cfdb7 HTTP/1.1" 200 2790 "-" "Mozilla/5.0 AppleWebKit/537.36 (KHTML, like Gecko; compatible; ClaudeBot/1.0; +claudebot@anthropic.com)" 262 **0/262183**
216.73.216.168 - - [14/Sep/2025:06:54:59 -0700] "GET /skycrown-casino-comprehensive-insight-into-user-support-for-australian-players?path=%2Fhome%2Fvrposilw0xwl%2Fpublic_html%2Fwp-content%2Fplugins%2Ffix HTTP/1.1" 200 2689 "-" "Mozilla/5.0 AppleWebKit/537.36 (KHTML, like Gecko; compatible; ClaudeBot/1.0; +claudebot@anthropic.com)" 239 **0/239336**
216.73.216.168 - - [14/Sep/2025:06:55:02 -0700] "GET /skycrown-casino-comprehensive-insight-into-user-support-for-australian-players?path=%2Fhome%2Fvrposilw0xwl%2Fpublic_html%2Fwp-content%2Fplugins%2Fborderless HTTP/1.1" 200 2870 "-" "Mozilla/5.0 AppleWebKit/537.36 (KHTML, like Gecko; compatible; ClaudeBot/1.0; +claudebot@anthropic.com)" 241 **0/241103**
216.73.216.168 - - [14/Sep/2025:06:55:05 -0700] "GET /penny-slot-machines-a-comprehensive-overview-to-playing-and-winning?path=%2Fhome%2Fvrposilw0xwl%2Fpublic_html%2Fwp-includes%2FSimplePie%2Fsrc HTTP/1.1" 200 3539 "-" "Mozilla/5.0 AppleWebKit/537.36 (KHTML, like Gecko; compatible; ClaudeBot/1.0; +claudebot@anthropic.com)" 241 **0/241382**
216.73.216.168 - - [14/Sep/2025:06:55:08 -0700] "GET /skycrown-casino-comprehensive-insight-into-user-support-for-australian-players?path=%2Fhome%2Fvrposilw0xwl%2Fpublic_html%2Fwp-content%2Fplugins%2Fgo-form HTTP/1.1" 200 2645 "-" "Mozilla/5.0 AppleWebKit/537.36 (KHTML, like Gecko; compatible; ClaudeBot/1.0; +claudebot@anthropic.com)" 238 **0/238728**
66.249.73.233 - - [14/Sep/2025:06:55:09 -0700] "GET /27110193?goodscode=0027073838 HTTP/1.1" 200 24887 "-" "Mozilla/5.0 (Linux; Android 6.0.1; Nexus 5X Build/MMB29P) AppleWebKit/537.36 (KHTML, like Gecko) Chrome/140.0.7339.127 Mobile Safari/537.36 (compatible; Googlebot/2.1; +http://www.google.com/bot.html)" 566 **0/566999**
20.171.207.65 - - [14/Sep/2025:06:55:10 -0700] "GET /xmlrpc.php?path=/home/vrposilw0xwl/public_html/images HTTP/1.1" 200 2686 "-" "Mozilla/5.0 AppleWebKit/537.36 (KHTML, like Gecko; compatible; GPTBot/1.2; +https://openai.com/gptbot)" 37 **0/37665**
216.73.216.168 - - [14/Sep/2025:06:55:11 -0700] "GET /skycrown-casino-comprehensive-insight-into-user-support-for-australian-players?path=%2Fhome%2Fvrposilw0xwl%2Fpublic_html%2Fwp-content%2Fplugins%2Fwoocommerce_inputs HTTP/1.1" 200 2692 "-" "Mozilla/5.0 AppleWebKit/537.36 (KHTML, like Gecko; compatible; ClaudeBot/1.0; +claudebot@anthropic.com)" 243 **0/243310**
20.171.207.65 - - [14/Sep/2025:06:55:16 -0700] "GET /?path=//lib/python3.6/site-packages/rhn HTTP/1.1" 200 3027 "-" "Mozilla/5.0 AppleWebKit/537.36 (KHTML, like Gecko; compatible; GPTBot/1.2; +https://openai.com/gptbot)" 130 **0/130482**
216.73.216.168 - - [14/Sep/2025:06:55:19 -0700] "GET /penny-slot-machines-a-comprehensive-overview-to-playing-and-winning?fileloc=%2Fhome%2Fvrposilw0xwl%2Fpublic_html%2Fwp-admin%2Fcss%2Fcode-editor.min.css&path=%2Fhome%2Fvrposilw0xwl%2Fpublic_html%2Fwp-admin%2Fcss HTTP/1.1" 200 2681 "-" "Mozilla/5.0 AppleWebKit/537.36 (KHTML, like Gecko; compatible; ClaudeBot/1.0; +claudebot@anthropic.com)" 234 **0/234503**
20.171.207.65 - - [14/Sep/2025:06:55:20 -0700] "GET /?path=//usr/lib/modules/4.18.0-553.62.1.lve.el8.x86_64/weak-updates/lve-2.1-48.el8 HTTP/1.1" 200 2627 "-" "Mozilla/5.0 AppleWebKit/537.36 (KHTML, like Gecko; compatible; GPTBot/1.2; +https://openai.com/gptbot)" 126 **0/126313**
216.73.216.168 - - [14/Sep/2025:06:55:20 -0700] "GET /mondobets-registro-bono?fileloc=%2Fhome%2Fvrposilw0xwl%2Fpublic_html%2Fold%2Fwp-admin%2Fnetwork%2Fprivacy.php&path=%2Fhome%2Fvrposilw0xwl%2Fpublic_html%2Fold%2Fwp-admin%2Fnetwork HTTP/1.1" 200 2424 "-" "Mozilla/5.0 AppleWebKit/537.36 (KHTML, like Gecko; compatible; ClaudeBot/1.0; +claudebot@anthropic.com)" 227 **0/227802**
216.73.216.168 - - [14/Sep/2025:06:55:23 -0700] "GET /when-courage-meets-excitement-even-a-chicken-can/feed?fileloc=%2Fhome%2Fvrposilw0xwl%2Fpublic_html%2Fold%2Fwp-admin%2Fuser%2Fmenu.php&path=%2Fhome%2Fvrposilw0xwl%2Fpublic_html%2Fold%2Fwp-admin%2Fuser HTTP/1.1" 200 2615 "-" "Mozilla/5.0 AppleWebKit/537.36 (KHTML, like Gecko; compatible; ClaudeBot/1.0; +claudebot@anthropic.com)" 240 **0/240421**
20.171.207.65 - - [14/Sep/2025:06:55:24 -0700] "GET /?fileloc=//lib/python3.6/site-packages/dns/resolver.py&path=//lib/python3.6/site-packages/dns HTTP/1.1" 200 14345 "-" "Mozilla/5.0 AppleWebKit/537.36 (KHTML, like Gecko; compatible; GPTBot/1.2; +https://openai.com/gptbot)" 143 **0/143601**
20.171.207.65 - - [14/Sep/2025:06:55:26 -0700] "GET /?fileloc=//lib/python3.6/site-packages/dns/node.py&path=//lib/python3.6/site-packages/dns HTTP/1.1" 200 4183 "-" "Mozilla/5.0 AppleWebKit/537.36 (KHTML, like Gecko; compatible; GPTBot/1.2; +https://openai.com/gptbot)" 149 **0/149310**
216.73.216.168 - - [14/Sep/2025:06:55:26 -0700] "GET /when-courage-meets-excitement-even-a-chicken-can/feed?fileloc=%2Fhome%2Fvrposilw0xwl%2Fpublic_html%2Fold%2Fwp-admin%2Fuser%2Fcontribute.php&path=%2Fhome%2Fvrposilw0xwl%2Fpublic_html%2Fold%2Fwp-admin%2Fuser HTTP/1.1" 403 3820 "-" "Mozilla/5.0 AppleWebKit/537.36 (KHTML, like Gecko; compatible; ClaudeBot/1.0; +claudebot@anthropic.com)" 253 **0/253931**
216.73.216.168 - - [14/Sep/2025:06:55:32 -0700] "GET /mondobets-registro-bono?fileloc=%2Fhome%2Fvrposilw0xwl%2Fpublic_html%2Fold%2Fwp-admin%2Fnetwork%2Findex.php&path=%2Fhome%2Fvrposilw0xwl%2Fpublic_html%2Fold%2Fwp-admin%2Fnetwork HTTP/1.1" 403 3820 "-" "Mozilla/5.0 AppleWebKit/537.36 (KHTML, like Gecko; compatible; ClaudeBot/1.0; +claudebot@anthropic.com)" 250 **0/250410**
216.73.216.168 - - [14/Sep/2025:06:55:33 -0700] "GET /mondobets-registro-bono?fileloc=%2Fhome%2Fvrposilw0xwl%2Fpublic_html%2Fold%2Fwp-admin%2Fnetwork%2Fsite-info.php&path=%2Fhome%2Fvrposilw0xwl%2Fpublic_html%2Fold%2Fwp-admin%2Fnetwork HTTP/1.1" 403 3820 "-" "Mozilla/5.0 AppleWebKit/537.36 (KHTML, like Gecko; compatible; ClaudeBot/1.0; +claudebot@anthropic.com)" 293 **0/293990**
216.73.216.168 - - [14/Sep/2025:06:55:35 -0700] "GET /penny-slot-machines-a-comprehensive-overview-to-playing-and-winning?fileloc=%2Fhome%2Fvrposilw0xwl%2Fpublic_html%2Fwp-content%2Flanguages%2Fadmin-network-es_ES.l10n.php&path=%2Fhome%2Fvrposilw0xwl%2Fpublic_html%2Fwp-content%2Flanguages HTTP/1.1" 403 3820 "-" "Mozilla/5.0 AppleWebKit/537.36 (KHTML, like Gecko; compatible; ClaudeBot/1.0; +claudebot@anthropic.com)" 232 **0/232426**
216.73.216.168 - - [14/Sep/2025:06:55:40 -0700] "GET /penny-slot-machines-a-comprehensive-overview-to-playing-and-winning?fileloc=%2Fhome%2Fvrposilw0xwl%2Fpublic_html%2Fwp-includes%2Ftheme-compat%2Ffooter.php&path=%2Fhome%2Fvrposilw0xwl%2Fpublic_html%2Fwp-includes%2Ftheme-compat HTTP/1.1" 403 3820 "-" "Mozilla/5.0 AppleWebKit/537.36 (KHTML, like Gecko; compatible; ClaudeBot/1.0; +claudebot@anthropic.com)" 225 **0/225387**
216.73.216.168 - - [14/Sep/2025:06:55:41 -0700] "GET /mondobets-registro-bono?fileloc=%2Fhome%2Fvrposilw0xwl%2Fpublic_html%2Fold%2Fwp-admin%2Fnetwork%2Fuser-new.php&path=%2Fhome%2Fvrposilw0xwl%2Fpublic_html%2Fold%2Fwp-admin%2Fnetwork HTTP/1.1" 403 3820 "-" "Mozilla/5.0 AppleWebKit/537.36 (KHTML, like Gecko; compatible; ClaudeBot/1.0; +claudebot@anthropic.com)" 246 **0/246417**
20.171.207.65 - - [14/Sep/2025:06:55:42 -0700] "GET /?path=//usr/lib/modules/4.18.0-553.53.1.lve.el8.x86_64/weak-updates/lve-2.1-48.el8 HTTP/1.1" 200 2626 "-" "Mozilla/5.0 AppleWebKit/537.36 (KHTML, like Gecko; compatible; GPTBot/1.2; +https://openai.com/gptbot)" 124 **0/124074**
216.73.216.168 - - [14/Sep/2025:06:55:44 -0700] "GET /uncategorized/confirmar-apuestas-888?fileloc=%2Fhome%2Fvrposilw0xwl%2Fpublic_html%2Fwp-includes%2Ffonts.php&path=%2Fhome%2Fvrposilw0xwl%2Fpublic_html%2Fwp-includes HTTP/1.1" 403 3820 "-" "Mozilla/5.0 AppleWebKit/537.36 (KHTML, like Gecko; compatible; ClaudeBot/1.0; +claudebot@anthropic.com)" 282 **0/282390**
20.171.207.65 - - [14/Sep/2025:06:55:45 -0700] "GET /?path=//lib/python3.6/site-packages/rhn/__pycache__ HTTP/1.1" 200 3137 "-" "Mozilla/5.0 AppleWebKit/537.36 (KHTML, like Gecko; compatible; GPTBot/1.2; +https://openai.com/gptbot)" 128 **0/128839**
216.73.216.168 - - [14/Sep/2025:06:55:47 -0700] "GET /uncategorized/confirmar-apuestas-888?fileloc=%2Fhome%2Fvrposilw0xwl%2Fpublic_html%2Fwp-includes%2Fbookmark.php&path=%2Fhome%2Fvrposilw0xwl%2Fpublic_html%2Fwp-includes HTTP/1.1" 403 3820 "-" "Mozilla/5.0 AppleWebKit/537.36 (KHTML, like Gecko; compatible; ClaudeBot/1.0; +claudebot@anthropic.com)" 229 **0/229104**
216.73.216.168 - - [14/Sep/2025:06:55:50 -0700] "GET /mondobets-registro-bono?fileloc=%2Fhome%2Fvrposilw0xwl%2Fpublic_html%2Fold%2Fwp-admin%2Fnetwork%2Ftheme-install.php&path=%2Fhome%2Fvrposilw0xwl%2Fpublic_html%2Fold%2Fwp-admin%2Fnetwork HTTP/1.1" 403 3820 "-" "Mozilla/5.0 AppleWebKit/537.36 (KHTML, like Gecko; compatible; ClaudeBot/1.0; +claudebot@anthropic.com)" 217 **0/217489**
20.171.207.65 - - [14/Sep/2025:06:55:51 -0700] "GET /?path=//usr/lib/modules/4.18.0-553.54.1.lve.el8.x86_64/weak-updates/lve-2.1-48.el8 HTTP/1.1" 200 2624 "-" "Mozilla/5.0 AppleWebKit/537.36 (KHTML, like Gecko; compatible; GPTBot/1.2; +https://openai.com/gptbot)" 133 **0/133877**
216.73.216.168 - - [14/Sep/2025:06:55:53 -0700] "GET /mondobets-registro-bono?fileloc=%2Fhome%2Fvrposilw0xwl%2Fpublic_html%2Fold%2Fwp-admin%2Fnetwork%2Fthemes.php&path=%2Fhome%2Fvrposilw0xwl%2Fpublic_html%2Fold%2Fwp-admin%2Fnetwork HTTP/1.1" 403 3820 "-" "Mozilla/5.0 AppleWebKit/537.36 (KHTML, like Gecko; compatible; ClaudeBot/1.0; +claudebot@anthropic.com)" 221 **0/221355**
216.73.216.168 - - [14/Sep/2025:06:55:56 -0700] "GET /skycrown-casino-comprehensive-insight-into-user-support-for-australian-players?fileloc=%2Fhome%2Fvrposilw0xwl%2Fpublic_html%2Fwp-includes%2Fblock-bindings%2Fpost-meta.php&path=%2Fhome%2Fvrposilw0xwl%2Fpublic_html%2Fwp-includes%2Fblock-bindings HTTP/1.1" 403 3820 "-" "Mozilla/5.0 AppleWebKit/537.36 (KHTML, like Gecko; compatible; ClaudeBot/1.0; +claudebot@anthropic.com)" 251 **0/251959**
20.171.207.65 - - [14/Sep/2025:06:55:57 -0700] "GET /wp-admin/post.php?fileloc=//proc/mounts&path=//proc HTTP/1.1" 200 3281 "-" "Mozilla/5.0 AppleWebKit/537.36 (KHTML, like Gecko; compatible; GPTBot/1.2; +https://openai.com/gptbot)" 527 **0/527564**
216.73.216.168 - - [14/Sep/2025:06:55:59 -0700] "GET /penny-slot-machines-a-comprehensive-overview-to-playing-and-winning?fileloc=%2Fhome%2Fvrposilw0xwl%2Fpublic_html%2Fwp-includes%2Fblocks%2Fquery-pagination-numbers%2Feditor.css&path=%2Fhome%2Fvrposilw0xwl%2Fpublic_html%2Fwp-includes%2Fblocks%2Fquery-pagination-numbers HTTP/1.1" 403 3820 "-" "Mozilla/5.0 AppleWebKit/537.36 (KHTML, like Gecko; compatible; ClaudeBot/1.0; +claudebot@anthropic.com)" 285 **0/285531**
20.171.207.65 - - [14/Sep/2025:06:56:01 -0700] "GET /wp-admin/post.php?fileloc=//proc/crypto&path=//proc HTTP/1.1" 200 2245 "-" "Mozilla/5.0 AppleWebKit/537.36 (KHTML, like Gecko; compatible; GPTBot/1.2; +https://openai.com/gptbot)" 449 **0/449501**
216.73.216.168 - - [14/Sep/2025:06:56:02 -0700] "GET /mondobets-registro-bono?fileloc=%2Fhome%2Fvrposilw0xwl%2Fpublic_html%2Fold%2Fwp-admin%2Fnetwork%2Fsite-new.php&path=%2Fhome%2Fvrposilw0xwl%2Fpublic_html%2Fold%2Fwp-admin%2Fnetwork HTTP/1.1" 403 3820 "-" "Mozilla/5.0 AppleWebKit/537.36 (KHTML, like Gecko; compatible; ClaudeBot/1.0; +claudebot@anthropic.com)" 236 **0/236800**
216.73.216.168 - - [14/Sep/2025:06:56:05 -0700] "GET /penny-slot-machines-a-comprehensive-overview-to-playing-and-winning?fileloc=%2Fhome%2Fvrposilw0xwl%2Fpublic_html%2Fwp-includes%2Fblocks%2Fsocial-link.php&path=%2Fhome%2Fvrposilw0xwl%2Fpublic_html%2Fwp-includes%2Fblocks HTTP/1.1" 403 3820 "-" "Mozilla/5.0 AppleWebKit/537.36 (KHTML, like Gecko; compatible; ClaudeBot/1.0; +claudebot@anthropic.com)" 238 **0/238111**
216.73.216.168 - - [14/Sep/2025:06:56:08 -0700] "GET /mondobets-registro-bono?fileloc=%2Fhome%2Fvrposilw0xwl%2Fpublic_html%2Fold%2Fwp-admin%2Fnetwork%2Fabout.php&path=%2Fhome%2Fvrposilw0xwl%2Fpublic_html%2Fold%2Fwp-admin%2Fnetwork HTTP/1.1" 200 2421 "-" "Mozilla/5.0 AppleWebKit/537.36 (KHTML, like Gecko; compatible; ClaudeBot/1.0; +claudebot@anthropic.com)" 243 **0/243106**
66.249.73.234 - - [14/Sep/2025:06:56:10 -0700] "GET /menu/11679245 HTTP/1.1" 200 25074 "-" "Mozilla/5.0 (Linux; Android 6.0.1; Nexus 5X Build/MMB29P) AppleWebKit/537.36 (KHTML, like Gecko) Chrome/140.0.7339.127 Mobile Safari/537.36 (compatible; Googlebot/2.1; +http://www.google.com/bot.html)" 555 **0/555009**
216.73.216.168 - - [14/Sep/2025:06:56:11 -0700] "GET /penny-slot-machines-a-comprehensive-overview-to-playing-and-winning?fileloc=%2Fhome%2Fvrposilw0xwl%2Fpublic_html%2Fwp-includes%2Ftheme-compat%2Fembed-content.php&path=%2Fhome%2Fvrposilw0xwl%2Fpublic_html%2Fwp-includes%2Ftheme-compat HTTP/1.1" 200 3307 "-" "Mozilla/5.0 AppleWebKit/537.36 (KHTML, like Gecko; compatible; ClaudeBot/1.0; +claudebot@anthropic.com)" 239 **0/239395**
216.73.216.168 - - [14/Sep/2025:06:56:14 -0700] "GET /skycrown-casino-comprehensive-insight-into-user-support-for-australian-players?fileloc=%2Fhome%2Fvrposilw0xwl%2Fpublic_html%2Fwp-content%2Fplugins%2F.htaccess&path=%2Fhome%2Fvrposilw0xwl%2Fpublic_html%2Fwp-content%2Fplugins HTTP/1.1" 200 2372 "-" "Mozilla/5.0 AppleWebKit/537.36 (KHTML, like Gecko; compatible; ClaudeBot/1.0; +claudebot@anthropic.com)" 295 **0/295680**
20.171.207.65 - - [14/Sep/2025:06:56:17 -0700] "GET /wp-admin/post.php?fileloc=//proc/uptime&path=//proc HTTP/1.1" 200 2264 "-" "Mozilla/5.0 AppleWebKit/537.36 (KHTML, like Gecko; compatible; GPTBot/1.2; +https://openai.com/gptbot)" 39 **0/39670**
216.73.216.168 - - [14/Sep/2025:06:56:17 -0700] "GET /mondobets-registro-bono?fileloc=%2Fhome%2Fvrposilw0xwl%2Fpublic_html%2Fold%2Fwp-admin%2Fnetwork%2Fprofile.php&path=%2Fhome%2Fvrposilw0xwl%2Fpublic_html%2Fold%2Fwp-admin%2Fnetwork HTTP/1.1" 200 2426 "-" "Mozilla/5.0 AppleWebKit/537.36 (KHTML, like Gecko; compatible; ClaudeBot/1.0; +claudebot@anthropic.com)" 221 **0/221788**
20.171.207.65 - - [14/Sep/2025:06:56:19 -0700] "GET /wp-admin/post.php?fileloc=//proc/mdstat&path=//proc HTTP/1.1" 200 2245 "-" "Mozilla/5.0 AppleWebKit/537.36 (KHTML, like Gecko; compatible; GPTBot/1.2; +https://openai.com/gptbot)" 38 **0/38902**
216.73.216.168 - - [14/Sep/2025:06:56:20 -0700] "GET /mondobets-registro-bono?fileloc=%2Fhome%2Fvrposilw0xwl%2Fpublic_html%2Fold%2Fwp-admin%2Fnetwork%2Fupgrade.php&path=%2Fhome%2Fvrposilw0xwl%2Fpublic_html%2Fold%2Fwp-admin%2Fnetwork HTTP/1.1" 200 4269 "-" "Mozilla/5.0 AppleWebKit/537.36 (KHTML, like Gecko; compatible; ClaudeBot/1.0; +claudebot@anthropic.com)" 254 **0/254115**
20.171.207.65 - - [14/Sep/2025:06:56:20 -0700] "GET /wp-admin/post.php?fileloc=//sbin/chroot&path=//sbin HTTP/1.1" 200 2245 "-" "Mozilla/5.0 AppleWebKit/537.36 (KHTML, like Gecko; compatible; GPTBot/1.2; +https://openai.com/gptbot)" 53 **0/53883**
216.73.216.168 - - [14/Sep/2025:06:56:23 -0700] "GET /best-non-gamstop-casinos-in-the-uk-1623?fileloc=%2Fhome%2Fvrposilw0xwl%2Fpublic_html%2Fwp-includes%2Fcustomize%2Fclass-wp-customize-site-icon-control.php&path=%2Fhome%2Fvrposilw0xwl%2Fpublic_html%2Fwp-includes%2Fcustomize HTTP/1.1" 200 3719 "-" "Mozilla/5.0 AppleWebKit/537.36 (KHTML, like Gecko; compatible; ClaudeBot/1.0; +claudebot@anthropic.com)" 262 **0/262142**
20.171.207.65 - - [14/Sep/2025:06:56:23 -0700] "GET /wp-admin/post.php?fileloc=//proc/vmstat&path=//proc HTTP/1.1" 200 2245 "-" "Mozilla/5.0 AppleWebKit/537.36 (KHTML, like Gecko; compatible; GPTBot/1.2; +https://openai.com/gptbot)" 37 **0/37901**
216.73.216.168 - - [14/Sep/2025:06:56:26 -0700] "GET /resmi-giris-adresi-guncel-mariobet-linki-2025?fileloc=%2Fhome%2Fvrposilw0xwl%2Fpublic_html%2Fwp-content%2Fplugins%2Frevslider%2Fadmin%2F.htaccess&path=%2Fhome%2Fvrposilw0xwl%2Fpublic_html%2Fwp-content%2Fplugins%2Frevslider%2Fadmin HTTP/1.1" 200 2417 "-" "Mozilla/5.0 AppleWebKit/537.36 (KHTML, like Gecko; compatible; ClaudeBot/1.0; +claudebot@anthropic.com)" 223 **0/223473**
20.171.207.65 - - [14/Sep/2025:06:56:27 -0700] "GET /?path=//usr/local/lib64/perl5/auto/Types HTTP/1.1" 200 2588 "-" "Mozilla/5.0 AppleWebKit/537.36 (KHTML, like Gecko; compatible; GPTBot/1.2; +https://openai.com/gptbot)" 125 **0/125326**
216.73.216.168 - - [14/Sep/2025:06:56:29 -0700] "GET /sovremennye-internet-kazino-s-vygodnymi-predlozhenijami-igry/feed?fileloc=%2Fhome%2Fvrposilw0xwl%2Fpublic_html%2Fold%2Fwp-includes%2Fblock-editor.php&path=%2Fhome%2Fvrposilw0xwl%2Fpublic_html%2Fold%2Fwp-includes HTTP/1.1" 200 8666 "-" "Mozilla/5.0 AppleWebKit/537.36 (KHTML, like Gecko; compatible; ClaudeBot/1.0; +claudebot@anthropic.com)" 254 **0/254544**
216.73.216.168 - - [14/Sep/2025:06:56:32 -0700] "GET /best-non-gamstop-casinos-in-the-uk-1623?fileloc=%2Fhome%2Fvrposilw0xwl%2Fpublic_html%2Fwp-includes%2Fclass-wp-meta-query.php&path=%2Fhome%2Fvrposilw0xwl%2Fpublic_html%2Fwp-includes HTTP/1.1" 200 9358 "-" "Mozilla/5.0 AppleWebKit/537.36 (KHTML, like Gecko; compatible; ClaudeBot/1.0; +claudebot@anthropic.com)" 238 **0/238070**
20.171.207.65 - - [14/Sep/2025:06:56:33 -0700] "GET /?path=//usr/local/lib64/perl5/auto/Devel HTTP/1.1" 200 2589 "-" "Mozilla/5.0 AppleWebKit/537.36 (KHTML, like Gecko; compatible; GPTBot/1.2; +https://openai.com/gptbot)" 131 **0/131681**
216.73.216.168 - - [14/Sep/2025:06:56:35 -0700] "GET /best-non-gamstop-casinos-in-the-uk-1623?fileloc=%2Fhome%2Fvrposilw0xwl%2Fpublic_html%2Fwp-includes%2Fjs%2Fmediaelement%2Fmediaelement-migrate.min.js&path=%2Fhome%2Fvrposilw0xwl%2Fpublic_html%2Fwp-includes%2Fjs%2Fmediaelement HTTP/1.1" 200 2789 "-" "Mozilla/5.0 AppleWebKit/537.36 (KHTML, like Gecko; compatible; ClaudeBot/1.0; +claudebot@anthropic.com)" 273 **0/273558**
216.73.216.168 - - [14/Sep/2025:06:56:38 -0700] "GET /best-non-gamstop-casinos-in-the-uk-1623?fileloc=%2Fhome%2Fvrposilw0xwl%2Fpublic_html%2Fwp-includes%2Fblocks%2Fpost-terms.php&path=%2Fhome%2Fvrposilw0xwl%2Fpublic_html%2Fwp-includes%2Fblocks HTTP/1.1" 200 3488 "-" "Mozilla/5.0 AppleWebKit/537.36 (KHTML, like Gecko; compatible; ClaudeBot/1.0; +claudebot@anthropic.com)" 243 **0/243639**
216.73.216.168 - - [14/Sep/2025:06:56:41 -0700] "GET /best-non-gamstop-casinos-in-the-uk-1623?fileloc=%2Fhome%2Fvrposilw0xwl%2Fpublic_html%2Fwp-includes%2Fregistration-functions.php&path=%2Fhome%2Fvrposilw0xwl%2Fpublic_html%2Fwp-includes HTTP/1.1" 200 2399 "-" "Mozilla/5.0 AppleWebKit/537.36 (KHTML, like Gecko; compatible; ClaudeBot/1.0; +claudebot@anthropic.com)" 219 **0/219656**
20.171.207.65 - - [14/Sep/2025:06:56:43 -0700] "GET /?path=//usr/local/lib64/perl5/auto/Alien HTTP/1.1" 200 2620 "-" "Mozilla/5.0 AppleWebKit/537.36 (KHTML, like Gecko; compatible; GPTBot/1.2; +https://openai.com/gptbot)" 125 **0/125376**
216.73.216.168 - - [14/Sep/2025:06:56:44 -0700] "GET /best-non-gamstop-casinos-in-the-uk-1623?fileloc=%2Fhome%2Fvrposilw0xwl%2Fpublic_html%2Fwp-includes%2Fsitemaps%2Fclass-wp-sitemaps-renderer.php&path=%2Fhome%2Fvrposilw0xwl%2Fpublic_html%2Fwp-includes%2Fsitemaps HTTP/1.1" 200 3914 "-" "Mozilla/5.0 AppleWebKit/537.36 (KHTML, like Gecko; compatible; ClaudeBot/1.0; +claudebot@anthropic.com)" 266 **0/266944**
216.73.216.168 - - [14/Sep/2025:06:56:47 -0700] "GET /when-courage-meets-excitement-even-a-chicken-can/feed?fileloc=%2Fhome%2Fvrposilw0xwl%2Fpublic_html%2Fcgi-bin%2Fcgi-bin%2Fcache.php&path=%2Fhome%2Fvrposilw0xwl%2Fpublic_html%2Fcgi-bin%2Fcgi-bin HTTP/1.1" 200 6736 "-" "Mozilla/5.0 AppleWebKit/537.36 (KHTML, like Gecko; compatible; ClaudeBot/1.0; +claudebot@anthropic.com)" 256 **0/256853**
216.73.216.168 - - [14/Sep/2025:06:56:50 -0700] "GET /penny-slot-machines-a-comprehensive-overview-to-playing-and-winning?fileloc=%2Fhome%2Fvrposilw0xwl%2Fpublic_html%2Fwp-admin%2Fcss%2Fcode-editor-rtl.css&path=%2Fhome%2Fvrposilw0xwl%2Fpublic_html%2Fwp-admin%2Fcss HTTP/1.1" 200 2711 "-" "Mozilla/5.0 AppleWebKit/537.36 (KHTML, like Gecko; compatible; ClaudeBot/1.0; +claudebot@anthropic.com)" 246 **0/246218**
20.171.207.65 - - [14/Sep/2025:06:56:50 -0700] "GET /?path=//usr/local/lib64/perl5/auto/Types/Serialiser HTTP/1.1" 200 2620 "-" "Mozilla/5.0 AppleWebKit/537.36 (KHTML, like Gecko; compatible; GPTBot/1.2; +https://openai.com/gptbot)" 136 **0/136088**
216.73.216.168 - - [14/Sep/2025:06:56:53 -0700] "GET /sovremennye-internet-kazino-s-vygodnymi-predlozhenijami-igry/feed?fileloc=%2Fhome%2Fvrposilw0xwl%2Fpublic_html%2Fold%2Fwp-includes%2Fscript-modules.php&path=%2Fhome%2Fvrposilw0xwl%2Fpublic_html%2Fold%2Fwp-includes HTTP/1.1" 200 3881 "-" "Mozilla/5.0 AppleWebKit/537.36 (KHTML, like Gecko; compatible; ClaudeBot/1.0; +claudebot@anthropic.com)" 255 **0/255387**
66.249.73.233 - - [14/Sep/2025:06:56:53 -0700] "GET /news/2025-kak-vybrat-idealnuju-platformu-dlja-sebja-88/ HTTP/1.1" 200 25873 "-" "Mozilla/5.0 (Linux; Android 6.0.1; Nexus 5X Build/MMB29P) AppleWebKit/537.36 (KHTML, like Gecko) Chrome/140.0.7339.127 Mobile Safari/537.36 (compatible; Googlebot/2.1; +http://www.google.com/bot.html)" 555 **0/555918**
20.171.207.65 - - [14/Sep/2025:06:56:54 -0700] "GET /?fileloc=//usr/lib64/python3.12/xml/etree/__init__.py&path=//usr/lib64/python3.12/xml/etree HTTP/1.1" 200 3094 "-" "Mozilla/5.0 AppleWebKit/537.36 (KHTML, like Gecko; compatible; GPTBot/1.2; +https://openai.com/gptbot)" 132 **0/132008**
216.73.216.168 - - [14/Sep/2025:06:56:56 -0700] "GET /best-non-gamstop-casinos-in-the-uk-1623?fileloc=%2Fhome%2Fvrposilw0xwl%2Fpublic_html%2Fwp-admin%2Fjs%2Fword-count.min.js&path=%2Fhome%2Fvrposilw0xwl%2Fpublic_html%2Fwp-admin%2Fjs HTTP/1.1" 200 2954 "-" "Mozilla/5.0 AppleWebKit/537.36 (KHTML, like Gecko; compatible; ClaudeBot/1.0; +claudebot@anthropic.com)" 237 **0/237533**
216.73.216.168 - - [14/Sep/2025:06:56:59 -0700] "GET /best-non-gamstop-casinos-in-the-uk-1623?fileloc=%2Fhome%2Fvrposilw0xwl%2Fpublic_html%2Fwp-includes%2Fjs%2Fplupload%2Fmoxie.min.js&path=%2Fhome%2Fvrposilw0xwl%2Fpublic_html%2Fwp-includes%2Fjs%2Fplupload HTTP/1.1" 200 29919 "-" "Mozilla/5.0 AppleWebKit/537.36 (KHTML, like Gecko; compatible; ClaudeBot/1.0; +claudebot@anthropic.com)" 219 **0/219779**
216.73.216.168 - - [14/Sep/2025:06:57:02 -0700] "GET /sovremennye-internet-kazino-s-vygodnymi-predlozhenijami-igry/feed?fileloc=%2Fhome%2Fvrposilw0xwl%2Fpublic_html%2Fold%2Fwp-includes%2Fclass-wp-customize-widgets.php&path=%2Fhome%2Fvrposilw0xwl%2Fpublic_html%2Fold%2Fwp-includes HTTP/1.1" 200 18204 "-" "Mozilla/5.0 AppleWebKit/537.36 (KHTML, like Gecko; compatible; ClaudeBot/1.0; +claudebot@anthropic.com)" 243 **0/243914**
216.73.216.168 - - [14/Sep/2025:06:57:05 -0700] "GET /penny-slot-machines-a-comprehensive-overview-to-playing-and-winning?fileloc=%2Fhome%2Fvrposilw0xwl%2Fpublic_html%2Fwp-includes%2Fblocks%2Fsite-logo.php&path=%2Fhome%2Fvrposilw0xwl%2Fpublic_html%2Fwp-includes%2Fblocks HTTP/1.1" 200 3993 "-" "Mozilla/5.0 AppleWebKit/537.36 (KHTML, like Gecko; compatible; ClaudeBot/1.0; +claudebot@anthropic.com)" 251 **0/251015**
20.171.207.65 - - [14/Sep/2025:06:57:07 -0700] "GET /?fileloc=//usr/lib64/python3.12/xml/sax/__init__.py&path=//usr/lib64/python3.12/xml/sax HTTP/1.1" 200 3471 "-" "Mozilla/5.0 AppleWebKit/537.36 (KHTML, like Gecko; compatible; GPTBot/1.2; +https://openai.com/gptbot)" 127 **0/127476**
216.73.216.168 - - [14/Sep/2025:06:57:08 -0700] "GET /best-non-gamstop-casinos-in-the-uk-1623?fileloc=%2Fhome%2Fvrposilw0xwl%2Fpublic_html%2Fwp-admin%2Fincludes%2Fclass-bulk-plugin-upgrader-skin.php&path=%2Fhome%2Fvrposilw0xwl%2Fpublic_html%2Fwp-admin%2Fincludes HTTP/1.1" 200 3199 "-" "Mozilla/5.0 AppleWebKit/537.36 (KHTML, like Gecko; compatible; ClaudeBot/1.0; +claudebot@anthropic.com)" 270 **0/270107**
20.171.207.65 - - [14/Sep/2025:06:57:10 -0700] "GET /?fileloc=//proc/keys&path=//proc HTTP/1.1" 200 2243 "-" "Mozilla/5.0 AppleWebKit/537.36 (KHTML, like Gecko; compatible; GPTBot/1.2; +https://openai.com/gptbot)" 127 **0/127191**
216.73.216.168 - - [14/Sep/2025:06:57:11 -0700] "GET /resmi-giris-adresi-guncel-mariobet-linki-2025?fileloc=%2Fhome%2Fvrposilw0xwl%2Fpublic_html%2Fwp-content%2Fplugins%2Frevslider%2Fincludes%2F.htaccess&path=%2Fhome%2Fvrposilw0xwl%2Fpublic_html%2Fwp-content%2Fplugins%2Frevslider%2Fincludes HTTP/1.1" 200 2416 "-" "Mozilla/5.0 AppleWebKit/537.36 (KHTML, like Gecko; compatible; ClaudeBot/1.0; +claudebot@anthropic.com)" 243 **0/243672**
216.73.216.168 - - [14/Sep/2025:06:57:14 -0700] "GET /best-non-gamstop-casinos-in-the-uk-1623?fileloc=%2Fhome%2Fvrposilw0xwl%2Fpublic_html%2Fwp-includes%2Fclass-wp-block-templates-registry.php&path=%2Fhome%2Fvrposilw0xwl%2Fpublic_html%2Fwp-includes HTTP/1.1" 200 3992 "-" "Mozilla/5.0 AppleWebKit/537.36 (KHTML, like Gecko; compatible; ClaudeBot/1.0; +claudebot@anthropic.com)" 264 **0/264144**
20.171.207.65 - - [14/Sep/2025:06:57:16 -0700] "GET /?path=//opt/alt/python310/lib/python3.10/site-packages/pip/_vendor/urllib3/__pycache__ HTTP/1.1" 200 3018 "-" "Mozilla/5.0 AppleWebKit/537.36 (KHTML, like Gecko; compatible; GPTBot/1.2; +https://openai.com/gptbot)" 131 **0/131011**
216.73.216.168 - - [14/Sep/2025:06:57:17 -0700] "GET /best-non-gamstop-casinos-in-the-uk-1623?fileloc=%2Fhome%2Fvrposilw0xwl%2Fpublic_html%2Fwp-includes%2Frss.php&path=%2Fhome%2Fvrposilw0xwl%2Fpublic_html%2Fwp-includes HTTP/1.1" 200 8864 "-" "Mozilla/5.0 AppleWebKit/537.36 (KHTML, like Gecko; compatible; ClaudeBot/1.0; +claudebot@anthropic.com)" 245 **0/245367**
