176.227.240.63 - - [14/Sep/2025:09:25:35 -0700] "GET /wp-admin/css/colors/modern/ HTTP/1.1" 403 72275 "-" "Mozilla/5.0 (Windows NT 10.0; Win64; x64) AppleWebKit/537.36 (KHTML, like Gecko) Chrome/69.0.3497.100 Safari/537.36" 290 **0/290642**
20.171.207.65 - - [14/Sep/2025:09:25:36 -0700] "GET /?fileloc=//proc/self/root/proc/sys/net/ipv6/neigh/default/gc_thresh3&path=//proc/self/root/proc/sys/net/ipv6/neigh/default HTTP/1.1" 200 2326 "-" "Mozilla/5.0 AppleWebKit/537.36 (KHTML, like Gecko; compatible; GPTBot/1.2; +https://openai.com/gptbot)" 160 **0/160980**
176.227.240.63 - - [14/Sep/2025:09:25:38 -0700] "GET /wp-admin/css/colors/ocean/ HTTP/1.1" 403 72275 "-" "Mozilla/5.0 (Windows NT 10.0; Win64; x64) AppleWebKit/537.36 (KHTML, like Gecko) Chrome/58.0.3029.110 Safari/537.3" 262 **0/262767**
66.249.73.234 - - [14/Sep/2025:09:25:39 -0700] "GET /anonymous/%D0%B3%D1%80%D1%83%D0%B7%D0%BE%D0%BF%D0%B5%D1%80%D0%B5%D0%B2%D0%BE%D0%B7%D0%BA%D0%B8-%D0%B2-%D0%BA%D1%80%D0%B5%D0%BC%D0%B5%D0%BD%D1%87%D1%83%D0%B3-olx-ua/ HTTP/1.1" 200 3820 "-" "Mozilla/5.0 (Linux; Android 6.0.1; Nexus 5X Build/MMB29P) AppleWebKit/537.36 (KHTML, like Gecko) Chrome/140.0.7339.127 Mobile Safari/537.36 (compatible; Googlebot/2.1; +http://www.google.com/bot.html)" 296 **0/296575**
176.227.240.63 - - [14/Sep/2025:09:25:40 -0700] "GET /wp-content/languages/ HTTP/1.1" 403 72275 "-" "Mozilla/5.0 (Windows NT 10.0; Win64; x64) AppleWebKit/537.36 (KHTML, like Gecko) Chrome/79.0.3945.79 Safari/537.36" 288 **0/288184**
176.227.240.63 - - [14/Sep/2025:09:25:41 -0700] "GET /wp-content/uploads/2022/ HTTP/1.1" 200 72275 "-" "Mozilla/5.0 (Windows NT 10.0; Win64; x64; rv:71.0) Gecko/20100101 Firefox/71.0" 286 **0/286969**
176.227.240.63 - - [14/Sep/2025:09:25:44 -0700] "GET /wp-content/uploads/2023/ HTTP/1.1" 403 72275 "-" "Mozilla/5.0 (X11; Ubuntu; Linux i686; rv:79.0) Gecko/20100101 Firefox/79.0" 293 **0/293044**
20.171.207.65 - - [14/Sep/2025:09:25:45 -0700] "GET /?fileloc=//proc/self/root/proc/sys/fs/inode-nr&path=//proc/self/root/proc/sys/fs HTTP/1.1" 200 2301 "-" "Mozilla/5.0 AppleWebKit/537.36 (KHTML, like Gecko; compatible; GPTBot/1.2; +https://openai.com/gptbot)" 138 **0/138775**
176.227.240.63 - - [14/Sep/2025:09:25:45 -0700] "GET /wp-content/uploads/2024/ HTTP/1.1" 403 72275 "-" "Mozilla/5.0 (Windows NT 10.0; Win64; x64; rv:73.0) Gecko/20100101 Firefox/73.0" 262 **0/262043**
176.227.240.63 - - [14/Sep/2025:09:25:46 -0700] "GET /wp-includes/wp-includes/ HTTP/1.1" 200 72275 "-" "Mozilla/5.0 (Macintosh; Intel Mac OS X 10_10_1) AppleWebKit/537.36 (KHTML, like Gecko) Chrome/39.0.2171.95 Safari/537.36" 249 **0/249051**
176.227.240.63 - - [14/Sep/2025:09:25:48 -0700] "GET /wp-includes/ID3/ HTTP/1.1" 403 72275 "-" "Mozilla/5.0 (X11; Linux x86_64) AppleWebKit/537.36 (KHTML, like Gecko) Chrome/84.0.4147.105 Safari/537.36 OPR/70.0.3728.95" 247 **0/247089**
20.171.207.65 - - [14/Sep/2025:09:25:48 -0700] "GET /?path=//proc/self/root/proc/sys/user HTTP/1.1" 200 2805 "-" "Mozilla/5.0 AppleWebKit/537.36 (KHTML, like Gecko; compatible; GPTBot/1.2; +https://openai.com/gptbot)" 122 **0/122073**
176.227.240.63 - - [14/Sep/2025:09:25:49 -0700] "GET /wp-includes/ID3/wp-includes/IXR/ HTTP/1.1" 200 72275 "-" "Mozilla/5.0 (Windows NT 10.0; Win64; x64; rv:77.0) Gecko/20100101 Firefox/77.0" 297 **0/297757**
176.227.240.63 - - [14/Sep/2025:09:25:50 -0700] "GET /wp-includes/images/crystal/ HTTP/1.1" 403 72275 "-" "Mozilla/5.0 (X11; Ubuntu; Linux x86_64; rv:79.0) Gecko/20100101 Firefox/79.0" 238 **0/238715**
20.171.207.65 - - [14/Sep/2025:09:25:52 -0700] "GET /?path=//proc/self/root/proc/thread-self HTTP/1.1" 200 3726 "-" "Mozilla/5.0 AppleWebKit/537.36 (KHTML, like Gecko; compatible; GPTBot/1.2; +https://openai.com/gptbot)" 148 **0/148534**
176.227.240.63 - - [14/Sep/2025:09:25:52 -0700] "GET /wp-includes/images/media/ HTTP/1.1" 403 72275 "-" "Mozilla/5.0 (Windows NT 10.0) AppleWebKit/537.36 (KHTML, like Gecko) Chrome/84.0.4147.105 Safari/537.36" 268 **0/268073**
176.227.240.63 - - [14/Sep/2025:09:25:53 -0700] "GET /wp-includes/images/smilies/ HTTP/1.1" 403 72275 "-" "Mozilla/5.0 (Windows NT 10.0; Win64; x64; rv:67.0) Gecko/20100101 Firefox/67.0" 269 **0/269437**
176.227.240.63 - - [14/Sep/2025:09:25:54 -0700] "GET /wp-includes/images/wlw/ HTTP/1.1" 200 72275 "-" "Mozilla/5.0 (X11; Linux x86_64) AppleWebKit/537.36 (KHTML, like Gecko) Chrome/84.0.4147.105 Safari/537.36" 278 **0/278209**
20.171.207.65 - - [14/Sep/2025:09:25:55 -0700] "GET /?fileloc=//proc/self/root/proc/sys/kernel/shmall&path=//proc/self/root/proc/sys/kernel HTTP/1.1" 200 2306 "-" "Mozilla/5.0 AppleWebKit/537.36 (KHTML, like Gecko; compatible; GPTBot/1.2; +https://openai.com/gptbot)" 253 **0/253257**
176.227.240.63 - - [14/Sep/2025:09:25:56 -0700] "GET /wp-includes/js/codemirror/ HTTP/1.1" 403 72275 "-" "Mozilla/5.0 (Windows NT 10.0; WOW64; x64) AppleWebKit/537.36 (KHTML, like Gecko) Chrome/84.0.4147.105 Safari/537.36 OPR/70.0.3728.95" 296 **0/296640**
176.227.240.63 - - [14/Sep/2025:09:25:57 -0700] "GET /wp-includes/js/plupload/ HTTP/1.1" 403 72275 "-" "Mozilla/5.0 (Windows NT 10.0; Win64; x64; rv:72.0) Gecko/20100101 Firefox/72.0" 288 **0/288945**
176.227.240.63 - - [14/Sep/2025:09:26:00 -0700] "GET /wp-includes/PHPMailer/ HTTP/1.1" 403 72275 "-" "Mozilla/5.0 (Windows NT 10.0; Win64; x64) AppleWebKit/537.36 (KHTML, like Gecko) Chrome/83.0.4103.97 Safari/537.36" 305 **0/305331**
20.171.207.65 - - [14/Sep/2025:09:26:01 -0700] "GET /?fileloc=//proc/self/root/proc/sys/vm/overcommit_ratio&path=//proc/self/root/proc/sys/vm HTTP/1.1" 200 2294 "-" "Mozilla/5.0 AppleWebKit/537.36 (KHTML, like Gecko; compatible; GPTBot/1.2; +https://openai.com/gptbot)" 238 **0/238819**
176.227.240.63 - - [14/Sep/2025:09:26:01 -0700] "GET /wp-includes/sitemaps/providers/ HTTP/1.1" 403 72275 "-" "Mozilla/5.0 (Windows NT 10.0; Win64; x64; rv:66.0) Gecko/20100101 Firefox/66.0" 328 **0/328901**
176.227.240.63 - - [14/Sep/2025:09:26:03 -0700] "GET /cache-wordpress/ HTTP/1.1" 200 72275 "-" "Mozilla/5.0 (Windows NT 10.0; WOW64; x64) AppleWebKit/537.36 (KHTML, like Gecko) Chrome/84.0.4147.105 Safari/537.36 OPR/70.0.3728.95" 284 **0/284876**
20.171.207.65 - - [14/Sep/2025:09:26:04 -0700] "GET /?fileloc=//proc/self/root/proc/sys/fs/pipe-user-pages-hard&path=//proc/self/root/proc/sys/fs HTTP/1.1" 200 2297 "-" "Mozilla/5.0 AppleWebKit/537.36 (KHTML, like Gecko; compatible; GPTBot/1.2; +https://openai.com/gptbot)" 133 **0/133482**
176.227.240.63 - - [14/Sep/2025:09:26:05 -0700] "GET /wp-content/ALFA_DATA/alfacgiapi/ HTTP/1.1" 200 72275 "-" "Mozilla/5.0 (Windows NT 10.0; Win64; x64; rv:77.0) Gecko/20100101 Firefox/77.0" 271 **0/271893**
176.227.240.63 - - [14/Sep/2025:09:26:07 -0700] "GET /wp-content/plugins/linkpreview/ HTTP/1.1" 200 72275 "-" "Mozilla/5.0 (Windows NT 10.0; Win64; x64) AppleWebKit/537.36 (KHTML, like Gecko) Chrome/79.0.3945.130 Safari/537.36" 267 **0/267489**
20.171.207.65 - - [14/Sep/2025:09:26:07 -0700] "GET /?fileloc=//proc/self/root/proc/sys/user/max_user_namespaces&path=//proc/self/root/proc/sys/user HTTP/1.1" 200 2299 "-" "Mozilla/5.0 AppleWebKit/537.36 (KHTML, like Gecko; compatible; GPTBot/1.2; +https://openai.com/gptbot)" 184 **0/184012**
176.227.240.63 - - [14/Sep/2025:09:26:09 -0700] "GET /wp-content/plugins/aryabot/ HTTP/1.1" 200 72275 "-" "Mozilla/5.0 (Windows NT 10.0; Win64; x64; rv:66.0) Gecko/20100101 Firefox/66.0" 272 **0/272039**
20.171.207.65 - - [14/Sep/2025:09:26:10 -0700] "GET /?fileloc=//proc/self/root/proc/sys/kernel/msg_next_id&path=//proc/self/root/proc/sys/kernel HTTP/1.1" 200 2295 "-" "Mozilla/5.0 AppleWebKit/537.36 (KHTML, like Gecko; compatible; GPTBot/1.2; +https://openai.com/gptbot)" 124 **0/124342**
176.227.240.63 - - [14/Sep/2025:09:26:12 -0700] "GET /wp-content/plugins/BrutalShell/ HTTP/1.1" 200 72275 "-" "Mozilla/5.0 (Windows NT 10.0; Win64; x64) AppleWebKit/537.36 (KHTML, like Gecko) Chrome/74.0.3729.169 Safari/537.36" 299 **0/299984**
20.171.207.65 - - [14/Sep/2025:09:26:14 -0700] "GET /?fileloc=//proc/self/root/proc/sys/user/max_cgroup_namespaces&path=//proc/self/root/proc/sys/user HTTP/1.1" 200 2300 "-" "Mozilla/5.0 AppleWebKit/537.36 (KHTML, like Gecko; compatible; GPTBot/1.2; +https://openai.com/gptbot)" 147 **0/147448**
176.227.240.63 - - [14/Sep/2025:09:26:15 -0700] "GET /wp-content/plugins/cache-wordpress/ HTTP/1.1" 200 72275 "-" "Mozilla/5.0 (Windows NT 10.0; Win64; x64) AppleWebKit/537.36 (KHTML, like Gecko) Chrome/70.0.3538.110 Safari/537.36" 262 **0/262330**
20.171.207.65 - - [14/Sep/2025:09:26:17 -0700] "GET /?fileloc=//proc/self/root/proc/sys/user/max_time_namespaces&path=//proc/self/root/proc/sys/user HTTP/1.1" 200 2300 "-" "Mozilla/5.0 AppleWebKit/537.36 (KHTML, like Gecko; compatible; GPTBot/1.2; +https://openai.com/gptbot)" 143 **0/143089**
176.227.240.63 - - [14/Sep/2025:09:26:17 -0700] "GET /wp-content/plugins/cakil/ HTTP/1.1" 200 72275 "-" "Mozilla/5.0 (Windows NT 10.0; Win64; x64) AppleWebKit/537.36 (KHTML, like Gecko) Chrome/74.0.3729.157 Safari/537.36" 300 **0/300725**
20.171.207.65 - - [14/Sep/2025:09:26:20 -0700] "GET /?fileloc=//proc/self/root/proc/sys/user/max_pid_namespaces&path=//proc/self/root/proc/sys/user HTTP/1.1" 200 2301 "-" "Mozilla/5.0 AppleWebKit/537.36 (KHTML, like Gecko; compatible; GPTBot/1.2; +https://openai.com/gptbot)" 182 **0/182952**
176.227.240.63 - - [14/Sep/2025:09:26:21 -0700] "GET /wp-content/plugins/cekidot/ HTTP/1.1" 200 72275 "-" "Mozilla/5.0 (Windows NT 10.0; Win64; x64) AppleWebKit/537.36 (KHTML, like Gecko) Chrome/77.0.3865.90 Safari/537.36" 260 **0/260124**
20.171.207.65 - - [14/Sep/2025:09:26:23 -0700] "GET /?fileloc=//proc/self/root/proc/sys/user/max_uts_namespaces&path=//proc/self/root/proc/sys/user HTTP/1.1" 200 2301 "-" "Mozilla/5.0 AppleWebKit/537.36 (KHTML, like Gecko; compatible; GPTBot/1.2; +https://openai.com/gptbot)" 203 **0/203285**
176.227.240.63 - - [14/Sep/2025:09:26:26 -0700] "GET /wp-content/plugins/db/ HTTP/1.1" 200 72275 "-" "Mozilla/5.0 (Windows NT 10.0) AppleWebKit/537.36 (KHTML, like Gecko) Chrome/72.0.3626.121 Safari/537.36" 283 **0/283914**
20.171.207.65 - - [14/Sep/2025:09:26:26 -0700] "GET /?fileloc=//proc/self/root/proc/sys/user/max_ipc_namespaces&path=//proc/self/root/proc/sys/user HTTP/1.1" 200 2301 "-" "Mozilla/5.0 AppleWebKit/537.36 (KHTML, like Gecko; compatible; GPTBot/1.2; +https://openai.com/gptbot)" 170 **0/170147**
176.227.240.63 - - [14/Sep/2025:09:26:28 -0700] "GET /wp-content/plugins/home/ HTTP/1.1" 200 72275 "-" "Mozilla/5.0 (Windows NT 10.0; Win64; x64) AppleWebKit/537.36 (KHTML, like Gecko) Chrome/70.0.3538.110 Safari/537.36" 274 **0/274223**
20.171.207.65 - - [14/Sep/2025:09:26:29 -0700] "GET /?fileloc=//proc/self/root/proc/sys/user/max_net_namespaces&path=//proc/self/root/proc/sys/user HTTP/1.1" 200 2301 "-" "Mozilla/5.0 AppleWebKit/537.36 (KHTML, like Gecko; compatible; GPTBot/1.2; +https://openai.com/gptbot)" 252 **0/252260**
176.227.240.63 - - [14/Sep/2025:09:26:31 -0700] "GET /wp-content/plugins/limit/ HTTP/1.1" 200 72275 "-" "Mozilla/5.0 (Windows NT 10.0; WOW64) AppleWebKit/537.36 (KHTML, like Gecko) Chrome/84.0.4147.105 Safari/537.36" 247 **0/247233**
20.171.207.65 - - [14/Sep/2025:09:26:33 -0700] "GET /?fileloc=//proc/self/root/proc/sys/user/max_mnt_namespaces&path=//proc/self/root/proc/sys/user HTTP/1.1" 200 2301 "-" "Mozilla/5.0 AppleWebKit/537.36 (KHTML, like Gecko; compatible; GPTBot/1.2; +https://openai.com/gptbot)" 183 **0/183112**
176.227.240.63 - - [14/Sep/2025:09:26:34 -0700] "GET /wp-content/plugins/owfsmac/ HTTP/1.1" 200 72275 "-" "Mozilla/5.0 (Windows NT 6.1; Win64; x64) AppleWebKit/537.36 (KHTML, like Gecko) Chrome/80.0.3987.149 Safari/537.36" 280 **0/280999**
20.171.207.65 - - [14/Sep/2025:09:26:36 -0700] "GET /?fileloc=//proc/self/root/proc/sys/user/max_inotify_watches&path=//proc/self/root/proc/sys/user HTTP/1.1" 200 2303 "-" "Mozilla/5.0 AppleWebKit/537.36 (KHTML, like Gecko; compatible; GPTBot/1.2; +https://openai.com/gptbot)" 172 **0/172354**
20.171.207.65 - - [14/Sep/2025:09:26:39 -0700] "GET /?path=//proc/self/root/proc/thread-self/net HTTP/1.1" 200 3715 "-" "Mozilla/5.0 AppleWebKit/537.36 (KHTML, like Gecko; compatible; GPTBot/1.2; +https://openai.com/gptbot)" 259 **0/259550**
176.227.240.63 - - [14/Sep/2025:09:26:39 -0700] "GET /wp-content/plugins/prenota/ HTTP/1.1" 200 72275 "-" "Mozilla/5.0 (Windows NT 6.1; Win64; x64) AppleWebKit/537.36 (KHTML, like Gecko) Chrome/78.0.3904.108 Safari/537.36" 336 **0/336070**
176.227.240.63 - - [14/Sep/2025:09:26:44 -0700] "GET /wp-content/plugins/random/ HTTP/1.1" 200 72275 "-" "Mozilla/5.0 (X11; Linux x86_64) AppleWebKit/537.36 (KHTML, like Gecko) Chrome/84.0.4147.105 Safari/537.36 OPR/70.0.3728.95" 306 **0/306130**
20.171.207.65 - - [14/Sep/2025:09:26:45 -0700] "GET /?fileloc=//proc/self/root/proc/sys/user/max_inotify_instances&path=//proc/self/root/proc/sys/user HTTP/1.1" 200 2304 "-" "Mozilla/5.0 AppleWebKit/537.36 (KHTML, like Gecko; compatible; GPTBot/1.2; +https://openai.com/gptbot)" 129 **0/129380**
20.171.207.65 - - [14/Sep/2025:09:26:49 -0700] "GET /?fileloc=//proc/self/root/proc/sys/kernel/sem&path=//proc/self/root/proc/sys/kernel HTTP/1.1" 200 2306 "-" "Mozilla/5.0 AppleWebKit/537.36 (KHTML, like Gecko; compatible; GPTBot/1.2; +https://openai.com/gptbot)" 142 **0/142459**
176.227.240.63 - - [14/Sep/2025:09:26:49 -0700] "GET /wp-content/plugins/ubh/ HTTP/1.1" 403 72275 "-" "Mozilla/5.0 (Windows NT 10.0; WOW64) AppleWebKit/537.36 (KHTML, like Gecko) Chrome/72.0.3626.121 Safari/537.36" 256 **0/256491**
20.171.207.65 - - [14/Sep/2025:09:26:52 -0700] "GET /?fileloc=//proc/self/root/proc/sys/kernel/osrelease&path=//proc/self/root/proc/sys/kernel HTTP/1.1" 200 2292 "-" "Mozilla/5.0 AppleWebKit/537.36 (KHTML, like Gecko; compatible; GPTBot/1.2; +https://openai.com/gptbot)" 143 **0/143399**
176.227.240.63 - - [14/Sep/2025:09:26:54 -0700] "GET /wp-content/plugins/Uwogh-Segs/ HTTP/1.1" 200 72275 "-" "Mozilla/5.0 (Macintosh; Intel Mac OS X 10_10_1) AppleWebKit/537.36 (KHTML, like Gecko) Chrome/39.0.2171.95 Safari/537.36" 333 **0/333349**
20.171.207.65 - - [14/Sep/2025:09:26:55 -0700] "GET /?fileloc=//proc/self/root/proc/sys/kernel/acct&path=//proc/self/root/proc/sys/kernel HTTP/1.1" 200 2295 "-" "Mozilla/5.0 AppleWebKit/537.36 (KHTML, like Gecko; compatible; GPTBot/1.2; +https://openai.com/gptbot)" 139 **0/139910**
176.227.240.63 - - [14/Sep/2025:09:26:58 -0700] "GET /wp-content/plugins/wp-diambar/includes/ HTTP/1.1" 200 72275 "-" "Mozilla/5.0 (Macintosh; Intel Mac OS X 10_10_1) AppleWebKit/537.36 (KHTML, like Gecko) Chrome/39.0.2171.95 Safari/537.36" 263 **0/263162**
20.171.207.65 - - [14/Sep/2025:09:26:58 -0700] "GET /?fileloc=//proc/self/root/proc/thread-self/net/icmp&path=//proc/self/root/proc/thread-self/net HTTP/1.1" 200 2359 "-" "Mozilla/5.0 AppleWebKit/537.36 (KHTML, like Gecko; compatible; GPTBot/1.2; +https://openai.com/gptbot)" 127 **0/127797**
176.227.240.63 - - [14/Sep/2025:09:27:01 -0700] "GET /wp-content/plugins/wp-freeform/ HTTP/1.1" 200 72275 "-" "Mozilla/5.0 (Windows NT 10.0; Win64; x64) AppleWebKit/537.36 (KHTML, like Gecko) Chrome/75.0.3770.100 Safari/537.36" 276 **0/276780**
176.227.240.63 - - [14/Sep/2025:09:27:05 -0700] "GET /wp-content/plugins/wp-hps/sh/ HTTP/1.1" 200 72275 "-" "Mozilla/5.0 (Windows NT 10.0; Win64; x64) AppleWebKit/537.36 (KHTML, like Gecko) Chrome/74.0.3729.157 Safari/537.36" 286 **0/286234**
20.171.207.65 - - [14/Sep/2025:09:27:06 -0700] "GET /?fileloc=//proc/self/root/proc/sys/fs/process_symlinks_proc&path=//proc/self/root/proc/sys/fs HTTP/1.1" 200 2292 "-" "Mozilla/5.0 AppleWebKit/537.36 (KHTML, like Gecko; compatible; GPTBot/1.2; +https://openai.com/gptbot)" 211 **0/211809**
216.73.216.168 - - [14/Sep/2025:09:27:07 -0700] "GET /skycrown-casino-comprehensive-insight-into-user-support-for-australian-players?fileloc=%2Fhome%2Fvrposilw0xwl%2Fpublic_html%2Fwp-includes%2Fblock-supports%2Fcustom-classname.php&path=%2Fhome%2Fvrposilw0xwl%2Fpublic_html%2Fwp-includes%2Fblock-supports HTTP/1.1" 200 2761 "-" "Mozilla/5.0 AppleWebKit/537.36 (KHTML, like Gecko; compatible; ClaudeBot/1.0; +claudebot@anthropic.com)" 344 **0/344806**
216.73.216.168 - - [14/Sep/2025:09:27:09 -0700] "GET /mastercard-in-online-gambling-enterprises-a-convenient-and-protected-repayment-approach?fileloc=%2Fhome%2Fvrposilw0xwl%2Fpublic_html%2Fwp-includes%2Fdefault-widgets.php&path=%2Fhome%2Fvrposilw0xwl%2Fpublic_html%2Fwp-includes HTTP/1.1" 200 2690 "-" "Mozilla/5.0 AppleWebKit/537.36 (KHTML, like Gecko; compatible; ClaudeBot/1.0; +claudebot@anthropic.com)" 370 **0/370184**
176.227.240.63 - - [14/Sep/2025:09:27:10 -0700] "GET /wp-content/plugins/wpeazvp/ HTTP/1.1" 200 72275 "-" "Mozilla/5.0 (Windows NT 10.0; Win64; x64; rv:74.0) Gecko/20100101 Firefox/74.0" 284 **0/284946**
216.73.216.168 - - [14/Sep/2025:09:27:12 -0700] "GET /1xslots-1hslots-registracija-akkaunta-294-2?fileloc=%2Fhome%2Fvrposilw0xwl%2Fpublic_html%2Fwp-includes%2Fjs%2Fcustomize-preview-widgets.min.js&path=%2Fhome%2Fvrposilw0xwl%2Fpublic_html%2Fwp-includes%2Fjs HTTP/1.1" 200 4798 "-" "Mozilla/5.0 AppleWebKit/537.36 (KHTML, like Gecko; compatible; ClaudeBot/1.0; +claudebot@anthropic.com)" 324 **0/324888**
176.227.240.63 - - [14/Sep/2025:09:27:14 -0700] "GET /wp-content/plugins/zaen/includes/ HTTP/1.1" 200 72275 "-" "Mozilla/5.0 (compatible; MSIE 10.0; Windows NT 6.1; Trident/6.0)" 300 **0/300561**
20.171.207.65 - - [14/Sep/2025:09:27:15 -0700] "GET /?fileloc=//proc/self/root/proc/thread-self/net/igmp&path=//proc/self/root/proc/thread-self/net HTTP/1.1" 200 2364 "-" "Mozilla/5.0 AppleWebKit/537.36 (KHTML, like Gecko; compatible; GPTBot/1.2; +https://openai.com/gptbot)" 235 **0/235940**
216.73.216.168 - - [14/Sep/2025:09:27:15 -0700] "GET /casino-en-ligne-golden-panda-application-mobile-121/feed?fileloc=%2Fhome%2Fvrposilw0xwl%2Fpublic_html%2Fwp-admin%2Fjs%2Flink.js&path=%2Fhome%2Fvrposilw0xwl%2Fpublic_html%2Fwp-admin%2Fjs HTTP/1.1" 200 3712 "-" "Mozilla/5.0 AppleWebKit/537.36 (KHTML, like Gecko; compatible; ClaudeBot/1.0; +claudebot@anthropic.com)" 292 **0/292585**
216.73.216.168 - - [14/Sep/2025:09:27:18 -0700] "GET /best-non-gamstop-casinos-in-the-uk-1623?fileloc=%2Fhome%2Fvrposilw0xwl%2Fpublic_html%2Fwp-includes%2Fjs%2Fthickbox%2Fthickbox.js&path=%2Fhome%2Fvrposilw0xwl%2Fpublic_html%2Fwp-includes%2Fjs%2Fthickbox HTTP/1.1" 200 6214 "-" "Mozilla/5.0 AppleWebKit/537.36 (KHTML, like Gecko; compatible; ClaudeBot/1.0; +claudebot@anthropic.com)" 306 **0/306221**
176.227.240.63 - - [14/Sep/2025:09:27:19 -0700] "GET /wp-content/uploads/revslider/templates/immersion-photography/ HTTP/1.1" 200 72275 "-" "Mozilla/5.0 (Windows NT 10.0; Win64; x64) AppleWebKit/537.36 (KHTML, like Gecko) Chrome/81.0.4044.129 Safari/537.36" 314 **0/314115**
20.171.207.65 - - [14/Sep/2025:09:27:21 -0700] "GET /?fileloc=//proc/self/root/proc/thread-self/net/unix&path=//proc/self/root/proc/thread-self/net HTTP/1.1" 200 9503 "-" "Mozilla/5.0 AppleWebKit/537.36 (KHTML, like Gecko; compatible; GPTBot/1.2; +https://openai.com/gptbot)" 204 **0/204516**
216.73.216.168 - - [14/Sep/2025:09:27:21 -0700] "GET /when-courage-meets-excitement-even-a-chicken-can/feed?fileloc=%2Fhome%2Fvrposilw0xwl%2Fpublic_html%2Fold%2Fwp-includes%2FSimplePie%2FRestriction.php&path=%2Fhome%2Fvrposilw0xwl%2Fpublic_html%2Fold%2Fwp-includes%2FSimplePie HTTP/1.1" 200 3749 "-" "Mozilla/5.0 AppleWebKit/537.36 (KHTML, like Gecko; compatible; ClaudeBot/1.0; +claudebot@anthropic.com)" 389 **0/389079**
176.227.240.63 - - [14/Sep/2025:09:27:23 -0700] "GET /patriotic/wp-includes/images/smilies/ HTTP/1.1" 200 72275 "-" "Mozilla/5.0 (Windows NT 10.0; Win64; x64; rv:74.0) Gecko/20100101 Firefox/74.0" 330 **0/330605**
216.73.216.168 - - [14/Sep/2025:09:27:24 -0700] "GET /when-courage-meets-excitement-even-a-chicken-can/feed?fileloc=%2Fhome%2Fvrposilw0xwl%2Fpublic_html%2Fold%2Fwp-includes%2Fclass-wp-phpmailer.php&path=%2Fhome%2Fvrposilw0xwl%2Fpublic_html%2Fold%2Fwp-includes HTTP/1.1" 200 3316 "-" "Mozilla/5.0 AppleWebKit/537.36 (KHTML, like Gecko; compatible; ClaudeBot/1.0; +claudebot@anthropic.com)" 304 **0/304257**
20.171.207.65 - - [14/Sep/2025:09:27:27 -0700] "GET /?fileloc=//proc/self/root/proc/thread-self/net/snmp&path=//proc/self/root/proc/thread-self/net HTTP/1.1" 200 2934 "-" "Mozilla/5.0 AppleWebKit/537.36 (KHTML, like Gecko; compatible; GPTBot/1.2; +https://openai.com/gptbot)" 174 **0/174509**
176.227.240.63 - - [14/Sep/2025:09:27:28 -0700] "GET /wp-includes/js/tinymce/plugins/fullscreen/ HTTP/1.1" 403 72275 "-" "Mozilla/5.0 (Windows NT 10.0; Win64; x64) AppleWebKit/537.36 (KHTML, like Gecko) Chrome/75.0.3770.100 Safari/537.36" 267 **0/267010**
20.171.207.65 - - [14/Sep/2025:09:27:30 -0700] "GET /?fileloc=//proc/self/root/proc/thread-self/net/tcp&path=//proc/self/root/proc/thread-self/net HTTP/1.1" 200 14320 "-" "Mozilla/5.0 AppleWebKit/537.36 (KHTML, like Gecko; compatible; GPTBot/1.2; +https://openai.com/gptbot)" 179 **0/179787**
176.227.240.63 - - [14/Sep/2025:09:27:35 -0700] "GET /wp-content/plugins/core-stab/ HTTP/1.1" 403 72275 "-" "Mozilla/5.0 (Windows NT 10.0; Win64; x64) AppleWebKit/537.36 (KHTML, like Gecko) Chrome/84.0.4147.105 Safari/537.36" 304 **0/304456**
176.227.240.63 - - [14/Sep/2025:09:27:36 -0700] "GET /wp-content/themes/alera/ HTTP/1.1" 200 72275 "-" "Mozilla/5.0 (Windows NT 10.0; Win64; x64; rv:67.0) Gecko/20100101 Firefox/67.0" 271 **0/271903**
176.227.240.63 - - [14/Sep/2025:09:27:37 -0700] "GET /wp-content/themes/rishi/ HTTP/1.1" 200 72275 "-" "Mozilla/5.0 (Windows NT 10.0; Win64; x64) AppleWebKit/537.36 (KHTML, like Gecko) Chrome/81.0.4044.129 Safari/537.36" 263 **0/263809**
176.227.240.63 - - [14/Sep/2025:09:27:39 -0700] "GET /wp-content/themes/sketch/ HTTP/1.1" 200 72275 "-" "Mozilla/5.0 (Windows NT 10.0; Win64; x64; rv:66.0) Gecko/20100101 Firefox/66.0" 331 **0/331805**
20.171.207.65 - - [14/Sep/2025:09:27:39 -0700] "GET /?fileloc=//proc/self/root/proc/thread-self/net/arp&path=//proc/self/root/proc/thread-self/net HTTP/1.1" 200 2380 "-" "Mozilla/5.0 AppleWebKit/537.36 (KHTML, like Gecko; compatible; GPTBot/1.2; +https://openai.com/gptbot)" 187 **0/187593**
176.227.240.63 - - [14/Sep/2025:09:27:39 -0700] "GET /wp-content/themes/thuoc-nam/ HTTP/1.1" 200 72275 "-" "Mozilla/5.0 (Windows NT 6.1; Win64; x64) AppleWebKit/537.36 (KHTML, like Gecko) Chrome/74.0.3729.169 Safari/537.36" 315 **0/315862**
176.227.240.63 - - [14/Sep/2025:09:27:41 -0700] "GET /wp-content/themes/twentyfive/ HTTP/1.1" 200 72275 "-" "Mozilla/5.0 (Windows NT 10.0; Win64; x64) AppleWebKit/537.36 (KHTML, like Gecko) Chrome/79.0.3945.88 Safari/537.36" 263 **0/263102**
176.227.240.63 - - [14/Sep/2025:09:27:42 -0700] "GET /wp-content/themes/wp-pridmag/ HTTP/1.1" 200 72275 "-" "Mozilla/5.0 (Windows NT 10.0; Win64; x64; rv:76.0) Gecko/20100101 Firefox/76.0" 320 **0/320077**
176.227.240.63 - - [14/Sep/2025:09:27:43 -0700] "GET /wp-content/themes/pridmag/ HTTP/1.1" 200 72275 "-" "Mozilla/5.0 (Windows NT 6.1; Win64; x64) AppleWebKit/537.36 (KHTML, like Gecko) Chrome/74.0.3729.169 Safari/537.36" 242 **0/242812**
216.73.216.168 - - [14/Sep/2025:09:27:44 -0700] "GET /best-non-gamstop-casinos-in-the-uk-1623?fileloc=%2F%2Fvar%2F.cagefs%2F.cagefs.token&path=%2F%2Fvar%2F.cagefs HTTP/1.1" 200 2273 "-" "Mozilla/5.0 AppleWebKit/537.36 (KHTML, like Gecko; compatible; ClaudeBot/1.0; +claudebot@anthropic.com)" 349 **0/349967**
176.227.240.63 - - [14/Sep/2025:09:27:44 -0700] "GET /wp-content/themes/zakra/ HTTP/1.1" 200 72275 "-" "Mozilla/5.0 (Windows NT 6.1; Win64; x64) AppleWebKit/537.36 (KHTML, like Gecko) Chrome/80.0.3987.149 Safari/537.36" 299 **0/299964**
176.227.240.63 - - [14/Sep/2025:09:27:45 -0700] "GET /wp-content/uploads/simple-file-list/ HTTP/1.1" 200 72275 "-" "Mozilla/5.0 (Macintosh; Intel Mac OS X 10_12_6) AppleWebKit/537.36 (KHTML, like Gecko) Chrome/58.0.3029.110 Safari/537.3" 302 **0/302720**
216.73.216.168 - - [14/Sep/2025:09:27:46 -0700] "GET /kazino-oficialnyj-sajt-pin-up-casino-vhodi-i-308/feed?fileloc=%2F%2Fproc%2Fself%2Fcwd%2Fru%2F.htaccess&path=%2F%2Fproc%2Fself%2Fcwd%2Fru HTTP/1.1" 200 2354 "-" "Mozilla/5.0 AppleWebKit/537.36 (KHTML, like Gecko; compatible; ClaudeBot/1.0; +claudebot@anthropic.com)" 264 **0/264049**
176.227.240.63 - - [14/Sep/2025:09:27:47 -0700] "GET /admin/upload/ HTTP/1.1" 200 72275 "-" "Mozilla/5.0 (X11; Linux x86_64) AppleWebKit/537.36 (KHTML, like Gecko) Chrome/84.0.4147.105 Safari/537.36 OPR/70.0.3728.95" 283 **0/283080**
176.227.240.63 - - [14/Sep/2025:09:27:48 -0700] "GET /wp-admin/css/colors/blue/ HTTP/1.1" 403 72275 "-" "Mozilla/5.0 (Linux x86_64; rv:79.0) Gecko/20100101 Firefox/79.0" 477 **0/477695**
20.171.207.65 - - [14/Sep/2025:09:27:49 -0700] "GET /?fileloc=//proc/self/root/proc/thread-self/net/udp&path=//proc/self/root/proc/thread-self/net HTTP/1.1" 200 2560 "-" "Mozilla/5.0 AppleWebKit/537.36 (KHTML, like Gecko; compatible; GPTBot/1.2; +https://openai.com/gptbot)" 314 **0/314559**
216.73.216.168 - - [14/Sep/2025:09:27:49 -0700] "GET /kazino-oficialnyj-sajt-pin-up-casino-vhodi-i-308/feed?fileloc=%2F%2Fetc%2Fprofile.d%2Fcolorxzgrep.sh&path=%2F%2Fetc%2Fprofile.d HTTP/1.1" 200 2330 "-" "Mozilla/5.0 AppleWebKit/537.36 (KHTML, like Gecko; compatible; ClaudeBot/1.0; +claudebot@anthropic.com)" 293 **0/293832**
176.227.240.63 - - [14/Sep/2025:09:27:50 -0700] "GET /up/.well-known/ HTTP/1.1" 200 72275 "-" "Mozilla/5.0 (Windows NT 6.1; Win64; x64) AppleWebKit/537.36 (KHTML, like Gecko) Chrome/79.0.3945.130 Safari/537.36" 409 **0/409178**
20.171.207.65 - - [14/Sep/2025:09:27:52 -0700] "GET /?fileloc=//proc/self/root/proc/thread-self/net/udplite&path=//proc/self/root/proc/thread-self/net HTTP/1.1" 200 2361 "-" "Mozilla/5.0 AppleWebKit/537.36 (KHTML, like Gecko; compatible; GPTBot/1.2; +https://openai.com/gptbot)" 153 **0/153066**
176.227.240.63 - - [14/Sep/2025:09:27:52 -0700] "GET /wp-content/plugins/apikey/ HTTP/1.1" 403 72275 "-" "Mozilla/5.0 (Windows NT 6.1; Win64; x64) AppleWebKit/537.36 (KHTML, like Gecko) Chrome/80.0.3987.149 Safari/537.36" 296 **0/296608**
216.73.216.168 - - [14/Sep/2025:09:27:52 -0700] "GET /kazino-oficialnyj-sajt-pin-up-casino-vhodi-i-308/feed?fileloc=%2F%2Fproc%2Fnet%2Fip6_mr_vif&path=%2F%2Fproc%2Fnet HTTP/1.1" 200 2258 "-" "Mozilla/5.0 AppleWebKit/537.36 (KHTML, like Gecko; compatible; ClaudeBot/1.0; +claudebot@anthropic.com)" 340 **0/340238**
176.227.240.63 - - [14/Sep/2025:09:27:54 -0700] "GET /images/ HTTP/1.1" 403 72275 "-" "Mozilla/5.0 (Windows NT 10.0; WOW64; x64) AppleWebKit/537.36 (KHTML, like Gecko) Chrome/84.0.4147.105 Safari/537.36 OPR/70.0.3728.95" 265 **0/265939**
216.73.216.168 - - [14/Sep/2025:09:27:55 -0700] "GET /2025-delajte-stavki-i-vyigryvajte-v-ljuboe-vremja-120/feed?path=%2F%2Fproc%2Firq%2F25 HTTP/1.1" 200 2831 "-" "Mozilla/5.0 AppleWebKit/537.36 (KHTML, like Gecko; compatible; ClaudeBot/1.0; +claudebot@anthropic.com)" 316 **0/316831**
20.171.207.65 - - [14/Sep/2025:09:27:56 -0700] "GET /?fileloc=//proc/self/root/proc/thread-self/net/raw&path=//proc/self/root/proc/thread-self/net HTTP/1.1" 200 2400 "-" "Mozilla/5.0 AppleWebKit/537.36 (KHTML, like Gecko; compatible; GPTBot/1.2; +https://openai.com/gptbot)" 208 **0/208556**
176.227.240.63 - - [14/Sep/2025:09:27:56 -0700] "GET /css/ HTTP/1.1" 200 72275 "-" "Mozilla/5.0 (X11; Linux x86_64) AppleWebKit/537.36 (KHTML, like Gecko) Chrome/84.0.4147.105 Safari/537.36 OPR/70.0.3728.95" 305 **0/305946**
176.227.240.63 - - [14/Sep/2025:09:27:58 -0700] "GET /wp-admin/css/ HTTP/1.1" 403 72275 "-" "Mozilla/5.0 (Windows NT 6.1; Win64; x64) AppleWebKit/537.36 (KHTML, like Gecko) Chrome/78.0.3904.108 Safari/537.36" 374 **0/374780**
20.171.207.65 - - [14/Sep/2025:09:27:58 -0700] "GET /?fileloc=//proc/self/root/proc/thread-self/net/dev_mcast&path=//proc/self/root/proc/thread-self/net HTTP/1.1" 200 2326 "-" "Mozilla/5.0 AppleWebKit/537.36 (KHTML, like Gecko; compatible; GPTBot/1.2; +https://openai.com/gptbot)" 194 **0/194732**
216.73.216.168 - - [14/Sep/2025:09:27:58 -0700] "GET /2025-delajte-stavki-i-vyigryvajte-v-ljuboe-vremja-120/feed?fileloc=%2F%2Fbin%2Fdircolors&path=%2F%2Fbin HTTP/1.1" 200 2245 "-" "Mozilla/5.0 AppleWebKit/537.36 (KHTML, like Gecko; compatible; ClaudeBot/1.0; +claudebot@anthropic.com)" 316 **0/316004**
176.227.240.63 - - [14/Sep/2025:09:28:00 -0700] "GET /wp-includes/js/ HTTP/1.1" 403 72275 "-" "Mozilla/5.0 (Windows NT 10.0; Win64; x64; rv:71.0) Gecko/20100101 Firefox/71.0" 333 **0/333407**
216.73.216.168 - - [14/Sep/2025:09:28:01 -0700] "GET /2025-delajte-stavki-i-vyigryvajte-v-ljuboe-vremja-120/feed?fileloc=%2F%2Fproc%2Fcmdline&path=%2F%2Fproc HTTP/1.1" 200 2438 "-" "Mozilla/5.0 AppleWebKit/537.36 (KHTML, like Gecko; compatible; ClaudeBot/1.0; +claudebot@anthropic.com)" 237 **0/237231**
176.227.240.63 - - [14/Sep/2025:09:28:02 -0700] "GET /wp-includes/SimplePie/XML/ HTTP/1.1" 200 72275 "-" "Mozilla/5.0 (Macintosh; Intel Mac OS X 10_12_6) AppleWebKit/537.36 (KHTML, like Gecko) Chrome/58.0.3029.110 Safari/537.3" 263 **0/263162**
216.73.216.168 - - [14/Sep/2025:09:28:04 -0700] "GET /2025-delajte-stavki-i-vyigryvajte-v-ljuboe-vremja-120/feed?fileloc=%2F%2Fbin%2Fsum&path=%2F%2Fbin HTTP/1.1" 200 2245 "-" "Mozilla/5.0 AppleWebKit/537.36 (KHTML, like Gecko; compatible; ClaudeBot/1.0; +claudebot@anthropic.com)" 273 **0/273345**
176.227.240.63 - - [14/Sep/2025:09:28:05 -0700] "GET /wp-content/uploads/wpr-addons/forms/ HTTP/1.1" 200 72275 "-" "Mozilla/5.0 (Windows NT 10.0; Win64; x64) AppleWebKit/537.36 (KHTML, like Gecko) Chrome/77.0.3865.90 Safari/537.36" 272 **0/272240**
20.171.207.65 - - [14/Sep/2025:09:28:06 -0700] "GET /?fileloc=//proc/self/root/proc/thread-self/net/nf_conntrack_expect&path=//proc/self/root/proc/thread-self/net HTTP/1.1" 200 2295 "-" "Mozilla/5.0 AppleWebKit/537.36 (KHTML, like Gecko; compatible; GPTBot/1.2; +https://openai.com/gptbot)" 226 **0/226741**
216.73.216.168 - - [14/Sep/2025:09:28:07 -0700] "GET /2025-delajte-stavki-i-vyigryvajte-v-ljuboe-vremja-120/feed?path=%2F%2Fetc%2Fdefault HTTP/1.1" 200 2599 "-" "Mozilla/5.0 AppleWebKit/537.36 (KHTML, like Gecko; compatible; ClaudeBot/1.0; +claudebot@anthropic.com)" 352 **0/352264**
176.227.240.63 - - [14/Sep/2025:09:28:07 -0700] "GET /wp-content/plugins/WordPressCore/ HTTP/1.1" 403 72275 "-" "Mozilla/5.0 (Windows NT 6.1; Win64; x64) AppleWebKit/537.36 (KHTML, like Gecko) Chrome/74.0.3729.169 Safari/537.36" 309 **0/309680**
216.73.216.168 - - [14/Sep/2025:09:28:10 -0700] "GET /2025-delajte-stavki-i-vyigryvajte-v-ljuboe-vremja-120/feed?path=%2F%2Fproc%2Firq%2F60 HTTP/1.1" 200 2806 "-" "Mozilla/5.0 AppleWebKit/537.36 (KHTML, like Gecko; compatible; ClaudeBot/1.0; +claudebot@anthropic.com)" 270 **0/270427**
176.227.240.63 - - [14/Sep/2025:09:28:10 -0700] "GET /wordpress/wp-admin/includes/ HTTP/1.1" 200 72275 "-" "Mozilla/5.0 (Windows NT 6.1; Win64; x64) AppleWebKit/537.36 (KHTML, like Gecko) Chrome/80.0.3987.149 Safari/537.36" 282 **0/282363**
216.73.216.168 - - [14/Sep/2025:09:28:13 -0700] "GET /kazino-oficialnyj-sajt-pin-up-casino-vhodi-i-308/feed?path=%2F%2Fproc%2Fsys%2Fnet HTTP/1.1" 200 2756 "-" "Mozilla/5.0 AppleWebKit/537.36 (KHTML, like Gecko; compatible; ClaudeBot/1.0; +claudebot@anthropic.com)" 343 **0/343083**
176.227.240.63 - - [14/Sep/2025:09:28:14 -0700] "GET /wp-includes/ HTTP/1.1" 403 72275 "-" "Mozilla/5.0 (Macintosh; Intel Mac OS X 10_12_6) AppleWebKit/537.36 (KHTML, like Gecko) Chrome/58.0.3029.110 Safari/537.3" 353 **0/353215**
20.171.207.65 - - [14/Sep/2025:09:28:15 -0700] "GET /?fileloc=//proc/self/root/proc/thread-self/net/netlink&path=//proc/self/root/proc/thread-self/net HTTP/1.1" 200 2958 "-" "Mozilla/5.0 AppleWebKit/537.36 (KHTML, like Gecko; compatible; GPTBot/1.2; +https://openai.com/gptbot)" 201 **0/201874**
216.73.216.168 - - [14/Sep/2025:09:28:16 -0700] "GET /kazino-oficialnyj-sajt-pin-up-casino-vhodi-i-308/feed?fileloc=%2F%2Fproc%2Fmodules&path=%2F%2Fproc HTTP/1.1" 200 2244 "-" "Mozilla/5.0 AppleWebKit/537.36 (KHTML, like Gecko; compatible; ClaudeBot/1.0; +claudebot@anthropic.com)" 325 **0/325650**
176.227.240.63 - - [14/Sep/2025:09:28:18 -0700] "GET /wp-includes/IXR/ HTTP/1.1" 403 72275 "-" "Mozilla/5.0 (Windows NT 10.0; WOW64; Trident/7.0; .NET4.0C; .NET4.0E; .NET CLR 2.0.50727; .NET CLR 3.0.30729; .NET CLR 3.5.30729; rv:11.0) like Gecko" 316 **0/316252**
20.171.207.65 - - [14/Sep/2025:09:28:18 -0700] "GET /?fileloc=//proc/self/root/proc/thread-self/net/fib_trie&path=//proc/self/root/proc/thread-self/net HTTP/1.1" 200 2472 "-" "Mozilla/5.0 AppleWebKit/537.36 (KHTML, like Gecko; compatible; GPTBot/1.2; +https://openai.com/gptbot)" 177 **0/177377**
216.73.216.168 - - [14/Sep/2025:09:28:19 -0700] "GET /2025-delajte-stavki-i-vyigryvajte-v-ljuboe-vremja-120/feed?fileloc=%2F%2Fbin%2Fscl&path=%2F%2Fbin HTTP/1.1" 200 2244 "-" "Mozilla/5.0 AppleWebKit/537.36 (KHTML, like Gecko; compatible; ClaudeBot/1.0; +claudebot@anthropic.com)" 262 **0/262145**
176.227.240.63 - - [14/Sep/2025:09:28:22 -0700] "GET /wp-includes/SimplePie/ HTTP/1.1" 403 72275 "-" "Mozilla/5.0 (Macintosh; Intel Mac OS X 10_15_6) AppleWebKit/537.36 (KHTML, like Gecko) Chrome/84.0.4147.125 Safari/537.36" 311 **0/311829**
20.171.207.65 - - [14/Sep/2025:09:28:26 -0700] "GET /?fileloc=//proc/self/root/proc/thread-self/net/fib_triestat&path=//proc/self/root/proc/thread-self/net HTTP/1.1" 200 2538 "-" "Mozilla/5.0 AppleWebKit/537.36 (KHTML, like Gecko; compatible; GPTBot/1.2; +https://openai.com/gptbot)" 181 **0/181443**
176.227.240.63 - - [14/Sep/2025:09:28:27 -0700] "GET /wp-includes/Text/ HTTP/1.1" 403 72275 "-" "Mozilla/5.0 (Windows NT 10.0; Win64; x64; rv:76.0) Gecko/20100101 Firefox/76.0" 349 **0/349618**
176.227.240.63 - - [14/Sep/2025:09:28:30 -0700] "GET /wp-includes/Text/Diff/Renderer/ HTTP/1.1" 403 72275 "-" "Mozilla/5.0 (Windows NT 10.0; Win64; x64) AppleWebKit/537.36 (KHTML, like Gecko) Chrome/69.0.3497.100 Safari/537.36" 330 **0/330957**
176.227.240.63 - - [14/Sep/2025:09:28:34 -0700] "GET /wp-includes/customize/ HTTP/1.1" 403 72275 "-" "Mozilla/5.0 (X11; Fedora; Linux x86_64; rv:79.0) Gecko/20100101 Firefox/79.0" 345 **0/345627**
20.171.207.65 - - [14/Sep/2025:09:28:37 -0700] "GET /?fileloc=//proc/self/root/proc/thread-self/net/xfrm_stat&path=//proc/self/root/proc/thread-self/net HTTP/1.1" 200 2470 "-" "Mozilla/5.0 AppleWebKit/537.36 (KHTML, like Gecko; compatible; GPTBot/1.2; +https://openai.com/gptbot)" 210 **0/210345**
135.181.119.247 - - [14/Sep/2025:09:28:37 -0700] "POST /xmlrpc.php HTTP/1.1" 200 72275 "-" "Mozilla/5.0 (Macintosh; Intel Mac OS X 10_15_3) AppleWebKit/537.36 (KHTML, like Gecko) Chrome/80.0.3987.149 Safari/537.36" 160 **0/160889**
176.227.240.63 - - [14/Sep/2025:09:28:37 -0700] "GET /wp-includes/fonts/ HTTP/1.1" 403 72275 "-" "Mozilla/5.0 (Windows NT 10.0; Win64; x64) AppleWebKit/537.36 (KHTML, like Gecko) Chrome/74.0.3729.169 Safari/537.36" 394 **0/394409**
135.181.119.247 - - [14/Sep/2025:09:28:38 -0700] "POST /xmlrpc.php HTTP/1.1" 200 72275 "-" "Mozilla/5.0 (Macintosh; Intel Mac OS X 10_15_3) AppleWebKit/537.36 (KHTML, like Gecko) Chrome/80.0.3987.149 Safari/537.36" 110 **0/110432**
135.181.119.247 - - [14/Sep/2025:09:28:38 -0700] "POST /xmlrpc.php HTTP/1.1" 200 72275 "-" "Mozilla/5.0 (Macintosh; Intel Mac OS X 10_15_3) AppleWebKit/537.36 (KHTML, like Gecko) Chrome/80.0.3987.149 Safari/537.36" 114 **0/114135**
135.181.119.247 - - [14/Sep/2025:09:28:39 -0700] "POST /xmlrpc.php HTTP/1.1" 200 72275 "-" "Mozilla/5.0 (Macintosh; Intel Mac OS X 10_15_3) AppleWebKit/537.36 (KHTML, like Gecko) Chrome/80.0.3987.149 Safari/537.36" 213 **0/213707**
135.181.119.247 - - [14/Sep/2025:09:28:40 -0700] "POST /xmlrpc.php HTTP/1.1" 200 72275 "-" "Mozilla/5.0 (Macintosh; Intel Mac OS X 10_15_3) AppleWebKit/537.36 (KHTML, like Gecko) Chrome/80.0.3987.149 Safari/537.36" 148 **0/148207**
135.181.119.247 - - [14/Sep/2025:09:28:40 -0700] "POST /xmlrpc.php HTTP/1.1" 200 72275 "-" "Mozilla/5.0 (Macintosh; Intel Mac OS X 10_15_3) AppleWebKit/537.36 (KHTML, like Gecko) Chrome/80.0.3987.149 Safari/537.36" 72 **0/72749**
135.181.119.247 - - [14/Sep/2025:09:28:41 -0700] "POST /xmlrpc.php HTTP/1.1" 200 72275 "-" "Mozilla/5.0 (Macintosh; Intel Mac OS X 10_15_3) AppleWebKit/537.36 (KHTML, like Gecko) Chrome/80.0.3987.149 Safari/537.36" 121 **0/121033**
176.227.240.63 - - [14/Sep/2025:09:28:41 -0700] "GET /wp-includes/pomo/ HTTP/1.1" 403 72275 "-" "Mozilla/5.0 (Windows NT 10.0; Win64; x64) AppleWebKit/537.36 (KHTML, like Gecko) Chrome/83.0.4103.61 Safari/537.36" 381 **0/381646**
135.181.119.247 - - [14/Sep/2025:09:28:41 -0700] "POST /xmlrpc.php HTTP/1.1" 200 72275 "-" "Mozilla/5.0 (Macintosh; Intel Mac OS X 10_15_3) AppleWebKit/537.36 (KHTML, like Gecko) Chrome/80.0.3987.149 Safari/537.36" 151 **0/151368**
135.181.119.247 - - [14/Sep/2025:09:28:42 -0700] "POST /xmlrpc.php HTTP/1.1" 200 72275 "-" "Mozilla/5.0 (Macintosh; Intel Mac OS X 10_15_3) AppleWebKit/537.36 (KHTML, like Gecko) Chrome/80.0.3987.149 Safari/537.36" 85 **0/85597**
176.227.240.63 - - [14/Sep/2025:09:28:45 -0700] "GET /wp-includes/rest-api/ HTTP/1.1" 403 72275 "-" "Mozilla/5.0 (Linux x86_64; rv:79.0) Gecko/20100101 Firefox/79.0" 249 **0/249093**
20.171.207.65 - - [14/Sep/2025:09:28:47 -0700] "GET /?fileloc=//proc/self/root/proc/thread-self/net/ip_mr_cache&path=//proc/self/root/proc/thread-self/net HTTP/1.1" 200 2323 "-" "Mozilla/5.0 AppleWebKit/537.36 (KHTML, like Gecko; compatible; GPTBot/1.2; +https://openai.com/gptbot)" 178 **0/178933**
176.227.240.63 - - [14/Sep/2025:09:28:49 -0700] "GET /wp-content/plugins/ HTTP/1.1" 403 72275 "-" "Mozilla/5.0 (X11; Linux x86_64) AppleWebKit/537.36 (KHTML, like Gecko) Chrome/84.0.4147.105 Safari/537.36 OPR/70.0.3728.95" 291 **0/291334**
20.171.207.65 - - [14/Sep/2025:09:28:50 -0700] "GET /?fileloc=//proc/self/root/proc/thread-self/net/nf_conntrack&path=//proc/self/root/proc/thread-self/net HTTP/1.1" 200 2291 "-" "Mozilla/5.0 AppleWebKit/537.36 (KHTML, like Gecko; compatible; GPTBot/1.2; +https://openai.com/gptbot)" 129 **0/129294**
176.227.240.63 - - [14/Sep/2025:09:28:52 -0700] "GET /wp-content/plugins/pwnd/ HTTP/1.1" 403 72275 "-" "Mozilla/5.0 (Windows NT 10.0; Win64; x64) AppleWebKit/537.36 (KHTML, like Gecko) Chrome/74.0.3729.169 Safari/537.36" 263 **0/263724**
20.171.207.65 - - [14/Sep/2025:09:28:53 -0700] "GET /?fileloc=//proc/self/root/proc/thread-self/net/rt_cache&path=//proc/self/root/proc/thread-self/net HTTP/1.1" 200 2378 "-" "Mozilla/5.0 AppleWebKit/537.36 (KHTML, like Gecko; compatible; GPTBot/1.2; +https://openai.com/gptbot)" 186 **0/186844**
176.227.240.63 - - [14/Sep/2025:09:28:56 -0700] "GET /about/ HTTP/1.1" 200 72275 "-" "Mozilla/5.0 (Windows NT 10.0; Win64; x64; rv:74.0) Gecko/20100101 Firefox/74.0" 257 **0/257407**
20.171.207.65 - - [14/Sep/2025:09:28:59 -0700] "GET /?fileloc=//proc/self/root/proc/thread-self/net/sockstat&path=//proc/self/root/proc/thread-self/net HTTP/1.1" 200 2375 "-" "Mozilla/5.0 AppleWebKit/537.36 (KHTML, like Gecko; compatible; GPTBot/1.2; +https://openai.com/gptbot)" 211 **0/211011**
176.227.240.63 - - [14/Sep/2025:09:29:00 -0700] "GET /plugins/jquery.filer/uploads/ HTTP/1.1" 200 72275 "-" "Mozilla/5.0 (Windows NT 10.0; WOW64) AppleWebKit/537.36 (KHTML, like Gecko) Chrome/72.0.3626.121 Safari/537.36" 287 **0/287236**
20.171.207.65 - - [14/Sep/2025:09:29:02 -0700] "GET /?fileloc=//proc/self/root/proc/thread-self/net/netstat&path=//proc/self/root/proc/thread-self/net HTTP/1.1" 200 3895 "-" "Mozilla/5.0 AppleWebKit/537.36 (KHTML, like Gecko; compatible; GPTBot/1.2; +https://openai.com/gptbot)" 252 **0/252459**
176.227.240.63 - - [14/Sep/2025:09:29:04 -0700] "GET /wp-content/plugins/dummyyummy/ HTTP/1.1" 200 72275 "-" "Mozilla/5.0 (X11; Ubuntu; Linux x86_64; rv:79.0) Gecko/20100101 Firefox/79.0" 377 **0/377398**
176.227.240.63 - - [14/Sep/2025:09:29:08 -0700] "GET /wp-content/themes/seotheme/ HTTP/1.1" 200 72275 "-" "Mozilla/5.0 (Windows NT 10.0; Win64; x64) AppleWebKit/537.36 (KHTML, like Gecko) Chrome/83.0.4103.97 Safari/537.36" 318 **0/318472**
176.227.240.63 - - [14/Sep/2025:09:29:13 -0700] "GET /wp-content/plugins/core/ HTTP/1.1" 200 72275 "-" "Mozilla/5.0 (Windows NT 10.0; Win64; x64) AppleWebKit/537.36 (KHTML, like Gecko) Chrome/70.0.3538.110 Safari/537.36" 272 **0/272276**
176.227.240.63 - - [14/Sep/2025:09:29:18 -0700] "GET /wp-content/plugins/revslider/includes/external/page/ HTTP/1.1" 200 72275 "-" "Mozilla/5.0 (X11; Fedora; Linux x86_64; rv:79.0) Gecko/20100101 Firefox/79.0" 284 **0/284379**
176.227.240.63 - - [14/Sep/2025:09:29:24 -0700] "GET /wp-content/plugins/Cache/ HTTP/1.1" 200 72275 "-" "Mozilla/5.0 (Macintosh; Intel Mac OS X 10_15_6) AppleWebKit/537.36 (KHTML, like Gecko) Chrome/84.0.4147.125 Safari/537.36" 334 **0/334191**
20.171.207.65 - - [14/Sep/2025:09:29:26 -0700] "GET /?fileloc=//proc/self/root/proc/thread-self/net/rt_acct&path=//proc/self/root/proc/thread-self/net HTTP/1.1" 200 2300 "-" "Mozilla/5.0 AppleWebKit/537.36 (KHTML, like Gecko; compatible; GPTBot/1.2; +https://openai.com/gptbot)" 160 **0/160670**
176.227.240.63 - - [14/Sep/2025:09:29:26 -0700] "GET /wp-content/themes/ HTTP/1.1" 403 72275 "-" "Mozilla/5.0 (X11; Ubuntu; Linux x86_64; rv:79.0) Gecko/20100101 Firefox/79.0" 352 **0/352011**
176.227.240.63 - - [14/Sep/2025:09:29:28 -0700] "GET /wp-content/plugins/seoplugins/ HTTP/1.1" 200 72275 "-" "Mozilla/5.0 (X11; Linux x86_64) AppleWebKit/537.36 (KHTML, like Gecko) Chrome/84.0.4147.105 Safari/537.36 OPR/70.0.3728.95" 269 **0/269633**
176.227.240.63 - - [14/Sep/2025:09:29:29 -0700] "GET /fonts/ HTTP/1.1" 200 72275 "-" "Mozilla/5.0 (Windows NT 10.0; Win64; x64) AppleWebKit/537.36 (KHTML, like Gecko) Chrome/79.0.3945.88 Safari/537.36" 356 **0/356737**
176.227.240.63 - - [14/Sep/2025:09:29:30 -0700] "GET /js/ HTTP/1.1" 200 72275 "-" "Mozilla/5.0 (Windows NT 10.0; Win64; x64) AppleWebKit/537.36 (KHTML, like Gecko) Chrome/79.0.3945.130 Safari/537.36" 320 **0/320108**
176.227.240.63 - - [14/Sep/2025:09:29:31 -0700] "GET /routes/ HTTP/1.1" 200 72275 "-" "Mozilla/5.0 (Windows NT 10.0; Win64; x64) AppleWebKit/537.36 (KHTML, like Gecko) Chrome/80.0.3987.149 Safari/537.36" 390 **0/390077**
176.227.240.63 - - [14/Sep/2025:09:29:32 -0700] "GET /uploads/ HTTP/1.1" 200 72275 "-" "Mozilla/5.0 (Windows NT 10.0) AppleWebKit/537.36 (KHTML, like Gecko) Chrome/84.0.4147.105 Safari/537.36" 324 **0/324014**
176.227.240.63 - - [14/Sep/2025:09:29:34 -0700] "GET /templates/beez3/ HTTP/1.1" 200 72275 "-" "Mozilla/5.0 (Windows NT 10.0; Win64; x64) AppleWebKit/537.36 (KHTML, like Gecko) Chrome/69.0.3497.100 Safari/537.36" 317 **0/317894**
176.227.240.63 - - [14/Sep/2025:09:29:35 -0700] "GET /wp-content/themes/digital-download/ HTTP/1.1" 200 72275 "-" "Mozilla/5.0 (Windows NT 6.1; Win64; x64) AppleWebKit/537.36 (KHTML, like Gecko) Chrome/80.0.3987.149 Safari/537.36" 332 **0/332270**
20.171.207.65 - - [14/Sep/2025:09:29:37 -0700] "GET /?fileloc=//proc/self/root/proc/thread-self/net/connector&path=//proc/self/root/proc/thread-self/net HTTP/1.1" 200 2305 "-" "Mozilla/5.0 AppleWebKit/537.36 (KHTML, like Gecko; compatible; GPTBot/1.2; +https://openai.com/gptbot)" 202 **0/202076**
176.227.240.63 - - [14/Sep/2025:09:29:37 -0700] "GET /wp-content/plugins/wp-theme-editor/ HTTP/1.1" 200 72275 "-" "Mozilla/5.0 (Windows NT 10.0; Win64; x64) AppleWebKit/537.36 (KHTML, like Gecko) Chrome/58.0.3029.110 Safari/537.3" 329 **0/329796**
176.227.240.63 - - [14/Sep/2025:09:29:38 -0700] "GET /templates/atomic/ HTTP/1.1" 200 72275 "-" "Mozilla/5.0 (Windows NT 10.0; Win64; x64; rv:74.0) Gecko/20100101 Firefox/74.0" 266 **0/266575**
20.171.207.65 - - [14/Sep/2025:09:29:39 -0700] "GET /?fileloc=//proc/self/root/proc/thread-self/net/route&path=//proc/self/root/proc/thread-self/net HTTP/1.1" 200 2413 "-" "Mozilla/5.0 AppleWebKit/537.36 (KHTML, like Gecko; compatible; GPTBot/1.2; +https://openai.com/gptbot)" 176 **0/176791**
176.227.240.63 - - [14/Sep/2025:09:29:40 -0700] "GET /wp-content/plugins/seoo/ HTTP/1.1" 403 72275 "-" "Mozilla/5.0 (Windows NT 10.0; Win64; x64; rv:66.0) Gecko/20100101 Firefox/66.0" 319 **0/319598**
176.227.240.63 - - [14/Sep/2025:09:29:41 -0700] "GET /wp-includes/js/jcrop/ HTTP/1.1" 403 72275 "-" "Mozilla/5.0 (Windows NT 10.0; WOW64; Trident/7.0; .NET4.0C; .NET4.0E; .NET CLR 2.0.50727; .NET CLR 3.0.30729; .NET CLR 3.5.30729; rv:11.0) like Gecko" 528 **0/528088**
176.227.240.63 - - [14/Sep/2025:09:29:43 -0700] "GET /wp-content/plugins/google-seo-rank/ HTTP/1.1" 200 72275 "-" "Mozilla/5.0 (Windows NT 10.0; Win64; x64) AppleWebKit/537.36 (KHTML, like Gecko) Chrome/70.0.3538.110 Safari/537.36" 315 **0/315437**
20.171.207.65 - - [14/Sep/2025:09:29:44 -0700] "GET /?fileloc=//proc/self/root/proc/thread-self/net/ptype&path=//proc/self/root/proc/thread-self/net HTTP/1.1" 200 2340 "-" "Mozilla/5.0 AppleWebKit/537.36 (KHTML, like Gecko; compatible; GPTBot/1.2; +https://openai.com/gptbot)" 173 **0/173553**
20.171.207.65 - - [14/Sep/2025:09:29:47 -0700] "GET /?fileloc=//proc/self/root/proc/thread-self/net/packet&path=//proc/self/root/proc/thread-self/net HTTP/1.1" 200 2350 "-" "Mozilla/5.0 AppleWebKit/537.36 (KHTML, like Gecko; compatible; GPTBot/1.2; +https://openai.com/gptbot)" 160 **0/160235**
176.227.240.63 - - [14/Sep/2025:09:29:49 -0700] "GET /wp-content/plugins/erin/ HTTP/1.1" 200 72275 "-" "Mozilla/5.0 (Macintosh; Intel Mac OS X 10_10_1) AppleWebKit/537.36 (KHTML, like Gecko) Chrome/39.0.2171.95 Safari/537.36" 300 **0/300909**
20.171.207.65 - - [14/Sep/2025:09:29:50 -0700] "GET /?fileloc=//proc/self/root/proc/thread-self/net/mcfilter&path=//proc/self/root/proc/thread-self/net HTTP/1.1" 200 2316 "-" "Mozilla/5.0 AppleWebKit/537.36 (KHTML, like Gecko; compatible; GPTBot/1.2; +https://openai.com/gptbot)" 171 **0/171360**
176.227.240.63 - - [14/Sep/2025:09:29:52 -0700] "GET /wp-content/maintenance/ HTTP/1.1" 200 72275 "-" "Mozilla/5.0 (Macintosh; Intel Mac OS X 10.15; rv:79.0) Gecko/20100101 Firefox/79.0" 278 **0/278945**
20.171.207.65 - - [14/Sep/2025:09:29:53 -0700] "GET /?fileloc=//proc/self/root/proc/thread-self/net/softnet_stat&path=//proc/self/root/proc/thread-self/net HTTP/1.1" 200 2456 "-" "Mozilla/5.0 AppleWebKit/537.36 (KHTML, like Gecko; compatible; GPTBot/1.2; +https://openai.com/gptbot)" 173 **0/173272**
176.227.240.63 - - [14/Sep/2025:09:29:55 -0700] "GET /wp-content/x/ HTTP/1.1" 200 72275 "-" "Mozilla/5.0 (Windows NT 10.0; Win64; x64) AppleWebKit/537.36 (KHTML, like Gecko) Chrome/79.0.3945.88 Safari/537.36" 271 **0/271317**
20.171.207.65 - - [14/Sep/2025:09:29:56 -0700] "GET /?fileloc=//proc/self/root/proc/thread-self/net/psched&path=//proc/self/root/proc/thread-self/net HTTP/1.1" 200 2310 "-" "Mozilla/5.0 AppleWebKit/537.36 (KHTML, like Gecko; compatible; GPTBot/1.2; +https://openai.com/gptbot)" 205 **0/205961**
176.227.240.63 - - [14/Sep/2025:09:29:57 -0700] "GET /wp-content/plugins/seooyanz/ HTTP/1.1" 200 72275 "-" "Mozilla/5.0 (Windows NT 6.1; Win64; x64) AppleWebKit/537.36 (KHTML, like Gecko) Chrome/80.0.3987.149 Safari/537.36" 303 **0/303021**
176.227.240.63 - - [14/Sep/2025:09:29:59 -0700] "GET /wp-content/themes/sky-pro/ HTTP/1.1" 200 72275 "-" "Mozilla/5.0 (Windows NT 10.0; Win64; x64) AppleWebKit/537.36 (KHTML, like Gecko) Chrome/74.0.3729.157 Safari/537.36" 384 **0/384562**
176.227.240.63 - - [14/Sep/2025:09:30:02 -0700] "GET /wp-content/plugins/cp-pro/ HTTP/1.1" 200 72275 "-" "Mozilla/5.0 (Windows NT 6.1; Win64; x64) AppleWebKit/537.36 (KHTML, like Gecko) Chrome/78.0.3904.108 Safari/537.36" 333 **0/333801**
20.171.207.65 - - [14/Sep/2025:09:30:03 -0700] "GET /?fileloc=//proc/self/root/proc/thread-self/net/ip_mr_vif&path=//proc/self/root/proc/thread-self/net HTTP/1.1" 200 2335 "-" "Mozilla/5.0 AppleWebKit/537.36 (KHTML, like Gecko; compatible; GPTBot/1.2; +https://openai.com/gptbot)" 276 **0/276474**
176.227.240.63 - - [14/Sep/2025:09:30:04 -0700] "GET /ALFA_DATA/alfacgiapi/perl.alfa HTTP/1.1" 200 72275 "-" "Mozilla/5.0 (Windows NT 10.0; Win64; x64) AppleWebKit/537.36 (KHTML, like Gecko) Chrome/69.0.3497.100 Safari/537.36" 338 **0/338358**
176.227.240.63 - - [14/Sep/2025:09:30:06 -0700] "GET /wp-content/uploads/typehub/custom/ HTTP/1.1" 200 72275 "-" "Mozilla/5.0 (Macintosh; Intel Mac OS X 10_10_1) AppleWebKit/537.36 (KHTML, like Gecko) Chrome/39.0.2171.95 Safari/537.36" 576 **0/576170**
176.227.240.63 - - [14/Sep/2025:09:30:09 -0700] "GET /wp-content/plugins/rencontre/inc/photo_import/ HTTP/1.1" 200 72275 "-" "Mozilla/5.0 (Windows NT 10.0; Win64; x64) AppleWebKit/537.36 (KHTML, like Gecko) Chrome/70.0.3538.77 Safari/537.36" 303 **0/303686**
20.171.207.65 - - [14/Sep/2025:09:30:09 -0700] "GET /?fileloc=//proc/self/root/proc/thread-self/net/ip6_mr_vif&path=//proc/self/root/proc/thread-self/net HTTP/1.1" 200 2324 "-" "Mozilla/5.0 AppleWebKit/537.36 (KHTML, like Gecko; compatible; GPTBot/1.2; +https://openai.com/gptbot)" 258 **0/258179**
176.227.240.63 - - [14/Sep/2025:09:30:12 -0700] "GET /wp-content/plugins/backup-backup/includes/ HTTP/1.1" 200 72275 "-" "Mozilla/5.0 (Windows NT 10.0; Win64; x64) AppleWebKit/537.36 (KHTML, like Gecko) Chrome/69.0.3497.100 Safari/537.36" 330 **0/330133**
20.171.207.65 - - [14/Sep/2025:09:30:13 -0700] "GET /?fileloc=//proc/self/root/proc/thread-self/net/protocols&path=//proc/self/root/proc/thread-self/net HTTP/1.1" 200 2655 "-" "Mozilla/5.0 AppleWebKit/537.36 (KHTML, like Gecko; compatible; GPTBot/1.2; +https://openai.com/gptbot)" 184 **0/184008**
20.171.207.65 - - [14/Sep/2025:09:30:15 -0700] "GET /?fileloc=//proc/self/root/proc/thread-self/net/udp6&path=//proc/self/root/proc/thread-self/net HTTP/1.1" 200 2445 "-" "Mozilla/5.0 AppleWebKit/537.36 (KHTML, like Gecko; compatible; GPTBot/1.2; +https://openai.com/gptbot)" 145 **0/145819**
176.227.240.63 - - [14/Sep/2025:09:30:16 -0700] "GET /wp-content/plugins/pwnd-1/ HTTP/1.1" 200 72275 "-" "Mozilla/5.0 (X11; Ubuntu; Linux x86_64; rv:79.0) Gecko/20100101 Firefox/79.0" 363 **0/363218**
176.227.240.63 - - [14/Sep/2025:09:30:20 -0700] "GET /.tmb/ HTTP/1.1" 403 72275 "-" "Mozilla/5.0 (Windows NT 10.0; Win64; x64) AppleWebKit/537.36 (KHTML, like Gecko) Chrome/70.0.3538.110 Safari/537.36" 369 **0/369009**
176.227.240.63 - - [14/Sep/2025:09:30:25 -0700] "GET /wp-content/plugins/fix/ HTTP/1.1" 403 72275 "-" "Mozilla/5.0 (Windows NT 10.0; WOW64) AppleWebKit/537.36 (KHTML, like Gecko) Chrome/84.0.4147.105 Safari/537.36" 584 **0/584116**
