20.171.207.65 - - [14/Sep/2025:07:26:42 -0700] "GET /?fileloc=//lib64/python3.12/xml/dom/__pycache__/__init__.cpython-312.pyc&path=//lib64/python3.12/xml/dom/__pycache__ HTTP/1.1" 200 2312 "-" "Mozilla/5.0 AppleWebKit/537.36 (KHTML, like Gecko; compatible; GPTBot/1.2; +https://openai.com/gptbot)" 123 **0/123842**
216.73.216.168 - - [14/Sep/2025:07:26:43 -0700] "GET /when-courage-meets-excitement-even-a-chicken-can/feed?fileloc=%2Fhome%2Fvrposilw0xwl%2Fpublic_html%2Fold%2Fwp-includes%2Fspeculative-loading.php&path=%2Fhome%2Fvrposilw0xwl%2Fpublic_html%2Fold%2Fwp-includes HTTP/1.1" 200 4892 "-" "Mozilla/5.0 AppleWebKit/537.36 (KHTML, like Gecko; compatible; ClaudeBot/1.0; +claudebot@anthropic.com)" 252 **0/252110**
20.171.207.65 - - [14/Sep/2025:07:26:45 -0700] "GET /?fileloc=//lib64/python3.12/xml/parsers/__init__.py&path=//lib64/python3.12/xml/parsers HTTP/1.1" 200 2386 "-" "Mozilla/5.0 AppleWebKit/537.36 (KHTML, like Gecko; compatible; GPTBot/1.2; +https://openai.com/gptbot)" 125 **0/125970**
216.73.216.168 - - [14/Sep/2025:07:26:46 -0700] "GET /1xslots-1hslots-registracija-akkaunta-294-2?fileloc=%2Fhome%2Fvrposilw0xwl%2Fpublic_html%2Fwp-includes%2Fjs%2Fwp-util.js&path=%2Fhome%2Fvrposilw0xwl%2Fpublic_html%2Fwp-includes%2Fjs HTTP/1.1" 403 3820 "-" "Mozilla/5.0 AppleWebKit/537.36 (KHTML, like Gecko; compatible; ClaudeBot/1.0; +claudebot@anthropic.com)" 245 **0/245988**
216.73.216.168 - - [14/Sep/2025:07:26:49 -0700] "GET /when-courage-meets-excitement-even-a-chicken-can/feed?fileloc=%2Fhome%2Fvrposilw0xwl%2Fpublic_html%2Fold%2Fwp-includes%2Fclass.wp-styles.php&path=%2Fhome%2Fvrposilw0xwl%2Fpublic_html%2Fold%2Fwp-includes HTTP/1.1" 403 3820 "-" "Mozilla/5.0 AppleWebKit/537.36 (KHTML, like Gecko; compatible; ClaudeBot/1.0; +claudebot@anthropic.com)" 248 **0/248697**
216.73.216.168 - - [14/Sep/2025:07:26:52 -0700] "GET /1win-kazino-i-bk-3934-4/feed?fileloc=%2Fhome%2Fvrposilw0xwl%2Fpublic_html%2Fwp-includes%2Fms-functions.php&path=%2Fhome%2Fvrposilw0xwl%2Fpublic_html%2Fwp-includes HTTP/1.1" 403 3820 "-" "Mozilla/5.0 AppleWebKit/537.36 (KHTML, like Gecko; compatible; ClaudeBot/1.0; +claudebot@anthropic.com)" 234 **0/234786**
20.171.207.65 - - [14/Sep/2025:07:26:54 -0700] "GET /?fileloc=//lib64/libMagickCore-6.Q16.so.7.0.0&path=//lib64 HTTP/1.1" 200 2263 "-" "Mozilla/5.0 AppleWebKit/537.36 (KHTML, like Gecko; compatible; GPTBot/1.2; +https://openai.com/gptbot)" 128 **0/128847**
216.73.216.168 - - [14/Sep/2025:07:26:55 -0700] "GET /mastercard-in-online-gambling-enterprises-a-convenient-and-protected-repayment-approach?fileloc=%2Fhome%2Fvrposilw0xwl%2Fpublic_html%2Fwp-includes%2Fclass-wp-image-editor.php&path=%2Fhome%2Fvrposilw0xwl%2Fpublic_html%2Fwp-includes HTTP/1.1" 403 3820 "-" "Mozilla/5.0 AppleWebKit/537.36 (KHTML, like Gecko; compatible; ClaudeBot/1.0; +claudebot@anthropic.com)" 230 **0/230323**
216.73.216.168 - - [14/Sep/2025:07:26:58 -0700] "GET /1xslots-1hslots-registracija-akkaunta-294-2?fileloc=%2Fhome%2Fvrposilw0xwl%2Fpublic_html%2Fwp-includes%2Fjs%2Fwp-embed.js&path=%2Fhome%2Fvrposilw0xwl%2Fpublic_html%2Fwp-includes%2Fjs HTTP/1.1" 403 3820 "-" "Mozilla/5.0 AppleWebKit/537.36 (KHTML, like Gecko; compatible; ClaudeBot/1.0; +claudebot@anthropic.com)" 236 **0/236460**
216.73.216.168 - - [14/Sep/2025:07:27:01 -0700] "GET /when-courage-meets-excitement-even-a-chicken-can/feed?fileloc=%2Fhome%2Fvrposilw0xwl%2Fpublic_html%2Fold%2Fwp-includes%2Fclass-wp-theme-json.php&path=%2Fhome%2Fvrposilw0xwl%2Fpublic_html%2Fold%2Fwp-includes HTTP/1.1" 403 3820 "-" "Mozilla/5.0 AppleWebKit/537.36 (KHTML, like Gecko; compatible; ClaudeBot/1.0; +claudebot@anthropic.com)" 247 **0/247582**
216.73.216.168 - - [14/Sep/2025:07:27:04 -0700] "GET /when-courage-meets-excitement-even-a-chicken-can/feed?fileloc=%2Fhome%2Fvrposilw0xwl%2Fpublic_html%2Fold%2Fwp-includes%2Fcache-compat.php&path=%2Fhome%2Fvrposilw0xwl%2Fpublic_html%2Fold%2Fwp-includes HTTP/1.1" 403 3820 "-" "Mozilla/5.0 AppleWebKit/537.36 (KHTML, like Gecko; compatible; ClaudeBot/1.0; +claudebot@anthropic.com)" 232 **0/232203**
20.171.207.65 - - [14/Sep/2025:07:27:04 -0700] "GET /?path=//lib/firmware/inside-secure HTTP/1.1" 200 2567 "-" "Mozilla/5.0 AppleWebKit/537.36 (KHTML, like Gecko; compatible; GPTBot/1.2; +https://openai.com/gptbot)" 126 **0/126065**
216.73.216.168 - - [14/Sep/2025:07:27:07 -0700] "GET /1win-kazino-i-bk-3934-4/feed?fileloc=%2Fhome%2Fvrposilw0xwl%2Fpublic_html%2Fwp-includes%2Ffunctions.php&path=%2Fhome%2Fvrposilw0xwl%2Fpublic_html%2Fwp-includes HTTP/1.1" 403 3820 "-" "Mozilla/5.0 AppleWebKit/537.36 (KHTML, like Gecko; compatible; ClaudeBot/1.0; +claudebot@anthropic.com)" 263 **0/263171**
20.171.207.65 - - [14/Sep/2025:07:27:07 -0700] "GET /?fileloc=//sbin/dnssec-keymgr&path=//sbin HTTP/1.1" 200 2665 "-" "Mozilla/5.0 AppleWebKit/537.36 (KHTML, like Gecko; compatible; GPTBot/1.2; +https://openai.com/gptbot)" 126 **0/126857**
216.73.216.168 - - [14/Sep/2025:07:27:10 -0700] "GET /when-courage-meets-excitement-even-a-chicken-can/feed?fileloc=%2Fhome%2Fvrposilw0xwl%2Fpublic_html%2Fold%2Fwp-includes%2Fclass-wp-block-supports.php&path=%2Fhome%2Fvrposilw0xwl%2Fpublic_html%2Fold%2Fwp-includes HTTP/1.1" 403 3820 "-" "Mozilla/5.0 AppleWebKit/537.36 (KHTML, like Gecko; compatible; ClaudeBot/1.0; +claudebot@anthropic.com)" 217 **0/217431**
216.73.216.168 - - [14/Sep/2025:07:27:13 -0700] "GET /1xslots-1hslots-registracija-akkaunta-294-2?fileloc=%2Fhome%2Fvrposilw0xwl%2Fpublic_html%2Fwp-includes%2Fjs%2Fwp-custom-header.min.js&path=%2Fhome%2Fvrposilw0xwl%2Fpublic_html%2Fwp-includes%2Fjs HTTP/1.1" 403 3820 "-" "Mozilla/5.0 AppleWebKit/537.36 (KHTML, like Gecko; compatible; ClaudeBot/1.0; +claudebot@anthropic.com)" 233 **0/233908**
216.73.216.168 - - [14/Sep/2025:07:27:16 -0700] "GET /when-courage-meets-excitement-even-a-chicken-can/feed?fileloc=%2Fhome%2Fvrposilw0xwl%2Fpublic_html%2Fold%2Fwp-includes%2Fdefault-constants.php&path=%2Fhome%2Fvrposilw0xwl%2Fpublic_html%2Fold%2Fwp-includes HTTP/1.1" 403 3820 "-" "Mozilla/5.0 AppleWebKit/537.36 (KHTML, like Gecko; compatible; ClaudeBot/1.0; +claudebot@anthropic.com)" 254 **0/254623**
20.171.207.65 - - [14/Sep/2025:07:27:17 -0700] "GET /?fileloc=//usr/lib64/libGeoIP.so.1.6.12&path=//usr/lib64 HTTP/1.1" 200 2264 "-" "Mozilla/5.0 AppleWebKit/537.36 (KHTML, like Gecko; compatible; GPTBot/1.2; +https://openai.com/gptbot)" 146 **0/146176**
216.73.216.168 - - [14/Sep/2025:07:27:19 -0700] "GET /when-courage-meets-excitement-even-a-chicken-can/feed?fileloc=%2Fhome%2Fvrposilw0xwl%2Fpublic_html%2Fold%2Fwp-includes%2Fclass-wp-metadata-lazyloader.php&path=%2Fhome%2Fvrposilw0xwl%2Fpublic_html%2Fold%2Fwp-includes HTTP/1.1" 403 3820 "-" "Mozilla/5.0 AppleWebKit/537.36 (KHTML, like Gecko; compatible; ClaudeBot/1.0; +claudebot@anthropic.com)" 250 **0/250982**
20.171.207.65 - - [14/Sep/2025:07:27:20 -0700] "GET /?fileloc=//proc/2634865/net/dev&path=//proc/2634865/net HTTP/1.1" 200 2267 "-" "Mozilla/5.0 AppleWebKit/537.36 (KHTML, like Gecko; compatible; GPTBot/1.2; +https://openai.com/gptbot)" 153 **0/153436**
216.73.216.168 - - [14/Sep/2025:07:27:22 -0700] "GET /when-courage-meets-excitement-even-a-chicken-can/feed?fileloc=%2Fhome%2Fvrposilw0xwl%2Fpublic_html%2Fold%2Fwp-includes%2Fms-files.php&path=%2Fhome%2Fvrposilw0xwl%2Fpublic_html%2Fold%2Fwp-includes HTTP/1.1" 403 3820 "-" "Mozilla/5.0 AppleWebKit/537.36 (KHTML, like Gecko; compatible; ClaudeBot/1.0; +claudebot@anthropic.com)" 274 **0/274742**
20.171.207.65 - - [14/Sep/2025:07:27:23 -0700] "GET /?path=//lib/firmware/inside-secure/eip197_minifw HTTP/1.1" 200 2627 "-" "Mozilla/5.0 AppleWebKit/537.36 (KHTML, like Gecko; compatible; GPTBot/1.2; +https://openai.com/gptbot)" 141 **0/141535**
216.73.216.168 - - [14/Sep/2025:07:27:25 -0700] "GET /when-courage-meets-excitement-even-a-chicken-can/feed?fileloc=%2Fhome%2Fvrposilw0xwl%2Fpublic_html%2Fold%2Fwp-admin%2Fnetwork%2Fplugins.php&path=%2Fhome%2Fvrposilw0xwl%2Fpublic_html%2Fold%2Fwp-admin%2Fnetwork HTTP/1.1" 403 3820 "-" "Mozilla/5.0 AppleWebKit/537.36 (KHTML, like Gecko; compatible; ClaudeBot/1.0; +claudebot@anthropic.com)" 247 **0/247893**
20.171.207.65 - - [14/Sep/2025:07:27:26 -0700] "GET /?fileloc=//lib/systemd/systemd-socket-proxyd&path=//lib/systemd HTTP/1.1" 200 2265 "-" "Mozilla/5.0 AppleWebKit/537.36 (KHTML, like Gecko; compatible; GPTBot/1.2; +https://openai.com/gptbot)" 117 **0/117703**
216.73.216.168 - - [14/Sep/2025:07:27:28 -0700] "GET /1xslots-1hslots-registracija-akkaunta-294-2?fileloc=%2Fhome%2Fvrposilw0xwl%2Fpublic_html%2Fwp-includes%2Fjs%2Fwp-ajax-response.js&path=%2Fhome%2Fvrposilw0xwl%2Fpublic_html%2Fwp-includes%2Fjs HTTP/1.1" 200 3654 "-" "Mozilla/5.0 AppleWebKit/537.36 (KHTML, like Gecko; compatible; ClaudeBot/1.0; +claudebot@anthropic.com)" 238 **0/238168**
216.73.216.168 - - [14/Sep/2025:07:27:31 -0700] "GET /casino-en-ligne-golden-panda-application-mobile-121/feed?fileloc=%2Fhome%2Fvrposilw0xwl%2Fpublic_html%2Fwp-admin%2Fjs%2Fcustomize-widgets.js&path=%2Fhome%2Fvrposilw0xwl%2Fpublic_html%2Fwp-admin%2Fjs HTTP/1.1" 200 19392 "-" "Mozilla/5.0 AppleWebKit/537.36 (KHTML, like Gecko; compatible; ClaudeBot/1.0; +claudebot@anthropic.com)" 239 **0/239809**
216.73.216.168 - - [14/Sep/2025:07:27:34 -0700] "GET /1win-kazino-i-bk-3934-4/feed?fileloc=%2Fhome%2Fvrposilw0xwl%2Fpublic_html%2Fwp-includes%2Fblock-template-utils.php&path=%2Fhome%2Fvrposilw0xwl%2Fpublic_html%2Fwp-includes HTTP/1.1" 200 14979 "-" "Mozilla/5.0 AppleWebKit/537.36 (KHTML, like Gecko; compatible; ClaudeBot/1.0; +claudebot@anthropic.com)" 241 **0/241553**
20.171.207.65 - - [14/Sep/2025:07:27:36 -0700] "GET /?fileloc=//usr/selector/php&path=//usr/selector HTTP/1.1" 200 2256 "-" "Mozilla/5.0 AppleWebKit/537.36 (KHTML, like Gecko; compatible; GPTBot/1.2; +https://openai.com/gptbot)" 138 **0/138119**
20.171.207.65 - - [14/Sep/2025:07:27:42 -0700] "GET /?path=//usr/local/lib64/perl5/auto/XML/SAX/Base HTTP/1.1" 200 2629 "-" "Mozilla/5.0 AppleWebKit/537.36 (KHTML, like Gecko; compatible; GPTBot/1.2; +https://openai.com/gptbot)" 122 **0/122355**
20.171.207.65 - - [14/Sep/2025:07:27:48 -0700] "GET /?fileloc=//bin/preunzip&path=//bin HTTP/1.1" 200 4097 "-" "Mozilla/5.0 AppleWebKit/537.36 (KHTML, like Gecko; compatible; GPTBot/1.2; +https://openai.com/gptbot)" 129 **0/129764**
20.171.207.65 - - [14/Sep/2025:07:27:58 -0700] "GET /?fileloc=//bin/utmpdump&path=//bin HTTP/1.1" 200 2248 "-" "Mozilla/5.0 AppleWebKit/537.36 (KHTML, like Gecko; compatible; GPTBot/1.2; +https://openai.com/gptbot)" 134 **0/134788**
20.171.207.65 - - [14/Sep/2025:07:28:01 -0700] "GET /?fileloc=//bin/xsltproc&path=//bin HTTP/1.1" 200 2248 "-" "Mozilla/5.0 AppleWebKit/537.36 (KHTML, like Gecko; compatible; GPTBot/1.2; +https://openai.com/gptbot)" 153 **0/153007**
20.171.207.65 - - [14/Sep/2025:07:28:07 -0700] "GET /?fileloc=//bin/nslookup&path=//bin HTTP/1.1" 200 2246 "-" "Mozilla/5.0 AppleWebKit/537.36 (KHTML, like Gecko; compatible; GPTBot/1.2; +https://openai.com/gptbot)" 172 **0/172336**
20.171.207.65 - - [14/Sep/2025:07:28:11 -0700] "GET /?fileloc=//bin/unzipsfx&path=//bin HTTP/1.1" 200 2249 "-" "Mozilla/5.0 AppleWebKit/537.36 (KHTML, like Gecko; compatible; GPTBot/1.2; +https://openai.com/gptbot)" 126 **0/126229**
20.171.207.65 - - [14/Sep/2025:07:28:14 -0700] "GET /?fileloc=//etc/lynx.lss&path=//etc HTTP/1.1" 200 3509 "-" "Mozilla/5.0 AppleWebKit/537.36 (KHTML, like Gecko; compatible; GPTBot/1.2; +https://openai.com/gptbot)" 141 **0/141641**
20.171.207.65 - - [14/Sep/2025:07:28:23 -0700] "GET /?fileloc=//bin/vimtutor&path=//bin HTTP/1.1" 200 3345 "-" "Mozilla/5.0 AppleWebKit/537.36 (KHTML, like Gecko; compatible; GPTBot/1.2; +https://openai.com/gptbot)" 143 **0/143927**
20.171.207.65 - - [14/Sep/2025:07:28:33 -0700] "GET /?fileloc=//bin/truncate&path=//bin HTTP/1.1" 200 2248 "-" "Mozilla/5.0 AppleWebKit/537.36 (KHTML, like Gecko; compatible; GPTBot/1.2; +https://openai.com/gptbot)" 127 **0/127697**
66.249.73.233 - - [14/Sep/2025:07:28:33 -0700] "GET /21634223?goodscode=0021605358 HTTP/1.1" 200 24950 "-" "Mozilla/5.0 (Linux; Android 6.0.1; Nexus 5X Build/MMB29P) AppleWebKit/537.36 (KHTML, like Gecko) Chrome/140.0.7339.127 Mobile Safari/537.36 (compatible; Googlebot/2.1; +http://www.google.com/bot.html)" 474 **0/474615**
20.171.207.65 - - [14/Sep/2025:07:28:45 -0700] "GET /?fileloc=//bin/hostname&path=//bin HTTP/1.1" 200 2245 "-" "Mozilla/5.0 AppleWebKit/537.36 (KHTML, like Gecko; compatible; GPTBot/1.2; +https://openai.com/gptbot)" 128 **0/128903**
20.171.207.65 - - [14/Sep/2025:07:28:48 -0700] "GET /?fileloc=//etc/lynx.cfg&path=//etc HTTP/1.1" 200 53560 "-" "Mozilla/5.0 AppleWebKit/537.36 (KHTML, like Gecko; compatible; GPTBot/1.2; +https://openai.com/gptbot)" 151 **0/151469**
43.156.228.27 - - [14/Sep/2025:07:28:52 -0700] "GET /?fileloc=/home/vrposilw0xwl/public_html/wp-includes/Text/Exception.php&path=/home/vrposilw0xwl/public_html/wp-includes/Text HTTP/1.1" 200 2637 "-" "Mozilla/5.0 (iPhone; CPU iPhone OS 13_2_3 like Mac OS X) AppleWebKit/605.1.15 (KHTML, like Gecko) Version/13.0.3 Mobile/15E148 Safari/604.1" 238 **0/238173**
20.171.207.65 - - [14/Sep/2025:07:28:58 -0700] "GET /?fileloc=//bin/automake&path=//bin HTTP/1.1" 200 73782 "-" "Mozilla/5.0 AppleWebKit/537.36 (KHTML, like Gecko; compatible; GPTBot/1.2; +https://openai.com/gptbot)" 171 **0/171176**
216.73.216.168 - - [14/Sep/2025:07:28:59 -0700] "GET /casino-en-ligne-golden-panda-application-mobile-121/feed?fileloc=%2Fhome%2Fvrposilw0xwl%2Fpublic_html%2Fwp-admin%2Fjs%2Feditor-expand.js&path=%2Fhome%2Fvrposilw0xwl%2Fpublic_html%2Fwp-admin%2Fjs HTTP/1.1" 200 12021 "-" "Mozilla/5.0 AppleWebKit/537.36 (KHTML, like Gecko; compatible; ClaudeBot/1.0; +claudebot@anthropic.com)" 220 **0/220678**
216.73.216.168 - - [14/Sep/2025:07:29:00 -0700] "GET /1win-kazino-i-bk-3934-4/feed?fileloc=%2Fhome%2Fvrposilw0xwl%2Fpublic_html%2Fwp-includes%2Fplugin.php&path=%2Fhome%2Fvrposilw0xwl%2Fpublic_html%2Fwp-includes HTTP/1.1" 200 9321 "-" "Mozilla/5.0 AppleWebKit/537.36 (KHTML, like Gecko; compatible; ClaudeBot/1.0; +claudebot@anthropic.com)" 228 **0/228000**
20.171.207.65 - - [14/Sep/2025:07:29:01 -0700] "GET /?fileloc=//bin/nsupdate&path=//bin HTTP/1.1" 200 2244 "-" "Mozilla/5.0 AppleWebKit/537.36 (KHTML, like Gecko; compatible; GPTBot/1.2; +https://openai.com/gptbot)" 156 **0/156208**
216.73.216.168 - - [14/Sep/2025:07:29:03 -0700] "GET /mondobets-registro-bono?fileloc=%2Fhome%2Fvrposilw0xwl%2Fpublic_html%2Fold%2Fwp-admin%2Fnetwork%2Fsites.php&path=%2Fhome%2Fvrposilw0xwl%2Fpublic_html%2Fold%2Fwp-admin%2Fnetwork HTTP/1.1" 403 3820 "-" "Mozilla/5.0 AppleWebKit/537.36 (KHTML, like Gecko; compatible; ClaudeBot/1.0; +claudebot@anthropic.com)" 236 **0/236001**
216.73.216.168 - - [14/Sep/2025:07:29:06 -0700] "GET /1win-kazino-i-bk-3934-4/feed?fileloc=%2Fhome%2Fvrposilw0xwl%2Fpublic_html%2Fwp-includes%2Ffeed-rss.php&path=%2Fhome%2Fvrposilw0xwl%2Fpublic_html%2Fwp-includes HTTP/1.1" 403 3820 "-" "Mozilla/5.0 AppleWebKit/537.36 (KHTML, like Gecko; compatible; ClaudeBot/1.0; +claudebot@anthropic.com)" 234 **0/234907**
216.73.216.168 - - [14/Sep/2025:07:29:09 -0700] "GET /when-courage-meets-excitement-even-a-chicken-can/feed?fileloc=%2Fhome%2Fvrposilw0xwl%2Fpublic_html%2Fold%2Fwp-includes%2Frewrite.php&path=%2Fhome%2Fvrposilw0xwl%2Fpublic_html%2Fold%2Fwp-includes HTTP/1.1" 403 3820 "-" "Mozilla/5.0 AppleWebKit/537.36 (KHTML, like Gecko; compatible; ClaudeBot/1.0; +claudebot@anthropic.com)" 262 **0/262056**
216.73.216.168 - - [14/Sep/2025:07:29:12 -0700] "GET /mastercard-in-online-gambling-enterprises-a-convenient-and-protected-repayment-approach?fileloc=%2Fhome%2Fvrposilw0xwl%2Fpublic_html%2Fwp-includes%2Fclass-wp-simplepie-file.php&path=%2Fhome%2Fvrposilw0xwl%2Fpublic_html%2Fwp-includes HTTP/1.1" 403 3820 "-" "Mozilla/5.0 AppleWebKit/537.36 (KHTML, like Gecko; compatible; ClaudeBot/1.0; +claudebot@anthropic.com)" 247 **0/247186**
216.73.216.168 - - [14/Sep/2025:07:29:15 -0700] "GET /when-courage-meets-excitement-even-a-chicken-can/feed?fileloc=%2Fhome%2Fvrposilw0xwl%2Fpublic_html%2Fold%2Fwp-includes%2Fclass-feed.php&path=%2Fhome%2Fvrposilw0xwl%2Fpublic_html%2Fold%2Fwp-includes HTTP/1.1" 403 3820 "-" "Mozilla/5.0 AppleWebKit/537.36 (KHTML, like Gecko; compatible; ClaudeBot/1.0; +claudebot@anthropic.com)" 228 **0/228159**
20.171.207.65 - - [14/Sep/2025:07:29:20 -0700] "GET /?fileloc=//bin/tmpwatch&path=//bin HTTP/1.1" 200 2245 "-" "Mozilla/5.0 AppleWebKit/537.36 (KHTML, like Gecko; compatible; GPTBot/1.2; +https://openai.com/gptbot)" 165 **0/165564**
216.73.216.168 - - [14/Sep/2025:07:29:20 -0700] "GET /retirada-en-tenis-stake?fileloc=%2Fhome%2Fvrposilw0xwl%2Fpublic_html%2Fwp-includes%2Fclass-wp-role.php&path=%2Fhome%2Fvrposilw0xwl%2Fpublic_html%2Fwp-includes HTTP/1.1" 403 3820 "-" "Mozilla/5.0 AppleWebKit/537.36 (KHTML, like Gecko; compatible; ClaudeBot/1.0; +claudebot@anthropic.com)" 274 **0/274967**
216.73.216.168 - - [14/Sep/2025:07:29:21 -0700] "GET /mastercard-in-online-gambling-enterprises-a-convenient-and-protected-repayment-approach?fileloc=%2Fhome%2Fvrposilw0xwl%2Fpublic_html%2Fwp-includes%2Fclass-wp-block-styles-registry.php&path=%2Fhome%2Fvrposilw0xwl%2Fpublic_html%2Fwp-includes HTTP/1.1" 403 3820 "-" "Mozilla/5.0 AppleWebKit/537.36 (KHTML, like Gecko; compatible; ClaudeBot/1.0; +claudebot@anthropic.com)" 237 **0/237658**
20.171.207.65 - - [14/Sep/2025:07:29:23 -0700] "GET /?fileloc=//bin/unexpand&path=//bin HTTP/1.1" 200 2245 "-" "Mozilla/5.0 AppleWebKit/537.36 (KHTML, like Gecko; compatible; GPTBot/1.2; +https://openai.com/gptbot)" 122 **0/122449**
216.73.216.168 - - [14/Sep/2025:07:29:24 -0700] "GET /uncategorized/confirmar-apuestas-888?fileloc=%2Fhome%2Fvrposilw0xwl%2Fpublic_html%2Fwp-includes%2Fdate.php&path=%2Fhome%2Fvrposilw0xwl%2Fpublic_html%2Fwp-includes HTTP/1.1" 403 3820 "-" "Mozilla/5.0 AppleWebKit/537.36 (KHTML, like Gecko; compatible; ClaudeBot/1.0; +claudebot@anthropic.com)" 261 **0/261775**
20.171.207.65 - - [14/Sep/2025:07:29:26 -0700] "GET /?fileloc=//bin/fc-match&path=//bin HTTP/1.1" 200 2245 "-" "Mozilla/5.0 AppleWebKit/537.36 (KHTML, like Gecko; compatible; GPTBot/1.2; +https://openai.com/gptbot)" 146 **0/146437**
216.73.216.168 - - [14/Sep/2025:07:29:28 -0700] "GET /uncategorized/confirmar-apuestas-888?fileloc=%2Fhome%2Fvrposilw0xwl%2Fpublic_html%2Fwp-includes%2Fload.php&path=%2Fhome%2Fvrposilw0xwl%2Fpublic_html%2Fwp-includes HTTP/1.1" 403 3820 "-" "Mozilla/5.0 AppleWebKit/537.36 (KHTML, like Gecko; compatible; ClaudeBot/1.0; +claudebot@anthropic.com)" 235 **0/235752**
20.171.207.65 - - [14/Sep/2025:07:29:29 -0700] "GET /?fileloc=//bin/autoscan&path=//bin HTTP/1.1" 200 8320 "-" "Mozilla/5.0 AppleWebKit/537.36 (KHTML, like Gecko; compatible; GPTBot/1.2; +https://openai.com/gptbot)" 135 **0/135440**
20.171.207.65 - - [14/Sep/2025:07:29:32 -0700] "GET /?fileloc=//bin/readlink&path=//bin HTTP/1.1" 200 2244 "-" "Mozilla/5.0 AppleWebKit/537.36 (KHTML, like Gecko; compatible; GPTBot/1.2; +https://openai.com/gptbot)" 119 **0/119242**
66.249.73.235 - - [14/Sep/2025:07:29:34 -0700] "GET /21631443?goodscode=0021602582 HTTP/1.1" 200 24939 "-" "Mozilla/5.0 (Linux; Android 6.0.1; Nexus 5X Build/MMB29P) AppleWebKit/537.36 (KHTML, like Gecko) Chrome/140.0.7339.127 Mobile Safari/537.36 (compatible; Googlebot/2.1; +http://www.google.com/bot.html)" 489 **0/489765**
216.73.216.168 - - [14/Sep/2025:07:29:35 -0700] "GET /casino-en-ligne-golden-panda-application-mobile-121/feed?fileloc=%2Fhome%2Fvrposilw0xwl%2Fpublic_html%2Fwp-admin%2Fjs%2Fpostbox.min.js&path=%2Fhome%2Fvrposilw0xwl%2Fpublic_html%2Fwp-admin%2Fjs HTTP/1.1" 403 3820 "-" "Mozilla/5.0 AppleWebKit/537.36 (KHTML, like Gecko; compatible; ClaudeBot/1.0; +claudebot@anthropic.com)" 291 **0/291960**
20.171.207.65 - - [14/Sep/2025:07:29:36 -0700] "GET /inputs.php?path=//opt/cloudlinux/venv/lib/python3.11/site-packages/clselect/baseclselect HTTP/1.1" 200 2863 "-" "Mozilla/5.0 AppleWebKit/537.36 (KHTML, like Gecko; compatible; GPTBot/1.2; +https://openai.com/gptbot)" 123 **0/123389**
216.73.216.168 - - [14/Sep/2025:07:29:36 -0700] "GET /primera-apuesta-yajuegos?fileloc=%2Fhome%2Fvrposilw0xwl%2Fpublic_html%2Fwp-includes%2Fclass-wp-site.php&path=%2Fhome%2Fvrposilw0xwl%2Fpublic_html%2Fwp-includes HTTP/1.1" 403 3820 "-" "Mozilla/5.0 AppleWebKit/537.36 (KHTML, like Gecko; compatible; ClaudeBot/1.0; +claudebot@anthropic.com)" 261 **0/261598**
20.171.207.65 - - [14/Sep/2025:07:29:39 -0700] "GET /?path=//usr/lib/modules/4.18.0-553.62.1.lve.el8.x86_64/kernel/drivers/infiniband/ulp/opa_vnic HTTP/1.1" 200 2657 "-" "Mozilla/5.0 AppleWebKit/537.36 (KHTML, like Gecko; compatible; GPTBot/1.2; +https://openai.com/gptbot)" 154 **0/154959**
216.73.216.168 - - [14/Sep/2025:07:29:39 -0700] "GET /best-non-gamstop-casinos-in-the-uk-1623?fileloc=%2Fhome%2Fvrposilw0xwl%2Fpublic_html%2Fwp-admin%2Fjs%2Fpost.min.js&path=%2Fhome%2Fvrposilw0xwl%2Fpublic_html%2Fwp-admin%2Fjs HTTP/1.1" 403 3820 "-" "Mozilla/5.0 AppleWebKit/537.36 (KHTML, like Gecko; compatible; ClaudeBot/1.0; +claudebot@anthropic.com)" 251 **0/251090**
216.73.216.168 - - [14/Sep/2025:07:29:42 -0700] "GET /mondobets-registro-bono?fileloc=%2Fhome%2Fvrposilw0xwl%2Fpublic_html%2Fwp-content%2Flanguages%2Fadmin-es_ES.mo&path=%2Fhome%2Fvrposilw0xwl%2Fpublic_html%2Fwp-content%2Flanguages HTTP/1.1" 403 3820 "-" "Mozilla/5.0 AppleWebKit/537.36 (KHTML, like Gecko; compatible; ClaudeBot/1.0; +claudebot@anthropic.com)" 282 **0/282867**
20.171.207.65 - - [14/Sep/2025:07:29:42 -0700] "GET /inputs.php?path=//lib/firmware HTTP/1.1" 200 11595 "-" "Mozilla/5.0 AppleWebKit/537.36 (KHTML, like Gecko; compatible; GPTBot/1.2; +https://openai.com/gptbot)" 153 **0/153183**
216.73.216.168 - - [14/Sep/2025:07:29:45 -0700] "GET /when-courage-meets-excitement-even-a-chicken-can/feed?fileloc=%2Fhome%2Fvrposilw0xwl%2Fpublic_html%2Fold%2Fwp-admin%2Fnetwork%2Ftheme-install.php&path=%2Fhome%2Fvrposilw0xwl%2Fpublic_html%2Fold%2Fwp-admin%2Fnetwork HTTP/1.1" 200 2510 "-" "Mozilla/5.0 AppleWebKit/537.36 (KHTML, like Gecko; compatible; ClaudeBot/1.0; +claudebot@anthropic.com)" 286 **0/286790**
20.171.207.65 - - [14/Sep/2025:07:29:45 -0700] "GET /inputs.php?path=//lib/sysimage HTTP/1.1" 200 2308 "-" "Mozilla/5.0 AppleWebKit/537.36 (KHTML, like Gecko; compatible; GPTBot/1.2; +https://openai.com/gptbot)" 152 **0/152651**
216.73.216.168 - - [14/Sep/2025:07:29:48 -0700] "GET /1xslots-1hslots-registracija-akkaunta-294-2?fileloc=%2Fhome%2Fvrposilw0xwl%2Fpublic_html%2Fwp-includes%2Fjs%2Fmedia-models.js&path=%2Fhome%2Fvrposilw0xwl%2Fpublic_html%2Fwp-includes%2Fjs HTTP/1.1" 200 12819 "-" "Mozilla/5.0 AppleWebKit/537.36 (KHTML, like Gecko; compatible; ClaudeBot/1.0; +claudebot@anthropic.com)" 258 **0/258247**
20.171.207.65 - - [14/Sep/2025:07:29:48 -0700] "GET /inputs.php?path=//opt/cyberark HTTP/1.1" 200 2548 "-" "Mozilla/5.0 AppleWebKit/537.36 (KHTML, like Gecko; compatible; GPTBot/1.2; +https://openai.com/gptbot)" 149 **0/149782**
216.73.216.168 - - [14/Sep/2025:07:29:51 -0700] "GET /when-courage-meets-excitement-even-a-chicken-can/feed?fileloc=%2Fhome%2Fvrposilw0xwl%2Fpublic_html%2Fold%2Fwp-includes%2Fblocks%2Fpost-author-name.php&path=%2Fhome%2Fvrposilw0xwl%2Fpublic_html%2Fold%2Fwp-includes%2Fblocks HTTP/1.1" 200 2971 "-" "Mozilla/5.0 AppleWebKit/537.36 (KHTML, like Gecko; compatible; ClaudeBot/1.0; +claudebot@anthropic.com)" 263 **0/263156**
216.73.216.168 - - [14/Sep/2025:07:29:54 -0700] "GET /when-courage-meets-excitement-even-a-chicken-can/feed?fileloc=%2Fhome%2Fvrposilw0xwl%2Fpublic_html%2Fold%2Fwp-admin%2Fnetwork%2Fprofile.php&path=%2Fhome%2Fvrposilw0xwl%2Fpublic_html%2Fold%2Fwp-admin%2Fnetwork HTTP/1.1" 200 2426 "-" "Mozilla/5.0 AppleWebKit/537.36 (KHTML, like Gecko; compatible; ClaudeBot/1.0; +claudebot@anthropic.com)" 233 **0/233230**
20.171.207.65 - - [14/Sep/2025:07:29:54 -0700] "GET /xmlrpc.php?path=//run/faillock HTTP/1.1" 200 2307 "-" "Mozilla/5.0 AppleWebKit/537.36 (KHTML, like Gecko; compatible; GPTBot/1.2; +https://openai.com/gptbot)" 32 **0/32174**
216.73.216.168 - - [14/Sep/2025:07:29:57 -0700] "GET /casino-en-ligne-golden-panda-application-mobile-121/feed?fileloc=%2Fhome%2Fvrposilw0xwl%2Fpublic_html%2Fwp-admin%2Fjs%2Ffarbtastic.js&path=%2Fhome%2Fvrposilw0xwl%2Fpublic_html%2Fwp-admin%2Fjs HTTP/1.1" 200 4787 "-" "Mozilla/5.0 AppleWebKit/537.36 (KHTML, like Gecko; compatible; ClaudeBot/1.0; +claudebot@anthropic.com)" 266 **0/266193**
20.171.207.65 - - [14/Sep/2025:07:29:57 -0700] "GET /xmlrpc.php?path=//etc/security HTTP/1.1" 200 3116 "-" "Mozilla/5.0 AppleWebKit/537.36 (KHTML, like Gecko; compatible; GPTBot/1.2; +https://openai.com/gptbot)" 54 **0/54107**
216.73.216.168 - - [14/Sep/2025:07:30:00 -0700] "GET /best-non-gamstop-casinos-in-the-uk-1623?fileloc=%2Fhome%2Fvrposilw0xwl%2Fpublic_html%2Fwp-admin%2Fincludes%2Fclass-wp-screen.php&path=%2Fhome%2Fvrposilw0xwl%2Fpublic_html%2Fwp-admin%2Fincludes HTTP/1.1" 200 11146 "-" "Mozilla/5.0 AppleWebKit/537.36 (KHTML, like Gecko; compatible; ClaudeBot/1.0; +claudebot@anthropic.com)" 270 **0/270963**
20.171.207.65 - - [14/Sep/2025:07:30:00 -0700] "GET /inputs.php?fileloc=//lib/firmware/iwlwifi-6000-4.ucode&path=//lib/firmware HTTP/1.1" 200 2272 "-" "Mozilla/5.0 AppleWebKit/537.36 (KHTML, like Gecko; compatible; GPTBot/1.2; +https://openai.com/gptbot)" 157 **0/157177**
216.73.216.168 - - [14/Sep/2025:07:30:03 -0700] "GET /sovremennye-internet-kazino-s-vygodnymi-predlozhenijami-igry/feed?fileloc=%2Fhome%2Fvrposilw0xwl%2Fpublic_html%2Fold%2Fwp-includes%2Fhttps-detection.php&path=%2Fhome%2Fvrposilw0xwl%2Fpublic_html%2Fold%2Fwp-includes HTTP/1.1" 200 4130 "-" "Mozilla/5.0 AppleWebKit/537.36 (KHTML, like Gecko; compatible; ClaudeBot/1.0; +claudebot@anthropic.com)" 267 **0/267465**
20.171.207.65 - - [14/Sep/2025:07:30:03 -0700] "GET /inputs.php?fileloc=//lib/firmware/s2250.fw&path=//lib/firmware HTTP/1.1" 200 2263 "-" "Mozilla/5.0 AppleWebKit/537.36 (KHTML, like Gecko; compatible; GPTBot/1.2; +https://openai.com/gptbot)" 160 **0/160797**
216.73.216.168 - - [14/Sep/2025:07:30:06 -0700] "GET /1win-kazino-i-bk-3934-4/feed?fileloc=%2Fhome%2Fvrposilw0xwl%2Fpublic_html%2Fwp-includes%2Foption.php&path=%2Fhome%2Fvrposilw0xwl%2Fpublic_html%2Fwp-includes HTTP/1.1" 200 19807 "-" "Mozilla/5.0 AppleWebKit/537.36 (KHTML, like Gecko; compatible; ClaudeBot/1.0; +claudebot@anthropic.com)" 280 **0/280738**
20.171.207.65 - - [14/Sep/2025:07:30:07 -0700] "GET /inputs.php?path=//lib/firmware/ti HTTP/1.1" 200 2667 "-" "Mozilla/5.0 AppleWebKit/537.36 (KHTML, like Gecko; compatible; GPTBot/1.2; +https://openai.com/gptbot)" 127 **0/127026**
216.73.216.168 - - [14/Sep/2025:07:30:09 -0700] "GET /best-non-gamstop-casinos-in-the-uk-1623?fileloc=%2Fhome%2Fvrposilw0xwl%2Fpublic_html%2Fwp-includes%2Fblocks%2Fcomment-date.php&path=%2Fhome%2Fvrposilw0xwl%2Fpublic_html%2Fwp-includes%2Fblocks HTTP/1.1" 200 2973 "-" "Mozilla/5.0 AppleWebKit/537.36 (KHTML, like Gecko; compatible; ClaudeBot/1.0; +claudebot@anthropic.com)" 253 **0/253767**
20.171.207.65 - - [14/Sep/2025:07:30:10 -0700] "GET /inputs.php?path=//lib/firmware/moxa HTTP/1.1" 200 2799 "-" "Mozilla/5.0 AppleWebKit/537.36 (KHTML, like Gecko; compatible; GPTBot/1.2; +https://openai.com/gptbot)" 130 **0/130876**
216.73.216.168 - - [14/Sep/2025:07:30:12 -0700] "GET /best-non-gamstop-casinos-in-the-uk-1623?fileloc=%2Fhome%2Fvrposilw0xwl%2Fpublic_html%2Fwp-includes%2Fclass-wp-application-passwords.php&path=%2Fhome%2Fvrposilw0xwl%2Fpublic_html%2Fwp-includes HTTP/1.1" 200 5371 "-" "Mozilla/5.0 AppleWebKit/537.36 (KHTML, like Gecko; compatible; ClaudeBot/1.0; +claudebot@anthropic.com)" 281 **0/281879**
20.171.207.65 - - [14/Sep/2025:07:30:13 -0700] "GET /inputs.php?path=//lib/firmware/ixp4xx HTTP/1.1" 200 2663 "-" "Mozilla/5.0 AppleWebKit/537.36 (KHTML, like Gecko; compatible; GPTBot/1.2; +https://openai.com/gptbot)" 128 **0/128853**
77.75.79.95 - - [14/Sep/2025:07:30:13 -0700] "GET /787111?goodscode=0000786766 HTTP/1.1" 200 4429 "-" "Mozilla/5.0 (compatible; SeznamBot/4.0; +https://o-seznam.cz/napoveda/vyhledavani/en/seznambot-crawler/)" 260 **0/260672**
216.73.216.168 - - [14/Sep/2025:07:30:15 -0700] "GET /sovremennye-internet-kazino-s-vygodnymi-predlozhenijami-igry/feed?fileloc=%2Fhome%2Fvrposilw0xwl%2Fpublic_html%2Fold%2Fwp-includes%2Fclass-wp-scripts.php&path=%2Fhome%2Fvrposilw0xwl%2Fpublic_html%2Fold%2Fwp-includes HTTP/1.1" 200 8679 "-" "Mozilla/5.0 AppleWebKit/537.36 (KHTML, like Gecko; compatible; ClaudeBot/1.0; +claudebot@anthropic.com)" 240 **0/240587**
20.171.207.65 - - [14/Sep/2025:07:30:16 -0700] "GET /inputs.php?path=//lib/firmware/e100 HTTP/1.1" 200 2620 "-" "Mozilla/5.0 AppleWebKit/537.36 (KHTML, like Gecko; compatible; GPTBot/1.2; +https://openai.com/gptbot)" 154 **0/154543**
20.171.207.65 - - [14/Sep/2025:07:30:19 -0700] "GET /inputs.php?path=//lib/firmware/cpia2 HTTP/1.1" 200 2581 "-" "Mozilla/5.0 AppleWebKit/537.36 (KHTML, like Gecko; compatible; GPTBot/1.2; +https://openai.com/gptbot)" 153 **0/153555**
20.171.207.65 - - [14/Sep/2025:07:30:22 -0700] "GET /inputs.php?path=//lib/firmware/bnx2x HTTP/1.1" 200 2820 "-" "Mozilla/5.0 AppleWebKit/537.36 (KHTML, like Gecko; compatible; GPTBot/1.2; +https://openai.com/gptbot)" 135 **0/135026**
77.75.79.95 - - [14/Sep/2025:07:30:22 -0700] "GET /868266?goodscode=0000867810 HTTP/1.1" 200 4429 "-" "Mozilla/5.0 (compatible; SeznamBot/4.0; +https://o-seznam.cz/napoveda/vyhledavani/en/seznambot-crawler/)" 271 **0/271341**
20.171.207.65 - - [14/Sep/2025:07:30:26 -0700] "GET /inputs.php?path=//lib/firmware/mwl8k HTTP/1.1" 200 2781 "-" "Mozilla/5.0 AppleWebKit/537.36 (KHTML, like Gecko; compatible; GPTBot/1.2; +https://openai.com/gptbot)" 161 **0/161380**
20.171.207.65 - - [14/Sep/2025:07:30:29 -0700] "GET /inputs.php?path=//lib/firmware/dpaa2 HTTP/1.1" 200 2556 "-" "Mozilla/5.0 AppleWebKit/537.36 (KHTML, like Gecko; compatible; GPTBot/1.2; +https://openai.com/gptbot)" 150 **0/150590**
20.171.207.65 - - [14/Sep/2025:07:30:32 -0700] "GET /inputs.php?path=//lib/firmware/ath11k HTTP/1.1" 200 2740 "-" "Mozilla/5.0 AppleWebKit/537.36 (KHTML, like Gecko; compatible; GPTBot/1.2; +https://openai.com/gptbot)" 124 **0/124713**
20.171.207.65 - - [14/Sep/2025:07:30:35 -0700] "GET /xmlrpc.php?path=//etc/security/namespace.d HTTP/1.1" 200 2318 "-" "Mozilla/5.0 AppleWebKit/537.36 (KHTML, like Gecko; compatible; GPTBot/1.2; +https://openai.com/gptbot)" 74 **0/74328**
20.171.207.65 - - [14/Sep/2025:07:30:38 -0700] "GET /xmlrpc.php?path=//etc/security/console.apps HTTP/1.1" 200 2620 "-" "Mozilla/5.0 AppleWebKit/537.36 (KHTML, like Gecko; compatible; GPTBot/1.2; +https://openai.com/gptbot)" 25 **0/25110**
20.171.207.65 - - [14/Sep/2025:07:30:41 -0700] "GET /inputs.php?path=//lib/firmware/microchip HTTP/1.1" 200 2633 "-" "Mozilla/5.0 AppleWebKit/537.36 (KHTML, like Gecko; compatible; GPTBot/1.2; +https://openai.com/gptbot)" 130 **0/130085**
20.171.207.65 - - [14/Sep/2025:07:30:44 -0700] "GET /inputs.php?fileloc=//lib/firmware/mwl8k/helper_8366.fw&path=//lib/firmware/mwl8k HTTP/1.1" 200 2275 "-" "Mozilla/5.0 AppleWebKit/537.36 (KHTML, like Gecko; compatible; GPTBot/1.2; +https://openai.com/gptbot)" 129 **0/129873**
20.171.207.65 - - [14/Sep/2025:07:30:48 -0700] "GET /inputs.php?path=//lib/firmware/rtw88 HTTP/1.1" 200 2859 "-" "Mozilla/5.0 AppleWebKit/537.36 (KHTML, like Gecko; compatible; GPTBot/1.2; +https://openai.com/gptbot)" 123 **0/123903**
20.171.207.65 - - [14/Sep/2025:07:30:51 -0700] "GET /inputs.php?path=//lib/firmware/emi26 HTTP/1.1" 200 2646 "-" "Mozilla/5.0 AppleWebKit/537.36 (KHTML, like Gecko; compatible; GPTBot/1.2; +https://openai.com/gptbot)" 124 **0/124969**
20.171.207.65 - - [14/Sep/2025:07:30:54 -0700] "GET /inputs.php?path=//lib/firmware/emi62 HTTP/1.1" 200 2684 "-" "Mozilla/5.0 AppleWebKit/537.36 (KHTML, like Gecko; compatible; GPTBot/1.2; +https://openai.com/gptbot)" 123 **0/123973**
20.171.207.65 - - [14/Sep/2025:07:30:57 -0700] "GET /inputs.php?path=//lib/firmware/ueagle-atm HTTP/1.1" 200 3103 "-" "Mozilla/5.0 AppleWebKit/537.36 (KHTML, like Gecko; compatible; GPTBot/1.2; +https://openai.com/gptbot)" 124 **0/124608**
20.171.207.65 - - [14/Sep/2025:07:31:00 -0700] "GET /inputs.php?path=//lib/firmware/rtw89 HTTP/1.1" 200 2826 "-" "Mozilla/5.0 AppleWebKit/537.36 (KHTML, like Gecko; compatible; GPTBot/1.2; +https://openai.com/gptbot)" 198 **0/198787**
20.171.207.65 - - [14/Sep/2025:07:31:03 -0700] "GET /xmlrpc.php?path=//etc/security/console.perms.d HTTP/1.1" 200 2319 "-" "Mozilla/5.0 AppleWebKit/537.36 (KHTML, like Gecko; compatible; GPTBot/1.2; +https://openai.com/gptbot)" 50 **0/50472**
20.171.207.65 - - [14/Sep/2025:07:31:06 -0700] "GET /inputs.php?fileloc=//lib/firmware/rtw88/rtw8821c_fw.bin&path=//lib/firmware/rtw88 HTTP/1.1" 200 2273 "-" "Mozilla/5.0 AppleWebKit/537.36 (KHTML, like Gecko; compatible; GPTBot/1.2; +https://openai.com/gptbot)" 145 **0/145291**
20.171.207.65 - - [14/Sep/2025:07:31:10 -0700] "GET /inputs.php?path=//lib/firmware/netronome HTTP/1.1" 200 3003 "-" "Mozilla/5.0 AppleWebKit/537.36 (KHTML, like Gecko; compatible; GPTBot/1.2; +https://openai.com/gptbot)" 182 **0/182359**
20.171.207.65 - - [14/Sep/2025:07:31:13 -0700] "GET /inputs.php?path=//lib/firmware/r128 HTTP/1.1" 200 2573 "-" "Mozilla/5.0 AppleWebKit/537.36 (KHTML, like Gecko; compatible; GPTBot/1.2; +https://openai.com/gptbot)" 128 **0/128730**
20.171.207.65 - - [14/Sep/2025:07:31:16 -0700] "GET /inputs.php?path=//lib/firmware/i915 HTTP/1.1" 200 5388 "-" "Mozilla/5.0 AppleWebKit/537.36 (KHTML, like Gecko; compatible; GPTBot/1.2; +https://openai.com/gptbot)" 153 **0/153246**
20.171.207.65 - - [14/Sep/2025:07:31:19 -0700] "GET /inputs.php?path=//lib/firmware/ath6k HTTP/1.1" 200 2624 "-" "Mozilla/5.0 AppleWebKit/537.36 (KHTML, like Gecko; compatible; GPTBot/1.2; +https://openai.com/gptbot)" 123 **0/123286**
20.171.207.65 - - [14/Sep/2025:07:31:22 -0700] "GET /inputs.php?path=//lib/firmware/dpaa2/mc HTTP/1.1" 200 2921 "-" "Mozilla/5.0 AppleWebKit/537.36 (KHTML, like Gecko; compatible; GPTBot/1.2; +https://openai.com/gptbot)" 123 **0/123167**
20.171.207.65 - - [14/Sep/2025:07:31:25 -0700] "GET /inputs.php?path=//lib/firmware/inside-secure HTTP/1.1" 200 2567 "-" "Mozilla/5.0 AppleWebKit/537.36 (KHTML, like Gecko; compatible; GPTBot/1.2; +https://openai.com/gptbot)" 117 **0/117424**
20.171.207.65 - - [14/Sep/2025:07:31:28 -0700] "GET /inputs.php?path=//lib/firmware/netronome/flower HTTP/1.1" 200 3120 "-" "Mozilla/5.0 AppleWebKit/537.36 (KHTML, like Gecko; compatible; GPTBot/1.2; +https://openai.com/gptbot)" 132 **0/132254**
20.171.207.65 - - [14/Sep/2025:07:31:32 -0700] "GET /inputs.php?path=//lib/firmware/netronome/nic HTTP/1.1" 200 2876 "-" "Mozilla/5.0 AppleWebKit/537.36 (KHTML, like Gecko; compatible; GPTBot/1.2; +https://openai.com/gptbot)" 132 **0/132381**
20.171.207.65 - - [14/Sep/2025:07:31:35 -0700] "GET /inputs.php?path=//lib/firmware/netronome/bpf HTTP/1.1" 200 2878 "-" "Mozilla/5.0 AppleWebKit/537.36 (KHTML, like Gecko; compatible; GPTBot/1.2; +https://openai.com/gptbot)" 141 **0/141532**
66.249.73.233 - - [14/Sep/2025:07:31:35 -0700] "GET /21636849?goodscode=0021607982 HTTP/1.1" 200 25041 "-" "Mozilla/5.0 (Linux; Android 6.0.1; Nexus 5X Build/MMB29P) AppleWebKit/537.36 (KHTML, like Gecko) Chrome/140.0.7339.127 Mobile Safari/537.36 (compatible; Googlebot/2.1; +http://www.google.com/bot.html)" 487 **0/487180**
20.171.207.65 - - [14/Sep/2025:07:31:38 -0700] "GET /inputs.php?path=//lib/firmware/netronome/nic-sriov HTTP/1.1" 200 2882 "-" "Mozilla/5.0 AppleWebKit/537.36 (KHTML, like Gecko; compatible; GPTBot/1.2; +https://openai.com/gptbot)" 123 **0/123659**
20.171.207.65 - - [14/Sep/2025:07:31:41 -0700] "GET /inputs.php?path=//lib/firmware/inside-secure/eip197_minifw HTTP/1.1" 200 2627 "-" "Mozilla/5.0 AppleWebKit/537.36 (KHTML, like Gecko; compatible; GPTBot/1.2; +https://openai.com/gptbot)" 124 **0/124683**
20.171.207.65 - - [14/Sep/2025:07:31:44 -0700] "GET /inputs.php?path=//lib/firmware/ti/tas2563 HTTP/1.1" 200 2636 "-" "Mozilla/5.0 AppleWebKit/537.36 (KHTML, like Gecko; compatible; GPTBot/1.2; +https://openai.com/gptbot)" 127 **0/127967**
20.171.207.65 - - [14/Sep/2025:07:31:47 -0700] "GET /inputs.php?path=//lib/firmware/ti/tas2781 HTTP/1.1" 200 3553 "-" "Mozilla/5.0 AppleWebKit/537.36 (KHTML, like Gecko; compatible; GPTBot/1.2; +https://openai.com/gptbot)" 130 **0/130381**
20.171.207.65 - - [14/Sep/2025:07:31:51 -0700] "GET /inputs.php?path=//lib/firmware/ath12k HTTP/1.1" 200 2592 "-" "Mozilla/5.0 AppleWebKit/537.36 (KHTML, like Gecko; compatible; GPTBot/1.2; +https://openai.com/gptbot)" 140 **0/140168**
20.171.207.65 - - [14/Sep/2025:07:31:54 -0700] "GET /inputs.php?path=//lib/firmware/libertas HTTP/1.1" 200 3004 "-" "Mozilla/5.0 AppleWebKit/537.36 (KHTML, like Gecko; compatible; GPTBot/1.2; +https://openai.com/gptbot)" 120 **0/120221**
20.171.207.65 - - [14/Sep/2025:07:31:57 -0700] "GET /inputs.php?path=//lib/firmware/amdnpu HTTP/1.1" 200 2605 "-" "Mozilla/5.0 AppleWebKit/537.36 (KHTML, like Gecko; compatible; GPTBot/1.2; +https://openai.com/gptbot)" 133 **0/133928**
20.171.207.65 - - [14/Sep/2025:07:32:00 -0700] "GET /inputs.php?path=//lib/firmware/liquidio HTTP/1.1" 200 2655 "-" "Mozilla/5.0 AppleWebKit/537.36 (KHTML, like Gecko; compatible; GPTBot/1.2; +https://openai.com/gptbot)" 138 **0/138429**
20.171.207.65 - - [14/Sep/2025:07:32:03 -0700] "GET /inputs.php?path=//lib/firmware/ath10k HTTP/1.1" 200 2727 "-" "Mozilla/5.0 AppleWebKit/537.36 (KHTML, like Gecko; compatible; GPTBot/1.2; +https://openai.com/gptbot)" 139 **0/139658**
20.171.207.65 - - [14/Sep/2025:07:32:06 -0700] "GET /inputs.php?path=//lib/firmware/dsp56k HTTP/1.1" 200 2581 "-" "Mozilla/5.0 AppleWebKit/537.36 (KHTML, like Gecko; compatible; GPTBot/1.2; +https://openai.com/gptbot)" 130 **0/130328**
20.171.207.65 - - [14/Sep/2025:07:32:10 -0700] "GET /inputs.php?fileloc=//lib/firmware/ti/tas2781/TAS2XXX38CD.bin&path=//lib/firmware/ti/tas2781 HTTP/1.1" 200 2291 "-" "Mozilla/5.0 AppleWebKit/537.36 (KHTML, like Gecko; compatible; GPTBot/1.2; +https://openai.com/gptbot)" 119 **0/119144**
20.171.207.65 - - [14/Sep/2025:07:32:13 -0700] "GET /inputs.php?path=//lib/firmware/updates HTTP/1.1" 200 2317 "-" "Mozilla/5.0 AppleWebKit/537.36 (KHTML, like Gecko; compatible; GPTBot/1.2; +https://openai.com/gptbot)" 128 **0/128651**
20.171.207.65 - - [14/Sep/2025:07:32:16 -0700] "GET /inputs.php?path=//lib/firmware/amdtee HTTP/1.1" 200 2720 "-" "Mozilla/5.0 AppleWebKit/537.36 (KHTML, like Gecko; compatible; GPTBot/1.2; +https://openai.com/gptbot)" 124 **0/124431**
20.171.207.65 - - [14/Sep/2025:07:32:19 -0700] "GET /inputs.php?path=//lib/firmware/kaweth HTTP/1.1" 200 2667 "-" "Mozilla/5.0 AppleWebKit/537.36 (KHTML, like Gecko; compatible; GPTBot/1.2; +https://openai.com/gptbot)" 118 **0/118012**
20.171.207.65 - - [14/Sep/2025:07:32:22 -0700] "GET /inputs.php?path=//lib/firmware/acenic HTTP/1.1" 200 2603 "-" "Mozilla/5.0 AppleWebKit/537.36 (KHTML, like Gecko; compatible; GPTBot/1.2; +https://openai.com/gptbot)" 129 **0/129376**
20.171.207.65 - - [14/Sep/2025:07:32:25 -0700] "GET /inputs.php?path=//lib/firmware/rtlwifi HTTP/1.1" 200 3546 "-" "Mozilla/5.0 AppleWebKit/537.36 (KHTML, like Gecko; compatible; GPTBot/1.2; +https://openai.com/gptbot)" 129 **0/129021**
20.171.207.65 - - [14/Sep/2025:07:32:28 -0700] "GET /inputs.php?path=//lib/firmware/realtek HTTP/1.1" 200 2561 "-" "Mozilla/5.0 AppleWebKit/537.36 (KHTML, like Gecko; compatible; GPTBot/1.2; +https://openai.com/gptbot)" 119 **0/119075**
20.171.207.65 - - [14/Sep/2025:07:32:31 -0700] "GET /inputs.php?path=//lib/firmware/mwlwifi HTTP/1.1" 200 2615 "-" "Mozilla/5.0 AppleWebKit/537.36 (KHTML, like Gecko; compatible; GPTBot/1.2; +https://openai.com/gptbot)" 133 **0/133785**
20.171.207.65 - - [14/Sep/2025:07:32:34 -0700] "GET /inputs.php?fileloc=//lib/firmware/amdtee/f29bb3d9-bd66-5441-afb88acc2b2b60d6.bin&path=//lib/firmware/amdtee HTTP/1.1" 200 2296 "-" "Mozilla/5.0 AppleWebKit/537.36 (KHTML, like Gecko; compatible; GPTBot/1.2; +https://openai.com/gptbot)" 124 **0/124501**
66.249.73.234 - - [14/Sep/2025:07:32:35 -0700] "GET /21659252?goodscode=0021630354 HTTP/1.1" 200 25653 "-" "Mozilla/5.0 (Linux; Android 6.0.1; Nexus 5X Build/MMB29P) AppleWebKit/537.36 (KHTML, like Gecko) Chrome/140.0.7339.127 Mobile Safari/537.36 (compatible; Googlebot/2.1; +http://www.google.com/bot.html)" 466 **0/466527**
20.171.207.65 - - [14/Sep/2025:07:32:37 -0700] "GET /inputs.php?path=//lib/firmware/cirrus HTTP/1.1" 200 16518 "-" "Mozilla/5.0 AppleWebKit/537.36 (KHTML, like Gecko; compatible; GPTBot/1.2; +https://openai.com/gptbot)" 189 **0/189088**
20.171.207.65 - - [14/Sep/2025:07:32:41 -0700] "GET /inputs.php?path=//lib/firmware/tehuti HTTP/1.1" 200 2573 "-" "Mozilla/5.0 AppleWebKit/537.36 (KHTML, like Gecko; compatible; GPTBot/1.2; +https://openai.com/gptbot)" 123 **0/123045**
20.171.207.65 - - [14/Sep/2025:07:32:44 -0700] "GET /inputs.php?path=//lib/firmware/airoha HTTP/1.1" 200 2616 "-" "Mozilla/5.0 AppleWebKit/537.36 (KHTML, like Gecko; compatible; GPTBot/1.2; +https://openai.com/gptbot)" 138 **0/138229**
20.171.207.65 - - [14/Sep/2025:07:32:47 -0700] "GET /inputs.php?path=//lib/firmware/amphion HTTP/1.1" 200 2560 "-" "Mozilla/5.0 AppleWebKit/537.36 (KHTML, like Gecko; compatible; GPTBot/1.2; +https://openai.com/gptbot)" 130 **0/130467**
20.171.207.65 - - [14/Sep/2025:07:32:50 -0700] "GET /inputs.php?path=//lib/firmware/cypress HTTP/1.1" 200 3086 "-" "Mozilla/5.0 AppleWebKit/537.36 (KHTML, like Gecko; compatible; GPTBot/1.2; +https://openai.com/gptbot)" 129 **0/129495**
20.171.207.65 - - [14/Sep/2025:07:32:53 -0700] "GET /inputs.php?fileloc=//lib/firmware/cirrus/cs35l41-dsp1-spk-prot-103c8c68-spkid1-r0.bin&path=//lib/firmware/cirrus HTTP/1.1" 200 2297 "-" "Mozilla/5.0 AppleWebKit/537.36 (KHTML, like Gecko; compatible; GPTBot/1.2; +https://openai.com/gptbot)" 151 **0/151073**
20.171.207.65 - - [14/Sep/2025:07:32:56 -0700] "GET /inputs.php?path=//lib/firmware/realtek/rt1320 HTTP/1.1" 200 2629 "-" "Mozilla/5.0 AppleWebKit/537.36 (KHTML, like Gecko; compatible; GPTBot/1.2; +https://openai.com/gptbot)" 115 **0/115767**
20.171.207.65 - - [14/Sep/2025:07:32:59 -0700] "GET /inputs.php?fileloc=//lib/firmware/cirrus/cs35l41-dsp1-spk-prot-10431a8f-spkid1-l0.bin&path=//lib/firmware/cirrus HTTP/1.1" 200 2297 "-" "Mozilla/5.0 AppleWebKit/537.36 (KHTML, like Gecko; compatible; GPTBot/1.2; +https://openai.com/gptbot)" 129 **0/129552**
20.171.207.65 - - [14/Sep/2025:07:33:02 -0700] "GET /inputs.php?fileloc=//lib/firmware/cirrus/cs35l56-b0-dsp1-misc-10280ce3-spkid3.wmfw&path=//lib/firmware/cirrus HTTP/1.1" 200 2298 "-" "Mozilla/5.0 AppleWebKit/537.36 (KHTML, like Gecko; compatible; GPTBot/1.2; +https://openai.com/gptbot)" 128 **0/128921**
20.171.207.65 - - [14/Sep/2025:07:33:05 -0700] "GET /inputs.php?fileloc=//lib/firmware/cirrus/cs35l56-b0-dsp1-misc-10280ce4-spkid2-ampl.bin&path=//lib/firmware/cirrus HTTP/1.1" 200 2298 "-" "Mozilla/5.0 AppleWebKit/537.36 (KHTML, like Gecko; compatible; GPTBot/1.2; +https://openai.com/gptbot)" 150 **0/150457**
20.171.207.65 - - [14/Sep/2025:07:33:08 -0700] "GET /inputs.php?fileloc=//lib/firmware/cirrus/cs35l41-dsp1-spk-prot-10431caf-spkid1-l0.bin&path=//lib/firmware/cirrus HTTP/1.1" 200 2297 "-" "Mozilla/5.0 AppleWebKit/537.36 (KHTML, like Gecko; compatible; GPTBot/1.2; +https://openai.com/gptbot)" 122 **0/122759**
216.73.216.168 - - [14/Sep/2025:07:33:10 -0700] "GET /1win-kazino-i-bk-3934-4/feed?fileloc=%2Fhome%2Fvrposilw0xwl%2Fpublic_html%2Fwp-includes%2Fclass-wp-block-template.php&path=%2Fhome%2Fvrposilw0xwl%2Fpublic_html%2Fwp-includes HTTP/1.1" 200 2797 "-" "Mozilla/5.0 AppleWebKit/537.36 (KHTML, like Gecko; compatible; ClaudeBot/1.0; +claudebot@anthropic.com)" 225 **0/225187**
216.73.216.168 - - [14/Sep/2025:07:33:11 -0700] "GET /skycrown-casino-comprehensive-insight-into-user-support-for-australian-players?fileloc=%2Fhome%2Fvrposilw0xwl%2Fpublic_html%2Fwp-includes%2Fblocks%2Fquery-pagination-previous.php&path=%2Fhome%2Fvrposilw0xwl%2Fpublic_html%2Fwp-includes%2Fblocks HTTP/1.1" 200 3443 "-" "Mozilla/5.0 AppleWebKit/537.36 (KHTML, like Gecko; compatible; ClaudeBot/1.0; +claudebot@anthropic.com)" 233 **0/233314**
20.171.207.65 - - [14/Sep/2025:07:33:12 -0700] "GET /inputs.php?fileloc=//lib/firmware/cirrus/cs35l41-dsp1-spk-prot-10433d88.wmfw&path=//lib/firmware/cirrus HTTP/1.1" 200 2292 "-" "Mozilla/5.0 AppleWebKit/537.36 (KHTML, like Gecko; compatible; GPTBot/1.2; +https://openai.com/gptbot)" 147 **0/147992**
216.73.216.168 - - [14/Sep/2025:07:33:14 -0700] "GET /when-courage-meets-excitement-even-a-chicken-can/feed?fileloc=%2Fhome%2Fvrposilw0xwl%2Fpublic_html%2Fold%2Fwp-includes%2Fblocks%2Fpost-featured-image.php&path=%2Fhome%2Fvrposilw0xwl%2Fpublic_html%2Fold%2Fwp-includes%2Fblocks HTTP/1.1" 200 4921 "-" "Mozilla/5.0 AppleWebKit/537.36 (KHTML, like Gecko; compatible; ClaudeBot/1.0; +claudebot@anthropic.com)" 251 **0/251918**
20.171.207.65 - - [14/Sep/2025:07:33:15 -0700] "GET /inputs.php?fileloc=//lib/firmware/cirrus/cs35l41-dsp1-spk-prot-17aa38b7-spkid1-l0.bin&path=//lib/firmware/cirrus HTTP/1.1" 200 2297 "-" "Mozilla/5.0 AppleWebKit/537.36 (KHTML, like Gecko; compatible; GPTBot/1.2; +https://openai.com/gptbot)" 135 **0/135628**
216.73.216.168 - - [14/Sep/2025:07:33:17 -0700] "GET /skycrown-casino-comprehensive-insight-into-user-support-for-australian-players?fileloc=%2Fhome%2Fvrposilw0xwl%2Fpublic_html%2Fwp-includes%2Fblock-supports%2Fshadow.php&path=%2Fhome%2Fvrposilw0xwl%2Fpublic_html%2Fwp-includes%2Fblock-supports HTTP/1.1" 200 2936 "-" "Mozilla/5.0 AppleWebKit/537.36 (KHTML, like Gecko; compatible; ClaudeBot/1.0; +claudebot@anthropic.com)" 262 **0/262277**
20.171.207.65 - - [14/Sep/2025:07:33:18 -0700] "GET /inputs.php?fileloc=//lib/firmware/cirrus/cs35l41-dsp1-spk-prot-103c8a2e-spkid1-l0.bin&path=//lib/firmware/cirrus HTTP/1.1" 200 2297 "-" "Mozilla/5.0 AppleWebKit/537.36 (KHTML, like Gecko; compatible; GPTBot/1.2; +https://openai.com/gptbot)" 133 **0/133004**
216.73.216.168 - - [14/Sep/2025:07:33:20 -0700] "GET /casino-en-ligne-golden-panda-application-mobile-121/feed?fileloc=%2Fhome%2Fvrposilw0xwl%2Fpublic_html%2Fwp-admin%2Fjs%2Feditor.min.js&path=%2Fhome%2Fvrposilw0xwl%2Fpublic_html%2Fwp-admin%2Fjs HTTP/1.1" 200 7115 "-" "Mozilla/5.0 AppleWebKit/537.36 (KHTML, like Gecko; compatible; ClaudeBot/1.0; +claudebot@anthropic.com)" 279 **0/279109**
20.171.207.65 - - [14/Sep/2025:07:33:21 -0700] "GET /inputs.php?fileloc=//lib/firmware/cirrus/cs35l41-dsp1-spk-prot-103c8e11-spkid1.bin&path=//lib/firmware/cirrus HTTP/1.1" 200 2294 "-" "Mozilla/5.0 AppleWebKit/537.36 (KHTML, like Gecko; compatible; GPTBot/1.2; +https://openai.com/gptbot)" 150 **0/150398**
216.73.216.168 - - [14/Sep/2025:07:33:23 -0700] "GET /1win-kazino-i-bk-3934-4/feed?fileloc=%2Fhome%2Fvrposilw0xwl%2Fpublic_html%2Fwp-includes%2Fsession.php&path=%2Fhome%2Fvrposilw0xwl%2Fpublic_html%2Fwp-includes HTTP/1.1" 200 2407 "-" "Mozilla/5.0 AppleWebKit/537.36 (KHTML, like Gecko; compatible; ClaudeBot/1.0; +claudebot@anthropic.com)" 235 **0/235403**
20.171.207.65 - - [14/Sep/2025:07:33:24 -0700] "GET /inputs.php?fileloc=//lib/firmware/cirrus/cs35l54-b0-dsp1-misc-103c8e16-amp1.bin&path=//lib/firmware/cirrus HTTP/1.1" 200 2295 "-" "Mozilla/5.0 AppleWebKit/537.36 (KHTML, like Gecko; compatible; GPTBot/1.2; +https://openai.com/gptbot)" 126 **0/126883**
216.73.216.168 - - [14/Sep/2025:07:33:26 -0700] "GET /skycrown-casino-comprehensive-insight-into-user-support-for-australian-players?fileloc=%2Fhome%2Fvrposilw0xwl%2Fpublic_html%2Fwp-includes%2Fblocks%2Frss.php&path=%2Fhome%2Fvrposilw0xwl%2Fpublic_html%2Fwp-includes%2Fblocks HTTP/1.1" 200 3746 "-" "Mozilla/5.0 AppleWebKit/537.36 (KHTML, like Gecko; compatible; ClaudeBot/1.0; +claudebot@anthropic.com)" 267 **0/267057**
20.171.207.65 - - [14/Sep/2025:07:33:28 -0700] "GET /inputs.php?fileloc=//lib/firmware/cirrus/cs35l41-dsp1-spk-prot-17aa386e-spkid0-r0.bin&path=//lib/firmware/cirrus HTTP/1.1" 200 2298 "-" "Mozilla/5.0 AppleWebKit/537.36 (KHTML, like Gecko; compatible; GPTBot/1.2; +https://openai.com/gptbot)" 131 **0/131413**
216.73.216.168 - - [14/Sep/2025:07:33:29 -0700] "GET /1win-kazino-i-bk-3934-4/feed?fileloc=%2Fhome%2Fvrposilw0xwl%2Fpublic_html%2Fwp-includes%2Fadmin-bar.php&path=%2Fhome%2Fvrposilw0xwl%2Fpublic_html%2Fwp-includes HTTP/1.1" 200 10286 "-" "Mozilla/5.0 AppleWebKit/537.36 (KHTML, like Gecko; compatible; ClaudeBot/1.0; +claudebot@anthropic.com)" 279 **0/279278**
20.171.207.65 - - [14/Sep/2025:07:33:31 -0700] "GET /inputs.php?path=//lib/firmware/amphion/vpu HTTP/1.1" 200 2630 "-" "Mozilla/5.0 AppleWebKit/537.36 (KHTML, like Gecko; compatible; GPTBot/1.2; +https://openai.com/gptbot)" 132 **0/132681**
216.73.216.168 - - [14/Sep/2025:07:33:32 -0700] "GET /penny-slot-machines-a-comprehensive-overview-to-playing-and-winning?fileloc=%2Fhome%2Fvrposilw0xwl%2Fpublic_html%2Fwp-admin%2Fnetwork%2Fcontribute.php&path=%2Fhome%2Fvrposilw0xwl%2Fpublic_html%2Fwp-admin%2Fnetwork HTTP/1.1" 200 2420 "-" "Mozilla/5.0 AppleWebKit/537.36 (KHTML, like Gecko; compatible; ClaudeBot/1.0; +claudebot@anthropic.com)" 242 **0/242586**
20.171.207.65 - - [14/Sep/2025:07:33:34 -0700] "GET /inputs.php?path=//lib/firmware/aeonsemi HTTP/1.1" 200 2587 "-" "Mozilla/5.0 AppleWebKit/537.36 (KHTML, like Gecko; compatible; GPTBot/1.2; +https://openai.com/gptbot)" 134 **0/134649**
216.73.216.168 - - [14/Sep/2025:07:33:35 -0700] "GET /1win-kazino-i-bk-3934-4/feed?fileloc=%2Fhome%2Fvrposilw0xwl%2Fpublic_html%2Fwp-includes%2Fcapabilities.php&path=%2Fhome%2Fvrposilw0xwl%2Fpublic_html%2Fwp-includes HTTP/1.1" 200 9200 "-" "Mozilla/5.0 AppleWebKit/537.36 (KHTML, like Gecko; compatible; ClaudeBot/1.0; +claudebot@anthropic.com)" 237 **0/237961**
66.249.73.235 - - [14/Sep/2025:07:33:36 -0700] "GET /21661595?goodscode=0021632694 HTTP/1.1" 200 24702 "-" "Mozilla/5.0 (Linux; Android 6.0.1; Nexus 5X Build/MMB29P) AppleWebKit/537.36 (KHTML, like Gecko) Chrome/140.0.7339.127 Mobile Safari/537.36 (compatible; Googlebot/2.1; +http://www.google.com/bot.html)" 442 **0/442778**
20.171.207.65 - - [14/Sep/2025:07:33:37 -0700] "GET /inputs.php?path=//lib/firmware/cirrus/cs35l56 HTTP/1.1" 200 2775 "-" "Mozilla/5.0 AppleWebKit/537.36 (KHTML, like Gecko; compatible; GPTBot/1.2; +https://openai.com/gptbot)" 136 **0/136794**
