95.217.114.173 - - [14/Sep/2025:09:48:46 -0700] "GET /category/new-2/?path=/home/vrposilw0xwl HTTP/1.1" 200 4014 "-" "Mozilla/5.0 (compatible; BLEXBot/1.0; +https://help.seranking.com/en/blex-crawler)" 125 **0/125422**
216.73.216.168 - - [14/Sep/2025:09:48:47 -0700] "GET /1win-onlayn-kazino-ozbekistonda-hisobni-tekshirish-223/feed?fileloc=%2Fhome%2Fvrposilw0xwl%2Fpublic_html%2Fwp-includes%2FID3%2Fmodule.audio-video.quicktime.php&path=%2Fhome%2Fvrposilw0xwl%2Fpublic_html%2Fwp-includes%2FID3 HTTP/1.1" 403 3820 "-" "Mozilla/5.0 AppleWebKit/537.36 (KHTML, like Gecko; compatible; ClaudeBot/1.0; +claudebot@anthropic.com)" 260 **0/260063**
20.171.207.65 - - [14/Sep/2025:09:48:49 -0700] "GET /?path=//proc/self/root/proc/sys/kernel/random HTTP/1.1" 200 2808 "-" "Mozilla/5.0 AppleWebKit/537.36 (KHTML, like Gecko; compatible; GPTBot/1.2; +https://openai.com/gptbot)" 131 **0/131261**
216.73.216.168 - - [14/Sep/2025:09:48:49 -0700] "GET /claiming-deposit-bonuses-at-rocketplay-casino-for-australian-players?fileloc=%2Fhome%2Fvrposilw0xwl%2Fpublic_html%2Fwp-admin%2Foptions-writing.php&path=%2Fhome%2Fvrposilw0xwl%2Fpublic_html%2Fwp-admin HTTP/1.1" 403 3820 "-" "Mozilla/5.0 AppleWebKit/537.36 (KHTML, like Gecko; compatible; ClaudeBot/1.0; +claudebot@anthropic.com)" 258 **0/258350**
20.171.207.65 - - [14/Sep/2025:09:48:52 -0700] "GET /?fileloc=//proc/self/root/proc/sysvipc/sem&path=//proc/self/root/proc/sysvipc HTTP/1.1" 200 2379 "-" "Mozilla/5.0 AppleWebKit/537.36 (KHTML, like Gecko; compatible; GPTBot/1.2; +https://openai.com/gptbot)" 127 **0/127862**
216.73.216.168 - - [14/Sep/2025:09:48:53 -0700] "GET /1win-onlayn-kazino-ozbekistonda-hisobni-tekshirish-223/feed?fileloc=%2Fhome%2Fvrposilw0xwl%2Fpublic_html%2Fwp-includes%2Fnav-menu-template.php&path=%2Fhome%2Fvrposilw0xwl%2Fpublic_html%2Fwp-includes HTTP/1.1" 403 3820 "-" "Mozilla/5.0 AppleWebKit/537.36 (KHTML, like Gecko; compatible; ClaudeBot/1.0; +claudebot@anthropic.com)" 226 **0/226460**
20.171.207.65 - - [14/Sep/2025:09:48:56 -0700] "GET /?fileloc=//proc/self/root/proc/sysvipc/shm&path=//proc/self/root/proc/sysvipc HTTP/1.1" 200 2464 "-" "Mozilla/5.0 AppleWebKit/537.36 (KHTML, like Gecko; compatible; GPTBot/1.2; +https://openai.com/gptbot)" 124 **0/124885**
216.73.216.168 - - [14/Sep/2025:09:48:56 -0700] "GET /kazino-oficialnyj-sajt-pin-up-casino-vhodi-i-308/feed?fileloc=%2Fhome%2Fvrposilw0xwl%2Fpublic_html%2Fwp-content%2Findex.php&path=%2Fhome%2Fvrposilw0xwl%2Fpublic_html%2Fwp-content HTTP/1.1" 403 3820 "-" "Mozilla/5.0 AppleWebKit/537.36 (KHTML, like Gecko; compatible; ClaudeBot/1.0; +claudebot@anthropic.com)" 242 **0/242034**
216.73.216.168 - - [14/Sep/2025:09:48:58 -0700] "GET /kazino-igrat-v-onlajn-pin-up-casino-oficialnyj-17/feed?fileloc=%2Fhome%2Fvrposilw0xwl%2Fpublic_html%2Fwp-articles%2Fwp-articles%2Fcache.php&path=%2Fhome%2Fvrposilw0xwl%2Fpublic_html%2Fwp-articles%2Fwp-articles HTTP/1.1" 403 3820 "-" "Mozilla/5.0 AppleWebKit/537.36 (KHTML, like Gecko; compatible; ClaudeBot/1.0; +claudebot@anthropic.com)" 266 **0/266675**
216.73.216.168 - - [14/Sep/2025:09:49:01 -0700] "GET /1win-onlayn-kazino-ozbekistonda-mobil-ilova-2880?fileloc=%2Fhome%2Fvrposilw0xwl%2Fpublic_html%2Fwp-admin%2Fauthorize-application.php&path=%2Fhome%2Fvrposilw0xwl%2Fpublic_html%2Fwp-admin HTTP/1.1" 403 3820 "-" "Mozilla/5.0 AppleWebKit/537.36 (KHTML, like Gecko; compatible; ClaudeBot/1.0; +claudebot@anthropic.com)" 252 **0/252885**
20.171.207.65 - - [14/Sep/2025:09:49:05 -0700] "GET /?fileloc=//proc/self/root/proc/driver/rtc&path=//proc/self/root/proc/driver HTTP/1.1" 200 2452 "-" "Mozilla/5.0 AppleWebKit/537.36 (KHTML, like Gecko; compatible; GPTBot/1.2; +https://openai.com/gptbot)" 135 **0/135679**
216.73.216.168 - - [14/Sep/2025:09:49:05 -0700] "GET /tipobet-casino-tipobet-giri-adresi-tipobet365-932/feed?fileloc=%2Fhome%2Fvrposilw0xwl%2Fpublic_html%2Fwp-admin%2Fwidgets.php&path=%2Fhome%2Fvrposilw0xwl%2Fpublic_html%2Fwp-admin HTTP/1.1" 403 3820 "-" "Mozilla/5.0 AppleWebKit/537.36 (KHTML, like Gecko; compatible; ClaudeBot/1.0; +claudebot@anthropic.com)" 262 **0/262506**
216.73.216.168 - - [14/Sep/2025:09:49:07 -0700] "GET /1win-onlayn-kazino-ozbekistonda-hisobni-tekshirish-223/feed?fileloc=%2Fhome%2Fvrposilw0xwl%2Fpublic_html%2Fwp-includes%2Ftheme-templates.php&path=%2Fhome%2Fvrposilw0xwl%2Fpublic_html%2Fwp-includes HTTP/1.1" 403 3820 "-" "Mozilla/5.0 AppleWebKit/537.36 (KHTML, like Gecko; compatible; ClaudeBot/1.0; +claudebot@anthropic.com)" 260 **0/260693**
20.171.207.65 - - [14/Sep/2025:09:49:08 -0700] "GET /?fileloc=//proc/self/root/proc/sys/kernel/seccomp/actions_avail&path=//proc/self/root/proc/sys/kernel/seccomp HTTP/1.1" 200 2336 "-" "Mozilla/5.0 AppleWebKit/537.36 (KHTML, like Gecko; compatible; GPTBot/1.2; +https://openai.com/gptbot)" 118 **0/118136**
216.73.216.168 - - [14/Sep/2025:09:49:10 -0700] "GET /when-courage-meets-excitement-even-a-chicken-can/feed?path=%2Fhome%2Fvrposilw0xwl%2Fpublic_html%2Fold%2Fwp-includes%2Fblocks%2Ftext-columns HTTP/1.1" 403 3820 "-" "Mozilla/5.0 AppleWebKit/537.36 (KHTML, like Gecko; compatible; ClaudeBot/1.0; +claudebot@anthropic.com)" 239 **0/239465**
20.171.207.65 - - [14/Sep/2025:09:49:11 -0700] "GET /?fileloc=//proc/self/root/proc/sys/kernel/random/urandom_min_reseed_secs&path=//proc/self/root/proc/sys/kernel/random HTTP/1.1" 200 2311 "-" "Mozilla/5.0 AppleWebKit/537.36 (KHTML, like Gecko; compatible; GPTBot/1.2; +https://openai.com/gptbot)" 139 **0/139752**
20.171.207.65 - - [14/Sep/2025:09:49:14 -0700] "GET /?fileloc=//proc/self/root/proc/sys/fs/xfs/xfssyncd_centisecs&path=//proc/self/root/proc/sys/fs/xfs HTTP/1.1" 200 2304 "-" "Mozilla/5.0 AppleWebKit/537.36 (KHTML, like Gecko; compatible; GPTBot/1.2; +https://openai.com/gptbot)" 120 **0/120512**
216.73.216.168 - - [14/Sep/2025:09:49:15 -0700] "GET /penny-slot-machines-a-comprehensive-overview-to-playing-and-winning?fileloc=%2Fhome%2Fvrposilw0xwl%2Fpublic_html%2Fold%2Fwp-admin%2Fimages%2Fmedia-button-other.gif&path=%2Fhome%2Fvrposilw0xwl%2Fpublic_html%2Fold%2Fwp-admin%2Fimages HTTP/1.1" 403 3820 "-" "Mozilla/5.0 AppleWebKit/537.36 (KHTML, like Gecko; compatible; ClaudeBot/1.0; +claudebot@anthropic.com)" 287 **0/287807**
216.73.216.168 - - [14/Sep/2025:09:49:16 -0700] "GET /1win-onlayn-kazino-ozbekistonda-mobil-ilova-2880?fileloc=%2Fhome%2Fvrposilw0xwl%2Fpublic_html%2Fwp-includes%2Fclass-smtp.php&path=%2Fhome%2Fvrposilw0xwl%2Fpublic_html%2Fwp-includes HTTP/1.1" 403 3820 "-" "Mozilla/5.0 AppleWebKit/537.36 (KHTML, like Gecko; compatible; ClaudeBot/1.0; +claudebot@anthropic.com)" 240 **0/240608**
20.171.207.65 - - [14/Sep/2025:09:49:17 -0700] "GET /?fileloc=//proc/self/root/proc/sys/kernel/random/write_wakeup_threshold&path=//proc/self/root/proc/sys/kernel/random HTTP/1.1" 200 2314 "-" "Mozilla/5.0 AppleWebKit/537.36 (KHTML, like Gecko; compatible; GPTBot/1.2; +https://openai.com/gptbot)" 129 **0/129767**
216.73.216.168 - - [14/Sep/2025:09:49:19 -0700] "GET /1win-onlayn-kazino-ozbekistonda-hisobni-tekshirish-223/feed?fileloc=%2Fhome%2Fvrposilw0xwl%2Fpublic_html%2Fwp-includes%2FID3%2Fmodule.audio-video.riff.php&path=%2Fhome%2Fvrposilw0xwl%2Fpublic_html%2Fwp-includes%2FID3 HTTP/1.1" 403 3820 "-" "Mozilla/5.0 AppleWebKit/537.36 (KHTML, like Gecko; compatible; ClaudeBot/1.0; +claudebot@anthropic.com)" 234 **0/234382**
20.171.207.65 - - [14/Sep/2025:09:49:20 -0700] "GET /?fileloc=//proc/self/root/proc/sys/kernel/random/read_wakeup_threshold&path=//proc/self/root/proc/sys/kernel/random HTTP/1.1" 200 2311 "-" "Mozilla/5.0 AppleWebKit/537.36 (KHTML, like Gecko; compatible; GPTBot/1.2; +https://openai.com/gptbot)" 146 **0/146146**
95.217.114.173 - - [14/Sep/2025:09:49:21 -0700] "GET /category/uncategorized/page/310/?path=/ HTTP/1.1" 200 3253 "-" "Mozilla/5.0 (compatible; BLEXBot/1.0; +https://help.seranking.com/en/blex-crawler)" 124 **0/124212**
216.73.216.168 - - [14/Sep/2025:09:49:22 -0700] "GET /1win-onlayn-kazino-ozbekistonda-mobil-ilova-2880?fileloc=%2Fhome%2Fvrposilw0xwl%2Fpublic_html%2Fwp-includes%2Fclass-wp-theme.php&path=%2Fhome%2Fvrposilw0xwl%2Fpublic_html%2Fwp-includes HTTP/1.1" 403 3820 "-" "Mozilla/5.0 AppleWebKit/537.36 (KHTML, like Gecko; compatible; ClaudeBot/1.0; +claudebot@anthropic.com)" 276 **0/276772**
20.171.207.65 - - [14/Sep/2025:09:49:25 -0700] "GET /?fileloc=//proc/self/root/proc/sys/kernel/random/boot_id&path=//proc/self/root/proc/sys/kernel/random HTTP/1.1" 200 2327 "-" "Mozilla/5.0 AppleWebKit/537.36 (KHTML, like Gecko; compatible; GPTBot/1.2; +https://openai.com/gptbot)" 123 **0/123636**
216.73.216.168 - - [14/Sep/2025:09:49:26 -0700] "GET /pin-up-kazino-oficialnyj-sajt-pin-ap-vhod-na-564?fileloc=%2Fhome%2Fvrposilw0xwl%2Fpublic_html%2Fwp-admin%2Fuser%2Ffreedoms.php&path=%2Fhome%2Fvrposilw0xwl%2Fpublic_html%2Fwp-admin%2Fuser HTTP/1.1" 200 2422 "-" "Mozilla/5.0 AppleWebKit/537.36 (KHTML, like Gecko; compatible; ClaudeBot/1.0; +claudebot@anthropic.com)" 240 **0/240328**
216.73.216.168 - - [14/Sep/2025:09:49:28 -0700] "GET /1win-onlayn-kazino-ozbekistonda-mobil-ilova-2880?fileloc=%2Fhome%2Fvrposilw0xwl%2Fpublic_html%2Fwp-includes%2Fclass-wp-comment.php&path=%2Fhome%2Fvrposilw0xwl%2Fpublic_html%2Fwp-includes HTTP/1.1" 200 4780 "-" "Mozilla/5.0 AppleWebKit/537.36 (KHTML, like Gecko; compatible; ClaudeBot/1.0; +claudebot@anthropic.com)" 218 **0/218620**
216.73.216.168 - - [14/Sep/2025:09:49:31 -0700] "GET /1win-skachat-prilozhenie-bukmekerskoj-kontory-1152/feed?fileloc=%2Fhome%2Fvrposilw0xwl%2Fpublic_html%2Fwp-admin%2Fload-styles.php&path=%2Fhome%2Fvrposilw0xwl%2Fpublic_html%2Fwp-admin HTTP/1.1" 200 3498 "-" "Mozilla/5.0 AppleWebKit/537.36 (KHTML, like Gecko; compatible; ClaudeBot/1.0; +claudebot@anthropic.com)" 256 **0/256717**
95.217.114.173 - - [14/Sep/2025:09:49:32 -0700] "GET /?path=/home/vrposilw0xwl/public_html/old HTTP/1.1" 200 3960 "-" "Mozilla/5.0 (compatible; BLEXBot/1.0; +https://help.seranking.com/en/blex-crawler)" 133 **0/133876**
216.73.216.168 - - [14/Sep/2025:09:49:34 -0700] "GET /resmi-giris-adresi-guncel-mariobet-linki-2025?fileloc=%2Fhome%2Fvrposilw0xwl%2Fpublic_html%2Fwp-content%2Fplugins%2Fgtranslate%2Fgt_logo.svg&path=%2Fhome%2Fvrposilw0xwl%2Fpublic_html%2Fwp-content%2Fplugins%2Fgtranslate HTTP/1.1" 200 3464 "-" "Mozilla/5.0 AppleWebKit/537.36 (KHTML, like Gecko; compatible; ClaudeBot/1.0; +claudebot@anthropic.com)" 273 **0/273967**
20.171.207.65 - - [14/Sep/2025:09:49:34 -0700] "GET /?fileloc=//proc/self/root/proc/sys/kernel/random/entropy_avail&path=//proc/self/root/proc/sys/kernel/random HTTP/1.1" 200 2307 "-" "Mozilla/5.0 AppleWebKit/537.36 (KHTML, like Gecko; compatible; GPTBot/1.2; +https://openai.com/gptbot)" 154 **0/154253**
20.171.207.65 - - [14/Sep/2025:09:49:36 -0700] "GET /?fileloc=//proc/self/root/proc/sys/kernel/random/poolsize&path=//proc/self/root/proc/sys/kernel/random HTTP/1.1" 200 2304 "-" "Mozilla/5.0 AppleWebKit/537.36 (KHTML, like Gecko; compatible; GPTBot/1.2; +https://openai.com/gptbot)" 121 **0/121457**
216.73.216.168 - - [14/Sep/2025:09:49:37 -0700] "GET /pin-up-kazino-oficialnyj-sajt-pin-ap-vhod-na-564?fileloc=%2Fhome%2Fvrposilw0xwl%2Fpublic_html%2Fwp-admin%2Fpost.php&path=%2Fhome%2Fvrposilw0xwl%2Fpublic_html%2Fwp-admin HTTP/1.1" 200 5139 "-" "Mozilla/5.0 AppleWebKit/537.36 (KHTML, like Gecko; compatible; ClaudeBot/1.0; +claudebot@anthropic.com)" 213 **0/213893**
216.73.216.168 - - [14/Sep/2025:09:49:40 -0700] "GET /1win-skachat-prilozhenie-bukmekerskoj-kontory-1152/feed?fileloc=%2Fhome%2Fvrposilw0xwl%2Fpublic_html%2Fwp-admin%2Fupload.php&path=%2Fhome%2Fvrposilw0xwl%2Fpublic_html%2Fwp-admin HTTP/1.1" 200 6188 "-" "Mozilla/5.0 AppleWebKit/537.36 (KHTML, like Gecko; compatible; ClaudeBot/1.0; +claudebot@anthropic.com)" 271 **0/271034**
20.171.207.65 - - [14/Sep/2025:09:49:42 -0700] "GET /?fileloc=//proc/self/root/proc/sys/kernel/random/uuid&path=//proc/self/root/proc/sys/kernel/random HTTP/1.1" 200 2325 "-" "Mozilla/5.0 AppleWebKit/537.36 (KHTML, like Gecko; compatible; GPTBot/1.2; +https://openai.com/gptbot)" 130 **0/130201**
216.73.216.168 - - [14/Sep/2025:09:49:43 -0700] "GET /1win-onlayn-kazino-ozbekistonda-hisobni-tekshirish-223/feed?fileloc=%2Fhome%2Fvrposilw0xwl%2Fpublic_html%2Fwp-includes%2Fblock-supports%2Faria-label.php&path=%2Fhome%2Fvrposilw0xwl%2Fpublic_html%2Fwp-includes%2Fblock-supports HTTP/1.1" 200 2731 "-" "Mozilla/5.0 AppleWebKit/537.36 (KHTML, like Gecko; compatible; ClaudeBot/1.0; +claudebot@anthropic.com)" 278 **0/278214**
216.73.216.168 - - [14/Sep/2025:09:49:46 -0700] "GET /claiming-deposit-bonuses-at-rocketplay-casino-for-australian-players?fileloc=%2Fhome%2Fvrposilw0xwl%2Fpublic_html%2Fwp-includes%2Fassets%2Fscript-loader-packages.min.php&path=%2Fhome%2Fvrposilw0xwl%2Fpublic_html%2Fwp-includes%2Fassets HTTP/1.1" 200 4324 "-" "Mozilla/5.0 AppleWebKit/537.36 (KHTML, like Gecko; compatible; ClaudeBot/1.0; +claudebot@anthropic.com)" 284 **0/284737**
20.171.207.65 - - [14/Sep/2025:09:49:48 -0700] "GET /?fileloc=//proc/self/root/proc/sys/fs/xfs/speculative_cow_prealloc_lifetime&path=//proc/self/root/proc/sys/fs/xfs HTTP/1.1" 200 2317 "-" "Mozilla/5.0 AppleWebKit/537.36 (KHTML, like Gecko; compatible; GPTBot/1.2; +https://openai.com/gptbot)" 123 **0/123845**
216.73.216.168 - - [14/Sep/2025:09:49:49 -0700] "GET /when-courage-meets-excitement-even-a-chicken-can/feed?path=%2Fhome%2Fvrposilw0xwl%2Fpublic_html%2Fold%2Fwp-includes%2Fblocks%2Fpost-date HTTP/1.1" 200 2767 "-" "Mozilla/5.0 AppleWebKit/537.36 (KHTML, like Gecko; compatible; ClaudeBot/1.0; +claudebot@anthropic.com)" 246 **0/246602**
20.171.207.65 - - [14/Sep/2025:09:49:49 -0700] "GET /?fileloc=//proc/self/root/proc/sys/fs/xfs/inherit_nodefrag&path=//proc/self/root/proc/sys/fs/xfs HTTP/1.1" 200 2298 "-" "Mozilla/5.0 AppleWebKit/537.36 (KHTML, like Gecko; compatible; GPTBot/1.2; +https://openai.com/gptbot)" 122 **0/122384**
20.171.207.65 - - [14/Sep/2025:09:49:52 -0700] "GET /?fileloc=//proc/self/root/proc/sys/kernel/seccomp/actions_logged&path=//proc/self/root/proc/sys/kernel/seccomp HTTP/1.1" 200 2331 "-" "Mozilla/5.0 AppleWebKit/537.36 (KHTML, like Gecko; compatible; GPTBot/1.2; +https://openai.com/gptbot)" 163 **0/163131**
216.73.216.168 - - [14/Sep/2025:09:49:52 -0700] "GET /when-courage-meets-excitement-even-a-chicken-can/feed?path=%2Fhome%2Fvrposilw0xwl%2Fpublic_html%2Fold%2Fwp-includes%2Fblocks%2Fbutton HTTP/1.1" 200 2849 "-" "Mozilla/5.0 AppleWebKit/537.36 (KHTML, like Gecko; compatible; ClaudeBot/1.0; +claudebot@anthropic.com)" 219 **0/219054**
20.171.207.65 - - [14/Sep/2025:09:49:55 -0700] "GET /?fileloc=//proc/self/root/proc/sys/fs/xfs/inherit_nosymlinks&path=//proc/self/root/proc/sys/fs/xfs HTTP/1.1" 200 2297 "-" "Mozilla/5.0 AppleWebKit/537.36 (KHTML, like Gecko; compatible; GPTBot/1.2; +https://openai.com/gptbot)" 159 **0/159908**
216.73.216.168 - - [14/Sep/2025:09:49:55 -0700] "GET /when-courage-meets-excitement-even-a-chicken-can/feed?path=%2Fhome%2Fvrposilw0xwl%2Fpublic_html%2Fold%2Fwp-includes%2Fblocks%2Fquery-title HTTP/1.1" 200 2764 "-" "Mozilla/5.0 AppleWebKit/537.36 (KHTML, like Gecko; compatible; ClaudeBot/1.0; +claudebot@anthropic.com)" 255 **0/255456**
20.171.207.65 - - [14/Sep/2025:09:49:58 -0700] "GET /?fileloc=//proc/self/root/proc/sys/fs/xfs/filestream_centisecs&path=//proc/self/root/proc/sys/fs/xfs HTTP/1.1" 200 2304 "-" "Mozilla/5.0 AppleWebKit/537.36 (KHTML, like Gecko; compatible; GPTBot/1.2; +https://openai.com/gptbot)" 129 **0/129175**
216.73.216.168 - - [14/Sep/2025:09:49:58 -0700] "GET /skycrown-casino-comprehensive-insight-into-user-support-for-australian-players?path=%2Fhome%2Fvrposilw0xwl%2Fpublic_html%2Fwp-includes%2Fblocks%2Fpost-navigation-link HTTP/1.1" 200 2773 "-" "Mozilla/5.0 AppleWebKit/537.36 (KHTML, like Gecko; compatible; ClaudeBot/1.0; +claudebot@anthropic.com)" 354 **0/354835**
20.171.207.65 - - [14/Sep/2025:09:50:01 -0700] "GET /?fileloc=//proc/self/root/proc/sys/fs/xfs/inherit_noatime&path=//proc/self/root/proc/sys/fs/xfs HTTP/1.1" 200 2297 "-" "Mozilla/5.0 AppleWebKit/537.36 (KHTML, like Gecko; compatible; GPTBot/1.2; +https://openai.com/gptbot)" 167 **0/167742**
216.73.216.168 - - [14/Sep/2025:09:50:01 -0700] "GET /1win-skachat-prilozhenie-bukmekerskoj-kontory-1152/feed?fileloc=%2Fhome%2Fvrposilw0xwl%2Fpublic_html%2Fwp-includes%2Fclass-wp-post.php&path=%2Fhome%2Fvrposilw0xwl%2Fpublic_html%2Fwp-includes HTTP/1.1" 200 3880 "-" "Mozilla/5.0 AppleWebKit/537.36 (KHTML, like Gecko; compatible; ClaudeBot/1.0; +claudebot@anthropic.com)" 269 **0/269971**
95.217.114.173 - - [14/Sep/2025:09:50:02 -0700] "GET /?path=/home/vrposilw0xwl/public_html/.tmb HTTP/1.1" 200 2817 "-" "Mozilla/5.0 (compatible; BLEXBot/1.0; +https://help.seranking.com/en/blex-crawler)" 164 **0/164596**
20.171.207.65 - - [14/Sep/2025:09:50:04 -0700] "GET /?fileloc=//proc/self/root/proc/sys/fs/xfs/speculative_prealloc_lifetime&path=//proc/self/root/proc/sys/fs/xfs HTTP/1.1" 200 2314 "-" "Mozilla/5.0 AppleWebKit/537.36 (KHTML, like Gecko; compatible; GPTBot/1.2; +https://openai.com/gptbot)" 153 **0/153024**
216.73.216.168 - - [14/Sep/2025:09:50:04 -0700] "GET /1win-onlayn-kazino-ozbekistonda-hisobni-tekshirish-223/feed?fileloc=%2Fhome%2Fvrposilw0xwl%2Fpublic_html%2Fwp-admin%2Flink-add.php&path=%2Fhome%2Fvrposilw0xwl%2Fpublic_html%2Fwp-admin HTTP/1.1" 200 2697 "-" "Mozilla/5.0 AppleWebKit/537.36 (KHTML, like Gecko; compatible; ClaudeBot/1.0; +claudebot@anthropic.com)" 241 **0/241702**
216.73.216.168 - - [14/Sep/2025:09:50:07 -0700] "GET /free-spin-nedir-ucretsiz-ve-bedava-spin-oyunlar?fileloc=%2Fhome%2Fvrposilw0xwl%2Fpublic_html%2Fwp-admin%2Foptions-discussion.php&path=%2Fhome%2Fvrposilw0xwl%2Fpublic_html%2Fwp-admin HTTP/1.1" 200 6403 "-" "Mozilla/5.0 AppleWebKit/537.36 (KHTML, like Gecko; compatible; ClaudeBot/1.0; +claudebot@anthropic.com)" 232 **0/232143**
20.171.207.65 - - [14/Sep/2025:09:50:07 -0700] "GET /?fileloc=//proc/self/root/proc/sys/fs/xfs/inherit_nodump&path=//proc/self/root/proc/sys/fs/xfs HTTP/1.1" 200 2297 "-" "Mozilla/5.0 AppleWebKit/537.36 (KHTML, like Gecko; compatible; GPTBot/1.2; +https://openai.com/gptbot)" 133 **0/133441**
216.73.216.168 - - [14/Sep/2025:09:50:10 -0700] "GET /casino-en-ligne-golden-panda-application-mobile-121/feed?fileloc=%2Fhome%2Fvrposilw0xwl%2Fpublic_html%2Fwp-includes%2Fblocks%2Fpullquote%2Fstyle-rtl.min.css&path=%2Fhome%2Fvrposilw0xwl%2Fpublic_html%2Fwp-includes%2Fblocks%2Fpullquote HTTP/1.1" 200 2552 "-" "Mozilla/5.0 AppleWebKit/537.36 (KHTML, like Gecko; compatible; ClaudeBot/1.0; +claudebot@anthropic.com)" 300 **0/300107**
20.171.207.65 - - [14/Sep/2025:09:50:10 -0700] "GET /?fileloc=//proc/self/root/proc/sys/fs/xfs/stats_clear&path=//proc/self/root/proc/sys/fs/xfs HTTP/1.1" 200 2295 "-" "Mozilla/5.0 AppleWebKit/537.36 (KHTML, like Gecko; compatible; GPTBot/1.2; +https://openai.com/gptbot)" 137 **0/137085**
216.73.216.168 - - [14/Sep/2025:09:50:13 -0700] "GET /when-courage-meets-excitement-even-a-chicken-can/feed?path=%2Fhome%2Fvrposilw0xwl%2Fpublic_html%2Fold%2Fwp-includes%2Fwidgets HTTP/1.1" 200 3221 "-" "Mozilla/5.0 AppleWebKit/537.36 (KHTML, like Gecko; compatible; ClaudeBot/1.0; +claudebot@anthropic.com)" 244 **0/244502**
20.171.207.65 - - [14/Sep/2025:09:50:13 -0700] "GET /?fileloc=//proc/self/root/proc/sys/fs/xfs/error_level&path=//proc/self/root/proc/sys/fs/xfs HTTP/1.1" 200 2295 "-" "Mozilla/5.0 AppleWebKit/537.36 (KHTML, like Gecko; compatible; GPTBot/1.2; +https://openai.com/gptbot)" 143 **0/143189**
20.171.207.65 - - [14/Sep/2025:09:50:16 -0700] "GET /?fileloc=//proc/self/root/proc/sys/fs/xfs/inherit_sync&path=//proc/self/root/proc/sys/fs/xfs HTTP/1.1" 200 2295 "-" "Mozilla/5.0 AppleWebKit/537.36 (KHTML, like Gecko; compatible; GPTBot/1.2; +https://openai.com/gptbot)" 152 **0/152175**
159.242.234.3 - - [14/Sep/2025:09:50:17 -0700] "POST /xmlrpc.php HTTP/1.1" 200 72275 "-" "Mozilla/5.0 (Windows NT 10.0; WOW64) AppleWebKit/537.36 (KHTML, like Gecko) Chrome/114.0.0.0 Safari/537.36" 65 **0/65425**
159.242.234.3 - - [14/Sep/2025:09:50:18 -0700] "POST /xmlrpc.php HTTP/1.1" 200 72275 "-" "Mozilla/5.0 (Windows NT 10.0; WOW64) AppleWebKit/537.36 (KHTML, like Gecko) Chrome/114.0.0.0 Safari/537.36" 41 **0/41577**
159.242.234.3 - - [14/Sep/2025:09:50:19 -0700] "POST /xmlrpc.php HTTP/1.1" 200 72275 "-" "Mozilla/5.0 (Windows NT 10.0; WOW64) AppleWebKit/537.36 (KHTML, like Gecko) Chrome/114.0.0.0 Safari/537.36" 250 **0/250664**
159.242.234.3 - - [14/Sep/2025:09:50:20 -0700] "POST /xmlrpc.php HTTP/1.1" 200 72275 "-" "Mozilla/5.0 (Windows NT 10.0; WOW64) AppleWebKit/537.36 (KHTML, like Gecko) Chrome/114.0.0.0 Safari/537.36" 78 **0/78557**
159.242.234.3 - - [14/Sep/2025:09:50:21 -0700] "POST /xmlrpc.php HTTP/1.1" 200 72275 "-" "Mozilla/5.0 (Windows NT 10.0; WOW64) AppleWebKit/537.36 (KHTML, like Gecko) Chrome/114.0.0.0 Safari/537.36" 49 **0/49227**
159.242.234.3 - - [14/Sep/2025:09:50:22 -0700] "POST /xmlrpc.php HTTP/1.1" 200 72275 "-" "Mozilla/5.0 (Windows NT 10.0; WOW64) AppleWebKit/537.36 (KHTML, like Gecko) Chrome/114.0.0.0 Safari/537.36" 52 **0/52788**
159.242.234.3 - - [14/Sep/2025:09:50:22 -0700] "POST /xmlrpc.php HTTP/1.1" 200 72275 "-" "Mozilla/5.0 (Windows NT 10.0; WOW64) AppleWebKit/537.36 (KHTML, like Gecko) Chrome/114.0.0.0 Safari/537.36" 37 **0/37210**
20.171.207.65 - - [14/Sep/2025:09:50:23 -0700] "GET /?fileloc=//proc/self/root/proc/sys/fs/xfs/cap_res_quota_disable&path=//proc/self/root/proc/sys/fs/xfs HTTP/1.1" 200 2301 "-" "Mozilla/5.0 AppleWebKit/537.36 (KHTML, like Gecko; compatible; GPTBot/1.2; +https://openai.com/gptbot)" 125 **0/125078**
159.242.234.3 - - [14/Sep/2025:09:50:23 -0700] "POST /xmlrpc.php HTTP/1.1" 200 72275 "-" "Mozilla/5.0 (Windows NT 10.0; WOW64) AppleWebKit/537.36 (KHTML, like Gecko) Chrome/114.0.0.0 Safari/537.36" 31 **0/31228**
159.242.234.3 - - [14/Sep/2025:09:50:24 -0700] "POST /xmlrpc.php HTTP/1.1" 200 72275 "-" "Mozilla/5.0 (Windows NT 10.0; WOW64) AppleWebKit/537.36 (KHTML, like Gecko) Chrome/114.0.0.0 Safari/537.36" 52 **0/52317**
20.171.207.65 - - [14/Sep/2025:09:50:26 -0700] "GET /?fileloc=//proc/self/root/proc/sys/fs/xfs/irix_symlink_mode&path=//proc/self/root/proc/sys/fs/xfs HTTP/1.1" 200 2301 "-" "Mozilla/5.0 AppleWebKit/537.36 (KHTML, like Gecko; compatible; GPTBot/1.2; +https://openai.com/gptbot)" 144 **0/144373**
20.171.207.65 - - [14/Sep/2025:09:50:29 -0700] "GET /?fileloc=//proc/self/root/proc/sys/fs/xfs/rotorstep&path=//proc/self/root/proc/sys/fs/xfs HTTP/1.1" 200 2296 "-" "Mozilla/5.0 AppleWebKit/537.36 (KHTML, like Gecko; compatible; GPTBot/1.2; +https://openai.com/gptbot)" 131 **0/131374**
20.171.207.65 - - [14/Sep/2025:09:50:36 -0700] "GET /?fileloc=//proc/self/root/proc/sys/fs/xfs/irix_sgid_inherit&path=//proc/self/root/proc/sys/fs/xfs HTTP/1.1" 200 2299 "-" "Mozilla/5.0 AppleWebKit/537.36 (KHTML, like Gecko; compatible; GPTBot/1.2; +https://openai.com/gptbot)" 152 **0/152376**
20.171.207.65 - - [14/Sep/2025:09:50:39 -0700] "GET /?path=//proc/self/root/proc/sys/kernel/keys HTTP/1.1" 200 2747 "-" "Mozilla/5.0 AppleWebKit/537.36 (KHTML, like Gecko; compatible; GPTBot/1.2; +https://openai.com/gptbot)" 131 **0/131590**
95.217.114.173 - - [14/Sep/2025:09:50:41 -0700] "GET /category/uncategorized/page/2/?path=/home HTTP/1.1" 200 2772 "-" "Mozilla/5.0 (compatible; BLEXBot/1.0; +https://help.seranking.com/en/blex-crawler)" 127 **0/127843**
20.171.207.65 - - [14/Sep/2025:09:50:42 -0700] "GET /?path=//proc/self/root/proc/sys/kernel/yama HTTP/1.1" 200 2613 "-" "Mozilla/5.0 AppleWebKit/537.36 (KHTML, like Gecko; compatible; GPTBot/1.2; +https://openai.com/gptbot)" 126 **0/126289**
95.217.114.173 - - [14/Sep/2025:09:50:45 -0700] "GET /category/uncategorized/page/3/?path=/home HTTP/1.1" 200 2772 "-" "Mozilla/5.0 (compatible; BLEXBot/1.0; +https://help.seranking.com/en/blex-crawler)" 115 **0/115460**
20.171.207.65 - - [14/Sep/2025:09:50:45 -0700] "GET /?path=//proc/self/root/proc/sys/kernel/pty HTTP/1.1" 200 2659 "-" "Mozilla/5.0 AppleWebKit/537.36 (KHTML, like Gecko; compatible; GPTBot/1.2; +https://openai.com/gptbot)" 127 **0/127866**
20.171.207.65 - - [14/Sep/2025:09:50:48 -0700] "GET /?path=//proc/self/root/proc/sys/fs/inotify HTTP/1.1" 200 2675 "-" "Mozilla/5.0 AppleWebKit/537.36 (KHTML, like Gecko; compatible; GPTBot/1.2; +https://openai.com/gptbot)" 130 **0/130573**
20.171.207.65 - - [14/Sep/2025:09:50:55 -0700] "GET /?fileloc=//proc/self/root/proc/driver/nvram&path=//proc/self/root/proc/driver HTTP/1.1" 200 2477 "-" "Mozilla/5.0 AppleWebKit/537.36 (KHTML, like Gecko; compatible; GPTBot/1.2; +https://openai.com/gptbot)" 129 **0/129728**
20.171.207.65 - - [14/Sep/2025:09:50:58 -0700] "GET /?fileloc=//proc/self/root/proc/sys/kernel/keys/persistent_keyring_expiry&path=//proc/self/root/proc/sys/kernel/keys HTTP/1.1" 200 2317 "-" "Mozilla/5.0 AppleWebKit/537.36 (KHTML, like Gecko; compatible; GPTBot/1.2; +https://openai.com/gptbot)" 143 **0/143021**
20.171.207.65 - - [14/Sep/2025:09:51:01 -0700] "GET /?fileloc=//proc/self/root/proc/sys/kernel/keys/gc_delay&path=//proc/self/root/proc/sys/kernel/keys HTTP/1.1" 200 2301 "-" "Mozilla/5.0 AppleWebKit/537.36 (KHTML, like Gecko; compatible; GPTBot/1.2; +https://openai.com/gptbot)" 136 **0/136232**
20.171.207.65 - - [14/Sep/2025:09:51:04 -0700] "GET /?fileloc=//proc/self/root/proc/sys/kernel/pty/reserve&path=//proc/self/root/proc/sys/kernel/pty HTTP/1.1" 200 2301 "-" "Mozilla/5.0 AppleWebKit/537.36 (KHTML, like Gecko; compatible; GPTBot/1.2; +https://openai.com/gptbot)" 129 **0/129217**
20.171.207.65 - - [14/Sep/2025:09:51:07 -0700] "GET /?fileloc=//proc/self/root/proc/sys/fs/inotify/max_user_instances&path=//proc/self/root/proc/sys/fs/inotify HTTP/1.1" 200 2312 "-" "Mozilla/5.0 AppleWebKit/537.36 (KHTML, like Gecko; compatible; GPTBot/1.2; +https://openai.com/gptbot)" 122 **0/122297**
20.171.207.65 - - [14/Sep/2025:09:51:10 -0700] "GET /?fileloc=//proc/self/root/proc/sys/kernel/pty/max&path=//proc/self/root/proc/sys/kernel/pty HTTP/1.1" 200 2301 "-" "Mozilla/5.0 AppleWebKit/537.36 (KHTML, like Gecko; compatible; GPTBot/1.2; +https://openai.com/gptbot)" 119 **0/119827**
20.171.207.65 - - [14/Sep/2025:09:51:14 -0700] "GET /?fileloc=//proc/self/root/proc/sys/kernel/keys/root_maxbytes&path=//proc/self/root/proc/sys/kernel/keys HTTP/1.1" 200 2304 "-" "Mozilla/5.0 AppleWebKit/537.36 (KHTML, like Gecko; compatible; GPTBot/1.2; +https://openai.com/gptbot)" 123 **0/123068**
20.171.207.65 - - [14/Sep/2025:09:51:17 -0700] "GET /?fileloc=//proc/self/root/proc/sys/kernel/keys/maxbytes&path=//proc/self/root/proc/sys/kernel/keys HTTP/1.1" 200 2304 "-" "Mozilla/5.0 AppleWebKit/537.36 (KHTML, like Gecko; compatible; GPTBot/1.2; +https://openai.com/gptbot)" 122 **0/122028**
20.171.207.65 - - [14/Sep/2025:09:51:20 -0700] "GET /?fileloc=//proc/self/root/proc/sys/kernel/keys/root_maxkeys&path=//proc/self/root/proc/sys/kernel/keys HTTP/1.1" 200 2304 "-" "Mozilla/5.0 AppleWebKit/537.36 (KHTML, like Gecko; compatible; GPTBot/1.2; +https://openai.com/gptbot)" 117 **0/117813**
20.171.207.65 - - [14/Sep/2025:09:51:23 -0700] "GET /?fileloc=//proc/self/root/proc/sys/kernel/yama/ptrace_scope&path=//proc/self/root/proc/sys/kernel/yama HTTP/1.1" 200 2302 "-" "Mozilla/5.0 AppleWebKit/537.36 (KHTML, like Gecko; compatible; GPTBot/1.2; +https://openai.com/gptbot)" 126 **0/126408**
20.171.207.65 - - [14/Sep/2025:09:51:27 -0700] "GET /?fileloc=//proc/self/root/proc/sys/fs/inotify/max_user_watches&path=//proc/self/root/proc/sys/fs/inotify HTTP/1.1" 200 2311 "-" "Mozilla/5.0 AppleWebKit/537.36 (KHTML, like Gecko; compatible; GPTBot/1.2; +https://openai.com/gptbot)" 130 **0/130496**
20.171.207.65 - - [14/Sep/2025:09:51:30 -0700] "GET /?fileloc=//proc/self/root/proc/sys/kernel/keys/maxkeys&path=//proc/self/root/proc/sys/kernel/keys HTTP/1.1" 200 2302 "-" "Mozilla/5.0 AppleWebKit/537.36 (KHTML, like Gecko; compatible; GPTBot/1.2; +https://openai.com/gptbot)" 159 **0/159663**
20.171.207.65 - - [14/Sep/2025:09:51:33 -0700] "GET /?fileloc=//proc/self/root/proc/sys/fs/inotify/max_queued_events&path=//proc/self/root/proc/sys/fs/inotify HTTP/1.1" 200 2311 "-" "Mozilla/5.0 AppleWebKit/537.36 (KHTML, like Gecko; compatible; GPTBot/1.2; +https://openai.com/gptbot)" 126 **0/126470**
95.217.114.173 - - [14/Sep/2025:09:51:36 -0700] "GET /?path=/home/vrposilw0xwl/public_html/images HTTP/1.1" 200 2951 "-" "Mozilla/5.0 (compatible; BLEXBot/1.0; +https://help.seranking.com/en/blex-crawler)" 131 **0/131986**
20.171.207.65 - - [14/Sep/2025:09:51:36 -0700] "GET /?fileloc=//proc/self/root/proc/sysvipc/msg&path=//proc/self/root/proc/sysvipc HTTP/1.1" 200 2340 "-" "Mozilla/5.0 AppleWebKit/537.36 (KHTML, like Gecko; compatible; GPTBot/1.2; +https://openai.com/gptbot)" 141 **0/141071**
20.171.207.65 - - [14/Sep/2025:09:51:42 -0700] "GET /?fileloc=//proc/self/root/proc/sys/kernel/pty/nr&path=//proc/self/root/proc/sys/kernel/pty HTTP/1.1" 200 2298 "-" "Mozilla/5.0 AppleWebKit/537.36 (KHTML, like Gecko; compatible; GPTBot/1.2; +https://openai.com/gptbot)" 121 **0/121933**
20.171.207.65 - - [14/Sep/2025:09:51:46 -0700] "GET /?fileloc=//proc/self/root/proc/sys/fs/file-nr&path=//proc/self/root/proc/sys/fs HTTP/1.1" 200 2299 "-" "Mozilla/5.0 AppleWebKit/537.36 (KHTML, like Gecko; compatible; GPTBot/1.2; +https://openai.com/gptbot)" 122 **0/122853**
20.171.207.65 - - [14/Sep/2025:09:51:49 -0700] "GET /?fileloc=//proc/self/root/proc/sys/fs/file-max&path=//proc/self/root/proc/sys/fs HTTP/1.1" 200 2293 "-" "Mozilla/5.0 AppleWebKit/537.36 (KHTML, like Gecko; compatible; GPTBot/1.2; +https://openai.com/gptbot)" 140 **0/140088**
20.171.207.65 - - [14/Sep/2025:09:51:52 -0700] "GET /?fileloc=//proc/self/root/proc/sys/fs/aio-nr&path=//proc/self/root/proc/sys/fs HTTP/1.1" 200 2288 "-" "Mozilla/5.0 AppleWebKit/537.36 (KHTML, like Gecko; compatible; GPTBot/1.2; +https://openai.com/gptbot)" 138 **0/138010**
20.171.207.65 - - [14/Sep/2025:09:51:55 -0700] "GET /?path=//proc/self/root/proc/sys/kernel/usermodehelper HTTP/1.1" 200 2645 "-" "Mozilla/5.0 AppleWebKit/537.36 (KHTML, like Gecko; compatible; GPTBot/1.2; +https://openai.com/gptbot)" 123 **0/123154**
20.171.207.65 - - [14/Sep/2025:09:51:58 -0700] "GET /?path=//proc/self/root/proc/sys/kernel/sched_domain HTTP/1.1" 200 2750 "-" "Mozilla/5.0 AppleWebKit/537.36 (KHTML, like Gecko; compatible; GPTBot/1.2; +https://openai.com/gptbot)" 128 **0/128021**
20.171.207.65 - - [14/Sep/2025:09:52:01 -0700] "GET /?fileloc=//proc/self/root/proc/sys/fs/nr_open&path=//proc/self/root/proc/sys/fs HTTP/1.1" 200 2289 "-" "Mozilla/5.0 AppleWebKit/537.36 (KHTML, like Gecko; compatible; GPTBot/1.2; +https://openai.com/gptbot)" 122 **0/122787**
20.171.207.65 - - [14/Sep/2025:09:52:04 -0700] "GET /?fileloc=//proc/self/root/proc/sys/vm/numa_stat&path=//proc/self/root/proc/sys/vm HTTP/1.1" 200 2291 "-" "Mozilla/5.0 AppleWebKit/537.36 (KHTML, like Gecko; compatible; GPTBot/1.2; +https://openai.com/gptbot)" 139 **0/139692**
20.171.207.65 - - [14/Sep/2025:09:52:07 -0700] "GET /?fileloc=//proc/self/root/proc/sys/fs/mount-max&path=//proc/self/root/proc/sys/fs HTTP/1.1" 200 2292 "-" "Mozilla/5.0 AppleWebKit/537.36 (KHTML, like Gecko; compatible; GPTBot/1.2; +https://openai.com/gptbot)" 122 **0/122173**
20.171.207.65 - - [14/Sep/2025:09:52:10 -0700] "GET /?fileloc=//proc/self/root/proc/sys/fs/aio-max-nr&path=//proc/self/root/proc/sys/fs HTTP/1.1" 200 2293 "-" "Mozilla/5.0 AppleWebKit/537.36 (KHTML, like Gecko; compatible; GPTBot/1.2; +https://openai.com/gptbot)" 126 **0/126224**
20.171.207.65 - - [14/Sep/2025:09:52:14 -0700] "GET /?fileloc=//proc/self/root/proc/sys/kernel/usermodehelper/inheritable&path=//proc/self/root/proc/sys/kernel/usermodehelper HTTP/1.1" 200 2307 "-" "Mozilla/5.0 AppleWebKit/537.36 (KHTML, like Gecko; compatible; GPTBot/1.2; +https://openai.com/gptbot)" 124 **0/124712**
20.171.207.65 - - [14/Sep/2025:09:52:17 -0700] "GET /?fileloc=//proc/self/root/proc/sys/kernel/usermodehelper/bset&path=//proc/self/root/proc/sys/kernel/usermodehelper HTTP/1.1" 200 2305 "-" "Mozilla/5.0 AppleWebKit/537.36 (KHTML, like Gecko; compatible; GPTBot/1.2; +https://openai.com/gptbot)" 127 **0/127059**
95.217.114.173 - - [14/Sep/2025:09:52:21 -0700] "GET /category/uncategorized/page/310/?path=/home HTTP/1.1" 200 2772 "-" "Mozilla/5.0 (compatible; BLEXBot/1.0; +https://help.seranking.com/en/blex-crawler)" 118 **0/118589**
20.171.207.65 - - [14/Sep/2025:09:52:23 -0700] "GET /?path=//proc/self/root/proc/sys/kernel/sched_domain/cpu2 HTTP/1.1" 200 2603 "-" "Mozilla/5.0 AppleWebKit/537.36 (KHTML, like Gecko; compatible; GPTBot/1.2; +https://openai.com/gptbot)" 127 **0/127905**
20.171.207.65 - - [14/Sep/2025:09:52:27 -0700] "GET /?path=//proc/self/root/proc/sys/kernel/sched_domain/cpu0 HTTP/1.1" 200 2602 "-" "Mozilla/5.0 AppleWebKit/537.36 (KHTML, like Gecko; compatible; GPTBot/1.2; +https://openai.com/gptbot)" 129 **0/129713**
95.217.114.173 - - [14/Sep/2025:09:52:28 -0700] "GET /?path=/home/vrposilw0xwl/public_html/cgi-bin HTTP/1.1" 200 2890 "-" "Mozilla/5.0 (compatible; BLEXBot/1.0; +https://help.seranking.com/en/blex-crawler)" 203 **0/203598**
20.171.207.65 - - [14/Sep/2025:09:52:34 -0700] "GET /?path=//proc/self/root/proc/thread-self/fdinfo HTTP/1.1" 200 2681 "-" "Mozilla/5.0 AppleWebKit/537.36 (KHTML, like Gecko; compatible; GPTBot/1.2; +https://openai.com/gptbot)" 140 **0/140377**
20.171.207.65 - - [14/Sep/2025:09:52:37 -0700] "GET /?path=//proc/self/root/proc/sys/kernel/sched_domain/cpu7 HTTP/1.1" 200 2603 "-" "Mozilla/5.0 AppleWebKit/537.36 (KHTML, like Gecko; compatible; GPTBot/1.2; +https://openai.com/gptbot)" 125 **0/125043**
20.171.207.65 - - [14/Sep/2025:09:52:40 -0700] "GET /?path=//proc/self/root/proc/sys/kernel/sched_domain/cpu5 HTTP/1.1" 200 2603 "-" "Mozilla/5.0 AppleWebKit/537.36 (KHTML, like Gecko; compatible; GPTBot/1.2; +https://openai.com/gptbot)" 131 **0/131668**
20.171.207.65 - - [14/Sep/2025:09:52:43 -0700] "GET /?path=//proc/self/root/proc/sys/kernel/sched_domain/cpu9 HTTP/1.1" 200 2603 "-" "Mozilla/5.0 AppleWebKit/537.36 (KHTML, like Gecko; compatible; GPTBot/1.2; +https://openai.com/gptbot)" 142 **0/142537**
20.171.207.65 - - [14/Sep/2025:09:52:46 -0700] "GET /?path=//proc/self/root/proc/sys/kernel/sched_domain/cpu6 HTTP/1.1" 200 2603 "-" "Mozilla/5.0 AppleWebKit/537.36 (KHTML, like Gecko; compatible; GPTBot/1.2; +https://openai.com/gptbot)" 135 **0/135644**
20.171.207.65 - - [14/Sep/2025:09:52:50 -0700] "GET /?path=//proc/self/root/proc/sys/kernel/sched_domain/cpu0/domain0 HTTP/1.1" 200 2859 "-" "Mozilla/5.0 AppleWebKit/537.36 (KHTML, like Gecko; compatible; GPTBot/1.2; +https://openai.com/gptbot)" 132 **0/132909**
20.171.207.65 - - [14/Sep/2025:09:52:56 -0700] "GET /?path=//proc/self/root/proc/thread-self/net/netfilter HTTP/1.1" 200 2671 "-" "Mozilla/5.0 AppleWebKit/537.36 (KHTML, like Gecko; compatible; GPTBot/1.2; +https://openai.com/gptbot)" 141 **0/141683**
20.171.207.65 - - [14/Sep/2025:09:53:01 -0700] "GET /?path=//proc/self/root/proc/sys/kernel/sched_domain/cpu3 HTTP/1.1" 200 2603 "-" "Mozilla/5.0 AppleWebKit/537.36 (KHTML, like Gecko; compatible; GPTBot/1.2; +https://openai.com/gptbot)" 169 **0/169813**
20.171.207.65 - - [14/Sep/2025:09:53:04 -0700] "GET /?path=//proc/self/root/proc/sys/kernel/sched_domain/cpu8 HTTP/1.1" 200 2602 "-" "Mozilla/5.0 AppleWebKit/537.36 (KHTML, like Gecko; compatible; GPTBot/1.2; +https://openai.com/gptbot)" 126 **0/126594**
20.171.207.65 - - [14/Sep/2025:09:53:11 -0700] "GET /?path=//proc/self/root/proc/sys/kernel/sched_domain/cpu1 HTTP/1.1" 200 2602 "-" "Mozilla/5.0 AppleWebKit/537.36 (KHTML, like Gecko; compatible; GPTBot/1.2; +https://openai.com/gptbot)" 134 **0/134422**
20.171.207.65 - - [14/Sep/2025:09:53:21 -0700] "GET /?path=//proc/self/root/proc/sys/kernel/sched_domain/cpu4 HTTP/1.1" 200 2603 "-" "Mozilla/5.0 AppleWebKit/537.36 (KHTML, like Gecko; compatible; GPTBot/1.2; +https://openai.com/gptbot)" 141 **0/141797**
84.17.52.146 - - [14/Sep/2025:09:53:26 -0700] "POST /xmlrpc.php HTTP/1.1" 200 72275 "-" "Mozilla/5.0 (Macintosh; Intel Mac OS X 12_5) AppleWebKit/537.36 (KHTML, like Gecko) Chrome/114.0.0.0 Safari/537.36 OPR/89.0.4447.51" 35 **0/35709**
84.17.52.146 - - [14/Sep/2025:09:53:27 -0700] "POST /xmlrpc.php HTTP/1.1" 200 72275 "-" "Mozilla/5.0 (Macintosh; Intel Mac OS X 12_5) AppleWebKit/537.36 (KHTML, like Gecko) Chrome/114.0.0.0 Safari/537.36 OPR/89.0.4447.51" 33 **0/33851**
95.217.114.173 - - [14/Sep/2025:09:53:27 -0700] "GET /?path=/home/vrposilw0xwl/public_html/wp-admin HTTP/1.1" 200 6703 "-" "Mozilla/5.0 (compatible; BLEXBot/1.0; +https://help.seranking.com/en/blex-crawler)" 134 **0/134705**
84.17.52.146 - - [14/Sep/2025:09:53:27 -0700] "POST /xmlrpc.php HTTP/1.1" 200 72275 "-" "Mozilla/5.0 (Macintosh; Intel Mac OS X 12_5) AppleWebKit/537.36 (KHTML, like Gecko) Chrome/114.0.0.0 Safari/537.36 OPR/89.0.4447.51" 43 **0/43650**
84.17.52.146 - - [14/Sep/2025:09:53:28 -0700] "POST /xmlrpc.php HTTP/1.1" 200 72275 "-" "Mozilla/5.0 (Macintosh; Intel Mac OS X 12_5) AppleWebKit/537.36 (KHTML, like Gecko) Chrome/114.0.0.0 Safari/537.36 OPR/89.0.4447.51" 38 **0/38365**
84.17.52.146 - - [14/Sep/2025:09:53:28 -0700] "POST /xmlrpc.php HTTP/1.1" 200 72275 "-" "Mozilla/5.0 (Macintosh; Intel Mac OS X 12_5) AppleWebKit/537.36 (KHTML, like Gecko) Chrome/114.0.0.0 Safari/537.36 OPR/89.0.4447.51" 35 **0/35888**
84.17.52.146 - - [14/Sep/2025:09:53:29 -0700] "POST /xmlrpc.php HTTP/1.1" 200 72275 "-" "Mozilla/5.0 (Macintosh; Intel Mac OS X 12_5) AppleWebKit/537.36 (KHTML, like Gecko) Chrome/114.0.0.0 Safari/537.36 OPR/89.0.4447.51" 35 **0/35431**
84.17.52.146 - - [14/Sep/2025:09:53:29 -0700] "POST /xmlrpc.php HTTP/1.1" 200 72275 "-" "Mozilla/5.0 (Macintosh; Intel Mac OS X 12_5) AppleWebKit/537.36 (KHTML, like Gecko) Chrome/114.0.0.0 Safari/537.36 OPR/89.0.4447.51" 29 **0/29426**
84.17.52.146 - - [14/Sep/2025:09:53:30 -0700] "POST /xmlrpc.php HTTP/1.1" 200 72275 "-" "Mozilla/5.0 (Macintosh; Intel Mac OS X 12_5) AppleWebKit/537.36 (KHTML, like Gecko) Chrome/114.0.0.0 Safari/537.36 OPR/89.0.4447.51" 27 **0/27844**
84.17.52.146 - - [14/Sep/2025:09:53:30 -0700] "POST /xmlrpc.php HTTP/1.1" 200 72275 "-" "Mozilla/5.0 (Macintosh; Intel Mac OS X 12_5) AppleWebKit/537.36 (KHTML, like Gecko) Chrome/114.0.0.0 Safari/537.36 OPR/89.0.4447.51" 28 **0/28545**
20.171.207.65 - - [14/Sep/2025:09:53:42 -0700] "GET /?fileloc=//proc/self/root/proc/thread-self/net/netfilter/nf_log&path=//proc/self/root/proc/thread-self/net/netfilter HTTP/1.1" 200 2396 "-" "Mozilla/5.0 AppleWebKit/537.36 (KHTML, like Gecko; compatible; GPTBot/1.2; +https://openai.com/gptbot)" 127 **0/127936**
20.171.207.65 - - [14/Sep/2025:09:53:45 -0700] "GET /?fileloc=//proc/self/root/proc/thread-self/net/netfilter/nfnetlink_log&path=//proc/self/root/proc/thread-self/net/netfilter HTTP/1.1" 200 2307 "-" "Mozilla/5.0 AppleWebKit/537.36 (KHTML, like Gecko; compatible; GPTBot/1.2; +https://openai.com/gptbot)" 144 **0/144313**
20.171.207.65 - - [14/Sep/2025:09:53:46 -0700] "GET /?fileloc=//proc/self/root/proc/thread-self/net/netfilter/nfnetlink_queue&path=//proc/self/root/proc/thread-self/net/netfilter HTTP/1.1" 200 2306 "-" "Mozilla/5.0 AppleWebKit/537.36 (KHTML, like Gecko; compatible; GPTBot/1.2; +https://openai.com/gptbot)" 139 **0/139312**
20.171.207.65 - - [14/Sep/2025:09:53:49 -0700] "GET /?path=//proc/self/root/proc/sys/kernel/sched_domain/cpu8/domain0 HTTP/1.1" 200 2859 "-" "Mozilla/5.0 AppleWebKit/537.36 (KHTML, like Gecko; compatible; GPTBot/1.2; +https://openai.com/gptbot)" 129 **0/129277**
20.171.207.65 - - [14/Sep/2025:09:53:52 -0700] "GET /?path=//proc/self/root/proc/sys/kernel/sched_domain/cpu6/domain0 HTTP/1.1" 200 2859 "-" "Mozilla/5.0 AppleWebKit/537.36 (KHTML, like Gecko; compatible; GPTBot/1.2; +https://openai.com/gptbot)" 133 **0/133916**
57.141.2.72 - - [14/Sep/2025:09:53:55 -0700] "GET /goods/3974575.html HTTP/1.1" 200 72275 "-" "meta-externalagent/1.1 (+https://developers.facebook.com/docs/sharing/webmasters/crawler)" 127 **0/127301**
20.171.207.65 - - [14/Sep/2025:09:53:59 -0700] "GET /?fileloc=//proc/self/root/proc/sys/kernel/panic_print&path=//proc/self/root/proc/sys/kernel HTTP/1.1" 200 2292 "-" "Mozilla/5.0 AppleWebKit/537.36 (KHTML, like Gecko; compatible; GPTBot/1.2; +https://openai.com/gptbot)" 128 **0/128056**
95.217.114.173 - - [14/Sep/2025:09:53:59 -0700] "GET /?path=/home/vrposilw0xwl/public_html/wordpress HTTP/1.1" 200 2892 "-" "Mozilla/5.0 (compatible; BLEXBot/1.0; +https://help.seranking.com/en/blex-crawler)" 125 **0/125260**
95.217.114.173 - - [14/Sep/2025:09:54:03 -0700] "GET /adobe-generative-ai-2/?path=/home/vrposilw0xwl HTTP/1.1" 200 4014 "-" "Mozilla/5.0 (compatible; BLEXBot/1.0; +https://help.seranking.com/en/blex-crawler)" 141 **0/141277**
20.171.207.65 - - [14/Sep/2025:09:54:05 -0700] "GET /?path=//proc/self/root/proc/sys/kernel/sched_domain/cpu1/domain0 HTTP/1.1" 200 2859 "-" "Mozilla/5.0 AppleWebKit/537.36 (KHTML, like Gecko; compatible; GPTBot/1.2; +https://openai.com/gptbot)" 132 **0/132345**
20.171.207.65 - - [14/Sep/2025:09:54:11 -0700] "GET /?path=//proc/self/root/proc/sys/kernel/sched_domain/cpu3/domain0 HTTP/1.1" 200 2859 "-" "Mozilla/5.0 AppleWebKit/537.36 (KHTML, like Gecko; compatible; GPTBot/1.2; +https://openai.com/gptbot)" 125 **0/125663**
20.171.207.65 - - [14/Sep/2025:09:54:14 -0700] "GET /?fileloc=//proc/self/root/proc/thread-self/cpuset&path=//proc/self/root/proc/thread-self HTTP/1.1" 200 2281 "-" "Mozilla/5.0 AppleWebKit/537.36 (KHTML, like Gecko; compatible; GPTBot/1.2; +https://openai.com/gptbot)" 131 **0/131778**
20.171.207.65 - - [14/Sep/2025:09:54:17 -0700] "GET /?path=//proc/self/root/proc/sys/kernel/sched_domain/cpu5/domain0 HTTP/1.1" 200 2859 "-" "Mozilla/5.0 AppleWebKit/537.36 (KHTML, like Gecko; compatible; GPTBot/1.2; +https://openai.com/gptbot)" 138 **0/138415**
20.171.207.65 - - [14/Sep/2025:09:54:20 -0700] "GET /?path=//proc/self/root/proc/sys/kernel/sched_domain/cpu4/domain0 HTTP/1.1" 200 2859 "-" "Mozilla/5.0 AppleWebKit/537.36 (KHTML, like Gecko; compatible; GPTBot/1.2; +https://openai.com/gptbot)" 127 **0/127645**
20.171.207.65 - - [14/Sep/2025:09:54:24 -0700] "GET /?path=//proc/self/root/proc/sys/kernel/sched_domain/cpu9/domain0 HTTP/1.1" 200 2859 "-" "Mozilla/5.0 AppleWebKit/537.36 (KHTML, like Gecko; compatible; GPTBot/1.2; +https://openai.com/gptbot)" 125 **0/125756**
20.171.207.65 - - [14/Sep/2025:09:54:27 -0700] "GET /?path=//proc/self/root/proc/sys/kernel/sched_domain/cpu7/domain0 HTTP/1.1" 200 2859 "-" "Mozilla/5.0 AppleWebKit/537.36 (KHTML, like Gecko; compatible; GPTBot/1.2; +https://openai.com/gptbot)" 125 **0/125909**
20.171.207.65 - - [14/Sep/2025:09:54:30 -0700] "GET /?path=//proc/self/root/proc/thread-self/cwd HTTP/1.1" 200 3851 "-" "Mozilla/5.0 AppleWebKit/537.36 (KHTML, like Gecko; compatible; GPTBot/1.2; +https://openai.com/gptbot)" 137 **0/137580**
20.171.207.65 - - [14/Sep/2025:09:54:40 -0700] "GET /?path=//proc/self/root/proc/sys/fs/datacycle HTTP/1.1" 200 2789 "-" "Mozilla/5.0 AppleWebKit/537.36 (KHTML, like Gecko; compatible; GPTBot/1.2; +https://openai.com/gptbot)" 125 **0/125966**
20.171.207.65 - - [14/Sep/2025:09:54:43 -0700] "GET /?path=//proc/self/root/proc/sys/kernel/sched_domain/cpu11 HTTP/1.1" 200 2602 "-" "Mozilla/5.0 AppleWebKit/537.36 (KHTML, like Gecko; compatible; GPTBot/1.2; +https://openai.com/gptbot)" 130 **0/130104**
20.171.207.65 - - [14/Sep/2025:09:54:46 -0700] "GET /?path=//proc/self/root/proc/thread-self/attr HTTP/1.1" 200 2729 "-" "Mozilla/5.0 AppleWebKit/537.36 (KHTML, like Gecko; compatible; GPTBot/1.2; +https://openai.com/gptbot)" 121 **0/121823**
20.171.207.65 - - [14/Sep/2025:09:54:49 -0700] "GET /?path=//proc/self/root/proc/sys/kernel/sched_domain/cpu10 HTTP/1.1" 200 2602 "-" "Mozilla/5.0 AppleWebKit/537.36 (KHTML, like Gecko; compatible; GPTBot/1.2; +https://openai.com/gptbot)" 132 **0/132061**
20.171.207.65 - - [14/Sep/2025:09:54:54 -0700] "GET /?fileloc=//proc/self/root/proc/thread-self/cwd/readme.html&path=//proc/self/root/proc/thread-self/cwd HTTP/1.1" 200 5168 "-" "Mozilla/5.0 AppleWebKit/537.36 (KHTML, like Gecko; compatible; GPTBot/1.2; +https://openai.com/gptbot)" 128 **0/128313**
95.217.114.173 - - [14/Sep/2025:09:54:58 -0700] "GET /?path=/home/vrposilw0xwl/public_html/wp-content HTTP/1.1" 200 3211 "-" "Mozilla/5.0 (compatible; BLEXBot/1.0; +https://help.seranking.com/en/blex-crawler)" 127 **0/127224**
20.171.207.65 - - [14/Sep/2025:09:54:59 -0700] "GET /?fileloc=//proc/self/root/proc/thread-self/cwd/.htaccess&path=//proc/self/root/proc/thread-self/cwd HTTP/1.1" 200 3046 "-" "Mozilla/5.0 AppleWebKit/537.36 (KHTML, like Gecko; compatible; GPTBot/1.2; +https://openai.com/gptbot)" 131 **0/131963**
20.171.207.65 - - [14/Sep/2025:09:55:06 -0700] "GET /?fileloc=//proc/self/root/proc/sys/fs/datacycle/flush&path=//proc/self/root/proc/sys/fs/datacycle HTTP/1.1" 200 2297 "-" "Mozilla/5.0 AppleWebKit/537.36 (KHTML, like Gecko; compatible; GPTBot/1.2; +https://openai.com/gptbot)" 127 **0/127709**
20.171.207.65 - - [14/Sep/2025:09:55:09 -0700] "GET /?fileloc=//proc/self/root/proc/thread-self/attr/exec&path=//proc/self/root/proc/thread-self/attr HTTP/1.1" 200 2289 "-" "Mozilla/5.0 AppleWebKit/537.36 (KHTML, like Gecko; compatible; GPTBot/1.2; +https://openai.com/gptbot)" 129 **0/129356**
20.171.207.65 - - [14/Sep/2025:09:55:14 -0700] "GET /?fileloc=//proc/self/root/proc/thread-self/attr/fscreate&path=//proc/self/root/proc/thread-self/attr HTTP/1.1" 200 2291 "-" "Mozilla/5.0 AppleWebKit/537.36 (KHTML, like Gecko; compatible; GPTBot/1.2; +https://openai.com/gptbot)" 152 **0/152370**
20.171.207.65 - - [14/Sep/2025:09:55:18 -0700] "GET /?fileloc=//proc/self/root/proc/thread-self/attr/prev&path=//proc/self/root/proc/thread-self/attr HTTP/1.1" 200 2288 "-" "Mozilla/5.0 AppleWebKit/537.36 (KHTML, like Gecko; compatible; GPTBot/1.2; +https://openai.com/gptbot)" 131 **0/131402**
20.171.207.65 - - [14/Sep/2025:09:55:32 -0700] "GET /?fileloc=//proc/self/root/proc/sys/fs/datacycle/max_events&path=//proc/self/root/proc/sys/fs/datacycle HTTP/1.1" 200 2298 "-" "Mozilla/5.0 AppleWebKit/537.36 (KHTML, like Gecko; compatible; GPTBot/1.2; +https://openai.com/gptbot)" 121 **0/121003**
20.171.207.65 - - [14/Sep/2025:09:55:34 -0700] "GET /?fileloc=//proc/self/root/proc/sys/fs/datacycle/entries_in_buffer&path=//proc/self/root/proc/sys/fs/datacycle HTTP/1.1" 200 2306 "-" "Mozilla/5.0 AppleWebKit/537.36 (KHTML, like Gecko; compatible; GPTBot/1.2; +https://openai.com/gptbot)" 125 **0/125017**
20.171.207.65 - - [14/Sep/2025:09:55:37 -0700] "GET /?fileloc=//proc/self/root/proc/sys/fs/datacycle/enable&path=//proc/self/root/proc/sys/fs/datacycle HTTP/1.1" 200 2295 "-" "Mozilla/5.0 AppleWebKit/537.36 (KHTML, like Gecko; compatible; GPTBot/1.2; +https://openai.com/gptbot)" 137 **0/137102**
20.171.207.65 - - [14/Sep/2025:09:55:41 -0700] "GET /?fileloc=//proc/self/root/proc/sys/fs/datacycle/events&path=//proc/self/root/proc/sys/fs/datacycle HTTP/1.1" 200 2295 "-" "Mozilla/5.0 AppleWebKit/537.36 (KHTML, like Gecko; compatible; GPTBot/1.2; +https://openai.com/gptbot)" 122 **0/122821**
20.171.207.65 - - [14/Sep/2025:09:55:45 -0700] "GET /?fileloc=//proc/self/root/proc/sys/fs/datacycle/user_ro_mode&path=//proc/self/root/proc/sys/fs/datacycle HTTP/1.1" 200 2301 "-" "Mozilla/5.0 AppleWebKit/537.36 (KHTML, like Gecko; compatible; GPTBot/1.2; +https://openai.com/gptbot)" 131 **0/131083**
20.171.207.65 - - [14/Sep/2025:09:55:54 -0700] "GET /?fileloc=//proc/self/root/proc/thread-self/attr/current&path=//proc/self/root/proc/thread-self/attr HTTP/1.1" 200 2288 "-" "Mozilla/5.0 AppleWebKit/537.36 (KHTML, like Gecko; compatible; GPTBot/1.2; +https://openai.com/gptbot)" 125 **0/125964**
20.171.207.65 - - [14/Sep/2025:09:55:57 -0700] "GET /?fileloc=//proc/self/root/proc/sys/fs/datacycle/min_event_uid&path=//proc/self/root/proc/sys/fs/datacycle HTTP/1.1" 200 2303 "-" "Mozilla/5.0 AppleWebKit/537.36 (KHTML, like Gecko; compatible; GPTBot/1.2; +https://openai.com/gptbot)" 120 **0/120067**
20.171.207.65 - - [14/Sep/2025:09:56:00 -0700] "GET /?fileloc=//proc/self/root/proc/thread-self/attr/keycreate&path=//proc/self/root/proc/thread-self/attr HTTP/1.1" 200 2292 "-" "Mozilla/5.0 AppleWebKit/537.36 (KHTML, like Gecko; compatible; GPTBot/1.2; +https://openai.com/gptbot)" 128 **0/128029**
20.171.207.65 - - [14/Sep/2025:09:56:03 -0700] "GET /?fileloc=//proc/self/root/proc/thread-self/attr/sockcreate&path=//proc/self/root/proc/thread-self/attr HTTP/1.1" 200 2293 "-" "Mozilla/5.0 AppleWebKit/537.36 (KHTML, like Gecko; compatible; GPTBot/1.2; +https://openai.com/gptbot)" 125 **0/125483**
95.217.114.173 - - [14/Sep/2025:09:56:07 -0700] "GET /?path=/home/vrposilw0xwl/public_html/.well-known HTTP/1.1" 200 2971 "-" "Mozilla/5.0 (compatible; BLEXBot/1.0; +https://help.seranking.com/en/blex-crawler)" 121 **0/121959**
20.171.207.65 - - [14/Sep/2025:09:56:10 -0700] "GET /?fileloc=//proc/self/root/proc/thread-self/cwd/robots.txt&path=//proc/self/root/proc/thread-self/cwd HTTP/1.1" 200 2332 "-" "Mozilla/5.0 AppleWebKit/537.36 (KHTML, like Gecko; compatible; GPTBot/1.2; +https://openai.com/gptbot)" 130 **0/130089**
95.217.114.173 - - [14/Sep/2025:09:56:14 -0700] "GET /?path=/home/vrposilw0xwl/public_html/wp-articles HTTP/1.1" 200 3790 "-" "Mozilla/5.0 (compatible; BLEXBot/1.0; +https://help.seranking.com/en/blex-crawler)" 153 **0/153914**
20.171.207.65 - - [14/Sep/2025:09:56:16 -0700] "GET /?fileloc=//proc/self/root/proc/thread-self/cwd/error_log&path=//proc/self/root/proc/thread-self/cwd HTTP/1.1" 200 2222 "-" "Mozilla/5.0 AppleWebKit/537.36 (KHTML, like Gecko; compatible; GPTBot/1.2; +https://openai.com/gptbot)" 281 **0/281342**
95.217.114.173 - - [14/Sep/2025:09:56:18 -0700] "GET /?path=/home/vrposilw0xwl/public_html/wp-includes HTTP/1.1" 200 13067 "-" "Mozilla/5.0 (compatible; BLEXBot/1.0; +https://help.seranking.com/en/blex-crawler)" 133 **0/133415**
20.171.207.65 - - [14/Sep/2025:09:56:25 -0700] "GET /?fileloc=//proc/self/root/proc/thread-self/cwd/license.txt&path=//proc/self/root/proc/thread-self/cwd HTTP/1.1" 200 9330 "-" "Mozilla/5.0 AppleWebKit/537.36 (KHTML, like Gecko; compatible; GPTBot/1.2; +https://openai.com/gptbot)" 127 **0/127396**
