20.171.207.65 - - [14/Sep/2025:05:41:59 -0700] "GET /?path=//lib64/python3.6/site-packages/cryptography/hazmat/primitives/serialization HTTP/1.1" 200 2833 "-" "Mozilla/5.0 AppleWebKit/537.36 (KHTML, like Gecko; compatible; GPTBot/1.2; +https://openai.com/gptbot)" 135 **0/135885**
20.171.207.65 - - [14/Sep/2025:05:42:03 -0700] "GET /?path=//lib64/python3.6/site-packages/cryptography/hazmat/primitives/twofactor HTTP/1.1" 200 2812 "-" "Mozilla/5.0 AppleWebKit/537.36 (KHTML, like Gecko; compatible; GPTBot/1.2; +https://openai.com/gptbot)" 120 **0/120801**
20.171.207.65 - - [14/Sep/2025:05:42:06 -0700] "GET /?path=//lib64/python3.6/site-packages/cryptography/hazmat/primitives/asymmetric HTTP/1.1" 200 3003 "-" "Mozilla/5.0 AppleWebKit/537.36 (KHTML, like Gecko; compatible; GPTBot/1.2; +https://openai.com/gptbot)" 132 **0/132279**
216.73.216.168 - - [14/Sep/2025:05:42:06 -0700] "GET /1win-skachat-prilozhenie-bukmekerskoj-kontory-1152/feed?fileloc=%2Fhome%2Fvrposilw0xwl%2Fpublic_html%2Fwp-includes%2Fauthor-template.php&path=%2Fhome%2Fvrposilw0xwl%2Fpublic_html%2Fwp-includes HTTP/1.1" 403 3820 "-" "Mozilla/5.0 AppleWebKit/537.36 (KHTML, like Gecko; compatible; ClaudeBot/1.0; +claudebot@anthropic.com)" 243 **0/243928**
20.171.207.65 - - [14/Sep/2025:05:42:09 -0700] "GET /?path=//lib64/python3.6/site-packages/gpg/constants/data HTTP/1.1" 200 2716 "-" "Mozilla/5.0 AppleWebKit/537.36 (KHTML, like Gecko; compatible; GPTBot/1.2; +https://openai.com/gptbot)" 122 **0/122529**
216.73.216.168 - - [14/Sep/2025:05:42:09 -0700] "GET /retirada-en-tenis-stake?path=%2Fhome%2Fvrposilw0xwl%2Fpublic_html%2Fwp-includes%2Fwidgets HTTP/1.1" 403 3820 "-" "Mozilla/5.0 AppleWebKit/537.36 (KHTML, like Gecko; compatible; ClaudeBot/1.0; +claudebot@anthropic.com)" 236 **0/236413**
216.73.216.168 - - [14/Sep/2025:05:42:11 -0700] "GET /1win-skachat-prilozhenie-bukmekerskoj-kontory-1152/feed?fileloc=%2Fhome%2Fvrposilw0xwl%2Fpublic_html%2Fwp-admin%2Fprivacy.php&path=%2Fhome%2Fvrposilw0xwl%2Fpublic_html%2Fwp-admin HTTP/1.1" 403 3820 "-" "Mozilla/5.0 AppleWebKit/537.36 (KHTML, like Gecko; compatible; ClaudeBot/1.0; +claudebot@anthropic.com)" 248 **0/248424**
20.171.207.65 - - [14/Sep/2025:05:42:12 -0700] "GET /?path=//lib64/python3.6/site-packages/gpg/constants/tofu HTTP/1.1" 200 2717 "-" "Mozilla/5.0 AppleWebKit/537.36 (KHTML, like Gecko; compatible; GPTBot/1.2; +https://openai.com/gptbot)" 135 **0/135288**
216.73.216.168 - - [14/Sep/2025:05:42:14 -0700] "GET /v-luchshih-kazino-onlajn-2025-igraem-po-krupnomu-153?fileloc=%2Fhome%2Fvrposilw0xwl%2Fpublic_html%2Fwp-admin%2Foptions-discussion.php&path=%2Fhome%2Fvrposilw0xwl%2Fpublic_html%2Fwp-admin HTTP/1.1" 403 3820 "-" "Mozilla/5.0 AppleWebKit/537.36 (KHTML, like Gecko; compatible; ClaudeBot/1.0; +claudebot@anthropic.com)" 256 **0/256430**
20.171.207.65 - - [14/Sep/2025:05:42:15 -0700] "GET /?path=//lib64/python3.6/site-packages/cryptography/hazmat/primitives/serialization/__pycache__ HTTP/1.1" 200 2891 "-" "Mozilla/5.0 AppleWebKit/537.36 (KHTML, like Gecko; compatible; GPTBot/1.2; +https://openai.com/gptbot)" 129 **0/129416**
216.73.216.168 - - [14/Sep/2025:05:42:17 -0700] "GET /claiming-deposit-bonuses-at-rocketplay-casino-for-australian-players?fileloc=%2Fhome%2Fvrposilw0xwl%2Fpublic_html%2Fwp-admin%2Fsite-health-info.php&path=%2Fhome%2Fvrposilw0xwl%2Fpublic_html%2Fwp-admin HTTP/1.1" 403 3820 "-" "Mozilla/5.0 AppleWebKit/537.36 (KHTML, like Gecko; compatible; ClaudeBot/1.0; +claudebot@anthropic.com)" 236 **0/236717**
20.171.207.65 - - [14/Sep/2025:05:42:18 -0700] "GET /?path=//lib64/python3.6/site-packages/cryptography/hazmat/primitives/ciphers/__pycache__ HTTP/1.1" 200 2892 "-" "Mozilla/5.0 AppleWebKit/537.36 (KHTML, like Gecko; compatible; GPTBot/1.2; +https://openai.com/gptbot)" 138 **0/138916**
216.73.216.168 - - [14/Sep/2025:05:42:20 -0700] "GET /tipobet-casino-tipobet-giri-adresi-tipobet365-932/feed?fileloc=%2Fhome%2Fvrposilw0xwl%2Fpublic_html%2Fwp-admin%2Frevision.php&path=%2Fhome%2Fvrposilw0xwl%2Fpublic_html%2Fwp-admin HTTP/1.1" 403 3820 "-" "Mozilla/5.0 AppleWebKit/537.36 (KHTML, like Gecko; compatible; ClaudeBot/1.0; +claudebot@anthropic.com)" 249 **0/249325**
20.171.207.65 - - [14/Sep/2025:05:42:21 -0700] "GET /?path=//lib64/python3.6/site-packages/gpg/constants/data/__pycache__ HTTP/1.1" 200 2718 "-" "Mozilla/5.0 AppleWebKit/537.36 (KHTML, like Gecko; compatible; GPTBot/1.2; +https://openai.com/gptbot)" 123 **0/123373**
216.73.216.168 - - [14/Sep/2025:05:42:22 -0700] "GET /1win-onlayn-kazino-ozbekistonda-hisobni-tekshirish-223/feed?fileloc=%2Fhome%2Fvrposilw0xwl%2Fpublic_html%2Fwp-admin%2Fcontribute.php&path=%2Fhome%2Fvrposilw0xwl%2Fpublic_html%2Fwp-admin HTTP/1.1" 403 3820 "-" "Mozilla/5.0 AppleWebKit/537.36 (KHTML, like Gecko; compatible; ClaudeBot/1.0; +claudebot@anthropic.com)" 228 **0/228081**
20.171.207.65 - - [14/Sep/2025:05:42:25 -0700] "GET /?path=//lib64/python3.6/site-packages/cryptography/hazmat/primitives/asymmetric/__pycache__ HTTP/1.1" 200 3142 "-" "Mozilla/5.0 AppleWebKit/537.36 (KHTML, like Gecko; compatible; GPTBot/1.2; +https://openai.com/gptbot)" 132 **0/132574**
216.73.216.168 - - [14/Sep/2025:05:42:26 -0700] "GET /explore-the-exciting-world-of-jaya-9-casino-15/feed?fileloc=%2Fhome%2Fvrposilw0xwl%2Fpublic_html%2Fold%2Flayout-styles.css&path=%2Fhome%2Fvrposilw0xwl%2Fpublic_html%2Fold HTTP/1.1" 200 3754 "-" "Mozilla/5.0 AppleWebKit/537.36 (KHTML, like Gecko; compatible; ClaudeBot/1.0; +claudebot@anthropic.com)" 231 **0/231944**
20.171.207.65 - - [14/Sep/2025:05:42:28 -0700] "GET /?path=//lib64/python3.6/site-packages/gpg/constants/sig/__pycache__ HTTP/1.1" 200 2765 "-" "Mozilla/5.0 AppleWebKit/537.36 (KHTML, like Gecko; compatible; GPTBot/1.2; +https://openai.com/gptbot)" 137 **0/137437**
216.73.216.168 - - [14/Sep/2025:05:42:29 -0700] "GET /claiming-deposit-bonuses-at-rocketplay-casino-for-australian-players?fileloc=%2Fhome%2Fvrposilw0xwl%2Fpublic_html%2Fold%2Freadme.html&path=%2Fhome%2Fvrposilw0xwl%2Fpublic_html%2Fold HTTP/1.1" 200 5158 "-" "Mozilla/5.0 AppleWebKit/537.36 (KHTML, like Gecko; compatible; ClaudeBot/1.0; +claudebot@anthropic.com)" 241 **0/241711**
20.171.207.65 - - [14/Sep/2025:05:42:31 -0700] "GET /?path=//lib64/python3.6/site-packages/gpg/constants/__pycache__ HTTP/1.1" 200 3090 "-" "Mozilla/5.0 AppleWebKit/537.36 (KHTML, like Gecko; compatible; GPTBot/1.2; +https://openai.com/gptbot)" 127 **0/127781**
216.73.216.168 - - [14/Sep/2025:05:42:32 -0700] "GET /penny-slot-machines-a-comprehensive-overview-to-playing-and-winning?fileloc=%2Fhome%2Fvrposilw0xwl%2Fpublic_html%2Fold%2Fwp-admin%2Fimages%2Ffreedom-2.svg&path=%2Fhome%2Fvrposilw0xwl%2Fpublic_html%2Fold%2Fwp-admin%2Fimages HTTP/1.1" 200 5242 "-" "Mozilla/5.0 AppleWebKit/537.36 (KHTML, like Gecko; compatible; ClaudeBot/1.0; +claudebot@anthropic.com)" 236 **0/236482**
20.171.207.65 - - [14/Sep/2025:05:42:34 -0700] "GET /?path=//lib64/python3.6/site-packages/gpg/constants/keylist/__pycache__ HTTP/1.1" 200 2721 "-" "Mozilla/5.0 AppleWebKit/537.36 (KHTML, like Gecko; compatible; GPTBot/1.2; +https://openai.com/gptbot)" 125 **0/125996**
216.73.216.168 - - [14/Sep/2025:05:42:35 -0700] "GET /?fileloc=%2Fhome%2Fvrposilw0xwl%2Fpublic_html%2Fwp-admin%2Fimages%2Fmenu-vs.png&path=%2Fhome%2Fvrposilw0xwl%2Fpublic_html%2Fwp-admin%2Fimages HTTP/1.1" 200 2282 "-" "Mozilla/5.0 AppleWebKit/537.36 (KHTML, like Gecko; compatible; ClaudeBot/1.0; +claudebot@anthropic.com)" 221 **0/221866**
20.171.207.65 - - [14/Sep/2025:05:42:37 -0700] "GET /?fileloc=//lib64/python3.6/site-packages/gpg/constants/data/__pycache__/encoding.cpython-36.opt-1.pyc&path=//lib64/python3.6/site-packages/gpg/constants/data/__pycache__ HTTP/1.1" 200 2339 "-" "Mozilla/5.0 AppleWebKit/537.36 (KHTML, like Gecko; compatible; GPTBot/1.2; +https://openai.com/gptbot)" 140 **0/140894**
216.73.216.168 - - [14/Sep/2025:05:42:38 -0700] "GET /penny-slot-machines-a-comprehensive-overview-to-playing-and-winning?fileloc=%2Fhome%2Fvrposilw0xwl%2Fpublic_html%2Fold%2Fwp-admin%2Fimages%2Ffreedom-1.svg&path=%2Fhome%2Fvrposilw0xwl%2Fpublic_html%2Fold%2Fwp-admin%2Fimages HTTP/1.1" 200 2709 "-" "Mozilla/5.0 AppleWebKit/537.36 (KHTML, like Gecko; compatible; ClaudeBot/1.0; +claudebot@anthropic.com)" 229 **0/229658**
20.171.207.65 - - [14/Sep/2025:05:42:40 -0700] "GET /?path=//lib64/python3.6/site-packages/cryptography/hazmat/primitives/__pycache__ HTTP/1.1" 200 3058 "-" "Mozilla/5.0 AppleWebKit/537.36 (KHTML, like Gecko; compatible; GPTBot/1.2; +https://openai.com/gptbot)" 146 **0/146817**
216.73.216.168 - - [14/Sep/2025:05:42:41 -0700] "GET /v-luchshih-kazino-onlajn-2025-igraem-po-krupnomu-153?fileloc=%2Fhome%2Fvrposilw0xwl%2Fpublic_html%2Fwp-includes%2Fcategory-template.php&path=%2Fhome%2Fvrposilw0xwl%2Fpublic_html%2Fwp-includes HTTP/1.1" 200 14956 "-" "Mozilla/5.0 AppleWebKit/537.36 (KHTML, like Gecko; compatible; ClaudeBot/1.0; +claudebot@anthropic.com)" 253 **0/253740**
20.171.207.65 - - [14/Sep/2025:05:42:43 -0700] "GET /?path=//lib64/python3.6/site-packages/cryptography/hazmat/primitives/twofactor/__pycache__ HTTP/1.1" 200 2843 "-" "Mozilla/5.0 AppleWebKit/537.36 (KHTML, like Gecko; compatible; GPTBot/1.2; +https://openai.com/gptbot)" 126 **0/126861**
216.73.216.168 - - [14/Sep/2025:05:42:44 -0700] "GET /retirada-en-tenis-stake?fileloc=%2Fhome%2Fvrposilw0xwl%2Fpublic_html%2Fwp-includes%2Fimages%2Fspinner-2x.gif&path=%2Fhome%2Fvrposilw0xwl%2Fpublic_html%2Fwp-includes%2Fimages HTTP/1.1" 200 2284 "-" "Mozilla/5.0 AppleWebKit/537.36 (KHTML, like Gecko; compatible; ClaudeBot/1.0; +claudebot@anthropic.com)" 218 **0/218693**
20.171.207.65 - - [14/Sep/2025:05:42:46 -0700] "GET /?path=//lib64/python3.6/site-packages/cryptography/hazmat/primitives/kdf/__pycache__ HTTP/1.1" 200 2978 "-" "Mozilla/5.0 AppleWebKit/537.36 (KHTML, like Gecko; compatible; GPTBot/1.2; +https://openai.com/gptbot)" 135 **0/135023**
216.73.216.168 - - [14/Sep/2025:05:42:47 -0700] "GET /casino-en-ligne-golden-panda-application-mobile-121/feed?fileloc=%2Fhome%2Fvrposilw0xwl%2Fpublic_html%2Fwp-includes%2Fblocks%2Fpreformatted%2Fstyle-rtl.min.css&path=%2Fhome%2Fvrposilw0xwl%2Fpublic_html%2Fwp-includes%2Fblocks%2Fpreformatted HTTP/1.1" 200 2364 "-" "Mozilla/5.0 AppleWebKit/537.36 (KHTML, like Gecko; compatible; ClaudeBot/1.0; +claudebot@anthropic.com)" 214 **0/214494**
20.171.207.65 - - [14/Sep/2025:05:42:49 -0700] "GET /?path=//lib64/python3.6/site-packages/cryptography/hazmat/bindings/openssl/__pycache__ HTTP/1.1" 200 2790 "-" "Mozilla/5.0 AppleWebKit/537.36 (KHTML, like Gecko; compatible; GPTBot/1.2; +https://openai.com/gptbot)" 132 **0/132571**
216.73.216.168 - - [14/Sep/2025:05:42:50 -0700] "GET /kazino-oficialnyj-sajt-pin-up-casino-vhodi-i-308/feed?fileloc=%2Fhome%2Fvrposilw0xwl%2Fpublic_html%2Fwp-articles%2Fflint-kazino.php&path=%2Fhome%2Fvrposilw0xwl%2Fpublic_html%2Fwp-articles HTTP/1.1" 200 9843 "-" "Mozilla/5.0 AppleWebKit/537.36 (KHTML, like Gecko; compatible; ClaudeBot/1.0; +claudebot@anthropic.com)" 302 **0/302520**
20.171.207.65 - - [14/Sep/2025:05:42:52 -0700] "GET /?path=//lib64/python3.6/site-packages/cryptography/hazmat/backends/__pycache__ HTTP/1.1" 200 2735 "-" "Mozilla/5.0 AppleWebKit/537.36 (KHTML, like Gecko; compatible; GPTBot/1.2; +https://openai.com/gptbot)" 128 **0/128830**
216.73.216.168 - - [14/Sep/2025:05:42:53 -0700] "GET /1win-onlayn-kazino-ozbekistonda-mobil-ilova-2880?fileloc=%2Fhome%2Fvrposilw0xwl%2Fpublic_html%2Fwp-includes%2Ftemplate.php&path=%2Fhome%2Fvrposilw0xwl%2Fpublic_html%2Fwp-includes HTTP/1.1" 200 6568 "-" "Mozilla/5.0 AppleWebKit/537.36 (KHTML, like Gecko; compatible; ClaudeBot/1.0; +claudebot@anthropic.com)" 266 **0/266834**
216.73.216.168 - - [14/Sep/2025:05:42:56 -0700] "GET /1win-onlayn-kazino-ozbekistonda-hisobni-tekshirish-223/feed?fileloc=%2Fhome%2Fvrposilw0xwl%2Fpublic_html%2Fwp-admin%2Fmedia-upload.php&path=%2Fhome%2Fvrposilw0xwl%2Fpublic_html%2Fwp-admin HTTP/1.1" 200 3611 "-" "Mozilla/5.0 AppleWebKit/537.36 (KHTML, like Gecko; compatible; ClaudeBot/1.0; +claudebot@anthropic.com)" 221 **0/221037**
20.171.207.65 - - [14/Sep/2025:05:42:56 -0700] "GET /?path=//lib64/python3.6/site-packages/cryptography/hazmat/bindings/__pycache__ HTTP/1.1" 200 2680 "-" "Mozilla/5.0 AppleWebKit/537.36 (KHTML, like Gecko; compatible; GPTBot/1.2; +https://openai.com/gptbot)" 123 **0/123853**
66.249.73.233 - - [14/Sep/2025:05:42:57 -0700] "GET /26380182?goodscode=0026344826 HTTP/1.1" 200 25753 "-" "Mozilla/5.0 (Linux; Android 6.0.1; Nexus 5X Build/MMB29P) AppleWebKit/537.36 (KHTML, like Gecko) Chrome/140.0.7339.127 Mobile Safari/537.36 (compatible; Googlebot/2.1; +http://www.google.com/bot.html)" 633 **0/633485**
216.73.216.168 - - [14/Sep/2025:05:42:59 -0700] "GET /1win-onlayn-kazino-ozbekistonda-mobil-ilova-2880?fileloc=%2Fhome%2Fvrposilw0xwl%2Fpublic_html%2Fwp-includes%2Fclass-walker-comment.php&path=%2Fhome%2Fvrposilw0xwl%2Fpublic_html%2Fwp-includes HTTP/1.1" 200 5402 "-" "Mozilla/5.0 AppleWebKit/537.36 (KHTML, like Gecko; compatible; ClaudeBot/1.0; +claudebot@anthropic.com)" 267 **0/267270**
20.171.207.65 - - [14/Sep/2025:05:42:59 -0700] "GET /?path=//lib64/python3.6/site-packages/cryptography/hazmat/backends/openssl/__pycache__ HTTP/1.1" 200 3572 "-" "Mozilla/5.0 AppleWebKit/537.36 (KHTML, like Gecko; compatible; GPTBot/1.2; +https://openai.com/gptbot)" 127 **0/127578**
216.73.216.168 - - [14/Sep/2025:05:43:02 -0700] "GET /pin-up-kazino-oficialnyj-sajt-pin-ap-vhod-na-564?fileloc=%2Fhome%2Fvrposilw0xwl%2Fpublic_html%2Fwp-admin%2Fcredits.php&path=%2Fhome%2Fvrposilw0xwl%2Fpublic_html%2Fwp-admin HTTP/1.1" 200 3460 "-" "Mozilla/5.0 AppleWebKit/537.36 (KHTML, like Gecko; compatible; ClaudeBot/1.0; +claudebot@anthropic.com)" 259 **0/259559**
20.171.207.65 - - [14/Sep/2025:05:43:02 -0700] "GET /xmlrpc.php?path=//opt/cloudlinux/venv/lib64/python3.11/site-packages/clcommon/public_hooks/bundle/directadmin/bin HTTP/1.1" 200 2817 "-" "Mozilla/5.0 AppleWebKit/537.36 (KHTML, like Gecko; compatible; GPTBot/1.2; +https://openai.com/gptbot)" 32 **0/32463**
216.73.216.168 - - [14/Sep/2025:05:43:05 -0700] "GET /skycrown-casino-welcome-offer-a-complete-guide-for-australian-players?fileloc=%2Fhome%2Fvrposilw0xwl%2Fpublic_html%2Fwp-signup.php&path=%2Fhome%2Fvrposilw0xwl%2Fpublic_html HTTP/1.1" 200 10052 "-" "Mozilla/5.0 AppleWebKit/537.36 (KHTML, like Gecko; compatible; ClaudeBot/1.0; +claudebot@anthropic.com)" 233 **0/233574**
20.171.207.65 - - [14/Sep/2025:05:43:05 -0700] "GET /?path=//opt/alt/python311/lib64/python3.11/distutils/command/__pycache__ HTTP/1.1" 200 3925 "-" "Mozilla/5.0 AppleWebKit/537.36 (KHTML, like Gecko; compatible; GPTBot/1.2; +https://openai.com/gptbot)" 122 **0/122167**
216.73.216.168 - - [14/Sep/2025:05:43:08 -0700] "GET /explore-the-exciting-world-of-jaya-9-casino-15/feed?fileloc=%2Fhome%2Fvrposilw0xwl%2Fpublic_html%2Fold%2F404.shtml&path=%2Fhome%2Fvrposilw0xwl%2Fpublic_html%2Fold HTTP/1.1" 200 2978 "-" "Mozilla/5.0 AppleWebKit/537.36 (KHTML, like Gecko; compatible; ClaudeBot/1.0; +claudebot@anthropic.com)" 239 **0/239964**
20.171.207.65 - - [14/Sep/2025:05:43:08 -0700] "GET /?path=//usr/lib/modules/4.18.0-553.53.1.lve.el8.x86_64/kernel/drivers/net/ethernet/realtek HTTP/1.1" 200 2720 "-" "Mozilla/5.0 AppleWebKit/537.36 (KHTML, like Gecko; compatible; GPTBot/1.2; +https://openai.com/gptbot)" 131 **0/131550**
216.73.216.168 - - [14/Sep/2025:05:43:11 -0700] "GET /explore-the-exciting-world-of-jaya-9-casino-15/feed?fileloc=%2Fhome%2Fvrposilw0xwl%2Fpublic_html%2Fwp-articles%2Fkazino-brilliks.php&path=%2Fhome%2Fvrposilw0xwl%2Fpublic_html%2Fwp-articles HTTP/1.1" 200 9320 "-" "Mozilla/5.0 AppleWebKit/537.36 (KHTML, like Gecko; compatible; ClaudeBot/1.0; +claudebot@anthropic.com)" 260 **0/260649**
20.171.207.65 - - [14/Sep/2025:05:43:11 -0700] "GET /?path=//usr/lib/modules/4.18.0-553.54.1.lve.el8.x86_64/kernel/drivers/net/ethernet/marvell HTTP/1.1" 200 2650 "-" "Mozilla/5.0 AppleWebKit/537.36 (KHTML, like Gecko; compatible; GPTBot/1.2; +https://openai.com/gptbot)" 130 **0/130841**
216.73.216.168 - - [14/Sep/2025:05:43:14 -0700] "GET /resmi-giris-adresi-guncel-mariobet-linki-2025?fileloc=%2Fhome%2Fvrposilw0xwl%2Fpublic_html%2Freadme.html&path=%2Fhome%2Fvrposilw0xwl%2Fpublic_html HTTP/1.1" 200 5147 "-" "Mozilla/5.0 AppleWebKit/537.36 (KHTML, like Gecko; compatible; ClaudeBot/1.0; +claudebot@anthropic.com)" 290 **0/290529**
20.171.207.65 - - [14/Sep/2025:05:43:15 -0700] "GET /?path=//usr/lib/modules/4.18.0-553.53.1.lve.el8.x86_64/kernel/drivers/net/ethernet/marvell HTTP/1.1" 200 2651 "-" "Mozilla/5.0 AppleWebKit/537.36 (KHTML, like Gecko; compatible; GPTBot/1.2; +https://openai.com/gptbot)" 119 **0/119621**
216.73.216.168 - - [14/Sep/2025:05:43:17 -0700] "GET /1win-skachat-prilozhenie-bukmekerskoj-kontory-1152/feed?fileloc=%2Fhome%2Fvrposilw0xwl%2Fpublic_html%2Fwp-admin%2Foptions-head.php&path=%2Fhome%2Fvrposilw0xwl%2Fpublic_html%2Fwp-admin HTTP/1.1" 200 2607 "-" "Mozilla/5.0 AppleWebKit/537.36 (KHTML, like Gecko; compatible; ClaudeBot/1.0; +claudebot@anthropic.com)" 245 **0/245413**
20.171.207.65 - - [14/Sep/2025:05:43:18 -0700] "GET /?path=//usr/lib/modules/4.18.0-553.54.1.lve.el8.x86_64/kernel/drivers/net/ethernet/realtek HTTP/1.1" 200 2720 "-" "Mozilla/5.0 AppleWebKit/537.36 (KHTML, like Gecko; compatible; GPTBot/1.2; +https://openai.com/gptbot)" 131 **0/131103**
216.73.216.168 - - [14/Sep/2025:05:43:20 -0700] "GET /1win-skachat-prilozhenie-bukmekerskoj-kontory-1152/feed?fileloc=%2Fhome%2Fvrposilw0xwl%2Fpublic_html%2Fwp-admin%2Fabout.php&path=%2Fhome%2Fvrposilw0xwl%2Fpublic_html%2Fwp-admin HTTP/1.1" 200 7853 "-" "Mozilla/5.0 AppleWebKit/537.36 (KHTML, like Gecko; compatible; ClaudeBot/1.0; +claudebot@anthropic.com)" 263 **0/263141**
20.171.207.65 - - [14/Sep/2025:05:43:21 -0700] "GET /?fileloc=//lib64/python3.6/site-packages/cryptography/hazmat/backends/openssl/__pycache__/cmac.cpython-36.opt-1.pyc&path=//lib64/python3.6/site-packages/cryptography/hazmat/backends/openssl/__pycache__ HTTP/1.1" 200 2355 "-" "Mozilla/5.0 AppleWebKit/537.36 (KHTML, like Gecko; compatible; GPTBot/1.2; +https://openai.com/gptbot)" 125 **0/125527**
216.73.216.168 - - [14/Sep/2025:05:43:23 -0700] "GET /tipobet-casino-tipobet-giri-adresi-tipobet365-932/feed?fileloc=%2Fhome%2Fvrposilw0xwl%2Fpublic_html%2Fwp-admin%2Fusers.php&path=%2Fhome%2Fvrposilw0xwl%2Fpublic_html%2Fwp-admin HTTP/1.1" 200 7813 "-" "Mozilla/5.0 AppleWebKit/537.36 (KHTML, like Gecko; compatible; ClaudeBot/1.0; +claudebot@anthropic.com)" 275 **0/275199**
216.73.216.168 - - [14/Sep/2025:05:43:26 -0700] "GET /tipobet-casino-tipobet-giri-adresi-tipobet365-932/feed?fileloc=%2Fhome%2Fvrposilw0xwl%2Fpublic_html%2Fwp-admin%2Fmenu.php&path=%2Fhome%2Fvrposilw0xwl%2Fpublic_html%2Fwp-admin HTTP/1.1" 200 6623 "-" "Mozilla/5.0 AppleWebKit/537.36 (KHTML, like Gecko; compatible; ClaudeBot/1.0; +claudebot@anthropic.com)" 224 **0/224494**
20.171.207.65 - - [14/Sep/2025:05:43:27 -0700] "GET /?path=//var/lib/mysql/dbrnyjvis2nqxq HTTP/1.1" 200 2336 "-" "Mozilla/5.0 AppleWebKit/537.36 (KHTML, like Gecko; compatible; GPTBot/1.2; +https://openai.com/gptbot)" 135 **0/135804**
216.73.216.168 - - [14/Sep/2025:05:43:29 -0700] "GET /explore-the-exciting-world-of-jaya-9-casino-15/feed?fileloc=%2Fhome%2Fvrposilw0xwl%2Fpublic_html%2Fwp-articles%2Fkazino-spinbetter.php&path=%2Fhome%2Fvrposilw0xwl%2Fpublic_html%2Fwp-articles HTTP/1.1" 200 10028 "-" "Mozilla/5.0 AppleWebKit/537.36 (KHTML, like Gecko; compatible; ClaudeBot/1.0; +claudebot@anthropic.com)" 231 **0/231486**
20.171.207.65 - - [14/Sep/2025:05:43:30 -0700] "GET /?fileloc=//lib64/libboost_atomic.so.1.66.0&path=//lib64 HTTP/1.1" 200 2258 "-" "Mozilla/5.0 AppleWebKit/537.36 (KHTML, like Gecko; compatible; GPTBot/1.2; +https://openai.com/gptbot)" 141 **0/141224**
216.73.216.168 - - [14/Sep/2025:05:43:32 -0700] "GET /1win-onlayn-kazino-ozbekistonda-mobil-ilova-2880?fileloc=%2Fhome%2Fvrposilw0xwl%2Fpublic_html%2Fwp-includes%2Fpost-template.php&path=%2Fhome%2Fvrposilw0xwl%2Fpublic_html%2Fwp-includes HTTP/1.1" 200 18127 "-" "Mozilla/5.0 AppleWebKit/537.36 (KHTML, like Gecko; compatible; ClaudeBot/1.0; +claudebot@anthropic.com)" 243 **0/243755**
20.171.207.65 - - [14/Sep/2025:05:43:34 -0700] "GET /xmlrpc.php?path=//lib64/perl5/vendor_perl/Data HTTP/1.1" 200 2594 "-" "Mozilla/5.0 AppleWebKit/537.36 (KHTML, like Gecko; compatible; GPTBot/1.2; +https://openai.com/gptbot)" 40 **0/40537**
216.73.216.168 - - [14/Sep/2025:05:43:35 -0700] "GET /1win-onlayn-kazino-ozbekistonda-hisobni-tekshirish-223/feed?fileloc=%2Fhome%2Fvrposilw0xwl%2Fpublic_html%2Fwp-admin%2Fms-delete-site.php&path=%2Fhome%2Fvrposilw0xwl%2Fpublic_html%2Fwp-admin HTTP/1.1" 200 4016 "-" "Mozilla/5.0 AppleWebKit/537.36 (KHTML, like Gecko; compatible; ClaudeBot/1.0; +claudebot@anthropic.com)" 244 **0/244264**
20.171.207.65 - - [14/Sep/2025:05:43:37 -0700] "GET /inputs.php?path=//lib64/perl5/vendor_perl/Data HTTP/1.1" 200 2594 "-" "Mozilla/5.0 AppleWebKit/537.36 (KHTML, like Gecko; compatible; GPTBot/1.2; +https://openai.com/gptbot)" 128 **0/128976**
216.73.216.168 - - [14/Sep/2025:05:43:38 -0700] "GET /v-luchshih-kazino-onlajn-2025-igraem-po-krupnomu-153?fileloc=%2Fhome%2Fvrposilw0xwl%2Fpublic_html%2Fwp-admin%2Fuser%2Findex.php&path=%2Fhome%2Fvrposilw0xwl%2Fpublic_html%2Fwp-admin%2Fuser HTTP/1.1" 200 2408 "-" "Mozilla/5.0 AppleWebKit/537.36 (KHTML, like Gecko; compatible; ClaudeBot/1.0; +claudebot@anthropic.com)" 238 **0/238617**
20.171.207.65 - - [14/Sep/2025:05:43:40 -0700] "GET /inputs.php?path=//lib64/perl5/vendor_perl/List HTTP/1.1" 200 2656 "-" "Mozilla/5.0 AppleWebKit/537.36 (KHTML, like Gecko; compatible; GPTBot/1.2; +https://openai.com/gptbot)" 135 **0/135304**
216.73.216.168 - - [14/Sep/2025:05:43:41 -0700] "GET /v-luchshih-kazino-onlajn-2025-igraem-po-krupnomu-153?fileloc=%2Fhome%2Fvrposilw0xwl%2Fpublic_html%2Fwp-admin%2Foptions-writing.php&path=%2Fhome%2Fvrposilw0xwl%2Fpublic_html%2Fwp-admin HTTP/1.1" 200 5166 "-" "Mozilla/5.0 AppleWebKit/537.36 (KHTML, like Gecko; compatible; ClaudeBot/1.0; +claudebot@anthropic.com)" 216 **0/216976**
20.171.207.65 - - [14/Sep/2025:05:43:43 -0700] "GET /wp-admin/post.php?fileloc=//lib64/libp11.so.3.4.2&path=//lib64 HTTP/1.1" 200 2252 "-" "Mozilla/5.0 AppleWebKit/537.36 (KHTML, like Gecko; compatible; GPTBot/1.2; +https://openai.com/gptbot)" 505 **0/505591**
216.73.216.168 - - [14/Sep/2025:05:43:44 -0700] "GET /?fileloc=%2Fhome%2Fvrposilw0xwl%2Fpublic_html%2Fwp-admin%2Fimages%2Fbrowser-rtl.png&path=%2Fhome%2Fvrposilw0xwl%2Fpublic_html%2Fwp-admin%2Fimages HTTP/1.1" 200 2281 "-" "Mozilla/5.0 AppleWebKit/537.36 (KHTML, like Gecko; compatible; ClaudeBot/1.0; +claudebot@anthropic.com)" 217 **0/217207**
20.171.207.65 - - [14/Sep/2025:05:43:46 -0700] "GET /inputs.php?path=//lib64/perl5/vendor_perl/auto/Devel HTTP/1.1" 200 2611 "-" "Mozilla/5.0 AppleWebKit/537.36 (KHTML, like Gecko; compatible; GPTBot/1.2; +https://openai.com/gptbot)" 122 **0/122358**
216.73.216.168 - - [14/Sep/2025:05:43:47 -0700] "GET /penny-slot-machines-a-comprehensive-overview-to-playing-and-winning?fileloc=%2Fhome%2Fvrposilw0xwl%2Fpublic_html%2Fold%2Fwp-admin%2Fimages%2Fxit-2x.gif&path=%2Fhome%2Fvrposilw0xwl%2Fpublic_html%2Fold%2Fwp-admin%2Fimages HTTP/1.1" 200 2290 "-" "Mozilla/5.0 AppleWebKit/537.36 (KHTML, like Gecko; compatible; ClaudeBot/1.0; +claudebot@anthropic.com)" 261 **0/261094**
20.171.207.65 - - [14/Sep/2025:05:43:49 -0700] "GET /?path=//lib/tuned/cloudlinux-dummy HTTP/1.1" 200 2582 "-" "Mozilla/5.0 AppleWebKit/537.36 (KHTML, like Gecko; compatible; GPTBot/1.2; +https://openai.com/gptbot)" 126 **0/126542**
216.73.216.168 - - [14/Sep/2025:05:43:50 -0700] "GET /tipobet-casino-tipobet-giri-adresi-tipobet365-932/feed?fileloc=%2Fhome%2Fvrposilw0xwl%2Fpublic_html%2Fwp-admin%2Fthemes.php&path=%2Fhome%2Fvrposilw0xwl%2Fpublic_html%2Fwp-admin HTTP/1.1" 200 10774 "-" "Mozilla/5.0 AppleWebKit/537.36 (KHTML, like Gecko; compatible; ClaudeBot/1.0; +claudebot@anthropic.com)" 243 **0/243995**
20.171.207.65 - - [14/Sep/2025:05:43:52 -0700] "GET /inputs.php?path=//lib64/perl5/vendor_perl/auto/Data HTTP/1.1" 200 2582 "-" "Mozilla/5.0 AppleWebKit/537.36 (KHTML, like Gecko; compatible; GPTBot/1.2; +https://openai.com/gptbot)" 130 **0/130701**
216.73.216.168 - - [14/Sep/2025:05:43:53 -0700] "GET /claiming-deposit-bonuses-at-rocketplay-casino-for-australian-players?fileloc=%2Fhome%2Fvrposilw0xwl%2Fpublic_html%2Fwp-config.php&path=%2Fhome%2Fvrposilw0xwl%2Fpublic_html HTTP/1.1" 200 3786 "-" "Mozilla/5.0 AppleWebKit/537.36 (KHTML, like Gecko; compatible; ClaudeBot/1.0; +claudebot@anthropic.com)" 258 **0/258549**
20.171.207.65 - - [14/Sep/2025:05:43:55 -0700] "GET /?path=//lib64/python3.6/site-packages/pygtkcompat/__pycache__ HTTP/1.1" 200 2758 "-" "Mozilla/5.0 AppleWebKit/537.36 (KHTML, like Gecko; compatible; GPTBot/1.2; +https://openai.com/gptbot)" 122 **0/122017**
216.73.216.168 - - [14/Sep/2025:05:43:56 -0700] "GET /1win-onlayn-kazino-ozbekistonda-mobil-ilova-2880?fileloc=%2Fhome%2Fvrposilw0xwl%2Fpublic_html%2Fwp-includes%2Fclass-wp-tax-query.php&path=%2Fhome%2Fvrposilw0xwl%2Fpublic_html%2Fwp-includes HTTP/1.1" 200 7355 "-" "Mozilla/5.0 AppleWebKit/537.36 (KHTML, like Gecko; compatible; ClaudeBot/1.0; +claudebot@anthropic.com)" 256 **0/256098**
216.73.216.168 - - [14/Sep/2025:05:43:58 -0700] "GET /robots.txt HTTP/1.1" 200 84 "-" "Mozilla/5.0 AppleWebKit/537.36 (KHTML, like Gecko; compatible; ClaudeBot/1.0; +claudebot@anthropic.com)" 5 **0/5495**
20.171.207.65 - - [14/Sep/2025:05:43:58 -0700] "GET /inputs.php?path=//opt/cloudlinux/venv/lib64/python3.11/site-packages/pip/_vendor/urllib3/contrib/_securetransport HTTP/1.1" 200 2830 "-" "Mozilla/5.0 AppleWebKit/537.36 (KHTML, like Gecko; compatible; GPTBot/1.2; +https://openai.com/gptbot)" 121 **0/121909**
216.73.216.168 - - [14/Sep/2025:05:43:59 -0700] "GET /claiming-deposit-bonuses-at-rocketplay-casino-for-australian-players?fileloc=%2Fhome%2Fvrposilw0xwl%2Fpublic_html%2Fxmlrpc.php&path=%2Fhome%2Fvrposilw0xwl%2Fpublic_html HTTP/1.1" 403 3820 "-" "Mozilla/5.0 AppleWebKit/537.36 (KHTML, like Gecko; compatible; ClaudeBot/1.0; +claudebot@anthropic.com)" 260 **0/260807**
20.171.207.65 - - [14/Sep/2025:05:44:02 -0700] "GET /?fileloc=//lib/tuned/cloudlinux-dummy/tuned.conf&path=//lib/tuned/cloudlinux-dummy HTTP/1.1" 200 2317 "-" "Mozilla/5.0 AppleWebKit/537.36 (KHTML, like Gecko; compatible; GPTBot/1.2; +https://openai.com/gptbot)" 188 **0/188429**
216.73.216.168 - - [14/Sep/2025:05:44:02 -0700] "GET /explore-the-exciting-world-of-jaya-9-casino-15/feed?fileloc=%2Fhome%2Fvrposilw0xwl%2Fpublic_html%2Fwp-admin%2Ferror_log&path=%2Fhome%2Fvrposilw0xwl%2Fpublic_html%2Fwp-admin HTTP/1.1" 403 3820 "-" "Mozilla/5.0 AppleWebKit/537.36 (KHTML, like Gecko; compatible; ClaudeBot/1.0; +claudebot@anthropic.com)" 259 **0/259161**
20.171.207.65 - - [14/Sep/2025:05:44:05 -0700] "GET /xmlrpc.php?path=//opt/cloudlinux/venv/lib64/python3.11/site-packages/raven/contrib/django/management/commands HTTP/1.1" 200 2795 "-" "Mozilla/5.0 AppleWebKit/537.36 (KHTML, like Gecko; compatible; GPTBot/1.2; +https://openai.com/gptbot)" 32 **0/32563**
216.73.216.168 - - [14/Sep/2025:05:44:06 -0700] "GET /casino-en-ligne-golden-panda-application-mobile-121/feed?fileloc=%2Fhome%2Fvrposilw0xwl%2Fpublic_html%2Fwp-includes%2Fblocks%2Fpullquote%2Fstyle.min.css&path=%2Fhome%2Fvrposilw0xwl%2Fpublic_html%2Fwp-includes%2Fblocks%2Fpullquote HTTP/1.1" 403 3820 "-" "Mozilla/5.0 AppleWebKit/537.36 (KHTML, like Gecko; compatible; ClaudeBot/1.0; +claudebot@anthropic.com)" 217 **0/217157**
20.171.207.65 - - [14/Sep/2025:05:44:08 -0700] "GET /inputs.php?path=//lib64/perl5/vendor_perl/auto/Data/Dumper HTTP/1.1" 200 2616 "-" "Mozilla/5.0 AppleWebKit/537.36 (KHTML, like Gecko; compatible; GPTBot/1.2; +https://openai.com/gptbot)" 121 **0/121601**
216.73.216.168 - - [14/Sep/2025:05:44:10 -0700] "GET /skycrown-casino-welcome-offer-a-complete-guide-for-australian-players?fileloc=%2Fhome%2Fvrposilw0xwl%2Fpublic_html%2Fstepl.php&path=%2Fhome%2Fvrposilw0xwl%2Fpublic_html HTTP/1.1" 403 3820 "-" "Mozilla/5.0 AppleWebKit/537.36 (KHTML, like Gecko; compatible; ClaudeBot/1.0; +claudebot@anthropic.com)" 247 **0/247136**
20.171.207.65 - - [14/Sep/2025:05:44:11 -0700] "GET /?path=//lib/modules/4.18.0-553.54.1.lve.el8.x86_64/kernel/kernel HTTP/1.1" 200 2707 "-" "Mozilla/5.0 AppleWebKit/537.36 (KHTML, like Gecko; compatible; GPTBot/1.2; +https://openai.com/gptbot)" 131 **0/131104**
216.73.216.168 - - [14/Sep/2025:05:44:11 -0700] "GET /1win-onlayn-kazino-ozbekistonda-hisobni-tekshirish-223/feed?fileloc=%2Fhome%2Fvrposilw0xwl%2Fpublic_html%2Fwp-admin%2Fload-styles.php&path=%2Fhome%2Fvrposilw0xwl%2Fpublic_html%2Fwp-admin HTTP/1.1" 403 3820 "-" "Mozilla/5.0 AppleWebKit/537.36 (KHTML, like Gecko; compatible; ClaudeBot/1.0; +claudebot@anthropic.com)" 255 **0/255954**
216.73.216.168 - - [14/Sep/2025:05:44:14 -0700] "GET /1win-onlayn-kazino-ozbekistonda-hisobni-tekshirish-223/feed?fileloc=%2Fhome%2Fvrposilw0xwl%2Fpublic_html%2Fwp-includes%2Fl10n.php&path=%2Fhome%2Fvrposilw0xwl%2Fpublic_html%2Fwp-includes HTTP/1.1" 403 3820 "-" "Mozilla/5.0 AppleWebKit/537.36 (KHTML, like Gecko; compatible; ClaudeBot/1.0; +claudebot@anthropic.com)" 246 **0/246254**
20.171.207.65 - - [14/Sep/2025:05:44:14 -0700] "GET /?path=//lib/modules/4.18.0-553.53.1.lve.el8.x86_64/kernel/kernel HTTP/1.1" 200 2709 "-" "Mozilla/5.0 AppleWebKit/537.36 (KHTML, like Gecko; compatible; GPTBot/1.2; +https://openai.com/gptbot)" 128 **0/128712**
216.73.216.168 - - [14/Sep/2025:05:44:17 -0700] "GET /retirada-en-tenis-stake?fileloc=%2Fhome%2Fvrposilw0xwl%2Fpublic_html%2Fwp-includes%2Fimages%2Fdown_arrow-2x.gif&path=%2Fhome%2Fvrposilw0xwl%2Fpublic_html%2Fwp-includes%2Fimages HTTP/1.1" 403 3820 "-" "Mozilla/5.0 AppleWebKit/537.36 (KHTML, like Gecko; compatible; ClaudeBot/1.0; +claudebot@anthropic.com)" 239 **0/239614**
20.171.207.65 - - [14/Sep/2025:05:44:17 -0700] "GET /?fileloc=//lib/systemd/system/dbus-org.freedesktop.timedate1.service&path=//lib/systemd/system HTTP/1.1" 200 2804 "-" "Mozilla/5.0 AppleWebKit/537.36 (KHTML, like Gecko; compatible; GPTBot/1.2; +https://openai.com/gptbot)" 126 **0/126908**
57.141.2.8 - - [14/Sep/2025:05:44:18 -0700] "GET /goods/16239364.html HTTP/1.1" 200 72275 "-" "meta-externalagent/1.1 (+https://developers.facebook.com/docs/sharing/webmasters/crawler)" 134 **0/134787**
216.73.216.168 - - [14/Sep/2025:05:44:20 -0700] "GET /explore-the-exciting-world-of-jaya-9-casino-15/feed?fileloc=%2Fhome%2Fvrposilw0xwl%2Fpublic_html%2Fwp-content%2F.htaccess&path=%2Fhome%2Fvrposilw0xwl%2Fpublic_html%2Fwp-content HTTP/1.1" 403 3820 "-" "Mozilla/5.0 AppleWebKit/537.36 (KHTML, like Gecko; compatible; ClaudeBot/1.0; +claudebot@anthropic.com)" 248 **0/248999**
20.171.207.65 - - [14/Sep/2025:05:44:20 -0700] "GET /?path=//lib/modules/4.18.0-553.62.1.lve.el8.x86_64/kernel/kernel HTTP/1.1" 200 2712 "-" "Mozilla/5.0 AppleWebKit/537.36 (KHTML, like Gecko; compatible; GPTBot/1.2; +https://openai.com/gptbot)" 130 **0/130125**
20.171.207.65 - - [14/Sep/2025:05:44:23 -0700] "GET /xmlrpc.php?path=//opt/cloudlinux/venv/lib64/python3.11/site-packages/raven/contrib/django/management/commands/__pycache__ HTTP/1.1" 200 2756 "-" "Mozilla/5.0 AppleWebKit/537.36 (KHTML, like Gecko; compatible; GPTBot/1.2; +https://openai.com/gptbot)" 41 **0/41789**
20.171.207.65 - - [14/Sep/2025:05:44:27 -0700] "GET /inputs.php?fileloc=//lib64/perl5/vendor_perl/auto/Data/Dumper/Dumper.so&path=//lib64/perl5/vendor_perl/auto/Data/Dumper HTTP/1.1" 200 2299 "-" "Mozilla/5.0 AppleWebKit/537.36 (KHTML, like Gecko; compatible; GPTBot/1.2; +https://openai.com/gptbot)" 123 **0/123182**
20.171.207.65 - - [14/Sep/2025:05:44:30 -0700] "GET /?path=//lib/modules/4.18.0-553.54.1.lve.el8.x86_64/kernel/kernel/locking HTTP/1.1" 200 2343 "-" "Mozilla/5.0 AppleWebKit/537.36 (KHTML, like Gecko; compatible; GPTBot/1.2; +https://openai.com/gptbot)" 135 **0/135407**
20.171.207.65 - - [14/Sep/2025:05:44:33 -0700] "GET /?path=//lib/modules/4.18.0-553.53.1.lve.el8.x86_64/kernel/kernel/locking HTTP/1.1" 200 2344 "-" "Mozilla/5.0 AppleWebKit/537.36 (KHTML, like Gecko; compatible; GPTBot/1.2; +https://openai.com/gptbot)" 113 **0/113748**
20.171.207.65 - - [14/Sep/2025:05:44:36 -0700] "GET /?path=//lib/modules/4.18.0-553.62.1.lve.el8.x86_64/kernel/kernel/locking HTTP/1.1" 200 2348 "-" "Mozilla/5.0 AppleWebKit/537.36 (KHTML, like Gecko; compatible; GPTBot/1.2; +https://openai.com/gptbot)" 136 **0/136456**
20.171.207.65 - - [14/Sep/2025:05:44:39 -0700] "GET /?path=//lib/modules/4.18.0-553.53.1.lve.el8.x86_64/kernel/kernel/trace HTTP/1.1" 200 2621 "-" "Mozilla/5.0 AppleWebKit/537.36 (KHTML, like Gecko; compatible; GPTBot/1.2; +https://openai.com/gptbot)" 119 **0/119918**
20.171.207.65 - - [14/Sep/2025:05:44:42 -0700] "GET /?path=//lib/modules/4.18.0-553.54.1.lve.el8.x86_64/kernel/kernel/time HTTP/1.1" 200 2340 "-" "Mozilla/5.0 AppleWebKit/537.36 (KHTML, like Gecko; compatible; GPTBot/1.2; +https://openai.com/gptbot)" 131 **0/131207**
20.171.207.65 - - [14/Sep/2025:05:44:45 -0700] "GET /?path=//lib/modules/4.18.0-553.54.1.lve.el8.x86_64/kernel/kernel/trace HTTP/1.1" 200 2619 "-" "Mozilla/5.0 AppleWebKit/537.36 (KHTML, like Gecko; compatible; GPTBot/1.2; +https://openai.com/gptbot)" 138 **0/138644**
20.171.207.65 - - [14/Sep/2025:05:44:49 -0700] "GET /?path=//lib/modules/4.18.0-553.53.1.lve.el8.x86_64/kernel/kernel/time HTTP/1.1" 200 2341 "-" "Mozilla/5.0 AppleWebKit/537.36 (KHTML, like Gecko; compatible; GPTBot/1.2; +https://openai.com/gptbot)" 131 **0/131187**
20.171.207.65 - - [14/Sep/2025:05:44:52 -0700] "GET /?path=//lib/python3.6/site-packages/setuptools/_vendor/packaging/__pycache__ HTTP/1.1" 200 3064 "-" "Mozilla/5.0 AppleWebKit/537.36 (KHTML, like Gecko; compatible; GPTBot/1.2; +https://openai.com/gptbot)" 128 **0/128964**
20.171.207.65 - - [14/Sep/2025:05:44:55 -0700] "GET /?path=//opt/alt/php72/usr/lib64/php-zts HTTP/1.1" 200 2616 "-" "Mozilla/5.0 AppleWebKit/537.36 (KHTML, like Gecko; compatible; GPTBot/1.2; +https://openai.com/gptbot)" 128 **0/128744**
20.171.207.65 - - [14/Sep/2025:05:44:58 -0700] "GET /inputs.php?path=//opt/cloudlinux/venv/lib64/python3.11/site-packages/pip/_vendor/idna/__pycache__ HTTP/1.1" 200 2923 "-" "Mozilla/5.0 AppleWebKit/537.36 (KHTML, like Gecko; compatible; GPTBot/1.2; +https://openai.com/gptbot)" 117 **0/117491**
66.249.73.235 - - [14/Sep/2025:05:44:58 -0700] "GET /26381043?goodscode=0026345686 HTTP/1.1" 200 24833 "-" "Mozilla/5.0 (Linux; Android 6.0.1; Nexus 5X Build/MMB29P) AppleWebKit/537.36 (KHTML, like Gecko) Chrome/140.0.7339.127 Mobile Safari/537.36 (compatible; Googlebot/2.1; +http://www.google.com/bot.html)" 625 **0/625183**
20.171.207.65 - - [14/Sep/2025:05:45:01 -0700] "GET /inputs.php?path=//opt/cloudlinux/venv/lib64/python3.11/site-packages/pip/_internal/cli/__pycache__ HTTP/1.1" 200 3102 "-" "Mozilla/5.0 AppleWebKit/537.36 (KHTML, like Gecko; compatible; GPTBot/1.2; +https://openai.com/gptbot)" 119 **0/119841**
20.171.207.65 - - [14/Sep/2025:05:45:04 -0700] "GET /?path=//var/lib/mysql/i10076382_h2nb1 HTTP/1.1" 200 2333 "-" "Mozilla/5.0 AppleWebKit/537.36 (KHTML, like Gecko; compatible; GPTBot/1.2; +https://openai.com/gptbot)" 118 **0/118364**
20.171.207.65 - - [14/Sep/2025:05:45:07 -0700] "GET /?fileloc=//lib64/gconv/ISO8859-9E.so&path=//lib64/gconv HTTP/1.1" 200 2262 "-" "Mozilla/5.0 AppleWebKit/537.36 (KHTML, like Gecko; compatible; GPTBot/1.2; +https://openai.com/gptbot)" 121 **0/121980**
20.171.207.65 - - [14/Sep/2025:05:45:11 -0700] "GET /?fileloc=//lib/python3.6/site-packages/setuptools/_vendor/packaging/__pycache__/version.cpython-36.pyc&path=//lib/python3.6/site-packages/setuptools/_vendor/packaging/__pycache__ HTTP/1.1" 200 2338 "-" "Mozilla/5.0 AppleWebKit/537.36 (KHTML, like Gecko; compatible; GPTBot/1.2; +https://openai.com/gptbot)" 126 **0/126579**
20.171.207.65 - - [14/Sep/2025:05:45:14 -0700] "GET /?path=//opt/alt/php72/usr/lib64/php-zts/build HTTP/1.1" 200 3021 "-" "Mozilla/5.0 AppleWebKit/537.36 (KHTML, like Gecko; compatible; GPTBot/1.2; +https://openai.com/gptbot)" 148 **0/148797**
20.171.207.65 - - [14/Sep/2025:05:45:17 -0700] "GET /?path=//opt/alt/php72/usr/lib64/php-zts/modules HTTP/1.1" 200 5588 "-" "Mozilla/5.0 AppleWebKit/537.36 (KHTML, like Gecko; compatible; GPTBot/1.2; +https://openai.com/gptbot)" 134 **0/134017**
20.171.207.65 - - [14/Sep/2025:05:45:20 -0700] "GET /bloqueadores-de-la-aromatasa-un-curso-integral-para-comprender-su-uso-y-beneficios-4?path=/ HTTP/1.1" 200 2901 "-" "Mozilla/5.0 AppleWebKit/537.36 (KHTML, like Gecko; compatible; GPTBot/1.2; +https://openai.com/gptbot)" 134 **0/134990**
20.171.207.65 - - [14/Sep/2025:05:45:29 -0700] "GET /?path=//lib/modules/4.18.0-553.62.1.lve.el8.x86_64/kernel/drivers/net/wireless/realtek/rtlwifi/rtl8723com HTTP/1.1" 200 2670 "-" "Mozilla/5.0 AppleWebKit/537.36 (KHTML, like Gecko; compatible; GPTBot/1.2; +https://openai.com/gptbot)" 141 **0/141097**
20.171.207.65 - - [14/Sep/2025:05:45:36 -0700] "GET /?fileloc=//opt/alt/php72/usr/lib64/php-zts/modules/memcache.so&path=//opt/alt/php72/usr/lib64/php-zts/modules HTTP/1.1" 200 2310 "-" "Mozilla/5.0 AppleWebKit/537.36 (KHTML, like Gecko; compatible; GPTBot/1.2; +https://openai.com/gptbot)" 123 **0/123429**
20.171.207.65 - - [14/Sep/2025:05:45:39 -0700] "GET /bloqueadores-de-la-aromatasa-un-curso-integral-para-comprender-su-uso-y-beneficios-4?path=//usr HTTP/1.1" 200 2761 "-" "Mozilla/5.0 AppleWebKit/537.36 (KHTML, like Gecko; compatible; GPTBot/1.2; +https://openai.com/gptbot)" 138 **0/138937**
20.171.207.65 - - [14/Sep/2025:05:45:42 -0700] "GET /bloqueadores-de-la-aromatasa-un-curso-integral-para-comprender-su-uso-y-beneficios-4?path=//root HTTP/1.1" 200 2291 "-" "Mozilla/5.0 AppleWebKit/537.36 (KHTML, like Gecko; compatible; GPTBot/1.2; +https://openai.com/gptbot)" 131 **0/131169**
20.171.207.65 - - [14/Sep/2025:05:45:45 -0700] "GET /bloqueadores-de-la-aromatasa-un-curso-integral-para-comprender-su-uso-y-beneficios-4?path=//opt HTTP/1.1" 200 2746 "-" "Mozilla/5.0 AppleWebKit/537.36 (KHTML, like Gecko; compatible; GPTBot/1.2; +https://openai.com/gptbot)" 138 **0/138667**
20.171.207.65 - - [14/Sep/2025:05:45:48 -0700] "GET /bloqueadores-de-la-aromatasa-un-curso-integral-para-comprender-su-uso-y-beneficios-4?path=//proc HTTP/1.1" 200 4077 "-" "Mozilla/5.0 AppleWebKit/537.36 (KHTML, like Gecko; compatible; GPTBot/1.2; +https://openai.com/gptbot)" 133 **0/133265**
20.171.207.65 - - [14/Sep/2025:05:45:51 -0700] "GET /bloqueadores-de-la-aromatasa-un-curso-integral-para-comprender-su-uso-y-beneficios-4?path=//etc HTTP/1.1" 200 4600 "-" "Mozilla/5.0 AppleWebKit/537.36 (KHTML, like Gecko; compatible; GPTBot/1.2; +https://openai.com/gptbot)" 148 **0/148613**
20.171.207.65 - - [14/Sep/2025:05:45:54 -0700] "GET /bloqueadores-de-la-aromatasa-un-curso-integral-para-comprender-su-uso-y-beneficios-4?path=//lib HTTP/1.1" 200 3514 "-" "Mozilla/5.0 AppleWebKit/537.36 (KHTML, like Gecko; compatible; GPTBot/1.2; +https://openai.com/gptbot)" 139 **0/139233**
20.171.207.65 - - [14/Sep/2025:05:45:57 -0700] "GET /bloqueadores-de-la-aromatasa-un-curso-integral-para-comprender-su-uso-y-beneficios-4?path=//usr/selector HTTP/1.1" 200 2606 "-" "Mozilla/5.0 AppleWebKit/537.36 (KHTML, like Gecko; compatible; GPTBot/1.2; +https://openai.com/gptbot)" 120 **0/120165**
66.249.73.233 - - [14/Sep/2025:05:45:59 -0700] "GET /26362398?goodscode=0026327066 HTTP/1.1" 200 27308 "-" "Mozilla/5.0 (Linux; Android 6.0.1; Nexus 5X Build/MMB29P) AppleWebKit/537.36 (KHTML, like Gecko) Chrome/140.0.7339.127 Mobile Safari/537.36 (compatible; Googlebot/2.1; +http://www.google.com/bot.html)" 625 **0/625732**
20.171.207.65 - - [14/Sep/2025:05:46:01 -0700] "GET /bloqueadores-de-la-aromatasa-un-curso-integral-para-comprender-su-uso-y-beneficios-4?path=//opt/alt HTTP/1.1" 200 3977 "-" "Mozilla/5.0 AppleWebKit/537.36 (KHTML, like Gecko; compatible; GPTBot/1.2; +https://openai.com/gptbot)" 124 **0/124694**
20.171.207.65 - - [14/Sep/2025:05:46:04 -0700] "GET /bloqueadores-de-la-aromatasa-un-curso-integral-para-comprender-su-uso-y-beneficios-4?path=//proc/net HTTP/1.1" 200 3681 "-" "Mozilla/5.0 AppleWebKit/537.36 (KHTML, like Gecko; compatible; GPTBot/1.2; +https://openai.com/gptbot)" 122 **0/122903**
20.171.207.65 - - [14/Sep/2025:05:46:07 -0700] "GET /bloqueadores-de-la-aromatasa-un-curso-integral-para-comprender-su-uso-y-beneficios-4?path=//usr/local HTTP/1.1" 200 2675 "-" "Mozilla/5.0 AppleWebKit/537.36 (KHTML, like Gecko; compatible; GPTBot/1.2; +https://openai.com/gptbot)" 155 **0/155942**
20.171.207.65 - - [14/Sep/2025:05:46:10 -0700] "GET /bloqueadores-de-la-aromatasa-un-curso-integral-para-comprender-su-uso-y-beneficios-4?fileloc=//etc/skipsmtpcheckhosts&path=//etc HTTP/1.1" 200 2253 "-" "Mozilla/5.0 AppleWebKit/537.36 (KHTML, like Gecko; compatible; GPTBot/1.2; +https://openai.com/gptbot)" 126 **0/126981**
20.171.207.65 - - [14/Sep/2025:05:46:13 -0700] "GET /bloqueadores-de-la-aromatasa-un-curso-integral-para-comprender-su-uso-y-beneficios-4?path=//lib/.build-id HTTP/1.1" 200 4597 "-" "Mozilla/5.0 AppleWebKit/537.36 (KHTML, like Gecko; compatible; GPTBot/1.2; +https://openai.com/gptbot)" 135 **0/135766**
20.171.207.65 - - [14/Sep/2025:05:46:17 -0700] "GET /bloqueadores-de-la-aromatasa-un-curso-integral-para-comprender-su-uso-y-beneficios-4?path=//etc/cl.php.d HTTP/1.1" 200 2707 "-" "Mozilla/5.0 AppleWebKit/537.36 (KHTML, like Gecko; compatible; GPTBot/1.2; +https://openai.com/gptbot)" 138 **0/138313**
20.171.207.65 - - [14/Sep/2025:05:46:20 -0700] "GET /bloqueadores-de-la-aromatasa-un-curso-integral-para-comprender-su-uso-y-beneficios-4?path=//opt/alt/dav1d HTTP/1.1" 200 2578 "-" "Mozilla/5.0 AppleWebKit/537.36 (KHTML, like Gecko; compatible; GPTBot/1.2; +https://openai.com/gptbot)" 193 **0/193699**
20.171.207.65 - - [14/Sep/2025:05:46:23 -0700] "GET /bloqueadores-de-la-aromatasa-un-curso-integral-para-comprender-su-uso-y-beneficios-4?fileloc=//proc/net/arp&path=//proc/net HTTP/1.1" 200 2254 "-" "Mozilla/5.0 AppleWebKit/537.36 (KHTML, like Gecko; compatible; GPTBot/1.2; +https://openai.com/gptbot)" 139 **0/139362**
20.171.207.65 - - [14/Sep/2025:05:46:26 -0700] "GET /bloqueadores-de-la-aromatasa-un-curso-integral-para-comprender-su-uso-y-beneficios-4?fileloc=//proc/net/icmp&path=//proc/net HTTP/1.1" 200 2255 "-" "Mozilla/5.0 AppleWebKit/537.36 (KHTML, like Gecko; compatible; GPTBot/1.2; +https://openai.com/gptbot)" 116 **0/116540**
20.171.207.65 - - [14/Sep/2025:05:46:29 -0700] "GET /bloqueadores-de-la-aromatasa-un-curso-integral-para-comprender-su-uso-y-beneficios-4?path=//lib/.build-id/2e HTTP/1.1" 200 3151 "-" "Mozilla/5.0 AppleWebKit/537.36 (KHTML, like Gecko; compatible; GPTBot/1.2; +https://openai.com/gptbot)" 130 **0/130712**
20.171.207.65 - - [14/Sep/2025:05:46:32 -0700] "GET /bloqueadores-de-la-aromatasa-un-curso-integral-para-comprender-su-uso-y-beneficios-4?path=//etc/cl.php.d/alt-php82 HTTP/1.1" 200 2575 "-" "Mozilla/5.0 AppleWebKit/537.36 (KHTML, like Gecko; compatible; GPTBot/1.2; +https://openai.com/gptbot)" 130 **0/130680**
20.171.207.65 - - [14/Sep/2025:05:46:36 -0700] "GET /bloqueadores-de-la-aromatasa-un-curso-integral-para-comprender-su-uso-y-beneficios-4?path=//lib/.build-id/da HTTP/1.1" 200 3066 "-" "Mozilla/5.0 AppleWebKit/537.36 (KHTML, like Gecko; compatible; GPTBot/1.2; +https://openai.com/gptbot)" 163 **0/163775**
20.171.207.65 - - [14/Sep/2025:05:46:39 -0700] "GET /bloqueadores-de-la-aromatasa-un-curso-integral-para-comprender-su-uso-y-beneficios-4?path=//lib/.build-id/ad HTTP/1.1" 200 3155 "-" "Mozilla/5.0 AppleWebKit/537.36 (KHTML, like Gecko; compatible; GPTBot/1.2; +https://openai.com/gptbot)" 138 **0/138749**
20.171.207.65 - - [14/Sep/2025:05:46:42 -0700] "GET /bloqueadores-de-la-aromatasa-un-curso-integral-para-comprender-su-uso-y-beneficios-4?fileloc=//proc/net/snmp&path=//proc/net HTTP/1.1" 200 2255 "-" "Mozilla/5.0 AppleWebKit/537.36 (KHTML, like Gecko; compatible; GPTBot/1.2; +https://openai.com/gptbot)" 132 **0/132472**
20.171.207.65 - - [14/Sep/2025:05:46:45 -0700] "GET /bloqueadores-de-la-aromatasa-un-curso-integral-para-comprender-su-uso-y-beneficios-4?fileloc=//proc/net/raw&path=//proc/net HTTP/1.1" 200 2365 "-" "Mozilla/5.0 AppleWebKit/537.36 (KHTML, like Gecko; compatible; GPTBot/1.2; +https://openai.com/gptbot)" 115 **0/115011**
20.171.207.65 - - [14/Sep/2025:05:46:48 -0700] "GET /bloqueadores-de-la-aromatasa-un-curso-integral-para-comprender-su-uso-y-beneficios-4?fileloc=//proc/net/igmp&path=//proc/net HTTP/1.1" 200 2255 "-" "Mozilla/5.0 AppleWebKit/537.36 (KHTML, like Gecko; compatible; GPTBot/1.2; +https://openai.com/gptbot)" 121 **0/121006**
20.171.207.65 - - [14/Sep/2025:05:46:52 -0700] "GET /bloqueadores-de-la-aromatasa-un-curso-integral-para-comprender-su-uso-y-beneficios-4?fileloc=//proc/net/unix&path=//proc/net HTTP/1.1" 200 8449 "-" "Mozilla/5.0 AppleWebKit/537.36 (KHTML, like Gecko; compatible; GPTBot/1.2; +https://openai.com/gptbot)" 146 **0/146860**
20.171.207.65 - - [14/Sep/2025:05:46:55 -0700] "GET /bloqueadores-de-la-aromatasa-un-curso-integral-para-comprender-su-uso-y-beneficios-4?fileloc=//proc/net/udp&path=//proc/net HTTP/1.1" 200 2523 "-" "Mozilla/5.0 AppleWebKit/537.36 (KHTML, like Gecko; compatible; GPTBot/1.2; +https://openai.com/gptbot)" 118 **0/118299**
216.73.216.168 - - [14/Sep/2025:05:46:55 -0700] "GET /primera-apuesta-yajuegos?fileloc=%2Fhome%2Fvrposilw0xwl%2Fpublic_html%2Fwp-includes%2Fclass-wp-block-template.php&path=%2Fhome%2Fvrposilw0xwl%2Fpublic_html%2Fwp-includes HTTP/1.1" 200 2797 "-" "Mozilla/5.0 AppleWebKit/537.36 (KHTML, like Gecko; compatible; ClaudeBot/1.0; +claudebot@anthropic.com)" 222 **0/222842**
216.73.216.168 - - [14/Sep/2025:05:46:57 -0700] "GET /primera-apuesta-yajuegos?fileloc=%2Fhome%2Fvrposilw0xwl%2Fpublic_html%2Fwp-includes%2Ferror-protection.php&path=%2Fhome%2Fvrposilw0xwl%2Fpublic_html%2Fwp-includes HTTP/1.1" 200 3622 "-" "Mozilla/5.0 AppleWebKit/537.36 (KHTML, like Gecko; compatible; ClaudeBot/1.0; +claudebot@anthropic.com)" 231 **0/231646**
20.171.207.65 - - [14/Sep/2025:05:46:58 -0700] "GET /bloqueadores-de-la-aromatasa-un-curso-integral-para-comprender-su-uso-y-beneficios-4?fileloc=//lib/.build-id/ad/c81d24e6d0d0eef518b1aeb748e84a2f086843&path=//lib/.build-id/ad HTTP/1.1" 200 2290 "-" "Mozilla/5.0 AppleWebKit/537.36 (KHTML, like Gecko; compatible; GPTBot/1.2; +https://openai.com/gptbot)" 126 **0/126406**
216.73.216.168 - - [14/Sep/2025:05:47:00 -0700] "GET /primera-apuesta-yajuegos?fileloc=%2Fhome%2Fvrposilw0xwl%2Fpublic_html%2Fwp-includes%2Fclass-wpdb.php&path=%2Fhome%2Fvrposilw0xwl%2Fpublic_html%2Fwp-includes HTTP/1.1" 403 3820 "-" "Mozilla/5.0 AppleWebKit/537.36 (KHTML, like Gecko; compatible; ClaudeBot/1.0; +claudebot@anthropic.com)" 228 **0/228781**
66.249.73.233 - - [14/Sep/2025:05:47:00 -0700] "GET /26380760?goodscode=0026345402 HTTP/1.1" 200 25722 "-" "Mozilla/5.0 (Linux; Android 6.0.1; Nexus 5X Build/MMB29P) AppleWebKit/537.36 (KHTML, like Gecko) Chrome/140.0.7339.127 Mobile Safari/537.36 (compatible; Googlebot/2.1; +http://www.google.com/bot.html)" 623 **0/623376**
20.171.207.65 - - [14/Sep/2025:05:47:01 -0700] "GET /bloqueadores-de-la-aromatasa-un-curso-integral-para-comprender-su-uso-y-beneficios-4?fileloc=//proc/net/netstat&path=//proc/net HTTP/1.1" 200 2256 "-" "Mozilla/5.0 AppleWebKit/537.36 (KHTML, like Gecko; compatible; GPTBot/1.2; +https://openai.com/gptbot)" 122 **0/122964**
20.171.207.65 - - [14/Sep/2025:05:47:04 -0700] "GET /bloqueadores-de-la-aromatasa-un-curso-integral-para-comprender-su-uso-y-beneficios-4?fileloc=//proc/net/route&path=//proc/net HTTP/1.1" 200 2254 "-" "Mozilla/5.0 AppleWebKit/537.36 (KHTML, like Gecko; compatible; GPTBot/1.2; +https://openai.com/gptbot)" 130 **0/130492**
216.73.216.168 - - [14/Sep/2025:05:47:05 -0700] "GET /when-courage-meets-excitement-even-a-chicken-can/feed?fileloc=%2Fhome%2Fvrposilw0xwl%2Fpublic_html%2Fold%2Fwp-includes%2Fblocks%2Fcomments-pagination-numbers.php&path=%2Fhome%2Fvrposilw0xwl%2Fpublic_html%2Fold%2Fwp-includes%2Fblocks HTTP/1.1" 403 3820 "-" "Mozilla/5.0 AppleWebKit/537.36 (KHTML, like Gecko; compatible; ClaudeBot/1.0; +claudebot@anthropic.com)" 220 **0/220043**
216.73.216.168 - - [14/Sep/2025:05:47:07 -0700] "GET /primera-apuesta-yajuegos?fileloc=%2Fhome%2Fvrposilw0xwl%2Fpublic_html%2Fwp-includes%2Fformatting.php&path=%2Fhome%2Fvrposilw0xwl%2Fpublic_html%2Fwp-includes HTTP/1.1" 403 3820 "-" "Mozilla/5.0 AppleWebKit/537.36 (KHTML, like Gecko; compatible; ClaudeBot/1.0; +claudebot@anthropic.com)" 266 **0/266181**
20.171.207.65 - - [14/Sep/2025:05:47:07 -0700] "GET /bloqueadores-de-la-aromatasa-un-curso-integral-para-comprender-su-uso-y-beneficios-4?fileloc=//proc/net/connector&path=//proc/net HTTP/1.1" 200 2256 "-" "Mozilla/5.0 AppleWebKit/537.36 (KHTML, like Gecko; compatible; GPTBot/1.2; +https://openai.com/gptbot)" 127 **0/127460**
20.171.207.65 - - [14/Sep/2025:05:47:10 -0700] "GET /bloqueadores-de-la-aromatasa-un-curso-integral-para-comprender-su-uso-y-beneficios-4?fileloc=//proc/net/protocols&path=//proc/net HTTP/1.1" 200 2257 "-" "Mozilla/5.0 AppleWebKit/537.36 (KHTML, like Gecko; compatible; GPTBot/1.2; +https://openai.com/gptbot)" 140 **0/140356**
216.73.216.168 - - [14/Sep/2025:05:47:11 -0700] "GET /primera-apuesta-yajuegos?fileloc=%2Fhome%2Fvrposilw0xwl%2Fpublic_html%2Fwp-includes%2Fdeprecated.php&path=%2Fhome%2Fvrposilw0xwl%2Fpublic_html%2Fwp-includes HTTP/1.1" 403 3820 "-" "Mozilla/5.0 AppleWebKit/537.36 (KHTML, like Gecko; compatible; ClaudeBot/1.0; +claudebot@anthropic.com)" 219 **0/219028**
20.171.207.65 - - [14/Sep/2025:05:47:13 -0700] "GET /bloqueadores-de-la-aromatasa-un-curso-integral-para-comprender-su-uso-y-beneficios-4?fileloc=//proc/net/tcp&path=//proc/net HTTP/1.1" 200 7887 "-" "Mozilla/5.0 AppleWebKit/537.36 (KHTML, like Gecko; compatible; GPTBot/1.2; +https://openai.com/gptbot)" 186 **0/186254**
