20.171.207.65 - - [14/Sep/2025:05:29:11 -0700] "GET /?fileloc=//bin/hunspell&path=//bin HTTP/1.1" 200 2247 "-" "Mozilla/5.0 AppleWebKit/537.36 (KHTML, like Gecko; compatible; GPTBot/1.2; +https://openai.com/gptbot)" 122 **0/122890**
20.171.207.65 - - [14/Sep/2025:05:29:15 -0700] "GET /?fileloc=//lib/sendmail&path=//lib HTTP/1.1" 200 2773 "-" "Mozilla/5.0 AppleWebKit/537.36 (KHTML, like Gecko; compatible; GPTBot/1.2; +https://openai.com/gptbot)" 126 **0/126261**
20.171.207.65 - - [14/Sep/2025:05:29:18 -0700] "GET /?fileloc=//bin/pinentry&path=//bin HTTP/1.1" 200 3168 "-" "Mozilla/5.0 AppleWebKit/537.36 (KHTML, like Gecko; compatible; GPTBot/1.2; +https://openai.com/gptbot)" 132 **0/132244**
20.171.207.65 - - [14/Sep/2025:05:29:21 -0700] "GET /?fileloc=//bin/gpgsplit&path=//bin HTTP/1.1" 200 2246 "-" "Mozilla/5.0 AppleWebKit/537.36 (KHTML, like Gecko; compatible; GPTBot/1.2; +https://openai.com/gptbot)" 129 **0/129715**
20.171.207.65 - - [14/Sep/2025:05:29:24 -0700] "GET /?fileloc=//bin/printenv&path=//bin HTTP/1.1" 200 2245 "-" "Mozilla/5.0 AppleWebKit/537.36 (KHTML, like Gecko; compatible; GPTBot/1.2; +https://openai.com/gptbot)" 127 **0/127106**
20.171.207.65 - - [14/Sep/2025:05:29:28 -0700] "GET /?fileloc=//bin/identify&path=//bin HTTP/1.1" 200 2246 "-" "Mozilla/5.0 AppleWebKit/537.36 (KHTML, like Gecko; compatible; GPTBot/1.2; +https://openai.com/gptbot)" 124 **0/124815**
20.171.207.65 - - [14/Sep/2025:05:29:31 -0700] "GET /?fileloc=//bin/fc-cache&path=//bin HTTP/1.1" 200 2292 "-" "Mozilla/5.0 AppleWebKit/537.36 (KHTML, like Gecko; compatible; GPTBot/1.2; +https://openai.com/gptbot)" 132 **0/132875**
20.171.207.65 - - [14/Sep/2025:05:29:34 -0700] "GET /?fileloc=//bin/zipcloak&path=//bin HTTP/1.1" 200 2248 "-" "Mozilla/5.0 AppleWebKit/537.36 (KHTML, like Gecko; compatible; GPTBot/1.2; +https://openai.com/gptbot)" 143 **0/143990**
20.171.207.65 - - [14/Sep/2025:05:29:37 -0700] "GET /?fileloc=//bin/basename&path=//bin HTTP/1.1" 200 2244 "-" "Mozilla/5.0 AppleWebKit/537.36 (KHTML, like Gecko; compatible; GPTBot/1.2; +https://openai.com/gptbot)" 130 **0/130403**
20.171.207.65 - - [14/Sep/2025:05:29:40 -0700] "GET /?path=//var/lib/mysql/i10051367_m7wz1 HTTP/1.1" 200 2335 "-" "Mozilla/5.0 AppleWebKit/537.36 (KHTML, like Gecko; compatible; GPTBot/1.2; +https://openai.com/gptbot)" 127 **0/127991**
20.171.207.65 - - [14/Sep/2025:05:29:44 -0700] "GET /?path=//usr/lib64/libuser HTTP/1.1" 200 2638 "-" "Mozilla/5.0 AppleWebKit/537.36 (KHTML, like Gecko; compatible; GPTBot/1.2; +https://openai.com/gptbot)" 126 **0/126505**
20.171.207.65 - - [14/Sep/2025:05:29:47 -0700] "GET /?path=//var/lib/mysql/i10076807_so4x1 HTTP/1.1" 200 2336 "-" "Mozilla/5.0 AppleWebKit/537.36 (KHTML, like Gecko; compatible; GPTBot/1.2; +https://openai.com/gptbot)" 123 **0/123954**
20.171.207.65 - - [14/Sep/2025:05:29:50 -0700] "GET /?path=//lib/python2.7/site-packages/setuptools/_vendor HTTP/1.1" 200 2869 "-" "Mozilla/5.0 AppleWebKit/537.36 (KHTML, like Gecko; compatible; GPTBot/1.2; +https://openai.com/gptbot)" 132 **0/132079**
66.249.73.234 - - [14/Sep/2025:05:29:50 -0700] "GET /26368163?goodscode=0026332822 HTTP/1.1" 200 26099 "-" "Mozilla/5.0 (Linux; Android 6.0.1; Nexus 5X Build/MMB29P) AppleWebKit/537.36 (KHTML, like Gecko) Chrome/140.0.7339.127 Mobile Safari/537.36 (compatible; Googlebot/2.1; +http://www.google.com/bot.html)" 655 **0/655053**
43.166.132.142 - - [14/Sep/2025:05:29:51 -0700] "GET /?path=/home/vrposilw0xwl/public_html/wp-includes HTTP/1.1" 200 13067 "-" "Mozilla/5.0 (iPhone; CPU iPhone OS 13_2_3 like Mac OS X) AppleWebKit/605.1.15 (KHTML, like Gecko) Version/13.0.3 Mobile/15E148 Safari/604.1" 240 **0/240391**
20.171.207.65 - - [14/Sep/2025:05:29:53 -0700] "GET /wp-admin/post.php?fileloc=//bin/zip&path=//bin HTTP/1.1" 200 2244 "-" "Mozilla/5.0 AppleWebKit/537.36 (KHTML, like Gecko; compatible; GPTBot/1.2; +https://openai.com/gptbot)" 303 **0/303884**
20.171.207.65 - - [14/Sep/2025:05:29:56 -0700] "GET /wp-admin/post.php?fileloc=//bin/sed&path=//bin HTTP/1.1" 200 2244 "-" "Mozilla/5.0 AppleWebKit/537.36 (KHTML, like Gecko; compatible; GPTBot/1.2; +https://openai.com/gptbot)" 272 **0/272783**
20.171.207.65 - - [14/Sep/2025:05:29:59 -0700] "GET /wp-admin/post.php?fileloc=//bin/sh&path=//bin HTTP/1.1" 200 2242 "-" "Mozilla/5.0 AppleWebKit/537.36 (KHTML, like Gecko; compatible; GPTBot/1.2; +https://openai.com/gptbot)" 363 **0/363170**
20.171.207.65 - - [14/Sep/2025:05:30:02 -0700] "GET /?path=//lib/python3.6/site-packages/setuptools/_vendor HTTP/1.1" 200 2781 "-" "Mozilla/5.0 AppleWebKit/537.36 (KHTML, like Gecko; compatible; GPTBot/1.2; +https://openai.com/gptbot)" 128 **0/128857**
20.171.207.65 - - [14/Sep/2025:05:30:06 -0700] "GET /wp-admin/post.php?fileloc=//bin/cp&path=//bin HTTP/1.1" 200 2242 "-" "Mozilla/5.0 AppleWebKit/537.36 (KHTML, like Gecko; compatible; GPTBot/1.2; +https://openai.com/gptbot)" 286 **0/286364**
20.171.207.65 - - [14/Sep/2025:05:30:11 -0700] "GET /wp-admin/post.php?fileloc=//bin/nm&path=//bin HTTP/1.1" 200 2242 "-" "Mozilla/5.0 AppleWebKit/537.36 (KHTML, like Gecko; compatible; GPTBot/1.2; +https://openai.com/gptbot)" 1158 **1/1158305**
20.171.207.65 - - [14/Sep/2025:05:30:13 -0700] "GET /wp-admin/post.php?fileloc=//bin/ex&path=//bin HTTP/1.1" 200 2242 "-" "Mozilla/5.0 AppleWebKit/537.36 (KHTML, like Gecko; compatible; GPTBot/1.2; +https://openai.com/gptbot)" 82 **0/82734**
20.171.207.65 - - [14/Sep/2025:05:30:16 -0700] "GET /wp-admin/post.php?fileloc=//bin/dig&path=//bin HTTP/1.1" 200 2244 "-" "Mozilla/5.0 AppleWebKit/537.36 (KHTML, like Gecko; compatible; GPTBot/1.2; +https://openai.com/gptbot)" 42 **0/42732**
20.171.207.65 - - [14/Sep/2025:05:30:19 -0700] "GET /?path=//lib/python3.6/site-packages/setuptools/_vendor/packaging HTTP/1.1" 200 2967 "-" "Mozilla/5.0 AppleWebKit/537.36 (KHTML, like Gecko; compatible; GPTBot/1.2; +https://openai.com/gptbot)" 126 **0/126544**
20.171.207.65 - - [14/Sep/2025:05:30:22 -0700] "GET /?path=//lib/python2.7/site-packages/setuptools/_vendor/packaging HTTP/1.1" 200 3180 "-" "Mozilla/5.0 AppleWebKit/537.36 (KHTML, like Gecko; compatible; GPTBot/1.2; +https://openai.com/gptbot)" 150 **0/150360**
20.171.207.65 - - [14/Sep/2025:05:30:25 -0700] "GET /wp-admin/post.php?fileloc=//bin/scp&path=//bin HTTP/1.1" 200 2244 "-" "Mozilla/5.0 AppleWebKit/537.36 (KHTML, like Gecko; compatible; GPTBot/1.2; +https://openai.com/gptbot)" 35 **0/35276**
20.171.207.65 - - [14/Sep/2025:05:30:29 -0700] "GET /wp-admin/post.php?fileloc=//bin/lex&path=//bin HTTP/1.1" 200 2244 "-" "Mozilla/5.0 AppleWebKit/537.36 (KHTML, like Gecko; compatible; GPTBot/1.2; +https://openai.com/gptbot)" 41 **0/41004**
20.171.207.65 - - [14/Sep/2025:05:30:32 -0700] "GET /wp-admin/post.php?fileloc=//bin/cal&path=//bin HTTP/1.1" 200 2244 "-" "Mozilla/5.0 AppleWebKit/537.36 (KHTML, like Gecko; compatible; GPTBot/1.2; +https://openai.com/gptbot)" 56 **0/56248**
20.171.207.65 - - [14/Sep/2025:05:30:35 -0700] "GET /wp-admin/post.php?fileloc=//bin/cpp&path=//bin HTTP/1.1" 200 2244 "-" "Mozilla/5.0 AppleWebKit/537.36 (KHTML, like Gecko; compatible; GPTBot/1.2; +https://openai.com/gptbot)" 37 **0/37164**
20.171.207.65 - - [14/Sep/2025:05:30:38 -0700] "GET /wp-admin/post.php?fileloc=//bin/rm&path=//bin HTTP/1.1" 200 2242 "-" "Mozilla/5.0 AppleWebKit/537.36 (KHTML, like Gecko; compatible; GPTBot/1.2; +https://openai.com/gptbot)" 34 **0/34330**
20.171.207.65 - - [14/Sep/2025:05:30:41 -0700] "GET /wp-admin/post.php?fileloc=//bin/raw&path=//bin HTTP/1.1" 200 2244 "-" "Mozilla/5.0 AppleWebKit/537.36 (KHTML, like Gecko; compatible; GPTBot/1.2; +https://openai.com/gptbot)" 25 **0/25255**
20.171.207.65 - - [14/Sep/2025:05:30:44 -0700] "GET /wp-admin/post.php?fileloc=//bin/pic&path=//bin HTTP/1.1" 200 2244 "-" "Mozilla/5.0 AppleWebKit/537.36 (KHTML, like Gecko; compatible; GPTBot/1.2; +https://openai.com/gptbot)" 32 **0/32403**
20.171.207.65 - - [14/Sep/2025:05:30:47 -0700] "GET /wp-admin/post.php?fileloc=//bin/ldd&path=//bin HTTP/1.1" 200 4563 "-" "Mozilla/5.0 AppleWebKit/537.36 (KHTML, like Gecko; compatible; GPTBot/1.2; +https://openai.com/gptbot)" 28 **0/28792**
20.171.207.65 - - [14/Sep/2025:05:30:50 -0700] "GET /wp-admin/post.php?fileloc=//bin/ls&path=//bin HTTP/1.1" 200 2241 "-" "Mozilla/5.0 AppleWebKit/537.36 (KHTML, like Gecko; compatible; GPTBot/1.2; +https://openai.com/gptbot)" 35 **0/35000**
20.171.207.65 - - [14/Sep/2025:05:30:53 -0700] "GET /wp-admin/post.php?fileloc=//bin/pwd&path=//bin HTTP/1.1" 200 2244 "-" "Mozilla/5.0 AppleWebKit/537.36 (KHTML, like Gecko; compatible; GPTBot/1.2; +https://openai.com/gptbot)" 34 **0/34250**
20.171.207.65 - - [14/Sep/2025:05:30:56 -0700] "GET /wp-admin/post.php?fileloc=//lib/cpp&path=//lib HTTP/1.1" 200 2244 "-" "Mozilla/5.0 AppleWebKit/537.36 (KHTML, like Gecko; compatible; GPTBot/1.2; +https://openai.com/gptbot)" 35 **0/35056**
20.171.207.65 - - [14/Sep/2025:05:30:59 -0700] "GET /wp-admin/post.php?fileloc=//bin/awk&path=//bin HTTP/1.1" 200 2244 "-" "Mozilla/5.0 AppleWebKit/537.36 (KHTML, like Gecko; compatible; GPTBot/1.2; +https://openai.com/gptbot)" 44 **0/44070**
20.171.207.65 - - [14/Sep/2025:05:31:03 -0700] "GET /wp-admin/post.php?fileloc=//bin/scl&path=//bin HTTP/1.1" 200 2244 "-" "Mozilla/5.0 AppleWebKit/537.36 (KHTML, like Gecko; compatible; GPTBot/1.2; +https://openai.com/gptbot)" 502 **0/502500**
20.171.207.65 - - [14/Sep/2025:05:31:06 -0700] "GET /wp-admin/post.php?fileloc=//bin/sum&path=//bin HTTP/1.1" 200 2245 "-" "Mozilla/5.0 AppleWebKit/537.36 (KHTML, like Gecko; compatible; GPTBot/1.2; +https://openai.com/gptbot)" 28 **0/28334**
20.171.207.65 - - [14/Sep/2025:05:31:09 -0700] "GET /wp-admin/post.php?fileloc=//bin/eqn&path=//bin HTTP/1.1" 200 2245 "-" "Mozilla/5.0 AppleWebKit/537.36 (KHTML, like Gecko; compatible; GPTBot/1.2; +https://openai.com/gptbot)" 37 **0/37895**
20.171.207.65 - - [14/Sep/2025:05:31:12 -0700] "GET /wp-admin/post.php?fileloc=//bin/yes&path=//bin HTTP/1.1" 200 2241 "-" "Mozilla/5.0 AppleWebKit/537.36 (KHTML, like Gecko; compatible; GPTBot/1.2; +https://openai.com/gptbot)" 37 **0/37590**
216.73.216.168 - - [14/Sep/2025:05:31:12 -0700] "GET /2025-delajte-stavki-i-vyigryvajte-v-ljuboe-vremja-120/feed?fileloc=%2F%2Fbin%2Fipcrm&path=%2F%2Fbin HTTP/1.1" 200 2244 "-" "Mozilla/5.0 AppleWebKit/537.36 (KHTML, like Gecko; compatible; ClaudeBot/1.0; +claudebot@anthropic.com)" 256 **0/256808**
20.171.207.65 - - [14/Sep/2025:05:31:15 -0700] "GET /wp-admin/post.php?fileloc=//bin/tee&path=//bin HTTP/1.1" 200 2244 "-" "Mozilla/5.0 AppleWebKit/537.36 (KHTML, like Gecko; compatible; GPTBot/1.2; +https://openai.com/gptbot)" 41 **0/41908**
216.73.216.168 - - [14/Sep/2025:05:31:15 -0700] "GET /drostanolon-enantat-kurs-fur-optimale-muskeldefinition-und-harte-6/feed?fileloc=%2F%2Fproc%2Fioports&path=%2F%2Fproc HTTP/1.1" 200 2246 "-" "Mozilla/5.0 AppleWebKit/537.36 (KHTML, like Gecko; compatible; ClaudeBot/1.0; +claudebot@anthropic.com)" 245 **0/245084**
20.171.207.65 - - [14/Sep/2025:05:31:18 -0700] "GET /wp-admin/post.php?fileloc=//bin/vim&path=//bin HTTP/1.1" 200 2244 "-" "Mozilla/5.0 AppleWebKit/537.36 (KHTML, like Gecko; compatible; GPTBot/1.2; +https://openai.com/gptbot)" 40 **0/40798**
216.73.216.168 - - [14/Sep/2025:05:31:18 -0700] "GET /kazino-oficialnyj-sajt-pin-up-casino-vhodi-i-308/feed?path=%2F%2Fproc%2Fself%2Fcwd HTTP/1.1" 200 3809 "-" "Mozilla/5.0 AppleWebKit/537.36 (KHTML, like Gecko; compatible; ClaudeBot/1.0; +claudebot@anthropic.com)" 229 **0/229794**
20.171.207.65 - - [14/Sep/2025:05:31:21 -0700] "GET /wp-admin/post.php?fileloc=//bin/wc&path=//bin HTTP/1.1" 200 2242 "-" "Mozilla/5.0 AppleWebKit/537.36 (KHTML, like Gecko; compatible; GPTBot/1.2; +https://openai.com/gptbot)" 35 **0/35491**
216.73.216.168 - - [14/Sep/2025:05:31:21 -0700] "GET /2025-delajte-stavki-i-vyigryvajte-v-ljuboe-vremja-120/feed?fileloc=%2F%2Fbin%2Fsha224sum&path=%2F%2Fbin HTTP/1.1" 200 2248 "-" "Mozilla/5.0 AppleWebKit/537.36 (KHTML, like Gecko; compatible; ClaudeBot/1.0; +claudebot@anthropic.com)" 229 **0/229151**
216.73.216.168 - - [14/Sep/2025:05:31:24 -0700] "GET /2025-delajte-stavki-i-vyigryvajte-v-ljuboe-vremja-120/feed?fileloc=%2F%2Fbin%2Fcomm&path=%2F%2Fbin HTTP/1.1" 200 2242 "-" "Mozilla/5.0 AppleWebKit/537.36 (KHTML, like Gecko; compatible; ClaudeBot/1.0; +claudebot@anthropic.com)" 230 **0/230931**
20.171.207.65 - - [14/Sep/2025:05:31:24 -0700] "GET /wp-admin/post.php?fileloc=//bin/gpg&path=//bin HTTP/1.1" 200 2245 "-" "Mozilla/5.0 AppleWebKit/537.36 (KHTML, like Gecko; compatible; GPTBot/1.2; +https://openai.com/gptbot)" 38 **0/38764**
177.66.49.247 - - [14/Sep/2025:05:31:25 -0700] "GET /?p=1448 HTTP/1.1" 200 4429 "-" "Mozilla/5.0 (Linux; Android 5.0; SM-G900P Build/LRX21T) AppleWebKit/537.36 (KHTML, like Gecko) Chrome/48.0.3403.1579 Mobile Safari/537.36" 241 **0/241193**
216.73.216.168 - - [14/Sep/2025:05:31:27 -0700] "GET /2025-delajte-stavki-i-vyigryvajte-v-ljuboe-vremja-120/feed?fileloc=%2F%2Fbin%2Fsize&path=%2F%2Fbin HTTP/1.1" 200 2243 "-" "Mozilla/5.0 AppleWebKit/537.36 (KHTML, like Gecko; compatible; ClaudeBot/1.0; +claudebot@anthropic.com)" 222 **0/222718**
20.171.207.65 - - [14/Sep/2025:05:31:28 -0700] "GET /wp-admin/post.php?fileloc=//bin/ps&path=//bin HTTP/1.1" 200 2241 "-" "Mozilla/5.0 AppleWebKit/537.36 (KHTML, like Gecko; compatible; GPTBot/1.2; +https://openai.com/gptbot)" 35 **0/35030**
216.73.216.168 - - [14/Sep/2025:05:31:30 -0700] "GET /drostanolon-enantat-kurs-fur-optimale-muskeldefinition-und-harte-6/feed?fileloc=%2F%2Fproc%2Fkpagecount&path=%2F%2Fproc HTTP/1.1" 200 2248 "-" "Mozilla/5.0 AppleWebKit/537.36 (KHTML, like Gecko; compatible; ClaudeBot/1.0; +claudebot@anthropic.com)" 251 **0/251172**
20.171.207.65 - - [14/Sep/2025:05:31:31 -0700] "GET /wp-admin/post.php?fileloc=//bin/ssh&path=//bin HTTP/1.1" 200 2244 "-" "Mozilla/5.0 AppleWebKit/537.36 (KHTML, like Gecko; compatible; GPTBot/1.2; +https://openai.com/gptbot)" 39 **0/39053**
216.73.216.168 - - [14/Sep/2025:05:31:33 -0700] "GET /2025-delajte-stavki-i-vyigryvajte-v-ljuboe-vremja-120/feed?path=%2F%2Frun%2Fnscd HTTP/1.1" 200 2562 "-" "Mozilla/5.0 AppleWebKit/537.36 (KHTML, like Gecko; compatible; ClaudeBot/1.0; +claudebot@anthropic.com)" 234 **0/234831**
20.171.207.65 - - [14/Sep/2025:05:31:34 -0700] "GET /wp-admin/post.php?fileloc=//bin/mv&path=//bin HTTP/1.1" 200 2242 "-" "Mozilla/5.0 AppleWebKit/537.36 (KHTML, like Gecko; compatible; GPTBot/1.2; +https://openai.com/gptbot)" 31 **0/31410**
216.73.216.168 - - [14/Sep/2025:05:31:36 -0700] "GET /drostanolon-enantat-kurs-fur-optimale-muskeldefinition-und-harte-6/feed?fileloc=%2F%2Fetc%2Fmailcap&path=%2F%2Fetc HTTP/1.1" 200 2341 "-" "Mozilla/5.0 AppleWebKit/537.36 (KHTML, like Gecko; compatible; ClaudeBot/1.0; +claudebot@anthropic.com)" 252 **0/252821**
20.171.207.65 - - [14/Sep/2025:05:31:37 -0700] "GET /wp-admin/post.php?fileloc=//bin/vi&path=//bin HTTP/1.1" 200 2242 "-" "Mozilla/5.0 AppleWebKit/537.36 (KHTML, like Gecko; compatible; GPTBot/1.2; +https://openai.com/gptbot)" 32 **0/32414**
216.73.216.168 - - [14/Sep/2025:05:31:39 -0700] "GET /kazino-oficialnyj-sajt-pin-up-casino-vhodi-i-308/feed?path=%2F%2Frun%2Fnscd HTTP/1.1" 200 2562 "-" "Mozilla/5.0 AppleWebKit/537.36 (KHTML, like Gecko; compatible; ClaudeBot/1.0; +claudebot@anthropic.com)" 261 **0/261359**
20.171.207.65 - - [14/Sep/2025:05:31:40 -0700] "GET /wp-admin/post.php?fileloc=//bin/cmp&path=//bin HTTP/1.1" 200 2244 "-" "Mozilla/5.0 AppleWebKit/537.36 (KHTML, like Gecko; compatible; GPTBot/1.2; +https://openai.com/gptbot)" 31 **0/31163**
216.73.216.168 - - [14/Sep/2025:05:31:42 -0700] "GET /2025-delajte-stavki-i-vyigryvajte-v-ljuboe-vremja-120/feed?fileloc=%2F%2Fetc%2Fld.so.conf.d%2Fmysqlclient16-x86_64.conf&path=%2F%2Fetc%2Fld.so.conf.d HTTP/1.1" 200 2284 "-" "Mozilla/5.0 AppleWebKit/537.36 (KHTML, like Gecko; compatible; ClaudeBot/1.0; +claudebot@anthropic.com)" 215 **0/215492**
20.171.207.65 - - [14/Sep/2025:05:31:44 -0700] "GET /wp-admin/post.php?fileloc=//bin/dir&path=//bin HTTP/1.1" 200 2244 "-" "Mozilla/5.0 AppleWebKit/537.36 (KHTML, like Gecko; compatible; GPTBot/1.2; +https://openai.com/gptbot)" 25 **0/25966**
216.73.216.168 - - [14/Sep/2025:05:31:45 -0700] "GET /drostanolon-enantat-kurs-fur-optimale-muskeldefinition-und-harte-6/feed?fileloc=%2F%2Fetc%2Fskipsmtpcheckhosts&path=%2F%2Fetc HTTP/1.1" 200 2253 "-" "Mozilla/5.0 AppleWebKit/537.36 (KHTML, like Gecko; compatible; ClaudeBot/1.0; +claudebot@anthropic.com)" 242 **0/242631**
20.171.207.65 - - [14/Sep/2025:05:31:47 -0700] "GET /wp-admin/post.php?fileloc=//bin/xxd&path=//bin HTTP/1.1" 200 2244 "-" "Mozilla/5.0 AppleWebKit/537.36 (KHTML, like Gecko; compatible; GPTBot/1.2; +https://openai.com/gptbot)" 30 **0/30176**
216.73.216.168 - - [14/Sep/2025:05:31:48 -0700] "GET /2025-delajte-stavki-i-vyigryvajte-v-ljuboe-vremja-120/feed?fileloc=%2F%2Fbin%2Faspell&path=%2F%2Fbin HTTP/1.1" 200 2244 "-" "Mozilla/5.0 AppleWebKit/537.36 (KHTML, like Gecko; compatible; ClaudeBot/1.0; +claudebot@anthropic.com)" 258 **0/258149**
20.171.207.65 - - [14/Sep/2025:05:31:50 -0700] "GET /wp-admin/post.php?fileloc=//bin/df&path=//bin HTTP/1.1" 200 2242 "-" "Mozilla/5.0 AppleWebKit/537.36 (KHTML, like Gecko; compatible; GPTBot/1.2; +https://openai.com/gptbot)" 38 **0/38357**
216.73.216.168 - - [14/Sep/2025:05:31:51 -0700] "GET /2025-delajte-stavki-i-vyigryvajte-v-ljuboe-vremja-120/feed?fileloc=%2F%2Fbin%2Fflock&path=%2F%2Fbin HTTP/1.1" 200 2244 "-" "Mozilla/5.0 AppleWebKit/537.36 (KHTML, like Gecko; compatible; ClaudeBot/1.0; +claudebot@anthropic.com)" 255 **0/255017**
66.249.73.234 - - [14/Sep/2025:05:31:51 -0700] "GET /26388077?goodscode=0026352710 HTTP/1.1" 200 26196 "-" "Mozilla/5.0 (Linux; Android 6.0.1; Nexus 5X Build/MMB29P) AppleWebKit/537.36 (KHTML, like Gecko) Chrome/140.0.7339.127 Mobile Safari/537.36 (compatible; Googlebot/2.1; +http://www.google.com/bot.html)" 651 **0/651937**
20.171.207.65 - - [14/Sep/2025:05:31:53 -0700] "GET /wp-admin/post.php?fileloc=//bin/gem&path=//bin HTTP/1.1" 200 2551 "-" "Mozilla/5.0 AppleWebKit/537.36 (KHTML, like Gecko; compatible; GPTBot/1.2; +https://openai.com/gptbot)" 64 **0/64035**
216.73.216.168 - - [14/Sep/2025:05:31:54 -0700] "GET /2025-delajte-stavki-i-vyigryvajte-v-ljuboe-vremja-120/feed?path=%2F%2Frun%2Fdbus HTTP/1.1" 200 2304 "-" "Mozilla/5.0 AppleWebKit/537.36 (KHTML, like Gecko; compatible; ClaudeBot/1.0; +claudebot@anthropic.com)" 296 **0/296505**
20.171.207.65 - - [14/Sep/2025:05:31:56 -0700] "GET /wp-admin/post.php?fileloc=//bin/fmt&path=//bin HTTP/1.1" 200 2244 "-" "Mozilla/5.0 AppleWebKit/537.36 (KHTML, like Gecko; compatible; GPTBot/1.2; +https://openai.com/gptbot)" 55 **0/55032**
216.73.216.168 - - [14/Sep/2025:05:31:57 -0700] "GET /2025-delajte-stavki-i-vyigryvajte-v-ljuboe-vremja-120/feed?fileloc=%2F%2Fbin%2Fspell&path=%2F%2Fbin HTTP/1.1" 200 2320 "-" "Mozilla/5.0 AppleWebKit/537.36 (KHTML, like Gecko; compatible; ClaudeBot/1.0; +claudebot@anthropic.com)" 224 **0/224768**
20.171.207.65 - - [14/Sep/2025:05:31:59 -0700] "GET /wp-admin/post.php?fileloc=//bin/dd&path=//bin HTTP/1.1" 200 2242 "-" "Mozilla/5.0 AppleWebKit/537.36 (KHTML, like Gecko; compatible; GPTBot/1.2; +https://openai.com/gptbot)" 549 **0/549353**
216.73.216.168 - - [14/Sep/2025:05:32:00 -0700] "GET /kazino-oficialnyj-sajt-pin-up-casino-vhodi-i-308/feed?fileloc=%2F%2Fproc%2Fnet%2Fraw&path=%2F%2Fproc%2Fnet HTTP/1.1" 200 2365 "-" "Mozilla/5.0 AppleWebKit/537.36 (KHTML, like Gecko; compatible; ClaudeBot/1.0; +claudebot@anthropic.com)" 224 **0/224543**
20.171.207.65 - - [14/Sep/2025:05:32:03 -0700] "GET /wp-admin/post.php?fileloc=//bin/at&path=//bin HTTP/1.1" 200 2764 "-" "Mozilla/5.0 AppleWebKit/537.36 (KHTML, like Gecko; compatible; GPTBot/1.2; +https://openai.com/gptbot)" 43 **0/43804**
216.73.216.168 - - [14/Sep/2025:05:32:03 -0700] "GET /2025-delajte-stavki-i-vyigryvajte-v-ljuboe-vremja-120/feed?path=%2F%2Fproc%2Firq%2F28 HTTP/1.1" 200 2830 "-" "Mozilla/5.0 AppleWebKit/537.36 (KHTML, like Gecko; compatible; ClaudeBot/1.0; +claudebot@anthropic.com)" 249 **0/249583**
20.171.207.65 - - [14/Sep/2025:05:32:06 -0700] "GET /wp-admin/post.php?fileloc=//bin/seq&path=//bin HTTP/1.1" 200 2245 "-" "Mozilla/5.0 AppleWebKit/537.36 (KHTML, like Gecko; compatible; GPTBot/1.2; +https://openai.com/gptbot)" 35 **0/35146**
216.73.216.168 - - [14/Sep/2025:05:32:06 -0700] "GET /2025-delajte-stavki-i-vyigryvajte-v-ljuboe-vremja-120/feed?fileloc=%2F%2Fetc%2Falternatives%2Fld&path=%2F%2Fetc%2Falternatives HTTP/1.1" 200 2258 "-" "Mozilla/5.0 AppleWebKit/537.36 (KHTML, like Gecko; compatible; ClaudeBot/1.0; +claudebot@anthropic.com)" 246 **0/246084**
20.171.207.65 - - [14/Sep/2025:05:32:09 -0700] "GET /wp-admin/post.php?fileloc=//bin/atq&path=//bin HTTP/1.1" 200 2765 "-" "Mozilla/5.0 AppleWebKit/537.36 (KHTML, like Gecko; compatible; GPTBot/1.2; +https://openai.com/gptbot)" 47 **0/47723**
216.73.216.168 - - [14/Sep/2025:05:32:09 -0700] "GET /2025-delajte-stavki-i-vyigryvajte-v-ljuboe-vremja-120/feed?fileloc=%2F%2Fbin%2Fzcmp&path=%2F%2Fbin HTTP/1.1" 200 3066 "-" "Mozilla/5.0 AppleWebKit/537.36 (KHTML, like Gecko; compatible; ClaudeBot/1.0; +claudebot@anthropic.com)" 248 **0/248689**
216.73.216.168 - - [14/Sep/2025:05:32:12 -0700] "GET /2025-delajte-stavki-i-vyigryvajte-v-ljuboe-vremja-120/feed?fileloc=%2F%2Fbin%2Fsoelim&path=%2F%2Fbin HTTP/1.1" 200 2245 "-" "Mozilla/5.0 AppleWebKit/537.36 (KHTML, like Gecko; compatible; ClaudeBot/1.0; +claudebot@anthropic.com)" 287 **0/287824**
20.171.207.65 - - [14/Sep/2025:05:32:12 -0700] "GET /wp-admin/post.php?fileloc=//bin/cat&path=//bin HTTP/1.1" 200 2244 "-" "Mozilla/5.0 AppleWebKit/537.36 (KHTML, like Gecko; compatible; GPTBot/1.2; +https://openai.com/gptbot)" 30 **0/30502**
216.73.216.168 - - [14/Sep/2025:05:32:15 -0700] "GET /drostanolon-enantat-kurs-fur-optimale-muskeldefinition-und-harte-6/feed?fileloc=%2F%2Fetc%2Fscreenrc&path=%2F%2Fetc HTTP/1.1" 200 5025 "-" "Mozilla/5.0 AppleWebKit/537.36 (KHTML, like Gecko; compatible; ClaudeBot/1.0; +claudebot@anthropic.com)" 252 **0/252865**
20.171.207.65 - - [14/Sep/2025:05:32:15 -0700] "GET /wp-admin/post.php?fileloc=//bin/ptx&path=//bin HTTP/1.1" 200 2244 "-" "Mozilla/5.0 AppleWebKit/537.36 (KHTML, like Gecko; compatible; GPTBot/1.2; +https://openai.com/gptbot)" 77 **0/77413**
216.73.216.168 - - [14/Sep/2025:05:32:18 -0700] "GET /kazino-oficialnyj-sajt-pin-up-casino-vhodi-i-308/feed?fileloc=%2F%2Fproc%2Fnet%2Fraw6&path=%2F%2Fproc%2Fnet HTTP/1.1" 200 2374 "-" "Mozilla/5.0 AppleWebKit/537.36 (KHTML, like Gecko; compatible; ClaudeBot/1.0; +claudebot@anthropic.com)" 274 **0/274453**
20.171.207.65 - - [14/Sep/2025:05:32:19 -0700] "GET /wp-admin/post.php?fileloc=//bin/git&path=//bin HTTP/1.1" 200 2244 "-" "Mozilla/5.0 AppleWebKit/537.36 (KHTML, like Gecko; compatible; GPTBot/1.2; +https://openai.com/gptbot)" 45 **0/45085**
216.73.216.168 - - [14/Sep/2025:05:32:21 -0700] "GET /2025-delajte-stavki-i-vyigryvajte-v-ljuboe-vremja-120/feed?path=%2F%2Fproc%2Firq%2F35 HTTP/1.1" 200 2831 "-" "Mozilla/5.0 AppleWebKit/537.36 (KHTML, like Gecko; compatible; ClaudeBot/1.0; +claudebot@anthropic.com)" 256 **0/256915**
20.171.207.65 - - [14/Sep/2025:05:32:22 -0700] "GET /wp-admin/post.php?fileloc=//bin/tty&path=//bin HTTP/1.1" 200 2244 "-" "Mozilla/5.0 AppleWebKit/537.36 (KHTML, like Gecko; compatible; GPTBot/1.2; +https://openai.com/gptbot)" 40 **0/40941**
216.73.216.168 - - [14/Sep/2025:05:32:24 -0700] "GET /2025-delajte-stavki-i-vyigryvajte-v-ljuboe-vremja-120/feed?fileloc=%2F%2Fbin%2Fisosize&path=%2F%2Fbin HTTP/1.1" 200 2245 "-" "Mozilla/5.0 AppleWebKit/537.36 (KHTML, like Gecko; compatible; ClaudeBot/1.0; +claudebot@anthropic.com)" 262 **0/262044**
20.171.207.65 - - [14/Sep/2025:05:32:25 -0700] "GET /wp-admin/post.php?fileloc=//bin/toe&path=//bin HTTP/1.1" 200 2244 "-" "Mozilla/5.0 AppleWebKit/537.36 (KHTML, like Gecko; compatible; GPTBot/1.2; +https://openai.com/gptbot)" 52 **0/52708**
216.73.216.168 - - [14/Sep/2025:05:32:27 -0700] "GET /2025-delajte-stavki-i-vyigryvajte-v-ljuboe-vremja-120/feed?fileloc=%2F%2Fbin%2Fpic&path=%2F%2Fbin HTTP/1.1" 200 2244 "-" "Mozilla/5.0 AppleWebKit/537.36 (KHTML, like Gecko; compatible; ClaudeBot/1.0; +claudebot@anthropic.com)" 308 **0/308643**
20.171.207.65 - - [14/Sep/2025:05:32:28 -0700] "GET /wp-admin/post.php?fileloc=//bin/man&path=//bin HTTP/1.1" 200 2244 "-" "Mozilla/5.0 AppleWebKit/537.36 (KHTML, like Gecko; compatible; GPTBot/1.2; +https://openai.com/gptbot)" 50 **0/50628**
216.73.216.168 - - [14/Sep/2025:05:32:30 -0700] "GET /kazino-oficialnyj-sajt-pin-up-casino-vhodi-i-308/feed?fileloc=%2F%2Fetc%2Fgcrypt%2Frandom.conf&path=%2F%2Fetc%2Fgcrypt HTTP/1.1" 200 2353 "-" "Mozilla/5.0 AppleWebKit/537.36 (KHTML, like Gecko; compatible; ClaudeBot/1.0; +claudebot@anthropic.com)" 237 **0/237230**
20.171.207.65 - - [14/Sep/2025:05:32:31 -0700] "GET /wp-admin/post.php?fileloc=//bin/tr&path=//bin HTTP/1.1" 200 2242 "-" "Mozilla/5.0 AppleWebKit/537.36 (KHTML, like Gecko; compatible; GPTBot/1.2; +https://openai.com/gptbot)" 39 **0/39147**
216.73.216.168 - - [14/Sep/2025:05:32:33 -0700] "GET /drostanolon-enantat-kurs-fur-optimale-muskeldefinition-und-harte-6/feed?fileloc=%2F%2Fetc%2Fspammeripblocks&path=%2F%2Fetc HTTP/1.1" 200 2251 "-" "Mozilla/5.0 AppleWebKit/537.36 (KHTML, like Gecko; compatible; ClaudeBot/1.0; +claudebot@anthropic.com)" 264 **0/264009**
20.171.207.65 - - [14/Sep/2025:05:32:34 -0700] "GET /wp-admin/post.php?fileloc=//bin/gs&path=//bin HTTP/1.1" 200 2241 "-" "Mozilla/5.0 AppleWebKit/537.36 (KHTML, like Gecko; compatible; GPTBot/1.2; +https://openai.com/gptbot)" 42 **0/42665**
216.73.216.168 - - [14/Sep/2025:05:32:36 -0700] "GET /2025-delajte-stavki-i-vyigryvajte-v-ljuboe-vremja-120/feed?fileloc=%2F%2Fbin%2Fgetconf&path=%2F%2Fbin HTTP/1.1" 200 2246 "-" "Mozilla/5.0 AppleWebKit/537.36 (KHTML, like Gecko; compatible; ClaudeBot/1.0; +claudebot@anthropic.com)" 258 **0/258256**
20.171.207.65 - - [14/Sep/2025:05:32:37 -0700] "GET /wp-admin/post.php?fileloc=//bin/du&path=//bin HTTP/1.1" 200 2242 "-" "Mozilla/5.0 AppleWebKit/537.36 (KHTML, like Gecko; compatible; GPTBot/1.2; +https://openai.com/gptbot)" 45 **0/45708**
216.73.216.168 - - [14/Sep/2025:05:32:39 -0700] "GET /kazino-oficialnyj-sajt-pin-up-casino-vhodi-i-308/feed?fileloc=%2F%2Fproc%2Fself%2Fuid_map&path=%2F%2Fproc%2Fself HTTP/1.1" 200 2273 "-" "Mozilla/5.0 AppleWebKit/537.36 (KHTML, like Gecko; compatible; ClaudeBot/1.0; +claudebot@anthropic.com)" 272 **0/272394**
20.171.207.65 - - [14/Sep/2025:05:32:40 -0700] "GET /wp-admin/post.php?fileloc=//bin/col&path=//bin HTTP/1.1" 200 2244 "-" "Mozilla/5.0 AppleWebKit/537.36 (KHTML, like Gecko; compatible; GPTBot/1.2; +https://openai.com/gptbot)" 40 **0/40058**
216.73.216.168 - - [14/Sep/2025:05:32:42 -0700] "GET /2025-delajte-stavki-i-vyigryvajte-v-ljuboe-vremja-120/feed?fileloc=%2F%2Fbin%2Fimport&path=%2F%2Fbin HTTP/1.1" 200 2243 "-" "Mozilla/5.0 AppleWebKit/537.36 (KHTML, like Gecko; compatible; ClaudeBot/1.0; +claudebot@anthropic.com)" 266 **0/266340**
20.171.207.65 - - [14/Sep/2025:05:32:44 -0700] "GET /wp-admin/post.php?fileloc=//bin/top&path=//bin HTTP/1.1" 200 2244 "-" "Mozilla/5.0 AppleWebKit/537.36 (KHTML, like Gecko; compatible; GPTBot/1.2; +https://openai.com/gptbot)" 34 **0/34539**
216.73.216.168 - - [14/Sep/2025:05:32:45 -0700] "GET /2025-delajte-stavki-i-vyigryvajte-v-ljuboe-vremja-120/feed?fileloc=%2F%2Fbin%2Finstall&path=%2F%2Fbin HTTP/1.1" 403 3820 "-" "Mozilla/5.0 AppleWebKit/537.36 (KHTML, like Gecko; compatible; ClaudeBot/1.0; +claudebot@anthropic.com)" 260 **0/260663**
185.26.223.108 - - [14/Sep/2025:05:32:45 -0700] "GET /uncategorized/mines-game-by-spribe-a-performance-review-across-devices-for-canadian-players/ HTTP/1.1" 200 3820 "http://colitasfelicespr.com/" "Mozilla/5.0 (Macintosh; Intel Mac OS X 12.5; rv:114.0) Gecko/20100101 Firefox/114.0" 247 **0/247289**
20.171.207.65 - - [14/Sep/2025:05:32:47 -0700] "GET /wp-admin/post.php?fileloc=//bin/idn&path=//bin HTTP/1.1" 200 2244 "-" "Mozilla/5.0 AppleWebKit/537.36 (KHTML, like Gecko; compatible; GPTBot/1.2; +https://openai.com/gptbot)" 38 **0/38796**
216.73.216.168 - - [14/Sep/2025:05:32:48 -0700] "GET /2025-delajte-stavki-i-vyigryvajte-v-ljuboe-vremja-120/feed?fileloc=%2F%2Fbin%2Fld&path=%2F%2Fbin HTTP/1.1" 403 3820 "-" "Mozilla/5.0 AppleWebKit/537.36 (KHTML, like Gecko; compatible; ClaudeBot/1.0; +claudebot@anthropic.com)" 218 **0/218492**
20.171.207.65 - - [14/Sep/2025:05:32:50 -0700] "GET /wp-admin/post.php?fileloc=//bin/env&path=//bin HTTP/1.1" 200 2244 "-" "Mozilla/5.0 AppleWebKit/537.36 (KHTML, like Gecko; compatible; GPTBot/1.2; +https://openai.com/gptbot)" 33 **0/33048**
66.249.73.234 - - [14/Sep/2025:05:32:51 -0700] "GET /26366780?goodscode=0026331442 HTTP/1.1" 200 25321 "-" "Mozilla/5.0 (Linux; Android 6.0.1; Nexus 5X Build/MMB29P) AppleWebKit/537.36 (KHTML, like Gecko) Chrome/140.0.7339.127 Mobile Safari/537.36 (compatible; Googlebot/2.1; +http://www.google.com/bot.html)" 574 **0/574156**
20.171.207.65 - - [14/Sep/2025:05:32:53 -0700] "GET /wp-admin/post.php?fileloc=//bin/od&path=//bin HTTP/1.1" 200 2242 "-" "Mozilla/5.0 AppleWebKit/537.36 (KHTML, like Gecko; compatible; GPTBot/1.2; +https://openai.com/gptbot)" 34 **0/34037**
216.73.216.168 - - [14/Sep/2025:05:32:54 -0700] "GET /kazino-oficialnyj-sajt-pin-up-casino-vhodi-i-308/feed?fileloc=%2F%2Fproc%2Flve%2Fenter&path=%2F%2Fproc%2Flve HTTP/1.1" 403 3820 "-" "Mozilla/5.0 AppleWebKit/537.36 (KHTML, like Gecko; compatible; ClaudeBot/1.0; +claudebot@anthropic.com)" 229 **0/229026**
20.171.207.65 - - [14/Sep/2025:05:32:56 -0700] "GET /wp-admin/post.php?fileloc=//bin/gm&path=//bin HTTP/1.1" 200 2242 "-" "Mozilla/5.0 AppleWebKit/537.36 (KHTML, like Gecko; compatible; GPTBot/1.2; +https://openai.com/gptbot)" 31 **0/31159**
216.73.216.168 - - [14/Sep/2025:05:32:57 -0700] "GET /2025-delajte-stavki-i-vyigryvajte-v-ljuboe-vremja-120/feed?fileloc=%2F%2Fbin%2Fdd&path=%2F%2Fbin HTTP/1.1" 403 3820 "-" "Mozilla/5.0 AppleWebKit/537.36 (KHTML, like Gecko; compatible; ClaudeBot/1.0; +claudebot@anthropic.com)" 237 **0/237919**
20.171.207.65 - - [14/Sep/2025:05:32:59 -0700] "GET /wp-admin/post.php?fileloc=//bin/nl&path=//bin HTTP/1.1" 200 2242 "-" "Mozilla/5.0 AppleWebKit/537.36 (KHTML, like Gecko; compatible; GPTBot/1.2; +https://openai.com/gptbot)" 43 **0/43905**
216.73.216.168 - - [14/Sep/2025:05:33:01 -0700] "GET /2025-delajte-stavki-i-vyigryvajte-v-ljuboe-vremja-120/feed?fileloc=%2F%2Fbin%2Fh2xs&path=%2F%2Fbin HTTP/1.1" 403 3820 "-" "Mozilla/5.0 AppleWebKit/537.36 (KHTML, like Gecko; compatible; ClaudeBot/1.0; +claudebot@anthropic.com)" 249 **0/249217**
20.171.207.65 - - [14/Sep/2025:05:33:03 -0700] "GET /wp-admin/post.php?fileloc=//bin/ld&path=//bin HTTP/1.1" 200 2242 "-" "Mozilla/5.0 AppleWebKit/537.36 (KHTML, like Gecko; compatible; GPTBot/1.2; +https://openai.com/gptbot)" 527 **0/527138**
216.73.216.168 - - [14/Sep/2025:05:33:04 -0700] "GET /2025-delajte-stavki-i-vyigryvajte-v-ljuboe-vremja-120/feed?fileloc=%2F%2Fbin%2Fwhatis&path=%2F%2Fbin HTTP/1.1" 403 3820 "-" "Mozilla/5.0 AppleWebKit/537.36 (KHTML, like Gecko; compatible; ClaudeBot/1.0; +claudebot@anthropic.com)" 245 **0/245944**
20.171.207.65 - - [14/Sep/2025:05:33:06 -0700] "GET /wp-admin/post.php?fileloc=//bin/gcc&path=//bin HTTP/1.1" 200 2245 "-" "Mozilla/5.0 AppleWebKit/537.36 (KHTML, like Gecko; compatible; GPTBot/1.2; +https://openai.com/gptbot)" 61 **0/61268**
216.73.216.168 - - [14/Sep/2025:05:33:06 -0700] "GET /kazino-oficialnyj-sajt-pin-up-casino-vhodi-i-308/feed?path=%2F%2Fproc%2F742011 HTTP/1.1" 403 3820 "-" "Mozilla/5.0 AppleWebKit/537.36 (KHTML, like Gecko; compatible; ClaudeBot/1.0; +claudebot@anthropic.com)" 259 **0/259370**
20.171.207.65 - - [14/Sep/2025:05:33:09 -0700] "GET /wp-admin/post.php?fileloc=//bin/ln&path=//bin HTTP/1.1" 200 2242 "-" "Mozilla/5.0 AppleWebKit/537.36 (KHTML, like Gecko; compatible; GPTBot/1.2; +https://openai.com/gptbot)" 35 **0/35509**
216.73.216.168 - - [14/Sep/2025:05:33:09 -0700] "GET /2025-delajte-stavki-i-vyigryvajte-v-ljuboe-vremja-120/feed?fileloc=%2F%2Fbin%2Fpl2pm&path=%2F%2Fbin HTTP/1.1" 403 3820 "-" "Mozilla/5.0 AppleWebKit/537.36 (KHTML, like Gecko; compatible; ClaudeBot/1.0; +claudebot@anthropic.com)" 228 **0/228073**
20.171.207.65 - - [14/Sep/2025:05:33:12 -0700] "GET /wp-admin/post.php?fileloc=//bin/who&path=//bin HTTP/1.1" 200 2244 "-" "Mozilla/5.0 AppleWebKit/537.36 (KHTML, like Gecko; compatible; GPTBot/1.2; +https://openai.com/gptbot)" 32 **0/32751**
20.171.207.65 - - [14/Sep/2025:05:33:15 -0700] "GET /wp-admin/post.php?fileloc=//bin/cc&path=//bin HTTP/1.1" 200 2242 "-" "Mozilla/5.0 AppleWebKit/537.36 (KHTML, like Gecko; compatible; GPTBot/1.2; +https://openai.com/gptbot)" 30 **0/30428**
216.73.216.168 - - [14/Sep/2025:05:33:17 -0700] "GET /2025-delajte-stavki-i-vyigryvajte-v-ljuboe-vremja-120/feed?fileloc=%2F%2Fbin%2Freplace&path=%2F%2Fbin HTTP/1.1" 403 3820 "-" "Mozilla/5.0 AppleWebKit/537.36 (KHTML, like Gecko; compatible; ClaudeBot/1.0; +claudebot@anthropic.com)" 215 **0/215075**
20.171.207.65 - - [14/Sep/2025:05:33:19 -0700] "GET /wp-admin/post.php?fileloc=//bin/ar&path=//bin HTTP/1.1" 200 2242 "-" "Mozilla/5.0 AppleWebKit/537.36 (KHTML, like Gecko; compatible; GPTBot/1.2; +https://openai.com/gptbot)" 34 **0/34341**
20.171.207.65 - - [14/Sep/2025:05:33:22 -0700] "GET /wp-admin/post.php?fileloc=//bin/cut&path=//bin HTTP/1.1" 200 2244 "-" "Mozilla/5.0 AppleWebKit/537.36 (KHTML, like Gecko; compatible; GPTBot/1.2; +https://openai.com/gptbot)" 40 **0/40435**
20.171.207.65 - - [14/Sep/2025:05:33:25 -0700] "GET /wp-admin/post.php?fileloc=//bin/tar&path=//bin HTTP/1.1" 200 2244 "-" "Mozilla/5.0 AppleWebKit/537.36 (KHTML, like Gecko; compatible; GPTBot/1.2; +https://openai.com/gptbot)" 36 **0/36022**
20.171.207.65 - - [14/Sep/2025:05:33:28 -0700] "GET /wp-admin/post.php?fileloc=//bin/tbl&path=//bin HTTP/1.1" 200 2244 "-" "Mozilla/5.0 AppleWebKit/537.36 (KHTML, like Gecko; compatible; GPTBot/1.2; +https://openai.com/gptbot)" 35 **0/35911**
20.171.207.65 - - [14/Sep/2025:05:33:31 -0700] "GET /wp-admin/post.php?fileloc=//bin/rvi&path=//bin HTTP/1.1" 200 2244 "-" "Mozilla/5.0 AppleWebKit/537.36 (KHTML, like Gecko; compatible; GPTBot/1.2; +https://openai.com/gptbot)" 33 **0/33691**
20.171.207.65 - - [14/Sep/2025:05:33:34 -0700] "GET /wp-admin/post.php?fileloc=//etc/rpc&path=//etc HTTP/1.1" 200 3043 "-" "Mozilla/5.0 AppleWebKit/537.36 (KHTML, like Gecko; compatible; GPTBot/1.2; +https://openai.com/gptbot)" 29 **0/29441**
20.171.207.65 - - [14/Sep/2025:05:33:37 -0700] "GET /wp-admin/post.php?fileloc=//bin/pr&path=//bin HTTP/1.1" 200 2242 "-" "Mozilla/5.0 AppleWebKit/537.36 (KHTML, like Gecko; compatible; GPTBot/1.2; +https://openai.com/gptbot)" 40 **0/40930**
20.171.207.65 - - [14/Sep/2025:05:33:40 -0700] "GET /wp-admin/post.php?fileloc=//bin/ul&path=//bin HTTP/1.1" 200 2242 "-" "Mozilla/5.0 AppleWebKit/537.36 (KHTML, like Gecko; compatible; GPTBot/1.2; +https://openai.com/gptbot)" 49 **0/49232**
20.171.207.65 - - [14/Sep/2025:05:33:44 -0700] "GET /wp-admin/post.php?fileloc=//bin/tac&path=//bin HTTP/1.1" 200 2244 "-" "Mozilla/5.0 AppleWebKit/537.36 (KHTML, like Gecko; compatible; GPTBot/1.2; +https://openai.com/gptbot)" 25 **0/25573**
20.171.207.65 - - [14/Sep/2025:05:33:47 -0700] "GET /wp-admin/post.php?fileloc=//bin/as&path=//bin HTTP/1.1" 200 2241 "-" "Mozilla/5.0 AppleWebKit/537.36 (KHTML, like Gecko; compatible; GPTBot/1.2; +https://openai.com/gptbot)" 32 **0/32363**
20.171.207.65 - - [14/Sep/2025:05:33:50 -0700] "GET /?path=//lib/rpm/platform/armv5tejl-linux HTTP/1.1" 200 2597 "-" "Mozilla/5.0 AppleWebKit/537.36 (KHTML, like Gecko; compatible; GPTBot/1.2; +https://openai.com/gptbot)" 140 **0/140616**
20.171.207.65 - - [14/Sep/2025:05:33:53 -0700] "GET /inputs.php?path=//usr/selector HTTP/1.1" 200 2606 "-" "Mozilla/5.0 AppleWebKit/537.36 (KHTML, like Gecko; compatible; GPTBot/1.2; +https://openai.com/gptbot)" 125 **0/125855**
20.171.207.65 - - [14/Sep/2025:05:33:56 -0700] "GET /wp-admin/post.php?fileloc=//bin/tic&path=//bin HTTP/1.1" 200 2244 "-" "Mozilla/5.0 AppleWebKit/537.36 (KHTML, like Gecko; compatible; GPTBot/1.2; +https://openai.com/gptbot)" 36 **0/36654**
20.171.207.65 - - [14/Sep/2025:05:33:59 -0700] "GET /xmlrpc.php?path=//opt/cyberark HTTP/1.1" 200 2548 "-" "Mozilla/5.0 AppleWebKit/537.36 (KHTML, like Gecko; compatible; GPTBot/1.2; +https://openai.com/gptbot)" 32 **0/32138**
20.171.207.65 - - [14/Sep/2025:05:34:02 -0700] "GET /xmlrpc.php?path=//run/sepermit HTTP/1.1" 200 2306 "-" "Mozilla/5.0 AppleWebKit/537.36 (KHTML, like Gecko; compatible; GPTBot/1.2; +https://openai.com/gptbot)" 37 **0/37043**
20.171.207.65 - - [14/Sep/2025:05:34:09 -0700] "GET /xmlrpc.php?path=//usr/selector HTTP/1.1" 200 2606 "-" "Mozilla/5.0 AppleWebKit/537.36 (KHTML, like Gecko; compatible; GPTBot/1.2; +https://openai.com/gptbot)" 31 **0/31958**
216.73.216.168 - - [14/Sep/2025:05:34:46 -0700] "GET /1xslots-1hslots-registracija-akkaunta-294-2?fileloc=%2Fhome%2Fvrposilw0xwl%2Fpublic_html%2Fwp-includes%2Fjs%2Fwp-list-revisions.js&path=%2Fhome%2Fvrposilw0xwl%2Fpublic_html%2Fwp-includes%2Fjs HTTP/1.1" 200 2638 "-" "Mozilla/5.0 AppleWebKit/537.36 (KHTML, like Gecko; compatible; ClaudeBot/1.0; +claudebot@anthropic.com)" 227 **0/227050**
216.73.216.168 - - [14/Sep/2025:05:34:49 -0700] "GET /when-courage-meets-excitement-even-a-chicken-can/feed?fileloc=%2Fhome%2Fvrposilw0xwl%2Fpublic_html%2Fold%2Fwp-includes%2Fclass-wp-widget.php&path=%2Fhome%2Fvrposilw0xwl%2Fpublic_html%2Fold%2Fwp-includes HTTP/1.1" 200 6538 "-" "Mozilla/5.0 AppleWebKit/537.36 (KHTML, like Gecko; compatible; ClaudeBot/1.0; +claudebot@anthropic.com)" 215 **0/215845**
216.73.216.168 - - [14/Sep/2025:05:34:52 -0700] "GET /when-courage-meets-excitement-even-a-chicken-can/feed?fileloc=%2Fhome%2Fvrposilw0xwl%2Fpublic_html%2Fold%2Fwp-includes%2Fclass-wp-dependencies.php&path=%2Fhome%2Fvrposilw0xwl%2Fpublic_html%2Fold%2Fwp-includes HTTP/1.1" 200 5890 "-" "Mozilla/5.0 AppleWebKit/537.36 (KHTML, like Gecko; compatible; ClaudeBot/1.0; +claudebot@anthropic.com)" 247 **0/247240**
66.249.73.233 - - [14/Sep/2025:05:34:52 -0700] "GET /26367513?goodscode=0026332174 HTTP/1.1" 200 24715 "-" "Mozilla/5.0 (Linux; Android 6.0.1; Nexus 5X Build/MMB29P) AppleWebKit/537.36 (KHTML, like Gecko) Chrome/140.0.7339.127 Mobile Safari/537.36 (compatible; Googlebot/2.1; +http://www.google.com/bot.html)" 619 **0/619409**
216.73.216.168 - - [14/Sep/2025:05:34:55 -0700] "GET /uncategorized/confirmar-apuestas-888?fileloc=%2Fhome%2Fvrposilw0xwl%2Fpublic_html%2Fwp-includes%2Ftaxonomy.php&path=%2Fhome%2Fvrposilw0xwl%2Fpublic_html%2Fwp-includes HTTP/1.1" 200 38308 "-" "Mozilla/5.0 AppleWebKit/537.36 (KHTML, like Gecko; compatible; ClaudeBot/1.0; +claudebot@anthropic.com)" 239 **0/239311**
216.73.216.168 - - [14/Sep/2025:05:34:58 -0700] "GET /1win-kazino-i-bk-3934-4/feed?fileloc=%2Fhome%2Fvrposilw0xwl%2Fpublic_html%2Fwp-includes%2Fclass-wp-theme-json-data.php&path=%2Fhome%2Fvrposilw0xwl%2Fpublic_html%2Fwp-includes HTTP/1.1" 200 2881 "-" "Mozilla/5.0 AppleWebKit/537.36 (KHTML, like Gecko; compatible; ClaudeBot/1.0; +claudebot@anthropic.com)" 247 **0/247771**
216.73.216.168 - - [14/Sep/2025:05:35:01 -0700] "GET /uncategorized/confirmar-apuestas-888?fileloc=%2Fhome%2Fvrposilw0xwl%2Fpublic_html%2Fwp-includes%2Fcomment.php&path=%2Fhome%2Fvrposilw0xwl%2Fpublic_html%2Fwp-includes HTTP/1.1" 200 30247 "-" "Mozilla/5.0 AppleWebKit/537.36 (KHTML, like Gecko; compatible; ClaudeBot/1.0; +claudebot@anthropic.com)" 260 **0/260698**
216.73.216.168 - - [14/Sep/2025:05:35:04 -0700] "GET /when-courage-meets-excitement-even-a-chicken-can/feed?fileloc=%2Fhome%2Fvrposilw0xwl%2Fpublic_html%2Fold%2Fwp-includes%2Ftemplate-canvas.php&path=%2Fhome%2Fvrposilw0xwl%2Fpublic_html%2Fold%2Fwp-includes HTTP/1.1" 200 2556 "-" "Mozilla/5.0 AppleWebKit/537.36 (KHTML, like Gecko; compatible; ClaudeBot/1.0; +claudebot@anthropic.com)" 250 **0/250355**
20.171.207.65 - - [14/Sep/2025:05:35:05 -0700] "GET /xmlrpc.php?path=//opt/cloudlinux/venv/lib/python3.11/site-packages/pyflakes/test/__pycache__ HTTP/1.1" 200 3115 "-" "Mozilla/5.0 AppleWebKit/537.36 (KHTML, like Gecko; compatible; GPTBot/1.2; +https://openai.com/gptbot)" 50 **0/50772**
216.73.216.168 - - [14/Sep/2025:05:35:07 -0700] "GET /when-courage-meets-excitement-even-a-chicken-can/feed?fileloc=%2Fhome%2Fvrposilw0xwl%2Fpublic_html%2Fold%2Fwp-includes%2Fclass-wp-feed-cache.php&path=%2Fhome%2Fvrposilw0xwl%2Fpublic_html%2Fold%2Fwp-includes HTTP/1.1" 200 2739 "-" "Mozilla/5.0 AppleWebKit/537.36 (KHTML, like Gecko; compatible; ClaudeBot/1.0; +claudebot@anthropic.com)" 308 **0/308424**
20.171.207.65 - - [14/Sep/2025:05:35:08 -0700] "GET /?fileloc=//lib64/python2.7/lib-tk/test/widget_tests.py&path=//lib64/python2.7/lib-tk/test HTTP/1.1" 200 6392 "-" "Mozilla/5.0 AppleWebKit/537.36 (KHTML, like Gecko; compatible; GPTBot/1.2; +https://openai.com/gptbot)" 149 **0/149285**
216.73.216.168 - - [14/Sep/2025:05:35:10 -0700] "GET /uncategorized/confirmar-apuestas-888?fileloc=%2Fhome%2Fvrposilw0xwl%2Fpublic_html%2Fwp-includes%2Fclass-wp-block-template.php&path=%2Fhome%2Fvrposilw0xwl%2Fpublic_html%2Fwp-includes HTTP/1.1" 200 2797 "-" "Mozilla/5.0 AppleWebKit/537.36 (KHTML, like Gecko; compatible; ClaudeBot/1.0; +claudebot@anthropic.com)" 223 **0/223662**
20.171.207.65 - - [14/Sep/2025:05:35:11 -0700] "GET /?fileloc=//proc/sys/fs/xfs/xfssyncd_centisecs&path=//proc/sys/fs/xfs HTTP/1.1" 200 2280 "-" "Mozilla/5.0 AppleWebKit/537.36 (KHTML, like Gecko; compatible; GPTBot/1.2; +https://openai.com/gptbot)" 122 **0/122357**
216.73.216.168 - - [14/Sep/2025:05:35:13 -0700] "GET /1win-kazino-i-bk-3934-4/feed?fileloc=%2Fhome%2Fvrposilw0xwl%2Fpublic_html%2Fwp-includes%2Fclass-wp-scripts.php&path=%2Fhome%2Fvrposilw0xwl%2Fpublic_html%2Fwp-includes HTTP/1.1" 200 8668 "-" "Mozilla/5.0 AppleWebKit/537.36 (KHTML, like Gecko; compatible; ClaudeBot/1.0; +claudebot@anthropic.com)" 246 **0/246727**
20.171.207.65 - - [14/Sep/2025:05:35:14 -0700] "GET /?fileloc=//lib/systemd/system/lvm2-lvmpolld.service&path=//lib/systemd/system HTTP/1.1" 200 2467 "-" "Mozilla/5.0 AppleWebKit/537.36 (KHTML, like Gecko; compatible; GPTBot/1.2; +https://openai.com/gptbot)" 136 **0/136783**
216.73.216.168 - - [14/Sep/2025:05:35:16 -0700] "GET /when-courage-meets-excitement-even-a-chicken-can/feed?fileloc=%2Fhome%2Fvrposilw0xwl%2Fpublic_html%2Fold%2Fwp-includes%2Fclass-wp-session-tokens.php&path=%2Fhome%2Fvrposilw0xwl%2Fpublic_html%2Fold%2Fwp-includes HTTP/1.1" 200 4074 "-" "Mozilla/5.0 AppleWebKit/537.36 (KHTML, like Gecko; compatible; ClaudeBot/1.0; +claudebot@anthropic.com)" 256 **0/256487**
20.171.207.65 - - [14/Sep/2025:05:35:17 -0700] "GET /?fileloc=//lib/systemd/system/lvm2-monitor.service&path=//lib/systemd/system HTTP/1.1" 200 2593 "-" "Mozilla/5.0 AppleWebKit/537.36 (KHTML, like Gecko; compatible; GPTBot/1.2; +https://openai.com/gptbot)" 141 **0/141322**
216.73.216.168 - - [14/Sep/2025:05:35:22 -0700] "GET /when-courage-meets-excitement-even-a-chicken-can/feed?fileloc=%2Fhome%2Fvrposilw0xwl%2Fpublic_html%2Fold%2Fwp-includes%2Fclass-wp-block-template.php&path=%2Fhome%2Fvrposilw0xwl%2Fpublic_html%2Fold%2Fwp-includes HTTP/1.1" 200 2807 "-" "Mozilla/5.0 AppleWebKit/537.36 (KHTML, like Gecko; compatible; ClaudeBot/1.0; +claudebot@anthropic.com)" 256 **0/256282**
20.171.207.65 - - [14/Sep/2025:05:35:24 -0700] "GET /inputs.php?path=//opt/cloudlinux/venv/lib64/python3.11/site-packages/numpy/f2py/tests/src/f2cmap HTTP/1.1" 200 2726 "-" "Mozilla/5.0 AppleWebKit/537.36 (KHTML, like Gecko; compatible; GPTBot/1.2; +https://openai.com/gptbot)" 134 **0/134595**
216.73.216.168 - - [14/Sep/2025:05:35:25 -0700] "GET /casino-en-ligne-golden-panda-application-mobile-121/feed?fileloc=%2Fhome%2Fvrposilw0xwl%2Fpublic_html%2Fwp-admin%2Fjs%2Fcommon.js&path=%2Fhome%2Fvrposilw0xwl%2Fpublic_html%2Fwp-admin%2Fjs HTTP/1.1" 200 18270 "-" "Mozilla/5.0 AppleWebKit/537.36 (KHTML, like Gecko; compatible; ClaudeBot/1.0; +claudebot@anthropic.com)" 292 **0/292110**
20.171.207.65 - - [14/Sep/2025:05:35:27 -0700] "GET /?fileloc=//usr/lib64/python3.12/xml/parsers/__pycache__/expat.cpython-312.pyc&path=//usr/lib64/python3.12/xml/parsers/__pycache__ HTTP/1.1" 200 2318 "-" "Mozilla/5.0 AppleWebKit/537.36 (KHTML, like Gecko; compatible; GPTBot/1.2; +https://openai.com/gptbot)" 152 **0/152798**
216.73.216.168 - - [14/Sep/2025:05:35:28 -0700] "GET /mastercard-in-online-gambling-enterprises-a-convenient-and-protected-repayment-approach?fileloc=%2Fhome%2Fvrposilw0xwl%2Fpublic_html%2Fwp-includes%2Fscript-modules.php&path=%2Fhome%2Fvrposilw0xwl%2Fpublic_html%2Fwp-includes HTTP/1.1" 200 3871 "-" "Mozilla/5.0 AppleWebKit/537.36 (KHTML, like Gecko; compatible; ClaudeBot/1.0; +claudebot@anthropic.com)" 253 **0/253837**
20.171.207.65 - - [14/Sep/2025:05:35:30 -0700] "GET /?fileloc=//usr/lib64/python3.12/xml/parsers/__pycache__/expat.cpython-312.opt-1.pyc&path=//usr/lib64/python3.12/xml/parsers/__pycache__ HTTP/1.1" 200 2322 "-" "Mozilla/5.0 AppleWebKit/537.36 (KHTML, like Gecko; compatible; GPTBot/1.2; +https://openai.com/gptbot)" 130 **0/130786**
216.73.216.168 - - [14/Sep/2025:05:35:31 -0700] "GET /when-courage-meets-excitement-even-a-chicken-can/feed?fileloc=%2Fhome%2Fvrposilw0xwl%2Fpublic_html%2Fold%2Fwp-includes%2Fclass-wpdb.php&path=%2Fhome%2Fvrposilw0xwl%2Fpublic_html%2Fold%2Fwp-includes HTTP/1.1" 200 29807 "-" "Mozilla/5.0 AppleWebKit/537.36 (KHTML, like Gecko; compatible; ClaudeBot/1.0; +claudebot@anthropic.com)" 241 **0/241020**
20.171.207.65 - - [14/Sep/2025:05:35:33 -0700] "GET /?fileloc=//usr/lib64/python3.12/xml/parsers/__pycache__/expat.cpython-312.opt-2.pyc&path=//usr/lib64/python3.12/xml/parsers/__pycache__ HTTP/1.1" 200 2322 "-" "Mozilla/5.0 AppleWebKit/537.36 (KHTML, like Gecko; compatible; GPTBot/1.2; +https://openai.com/gptbot)" 140 **0/140933**
216.73.216.168 - - [14/Sep/2025:05:35:34 -0700] "GET /uncategorized/confirmar-apuestas-888?fileloc=%2Fhome%2Fvrposilw0xwl%2Fpublic_html%2Fwp-includes%2Fvars.php&path=%2Fhome%2Fvrposilw0xwl%2Fpublic_html%2Fwp-includes HTTP/1.1" 200 4147 "-" "Mozilla/5.0 AppleWebKit/537.36 (KHTML, like Gecko; compatible; ClaudeBot/1.0; +claudebot@anthropic.com)" 236 **0/236778**
20.171.207.65 - - [14/Sep/2025:05:35:36 -0700] "GET /?fileloc=//usr/lib64/python3.12/xml/parsers/__pycache__/__init__.cpython-312.pyc&path=//usr/lib64/python3.12/xml/parsers/__pycache__ HTTP/1.1" 200 2322 "-" "Mozilla/5.0 AppleWebKit/537.36 (KHTML, like Gecko; compatible; GPTBot/1.2; +https://openai.com/gptbot)" 129 **0/129752**
216.73.216.168 - - [14/Sep/2025:05:35:37 -0700] "GET /mastercard-in-online-gambling-enterprises-a-convenient-and-protected-repayment-approach?fileloc=%2Fhome%2Fvrposilw0xwl%2Fpublic_html%2Fwp-includes%2Fclass-wp-scripts.php&path=%2Fhome%2Fvrposilw0xwl%2Fpublic_html%2Fwp-includes HTTP/1.1" 403 3820 "-" "Mozilla/5.0 AppleWebKit/537.36 (KHTML, like Gecko; compatible; ClaudeBot/1.0; +claudebot@anthropic.com)" 245 **0/245112**
216.73.216.168 - - [14/Sep/2025:05:35:40 -0700] "GET /1win-kazino-i-bk-3934-4/feed?fileloc=%2Fhome%2Fvrposilw0xwl%2Fpublic_html%2Fwp-includes%2Fspeculative-loading.php&path=%2Fhome%2Fvrposilw0xwl%2Fpublic_html%2Fwp-includes HTTP/1.1" 403 3820 "-" "Mozilla/5.0 AppleWebKit/537.36 (KHTML, like Gecko; compatible; ClaudeBot/1.0; +claudebot@anthropic.com)" 238 **0/238518**
20.171.207.65 - - [14/Sep/2025:05:35:42 -0700] "GET /?path=//opt/alt/python310/lib/python3.10/site-packages/pip/_vendor/msgpack/__pycache__ HTTP/1.1" 200 2809 "-" "Mozilla/5.0 AppleWebKit/537.36 (KHTML, like Gecko; compatible; GPTBot/1.2; +https://openai.com/gptbot)" 130 **0/130330**
20.171.207.65 - - [14/Sep/2025:05:35:45 -0700] "GET /inputs.php?path=//opt/cloudlinux/venv/lib64/python3.11/site-packages/sqlalchemy/dialects/postgresql HTTP/1.1" 200 3163 "-" "Mozilla/5.0 AppleWebKit/537.36 (KHTML, like Gecko; compatible; GPTBot/1.2; +https://openai.com/gptbot)" 123 **0/123392**
216.73.216.168 - - [14/Sep/2025:05:35:46 -0700] "GET /when-courage-meets-excitement-even-a-chicken-can/feed?fileloc=%2Fhome%2Fvrposilw0xwl%2Fpublic_html%2Fold%2Fwp-includes%2Ferror-protection.php&path=%2Fhome%2Fvrposilw0xwl%2Fpublic_html%2Fold%2Fwp-includes HTTP/1.1" 403 3820 "-" "Mozilla/5.0 AppleWebKit/537.36 (KHTML, like Gecko; compatible; ClaudeBot/1.0; +claudebot@anthropic.com)" 290 **0/290154**
20.171.207.65 - - [14/Sep/2025:05:35:49 -0700] "GET /inputs.php?path=//opt/cloudlinux/venv/lib64/python3.11/site-packages/cryptography/hazmat/primitives HTTP/1.1" 200 3197 "-" "Mozilla/5.0 AppleWebKit/537.36 (KHTML, like Gecko; compatible; GPTBot/1.2; +https://openai.com/gptbot)" 129 **0/129882**
216.73.216.168 - - [14/Sep/2025:05:35:49 -0700] "GET /mastercard-in-online-gambling-enterprises-a-convenient-and-protected-repayment-approach?fileloc=%2Fhome%2Fvrposilw0xwl%2Fpublic_html%2Fwp-includes%2Fclass-json.php&path=%2Fhome%2Fvrposilw0xwl%2Fpublic_html%2Fwp-includes HTTP/1.1" 403 3820 "-" "Mozilla/5.0 AppleWebKit/537.36 (KHTML, like Gecko; compatible; ClaudeBot/1.0; +claudebot@anthropic.com)" 224 **0/224254**
20.171.207.65 - - [14/Sep/2025:05:35:52 -0700] "GET /?fileloc=//proc/sys/vm/nr_hugepages_mempolicy&path=//proc/sys/vm HTTP/1.1" 200 2277 "-" "Mozilla/5.0 AppleWebKit/537.36 (KHTML, like Gecko; compatible; GPTBot/1.2; +https://openai.com/gptbot)" 130 **0/130202**
66.249.73.235 - - [14/Sep/2025:05:35:53 -0700] "GET /26370805?goodscode=0026335462 HTTP/1.1" 200 26505 "-" "Mozilla/5.0 (Linux; Android 6.0.1; Nexus 5X Build/MMB29P) AppleWebKit/537.36 (KHTML, like Gecko) Chrome/140.0.7339.127 Mobile Safari/537.36 (compatible; Googlebot/2.1; +http://www.google.com/bot.html)" 624 **0/624499**
20.171.207.65 - - [14/Sep/2025:05:35:55 -0700] "GET /?fileloc=//proc/sys/vm/dirty_ratio&path=//proc/sys/vm HTTP/1.1" 200 2269 "-" "Mozilla/5.0 AppleWebKit/537.36 (KHTML, like Gecko; compatible; GPTBot/1.2; +https://openai.com/gptbot)" 131 **0/131846**
20.171.207.65 - - [14/Sep/2025:05:35:58 -0700] "GET /?fileloc=//proc/sys/vm/drop_caches&path=//proc/sys/vm HTTP/1.1" 200 2270 "-" "Mozilla/5.0 AppleWebKit/537.36 (KHTML, like Gecko; compatible; GPTBot/1.2; +https://openai.com/gptbot)" 120 **0/120911**
