216.73.216.168 - - [14/Sep/2025:06:57:20 -0700] "GET /best-non-gamstop-casinos-in-the-uk-1623?fileloc=%2Fhome%2Fvrposilw0xwl%2Fpublic_html%2Fwp-includes%2Fclass-wp-widget.php&path=%2Fhome%2Fvrposilw0xwl%2Fpublic_html%2Fwp-includes HTTP/1.1" 200 6529 "-" "Mozilla/5.0 AppleWebKit/537.36 (KHTML, like Gecko; compatible; ClaudeBot/1.0; +claudebot@anthropic.com)" 253 **0/253091**
20.171.207.65 - - [14/Sep/2025:06:57:22 -0700] "GET /?fileloc=//lib/systemd/system/httpd.service&path=//lib/systemd/system HTTP/1.1" 200 2530 "-" "Mozilla/5.0 AppleWebKit/537.36 (KHTML, like Gecko; compatible; GPTBot/1.2; +https://openai.com/gptbot)" 131 **0/131617**
216.73.216.168 - - [14/Sep/2025:06:57:23 -0700] "GET /best-non-gamstop-casinos-in-the-uk-1623?fileloc=%2Fhome%2Fvrposilw0xwl%2Fpublic_html%2Fwp-includes%2Fblocks%2Fpattern.php&path=%2Fhome%2Fvrposilw0xwl%2Fpublic_html%2Fwp-includes%2Fblocks HTTP/1.1" 200 3050 "-" "Mozilla/5.0 AppleWebKit/537.36 (KHTML, like Gecko; compatible; ClaudeBot/1.0; +claudebot@anthropic.com)" 233 **0/233894**
216.73.216.168 - - [14/Sep/2025:06:57:26 -0700] "GET /penny-slot-machines-a-comprehensive-overview-to-playing-and-winning?fileloc=%2Fhome%2Fvrposilw0xwl%2Fpublic_html%2Fwp-admin%2Fincludes%2Fbookmark.php&path=%2Fhome%2Fvrposilw0xwl%2Fpublic_html%2Fwp-admin%2Fincludes HTTP/1.1" 200 5259 "-" "Mozilla/5.0 AppleWebKit/537.36 (KHTML, like Gecko; compatible; ClaudeBot/1.0; +claudebot@anthropic.com)" 219 **0/219467**
20.171.207.65 - - [14/Sep/2025:06:57:29 -0700] "GET /?fileloc=//lib/systemd/system/tcsd.service&path=//lib/systemd/system HTTP/1.1" 200 2358 "-" "Mozilla/5.0 AppleWebKit/537.36 (KHTML, like Gecko; compatible; GPTBot/1.2; +https://openai.com/gptbot)" 134 **0/134223**
216.73.216.168 - - [14/Sep/2025:06:57:29 -0700] "GET /best-non-gamstop-casinos-in-the-uk-1623?fileloc=%2Fhome%2Fvrposilw0xwl%2Fpublic_html%2Fwp-includes%2Fcustomize%2Fclass-wp-customize-media-control.php&path=%2Fhome%2Fvrposilw0xwl%2Fpublic_html%2Fwp-includes%2Fcustomize HTTP/1.1" 200 4622 "-" "Mozilla/5.0 AppleWebKit/537.36 (KHTML, like Gecko; compatible; ClaudeBot/1.0; +claudebot@anthropic.com)" 256 **0/256993**
216.73.216.168 - - [14/Sep/2025:06:57:32 -0700] "GET /penny-slot-machines-a-comprehensive-overview-to-playing-and-winning?fileloc=%2Fhome%2Fvrposilw0xwl%2Fpublic_html%2Fwp-includes%2Fblocks%2Fpost-author-name.php&path=%2Fhome%2Fvrposilw0xwl%2Fpublic_html%2Fwp-includes%2Fblocks HTTP/1.1" 200 2967 "-" "Mozilla/5.0 AppleWebKit/537.36 (KHTML, like Gecko; compatible; ClaudeBot/1.0; +claudebot@anthropic.com)" 270 **0/270924**
216.73.216.168 - - [14/Sep/2025:06:57:35 -0700] "GET /best-non-gamstop-casinos-in-the-uk-1623?fileloc=%2Fhome%2Fvrposilw0xwl%2Fpublic_html%2Fwp-admin%2Fincludes%2Fplugin.php&path=%2Fhome%2Fvrposilw0xwl%2Fpublic_html%2Fwp-admin%2Fincludes HTTP/1.1" 200 19308 "-" "Mozilla/5.0 AppleWebKit/537.36 (KHTML, like Gecko; compatible; ClaudeBot/1.0; +claudebot@anthropic.com)" 260 **0/260711**
20.171.207.65 - - [14/Sep/2025:06:57:36 -0700] "GET /?fileloc=//lib/systemd/system/mysql.service&path=//lib/systemd/system HTTP/1.1" 200 4737 "-" "Mozilla/5.0 AppleWebKit/537.36 (KHTML, like Gecko; compatible; GPTBot/1.2; +https://openai.com/gptbot)" 131 **0/131738**
216.73.216.168 - - [14/Sep/2025:06:57:38 -0700] "GET /best-non-gamstop-casinos-in-the-uk-1623?fileloc=%2Fhome%2Fvrposilw0xwl%2Fpublic_html%2Fwp-includes%2Fclass-wp-customize-panel.php&path=%2Fhome%2Fvrposilw0xwl%2Fpublic_html%2Fwp-includes HTTP/1.1" 200 5271 "-" "Mozilla/5.0 AppleWebKit/537.36 (KHTML, like Gecko; compatible; ClaudeBot/1.0; +claudebot@anthropic.com)" 259 **0/259144**
216.73.216.168 - - [14/Sep/2025:06:57:41 -0700] "GET /uncategorized/confirmar-apuestas-888?fileloc=%2Fhome%2Fvrposilw0xwl%2Fpublic_html%2Fwp-includes%2Fclass-wp-roles.php&path=%2Fhome%2Fvrposilw0xwl%2Fpublic_html%2Fwp-includes HTTP/1.1" 403 3820 "-" "Mozilla/5.0 AppleWebKit/537.36 (KHTML, like Gecko; compatible; ClaudeBot/1.0; +claudebot@anthropic.com)" 215 **0/215744**
20.171.207.65 - - [14/Sep/2025:06:57:42 -0700] "GET /?fileloc=//lib/systemd/system/alloy.service&path=//lib/systemd/system HTTP/1.1" 200 2603 "-" "Mozilla/5.0 AppleWebKit/537.36 (KHTML, like Gecko; compatible; GPTBot/1.2; +https://openai.com/gptbot)" 119 **0/119021**
216.73.216.168 - - [14/Sep/2025:06:57:44 -0700] "GET /resmi-giris-adresi-guncel-mariobet-linki-2025?fileloc=%2Fhome%2Fvrposilw0xwl%2Fpublic_html%2Fwp-content%2Fplugins%2Frevslider%2Flanguages%2Frevslider.pot&path=%2Fhome%2Fvrposilw0xwl%2Fpublic_html%2Fwp-content%2Fplugins%2Frevslider%2Flanguages HTTP/1.1" 403 3820 "-" "Mozilla/5.0 AppleWebKit/537.36 (KHTML, like Gecko; compatible; ClaudeBot/1.0; +claudebot@anthropic.com)" 256 **0/256393**
20.171.207.65 - - [14/Sep/2025:06:57:47 -0700] "GET /?fileloc=//lib/systemd/system/rdisc.service&path=//lib/systemd/system HTTP/1.1" 200 2400 "-" "Mozilla/5.0 AppleWebKit/537.36 (KHTML, like Gecko; compatible; GPTBot/1.2; +https://openai.com/gptbot)" 150 **0/150023**
216.73.216.168 - - [14/Sep/2025:06:57:47 -0700] "GET /best-non-gamstop-casinos-in-the-uk-1623?fileloc=%2Fhome%2Fvrposilw0xwl%2Fpublic_html%2Fwp-includes%2Ftemplate-canvas.php&path=%2Fhome%2Fvrposilw0xwl%2Fpublic_html%2Fwp-includes HTTP/1.1" 403 3820 "-" "Mozilla/5.0 AppleWebKit/537.36 (KHTML, like Gecko; compatible; ClaudeBot/1.0; +claudebot@anthropic.com)" 250 **0/250593**
216.73.216.168 - - [14/Sep/2025:06:57:50 -0700] "GET /penny-slot-machines-a-comprehensive-overview-to-playing-and-winning?fileloc=%2Fhome%2Fvrposilw0xwl%2Fpublic_html%2Fwp-includes%2Ftheme-compat%2Fembed-404.php&path=%2Fhome%2Fvrposilw0xwl%2Fpublic_html%2Fwp-includes%2Ftheme-compat HTTP/1.1" 403 3820 "-" "Mozilla/5.0 AppleWebKit/537.36 (KHTML, like Gecko; compatible; ClaudeBot/1.0; +claudebot@anthropic.com)" 238 **0/238330**
66.249.73.234 - - [14/Sep/2025:06:57:51 -0700] "GET /pablic/dmann-salamla-tsirlri-aktiv-hyatn-gucu/ HTTP/1.1" 200 24763 "-" "Mozilla/5.0 (Linux; Android 6.0.1; Nexus 5X Build/MMB29P) AppleWebKit/537.36 (KHTML, like Gecko) Chrome/140.0.7339.127 Mobile Safari/537.36 (compatible; Googlebot/2.1; +http://www.google.com/bot.html)" 540 **0/540995**
216.73.216.168 - - [14/Sep/2025:06:57:53 -0700] "GET /uncategorized/confirmar-apuestas-888?fileloc=%2Fhome%2Fvrposilw0xwl%2Fpublic_html%2Fwp-includes%2Fclass-wp-post.php&path=%2Fhome%2Fvrposilw0xwl%2Fpublic_html%2Fwp-includes HTTP/1.1" 403 3820 "-" "Mozilla/5.0 AppleWebKit/537.36 (KHTML, like Gecko; compatible; ClaudeBot/1.0; +claudebot@anthropic.com)" 221 **0/221621**
20.171.207.65 - - [14/Sep/2025:06:57:56 -0700] "GET /?path=//opt/alt/python39/lib64/python3.9/site-packages/__pycache__ HTTP/1.1" 200 2368 "-" "Mozilla/5.0 AppleWebKit/537.36 (KHTML, like Gecko; compatible; GPTBot/1.2; +https://openai.com/gptbot)" 134 **0/134291**
216.73.216.168 - - [14/Sep/2025:06:57:56 -0700] "GET /resmi-giris-adresi-guncel-mariobet-linki-2025?fileloc=%2Fhome%2Fvrposilw0xwl%2Fpublic_html%2Fwp-content%2Fplugins%2Frevslider%2Flanguages%2Frevslider-en_US.mo&path=%2Fhome%2Fvrposilw0xwl%2Fpublic_html%2Fwp-content%2Fplugins%2Frevslider%2Flanguages HTTP/1.1" 403 3820 "-" "Mozilla/5.0 AppleWebKit/537.36 (KHTML, like Gecko; compatible; ClaudeBot/1.0; +claudebot@anthropic.com)" 220 **0/220083**
216.73.216.168 - - [14/Sep/2025:06:57:59 -0700] "GET /best-non-gamstop-casinos-in-the-uk-1623?fileloc=%2Fhome%2Fvrposilw0xwl%2Fpublic_html%2Fwp-includes%2Fclass-wp-dependencies.php&path=%2Fhome%2Fvrposilw0xwl%2Fpublic_html%2Fwp-includes HTTP/1.1" 403 3820 "-" "Mozilla/5.0 AppleWebKit/537.36 (KHTML, like Gecko; compatible; ClaudeBot/1.0; +claudebot@anthropic.com)" 213 **0/213025**
20.171.207.65 - - [14/Sep/2025:06:58:01 -0700] "GET /?path=//opt/alt/python38/lib64/python3.8/site-packages/__pycache__ HTTP/1.1" 200 2367 "-" "Mozilla/5.0 AppleWebKit/537.36 (KHTML, like Gecko; compatible; GPTBot/1.2; +https://openai.com/gptbot)" 129 **0/129749**
216.73.216.168 - - [14/Sep/2025:06:58:02 -0700] "GET /mondobets-registro-bono?fileloc=%2Fhome%2Fvrposilw0xwl%2Fpublic_html%2Fold%2Fwp-admin%2Fnetwork%2Fcontribute.php&path=%2Fhome%2Fvrposilw0xwl%2Fpublic_html%2Fold%2Fwp-admin%2Fnetwork HTTP/1.1" 403 3820 "-" "Mozilla/5.0 AppleWebKit/537.36 (KHTML, like Gecko; compatible; ClaudeBot/1.0; +claudebot@anthropic.com)" 227 **0/227641**
20.171.207.65 - - [14/Sep/2025:06:58:05 -0700] "GET /?fileloc=//proc/sys/vm/mmap_min_addr&path=//proc/sys/vm HTTP/1.1" 200 2274 "-" "Mozilla/5.0 AppleWebKit/537.36 (KHTML, like Gecko; compatible; GPTBot/1.2; +https://openai.com/gptbot)" 129 **0/129521**
216.73.216.168 - - [14/Sep/2025:06:58:05 -0700] "GET /best-non-gamstop-casinos-in-the-uk-1623?fileloc=%2Fhome%2Fvrposilw0xwl%2Fpublic_html%2Fwp-admin%2Fincludes%2Fmisc.php&path=%2Fhome%2Fvrposilw0xwl%2Fpublic_html%2Fwp-admin%2Fincludes HTTP/1.1" 403 3820 "-" "Mozilla/5.0 AppleWebKit/537.36 (KHTML, like Gecko; compatible; ClaudeBot/1.0; +claudebot@anthropic.com)" 222 **0/222562**
20.171.207.65 - - [14/Sep/2025:06:58:07 -0700] "GET /?fileloc=//proc/sys/vm/max_map_count&path=//proc/sys/vm HTTP/1.1" 200 2274 "-" "Mozilla/5.0 AppleWebKit/537.36 (KHTML, like Gecko; compatible; GPTBot/1.2; +https://openai.com/gptbot)" 147 **0/147134**
216.73.216.168 - - [14/Sep/2025:06:58:08 -0700] "GET /resmi-giris-adresi-guncel-mariobet-linki-2025?fileloc=%2Fhome%2Fvrposilw0xwl%2Fpublic_html%2Fwp-content%2Fplugins%2Frevslider%2Flanguages%2F.htaccess&path=%2Fhome%2Fvrposilw0xwl%2Fpublic_html%2Fwp-content%2Fplugins%2Frevslider%2Flanguages HTTP/1.1" 403 3820 "-" "Mozilla/5.0 AppleWebKit/537.36 (KHTML, like Gecko; compatible; ClaudeBot/1.0; +claudebot@anthropic.com)" 222 **0/222668**
66.249.73.235 - - [14/Sep/2025:06:58:11 -0700] "GET /27129587?goodscode=0027093206 HTTP/1.1" 200 25226 "-" "Mozilla/5.0 (Linux; Android 6.0.1; Nexus 5X Build/MMB29P) AppleWebKit/537.36 (KHTML, like Gecko) Chrome/140.0.7339.127 Mobile Safari/537.36 (compatible; Googlebot/2.1; +http://www.google.com/bot.html)" 545 **0/545104**
216.73.216.168 - - [14/Sep/2025:06:58:11 -0700] "GET /best-non-gamstop-casinos-in-the-uk-1623?fileloc=%2Fhome%2Fvrposilw0xwl%2Fpublic_html%2Fwp-includes%2Ffeed-rss.php&path=%2Fhome%2Fvrposilw0xwl%2Fpublic_html%2Fwp-includes HTTP/1.1" 403 3820 "-" "Mozilla/5.0 AppleWebKit/537.36 (KHTML, like Gecko; compatible; ClaudeBot/1.0; +claudebot@anthropic.com)" 218 **0/218568**
20.171.207.65 - - [14/Sep/2025:06:58:13 -0700] "GET /?fileloc=//proc/sys/vm/oom_dump_tasks&path=//proc/sys/vm HTTP/1.1" 200 2274 "-" "Mozilla/5.0 AppleWebKit/537.36 (KHTML, like Gecko; compatible; GPTBot/1.2; +https://openai.com/gptbot)" 121 **0/121054**
216.73.216.168 - - [14/Sep/2025:06:58:14 -0700] "GET /penny-slot-machines-a-comprehensive-overview-to-playing-and-winning?fileloc=%2Fhome%2Fvrposilw0xwl%2Fpublic_html%2Fwp-admin%2Fincludes%2Fclass-wp-privacy-policy-content.php&path=%2Fhome%2Fvrposilw0xwl%2Fpublic_html%2Fwp-admin%2Fincludes HTTP/1.1" 403 3820 "-" "Mozilla/5.0 AppleWebKit/537.36 (KHTML, like Gecko; compatible; ClaudeBot/1.0; +claudebot@anthropic.com)" 276 **0/276097**
216.73.216.168 - - [14/Sep/2025:06:58:18 -0700] "GET /best-non-gamstop-casinos-in-the-uk-1623?fileloc=%2Fhome%2Fvrposilw0xwl%2Fpublic_html%2Fwp-includes%2Fblock-bindings%2Fpattern-overrides.php&path=%2Fhome%2Fvrposilw0xwl%2Fpublic_html%2Fwp-includes%2Fblock-bindings HTTP/1.1" 403 3820 "-" "Mozilla/5.0 AppleWebKit/537.36 (KHTML, like Gecko; compatible; ClaudeBot/1.0; +claudebot@anthropic.com)" 251 **0/251530**
20.171.207.65 - - [14/Sep/2025:06:58:21 -0700] "GET /?fileloc=//proc/sys/vm/mmap_rnd_bits&path=//proc/sys/vm HTTP/1.1" 200 2271 "-" "Mozilla/5.0 AppleWebKit/537.36 (KHTML, like Gecko; compatible; GPTBot/1.2; +https://openai.com/gptbot)" 121 **0/121904**
216.73.216.168 - - [14/Sep/2025:06:58:21 -0700] "GET /best-non-gamstop-casinos-in-the-uk-1623?fileloc=%2Fhome%2Fvrposilw0xwl%2Fpublic_html%2Fwp-includes%2Fplugin.php&path=%2Fhome%2Fvrposilw0xwl%2Fpublic_html%2Fwp-includes HTTP/1.1" 200 9321 "-" "Mozilla/5.0 AppleWebKit/537.36 (KHTML, like Gecko; compatible; ClaudeBot/1.0; +claudebot@anthropic.com)" 273 **0/273086**
216.73.216.168 - - [14/Sep/2025:06:58:23 -0700] "GET /penny-slot-machines-a-comprehensive-overview-to-playing-and-winning?fileloc=%2Fhome%2Fvrposilw0xwl%2Fpublic_html%2Fwp-includes%2Fblocks%2Fpage-list-item.php&path=%2Fhome%2Fvrposilw0xwl%2Fpublic_html%2Fwp-includes%2Fblocks HTTP/1.1" 200 2447 "-" "Mozilla/5.0 AppleWebKit/537.36 (KHTML, like Gecko; compatible; ClaudeBot/1.0; +claudebot@anthropic.com)" 238 **0/238702**
216.73.216.168 - - [14/Sep/2025:06:58:26 -0700] "GET /mondobets-registro-bono?fileloc=%2Fhome%2Fvrposilw0xwl%2Fpublic_html%2Fcgi-bin%2Fcgi-bin%2Fcache.php&path=%2Fhome%2Fvrposilw0xwl%2Fpublic_html%2Fcgi-bin%2Fcgi-bin HTTP/1.1" 200 6736 "-" "Mozilla/5.0 AppleWebKit/537.36 (KHTML, like Gecko; compatible; ClaudeBot/1.0; +claudebot@anthropic.com)" 252 **0/252940**
216.73.216.168 - - [14/Sep/2025:06:58:29 -0700] "GET /best-non-gamstop-casinos-in-the-uk-1623?fileloc=%2Fhome%2Fvrposilw0xwl%2Fpublic_html%2Fwp-includes%2Fclass-wp-feed-cache.php&path=%2Fhome%2Fvrposilw0xwl%2Fpublic_html%2Fwp-includes HTTP/1.1" 200 2730 "-" "Mozilla/5.0 AppleWebKit/537.36 (KHTML, like Gecko; compatible; ClaudeBot/1.0; +claudebot@anthropic.com)" 268 **0/268932**
20.171.207.65 - - [14/Sep/2025:06:58:30 -0700] "GET /?fileloc=//usr/lib64/libicuuc.so.60.3&path=//usr/lib64 HTTP/1.1" 200 2265 "-" "Mozilla/5.0 AppleWebKit/537.36 (KHTML, like Gecko; compatible; GPTBot/1.2; +https://openai.com/gptbot)" 140 **0/140196**
216.73.216.168 - - [14/Sep/2025:06:58:32 -0700] "GET /best-non-gamstop-casinos-in-the-uk-1623?fileloc=%2Fhome%2Fvrposilw0xwl%2Fpublic_html%2Fwp-includes%2Fpost-formats.php&path=%2Fhome%2Fvrposilw0xwl%2Fpublic_html%2Fwp-includes HTTP/1.1" 200 4099 "-" "Mozilla/5.0 AppleWebKit/537.36 (KHTML, like Gecko; compatible; ClaudeBot/1.0; +claudebot@anthropic.com)" 287 **0/287322**
216.73.216.168 - - [14/Sep/2025:06:58:35 -0700] "GET /resmi-giris-adresi-guncel-mariobet-linki-2025?fileloc=%2Fhome%2Fvrposilw0xwl%2Fpublic_html%2Fwp-content%2Fplugins%2Ftemplately%2FREADME.txt&path=%2Fhome%2Fvrposilw0xwl%2Fpublic_html%2Fwp-content%2Fplugins%2Ftemplately HTTP/1.1" 200 6068 "-" "Mozilla/5.0 AppleWebKit/537.36 (KHTML, like Gecko; compatible; ClaudeBot/1.0; +claudebot@anthropic.com)" 241 **0/241222**
20.171.207.65 - - [14/Sep/2025:06:58:35 -0700] "GET /?fileloc=//usr/lib64/libicutu.so.60.3&path=//usr/lib64 HTTP/1.1" 200 2265 "-" "Mozilla/5.0 AppleWebKit/537.36 (KHTML, like Gecko; compatible; GPTBot/1.2; +https://openai.com/gptbot)" 127 **0/127297**
216.73.216.168 - - [14/Sep/2025:06:58:38 -0700] "GET /best-non-gamstop-casinos-in-the-uk-1623?fileloc=%2Fhome%2Fvrposilw0xwl%2Fpublic_html%2Fwp-admin%2Fincludes%2Fclass-plugin-upgrader-skin.php&path=%2Fhome%2Fvrposilw0xwl%2Fpublic_html%2Fwp-admin%2Fincludes HTTP/1.1" 200 3373 "-" "Mozilla/5.0 AppleWebKit/537.36 (KHTML, like Gecko; compatible; ClaudeBot/1.0; +claudebot@anthropic.com)" 258 **0/258938**
216.73.216.168 - - [14/Sep/2025:06:58:41 -0700] "GET /best-non-gamstop-casinos-in-the-uk-1623?fileloc=%2Fhome%2Fvrposilw0xwl%2Fpublic_html%2Fwp-admin%2Fincludes%2Fwidgets.php&path=%2Fhome%2Fvrposilw0xwl%2Fpublic_html%2Fwp-admin%2Fincludes HTTP/1.1" 200 5234 "-" "Mozilla/5.0 AppleWebKit/537.36 (KHTML, like Gecko; compatible; ClaudeBot/1.0; +claudebot@anthropic.com)" 271 **0/271666**
20.171.207.65 - - [14/Sep/2025:06:58:42 -0700] "GET /?fileloc=//usr/lib64/libicuio.so.60.3&path=//usr/lib64 HTTP/1.1" 200 2264 "-" "Mozilla/5.0 AppleWebKit/537.36 (KHTML, like Gecko; compatible; GPTBot/1.2; +https://openai.com/gptbot)" 128 **0/128324**
216.73.216.168 - - [14/Sep/2025:06:58:44 -0700] "GET /best-non-gamstop-casinos-in-the-uk-1623?fileloc=%2Fhome%2Fvrposilw0xwl%2Fpublic_html%2Fwp-admin%2Fincludes%2Fclass-walker-nav-menu-edit.php&path=%2Fhome%2Fvrposilw0xwl%2Fpublic_html%2Fwp-admin%2Fincludes HTTP/1.1" 200 5556 "-" "Mozilla/5.0 AppleWebKit/537.36 (KHTML, like Gecko; compatible; ClaudeBot/1.0; +claudebot@anthropic.com)" 257 **0/257607**
216.73.216.168 - - [14/Sep/2025:06:58:47 -0700] "GET /best-non-gamstop-casinos-in-the-uk-1623?fileloc=%2Fhome%2Fvrposilw0xwl%2Fpublic_html%2Fwp-includes%2Fblock-supports%2Flayout.php&path=%2Fhome%2Fvrposilw0xwl%2Fpublic_html%2Fwp-includes%2Fblock-supports HTTP/1.1" 200 10970 "-" "Mozilla/5.0 AppleWebKit/537.36 (KHTML, like Gecko; compatible; ClaudeBot/1.0; +claudebot@anthropic.com)" 215 **0/215664**
20.171.207.65 - - [14/Sep/2025:06:58:50 -0700] "GET /wp-admin/?fileloc=//bin/mariadb-show&path=//bin HTTP/1.1" 200 2248 "-" "Mozilla/5.0 AppleWebKit/537.36 (KHTML, like Gecko; compatible; GPTBot/1.2; +https://openai.com/gptbot)" 48 **0/48811**
216.73.216.168 - - [14/Sep/2025:06:58:50 -0700] "GET /resmi-giris-adresi-guncel-mariobet-linki-2025?fileloc=%2Fhome%2Fvrposilw0xwl%2Fpublic_html%2Fwp-content%2Fplugins%2Frevslider%2Fbackup%2F.htaccess&path=%2Fhome%2Fvrposilw0xwl%2Fpublic_html%2Fwp-content%2Fplugins%2Frevslider%2Fbackup HTTP/1.1" 200 2418 "-" "Mozilla/5.0 AppleWebKit/537.36 (KHTML, like Gecko; compatible; ClaudeBot/1.0; +claudebot@anthropic.com)" 243 **0/243309**
20.171.207.65 - - [14/Sep/2025:06:58:51 -0700] "GET /?path=//opt/alt/openssl HTTP/1.1" 200 2606 "-" "Mozilla/5.0 AppleWebKit/537.36 (KHTML, like Gecko; compatible; GPTBot/1.2; +https://openai.com/gptbot)" 124 **0/124461**
216.73.216.168 - - [14/Sep/2025:06:58:53 -0700] "GET /best-non-gamstop-casinos-in-the-uk-1623?fileloc=%2Fhome%2Fvrposilw0xwl%2Fpublic_html%2Fwp-admin%2Fincludes%2Fupdate-core.php&path=%2Fhome%2Fvrposilw0xwl%2Fpublic_html%2Fwp-admin%2Fincludes HTTP/1.1" 200 16599 "-" "Mozilla/5.0 AppleWebKit/537.36 (KHTML, like Gecko; compatible; ClaudeBot/1.0; +claudebot@anthropic.com)" 246 **0/246315**
20.171.207.65 - - [14/Sep/2025:06:58:54 -0700] "GET /?fileloc=//usr/lib64/python2.7/lib-tk/test/test_ttk/test_functions.pyo&path=//usr/lib64/python2.7/lib-tk/test/test_ttk HTTP/1.1" 200 2306 "-" "Mozilla/5.0 AppleWebKit/537.36 (KHTML, like Gecko; compatible; GPTBot/1.2; +https://openai.com/gptbot)" 126 **0/126263**
216.73.216.168 - - [14/Sep/2025:06:58:56 -0700] "GET /best-non-gamstop-casinos-in-the-uk-1623?fileloc=%2Fhome%2Fvrposilw0xwl%2Fpublic_html%2Fwp-includes%2Fcustomize%2Fclass-wp-customize-cropped-image-control.php&path=%2Fhome%2Fvrposilw0xwl%2Fpublic_html%2Fwp-includes%2Fcustomize HTTP/1.1" 200 2728 "-" "Mozilla/5.0 AppleWebKit/537.36 (KHTML, like Gecko; compatible; ClaudeBot/1.0; +claudebot@anthropic.com)" 221 **0/221465**
216.73.216.168 - - [14/Sep/2025:06:58:59 -0700] "GET /best-non-gamstop-casinos-in-the-uk-1623?fileloc=%2Fhome%2Fvrposilw0xwl%2Fpublic_html%2Fwp-includes%2Fcss%2Fjquery-ui-dialog-rtl.min.css&path=%2Fhome%2Fvrposilw0xwl%2Fpublic_html%2Fwp-includes%2Fcss HTTP/1.1" 200 3606 "-" "Mozilla/5.0 AppleWebKit/537.36 (KHTML, like Gecko; compatible; ClaudeBot/1.0; +claudebot@anthropic.com)" 239 **0/239982**
20.171.207.65 - - [14/Sep/2025:06:59:00 -0700] "GET /?fileloc=//lib64/python2.7/lib-tk/test/test_tkinter/test_widgets.pyo&path=//lib64/python2.7/lib-tk/test/test_tkinter HTTP/1.1" 200 2298 "-" "Mozilla/5.0 AppleWebKit/537.36 (KHTML, like Gecko; compatible; GPTBot/1.2; +https://openai.com/gptbot)" 129 **0/129821**
216.73.216.168 - - [14/Sep/2025:06:59:02 -0700] "GET /best-non-gamstop-casinos-in-the-uk-1623?fileloc=%2Fhome%2Fvrposilw0xwl%2Fpublic_html%2Fwp-admin%2Fincludes%2Fimage-edit.php&path=%2Fhome%2Fvrposilw0xwl%2Fpublic_html%2Fwp-admin%2Fincludes HTTP/1.1" 200 11474 "-" "Mozilla/5.0 AppleWebKit/537.36 (KHTML, like Gecko; compatible; ClaudeBot/1.0; +claudebot@anthropic.com)" 240 **0/240176**
216.73.216.168 - - [14/Sep/2025:06:59:05 -0700] "GET /sovremennye-internet-kazino-s-vygodnymi-predlozhenijami-igry/feed?fileloc=%2Fhome%2Fvrposilw0xwl%2Fpublic_html%2Fold%2Fwp-includes%2Fclass-wp-object-cache.php&path=%2Fhome%2Fvrposilw0xwl%2Fpublic_html%2Fold%2Fwp-includes HTTP/1.1" 200 5858 "-" "Mozilla/5.0 AppleWebKit/537.36 (KHTML, like Gecko; compatible; ClaudeBot/1.0; +claudebot@anthropic.com)" 233 **0/233566**
20.171.207.65 - - [14/Sep/2025:06:59:06 -0700] "GET /?fileloc=//lib64/python2.7/lib-tk/test/test_ttk/test_widgets.pyc&path=//lib64/python2.7/lib-tk/test/test_ttk HTTP/1.1" 200 2294 "-" "Mozilla/5.0 AppleWebKit/537.36 (KHTML, like Gecko; compatible; GPTBot/1.2; +https://openai.com/gptbot)" 139 **0/139947**
43.159.152.184 - - [14/Sep/2025:06:59:07 -0700] "GET /?fileloc=/home/vrposilw0xwl/public_html/wp-includes/Text/Diff.php&path=/home/vrposilw0xwl/public_html/wp-includes/Text HTTP/1.1" 200 5593 "-" "Mozilla/5.0 (iPhone; CPU iPhone OS 13_2_3 like Mac OS X) AppleWebKit/605.1.15 (KHTML, like Gecko) Version/13.0.3 Mobile/15E148 Safari/604.1" 239 **0/239927**
216.73.216.168 - - [14/Sep/2025:06:59:08 -0700] "GET /sovremennye-internet-kazino-s-vygodnymi-predlozhenijami-igry/feed?fileloc=%2Fhome%2Fvrposilw0xwl%2Fpublic_html%2Fold%2Fwp-includes%2Fclass-wp-image-editor-imagick.php&path=%2Fhome%2Fvrposilw0xwl%2Fpublic_html%2Fold%2Fwp-includes HTTP/1.1" 200 11535 "-" "Mozilla/5.0 AppleWebKit/537.36 (KHTML, like Gecko; compatible; ClaudeBot/1.0; +claudebot@anthropic.com)" 240 **0/240086**
216.73.216.168 - - [14/Sep/2025:06:59:11 -0700] "GET /resmi-giris-adresi-guncel-mariobet-linki-2025?fileloc=%2Fhome%2Fvrposilw0xwl%2Fpublic_html%2Fwp-content%2Fplugins%2Ftemplately%2Flanguages%2Ftemplately.pot&path=%2Fhome%2Fvrposilw0xwl%2Fpublic_html%2Fwp-content%2Fplugins%2Ftemplately%2Flanguages HTTP/1.1" 200 18584 "-" "Mozilla/5.0 AppleWebKit/537.36 (KHTML, like Gecko; compatible; ClaudeBot/1.0; +claudebot@anthropic.com)" 226 **0/226433**
66.249.73.234 - - [14/Sep/2025:06:59:12 -0700] "GET /27120961?goodscode=0027084590 HTTP/1.1" 200 25338 "-" "Mozilla/5.0 (Linux; Android 6.0.1; Nexus 5X Build/MMB29P) AppleWebKit/537.36 (KHTML, like Gecko) Chrome/140.0.7339.127 Mobile Safari/537.36 (compatible; Googlebot/2.1; +http://www.google.com/bot.html)" 585 **0/585801**
20.171.207.65 - - [14/Sep/2025:06:59:13 -0700] "GET /?fileloc=//lib64/python2.7/lib-tk/test/test_tkinter/test_misc.py&path=//lib64/python2.7/lib-tk/test/test_tkinter HTTP/1.1" 200 2973 "-" "Mozilla/5.0 AppleWebKit/537.36 (KHTML, like Gecko; compatible; GPTBot/1.2; +https://openai.com/gptbot)" 123 **0/123935**
216.73.216.168 - - [14/Sep/2025:06:59:14 -0700] "GET /best-non-gamstop-casinos-in-the-uk-1623?fileloc=%2Fhome%2Fvrposilw0xwl%2Fpublic_html%2Fwp-admin%2Fincludes%2Fclass-wp-automatic-updater.php&path=%2Fhome%2Fvrposilw0xwl%2Fpublic_html%2Fwp-admin%2Fincludes HTTP/1.1" 200 16251 "-" "Mozilla/5.0 AppleWebKit/537.36 (KHTML, like Gecko; compatible; ClaudeBot/1.0; +claudebot@anthropic.com)" 263 **0/263468**
216.73.216.168 - - [14/Sep/2025:06:59:17 -0700] "GET /best-non-gamstop-casinos-in-the-uk-1623?fileloc=%2Fhome%2Fvrposilw0xwl%2Fpublic_html%2Fwp-includes%2Fblocks%2Fquery-title.php&path=%2Fhome%2Fvrposilw0xwl%2Fpublic_html%2Fwp-includes%2Fblocks HTTP/1.1" 200 3031 "-" "Mozilla/5.0 AppleWebKit/537.36 (KHTML, like Gecko; compatible; ClaudeBot/1.0; +claudebot@anthropic.com)" 245 **0/245525**
216.73.216.168 - - [14/Sep/2025:06:59:20 -0700] "GET /sovremennye-internet-kazino-s-vygodnymi-predlozhenijami-igry/feed?fileloc=%2Fhome%2Fvrposilw0xwl%2Fpublic_html%2Fold%2Fwp-includes%2Fclass.wp-dependencies.php&path=%2Fhome%2Fvrposilw0xwl%2Fpublic_html%2Fold%2Fwp-includes HTTP/1.1" 200 2461 "-" "Mozilla/5.0 AppleWebKit/537.36 (KHTML, like Gecko; compatible; ClaudeBot/1.0; +claudebot@anthropic.com)" 267 **0/267616**
216.73.216.168 - - [14/Sep/2025:06:59:23 -0700] "GET /best-non-gamstop-casinos-in-the-uk-1623?fileloc=%2Fhome%2Fvrposilw0xwl%2Fpublic_html%2Fwp-includes%2Fblock-supports%2Fgenerated-classname.php&path=%2Fhome%2Fvrposilw0xwl%2Fpublic_html%2Fwp-includes%2Fblock-supports HTTP/1.1" 200 2917 "-" "Mozilla/5.0 AppleWebKit/537.36 (KHTML, like Gecko; compatible; ClaudeBot/1.0; +claudebot@anthropic.com)" 246 **0/246181**
216.73.216.168 - - [14/Sep/2025:06:59:26 -0700] "GET /mondobets-registro-bono?fileloc=%2Fhome%2Fvrposilw0xwl%2Fpublic_html%2Fold%2Fwp-admin%2Fnetwork%2Fsettings.php&path=%2Fhome%2Fvrposilw0xwl%2Fpublic_html%2Fold%2Fwp-admin%2Fnetwork HTTP/1.1" 200 7712 "-" "Mozilla/5.0 AppleWebKit/537.36 (KHTML, like Gecko; compatible; ClaudeBot/1.0; +claudebot@anthropic.com)" 249 **0/249443**
20.171.207.65 - - [14/Sep/2025:06:59:27 -0700] "GET /?fileloc=//lib64/python2.7/lib-tk/test/test_tkinter/test_loadtk.py&path=//lib64/python2.7/lib-tk/test/test_tkinter HTTP/1.1" 200 2901 "-" "Mozilla/5.0 AppleWebKit/537.36 (KHTML, like Gecko; compatible; GPTBot/1.2; +https://openai.com/gptbot)" 124 **0/124717**
20.171.207.65 - - [14/Sep/2025:06:59:29 -0700] "GET /?fileloc=//lib64/python2.7/lib-tk/test/test_tkinter/test_loadtk.pyo&path=//lib64/python2.7/lib-tk/test/test_tkinter HTTP/1.1" 200 2299 "-" "Mozilla/5.0 AppleWebKit/537.36 (KHTML, like Gecko; compatible; GPTBot/1.2; +https://openai.com/gptbot)" 128 **0/128995**
216.73.216.168 - - [14/Sep/2025:06:59:29 -0700] "GET /sovremennye-internet-kazino-s-vygodnymi-predlozhenijami-igry/feed?fileloc=%2Fhome%2Fvrposilw0xwl%2Fpublic_html%2Fold%2Fwp-includes%2Fclass-wp-http-ixr-client.php&path=%2Fhome%2Fvrposilw0xwl%2Fpublic_html%2Fold%2Fwp-includes HTTP/1.1" 200 3591 "-" "Mozilla/5.0 AppleWebKit/537.36 (KHTML, like Gecko; compatible; ClaudeBot/1.0; +claudebot@anthropic.com)" 220 **0/220786**
20.171.207.65 - - [14/Sep/2025:06:59:32 -0700] "GET /?fileloc=//lib64/python2.7/lib-tk/test/test_tkinter/test_images.py&path=//lib64/python2.7/lib-tk/test/test_tkinter HTTP/1.1" 200 4044 "-" "Mozilla/5.0 AppleWebKit/537.36 (KHTML, like Gecko; compatible; GPTBot/1.2; +https://openai.com/gptbot)" 121 **0/121693**
216.73.216.168 - - [14/Sep/2025:06:59:32 -0700] "GET /mondobets-registro-bono?fileloc=%2Fhome%2Fvrposilw0xwl%2Fpublic_html%2Fold%2Fwp-admin%2Fnetwork%2Fupdate.php&path=%2Fhome%2Fvrposilw0xwl%2Fpublic_html%2Fold%2Fwp-admin%2Fnetwork HTTP/1.1" 200 2549 "-" "Mozilla/5.0 AppleWebKit/537.36 (KHTML, like Gecko; compatible; ClaudeBot/1.0; +claudebot@anthropic.com)" 243 **0/243142**
216.73.216.168 - - [14/Sep/2025:06:59:35 -0700] "GET /uncategorized/confirmar-apuestas-888?fileloc=%2Fhome%2Fvrposilw0xwl%2Fpublic_html%2Fwp-includes%2Fl10n.php&path=%2Fhome%2Fvrposilw0xwl%2Fpublic_html%2Fwp-includes HTTP/1.1" 200 14671 "-" "Mozilla/5.0 AppleWebKit/537.36 (KHTML, like Gecko; compatible; ClaudeBot/1.0; +claudebot@anthropic.com)" 230 **0/230134**
216.73.216.168 - - [14/Sep/2025:06:59:38 -0700] "GET /best-non-gamstop-casinos-in-the-uk-1623?fileloc=%2Fhome%2Fvrposilw0xwl%2Fpublic_html%2Fwp-includes%2Fblocks%2Fhome-link.php&path=%2Fhome%2Fvrposilw0xwl%2Fpublic_html%2Fwp-includes%2Fblocks HTTP/1.1" 200 3651 "-" "Mozilla/5.0 AppleWebKit/537.36 (KHTML, like Gecko; compatible; ClaudeBot/1.0; +claudebot@anthropic.com)" 239 **0/239118**
216.73.216.168 - - [14/Sep/2025:06:59:41 -0700] "GET /best-non-gamstop-casinos-in-the-uk-1623?fileloc=%2Fhome%2Fvrposilw0xwl%2Fpublic_html%2Fwp-includes%2Fjs%2Fmediaelement%2Fwp-mediaelement.min.js&path=%2Fhome%2Fvrposilw0xwl%2Fpublic_html%2Fwp-includes%2Fjs%2Fmediaelement HTTP/1.1" 200 2780 "-" "Mozilla/5.0 AppleWebKit/537.36 (KHTML, like Gecko; compatible; ClaudeBot/1.0; +claudebot@anthropic.com)" 255 **0/255760**
20.171.207.65 - - [14/Sep/2025:06:59:44 -0700] "GET /?fileloc=//lib64/python2.7/lib-tk/test/test_tkinter/test_widgets.py&path=//lib64/python2.7/lib-tk/test/test_tkinter HTTP/1.1" 200 9195 "-" "Mozilla/5.0 AppleWebKit/537.36 (KHTML, like Gecko; compatible; GPTBot/1.2; +https://openai.com/gptbot)" 128 **0/128926**
216.73.216.168 - - [14/Sep/2025:06:59:44 -0700] "GET /penny-slot-machines-a-comprehensive-overview-to-playing-and-winning?fileloc=%2Fhome%2Fvrposilw0xwl%2Fpublic_html%2Fwp-admin%2Fincludes%2Fclass-wp-importer.php&path=%2Fhome%2Fvrposilw0xwl%2Fpublic_html%2Fwp-admin%2Fincludes HTTP/1.1" 200 4593 "-" "Mozilla/5.0 AppleWebKit/537.36 (KHTML, like Gecko; compatible; ClaudeBot/1.0; +claudebot@anthropic.com)" 254 **0/254294**
216.73.216.168 - - [14/Sep/2025:06:59:47 -0700] "GET /resmi-giris-adresi-guncel-mariobet-linki-2025?fileloc=%2Fhome%2Fvrposilw0xwl%2Fpublic_html%2Fwp-content%2Fplugins%2Frevslider%2Flanguages%2Frevsliderhelp-en_US.mo&path=%2Fhome%2Fvrposilw0xwl%2Fpublic_html%2Fwp-content%2Fplugins%2Frevslider%2Flanguages HTTP/1.1" 200 2310 "-" "Mozilla/5.0 AppleWebKit/537.36 (KHTML, like Gecko; compatible; ClaudeBot/1.0; +claudebot@anthropic.com)" 295 **0/295881**
20.171.207.65 - - [14/Sep/2025:06:59:47 -0700] "GET /?fileloc=//usr/lib64/python2.7/lib-tk/test/test_tkinter/test_loadtk.py&path=//usr/lib64/python2.7/lib-tk/test/test_tkinter HTTP/1.1" 200 2912 "-" "Mozilla/5.0 AppleWebKit/537.36 (KHTML, like Gecko; compatible; GPTBot/1.2; +https://openai.com/gptbot)" 132 **0/132698**
57.141.2.84 - - [14/Sep/2025:06:59:54 -0700] "GET /sitemap662.xml HTTP/1.1" 200 72275 "-" "meta-externalagent/1.1 (+https://developers.facebook.com/docs/sharing/webmasters/crawler)" 129 **0/129408**
216.73.216.168 - - [14/Sep/2025:06:59:55 -0700] "GET /penny-slot-machines-a-comprehensive-overview-to-playing-and-winning?path=%2Fhome%2Fvrposilw0xwl%2Fpublic_html%2Fwp-includes%2Fblocks%2Ftag-cloud HTTP/1.1" 200 2852 "-" "Mozilla/5.0 AppleWebKit/537.36 (KHTML, like Gecko; compatible; ClaudeBot/1.0; +claudebot@anthropic.com)" 225 **0/225091**
216.73.216.168 - - [14/Sep/2025:06:59:56 -0700] "GET /penny-slot-machines-a-comprehensive-overview-to-playing-and-winning?path=%2Fhome%2Fvrposilw0xwl%2Fpublic_html%2Fwp-includes%2Fblocks%2Flist-item HTTP/1.1" 403 3820 "-" "Mozilla/5.0 AppleWebKit/537.36 (KHTML, like Gecko; compatible; ClaudeBot/1.0; +claudebot@anthropic.com)" 215 **0/215207**
20.171.207.65 - - [14/Sep/2025:07:00:03 -0700] "GET /?fileloc=//usr/lib64/python2.7/lib-tk/test/test_tkinter/test_loadtk.pyo&path=//usr/lib64/python2.7/lib-tk/test/test_tkinter HTTP/1.1" 200 2310 "-" "Mozilla/5.0 AppleWebKit/537.36 (KHTML, like Gecko; compatible; GPTBot/1.2; +https://openai.com/gptbot)" 121 **0/121481**
20.171.207.65 - - [14/Sep/2025:07:00:06 -0700] "GET /?fileloc=//usr/lib64/python2.7/lib-tk/test/test_tkinter/test_font.pyc&path=//usr/lib64/python2.7/lib-tk/test/test_tkinter HTTP/1.1" 200 2310 "-" "Mozilla/5.0 AppleWebKit/537.36 (KHTML, like Gecko; compatible; GPTBot/1.2; +https://openai.com/gptbot)" 135 **0/135137**
20.171.207.65 - - [14/Sep/2025:07:00:19 -0700] "GET /?fileloc=//usr/lib64/python2.7/lib-tk/test/test_tkinter/test_text.pyo&path=//usr/lib64/python2.7/lib-tk/test/test_tkinter HTTP/1.1" 200 2310 "-" "Mozilla/5.0 AppleWebKit/537.36 (KHTML, like Gecko; compatible; GPTBot/1.2; +https://openai.com/gptbot)" 148 **0/148490**
20.171.207.65 - - [14/Sep/2025:07:00:24 -0700] "GET /?fileloc=//lib64/python2.7/lib-tk/test/test_tkinter/test_misc.pyc&path=//lib64/python2.7/lib-tk/test/test_tkinter HTTP/1.1" 200 2299 "-" "Mozilla/5.0 AppleWebKit/537.36 (KHTML, like Gecko; compatible; GPTBot/1.2; +https://openai.com/gptbot)" 134 **0/134080**
20.171.207.65 - - [14/Sep/2025:07:00:29 -0700] "GET /?fileloc=//usr/lib64/python2.7/lib-tk/test/test_ttk/test_extensions.pyo&path=//usr/lib64/python2.7/lib-tk/test/test_ttk HTTP/1.1" 200 2309 "-" "Mozilla/5.0 AppleWebKit/537.36 (KHTML, like Gecko; compatible; GPTBot/1.2; +https://openai.com/gptbot)" 146 **0/146887**
20.171.207.65 - - [14/Sep/2025:07:00:42 -0700] "GET /?fileloc=//usr/lib64/python2.7/lib-tk/test/test_ttk/test_functions.pyc&path=//usr/lib64/python2.7/lib-tk/test/test_ttk HTTP/1.1" 200 2306 "-" "Mozilla/5.0 AppleWebKit/537.36 (KHTML, like Gecko; compatible; GPTBot/1.2; +https://openai.com/gptbot)" 135 **0/135638**
20.171.207.65 - - [14/Sep/2025:07:00:47 -0700] "GET /?fileloc=//usr/lib64/python2.7/lib-tk/test/test_ttk/test_functions.py&path=//usr/lib64/python2.7/lib-tk/test/test_ttk HTTP/1.1" 200 6213 "-" "Mozilla/5.0 AppleWebKit/537.36 (KHTML, like Gecko; compatible; GPTBot/1.2; +https://openai.com/gptbot)" 146 **0/146462**
20.171.207.65 - - [14/Sep/2025:07:00:51 -0700] "GET /?fileloc=//usr/lib64/python2.7/lib-tk/test/test_tkinter/test_misc.py&path=//usr/lib64/python2.7/lib-tk/test/test_tkinter HTTP/1.1" 200 2983 "-" "Mozilla/5.0 AppleWebKit/537.36 (KHTML, like Gecko; compatible; GPTBot/1.2; +https://openai.com/gptbot)" 144 **0/144264**
20.171.207.65 - - [14/Sep/2025:07:00:55 -0700] "GET /?fileloc=//lib64/python2.7/lib-tk/test/test_tkinter/test_loadtk.pyc&path=//lib64/python2.7/lib-tk/test/test_tkinter HTTP/1.1" 200 2299 "-" "Mozilla/5.0 AppleWebKit/537.36 (KHTML, like Gecko; compatible; GPTBot/1.2; +https://openai.com/gptbot)" 148 **0/148279**
20.171.207.65 - - [14/Sep/2025:07:01:00 -0700] "GET /?fileloc=//usr/lib64/python2.7/lib-tk/test/test_ttk/test_extensions.pyc&path=//usr/lib64/python2.7/lib-tk/test/test_ttk HTTP/1.1" 200 2309 "-" "Mozilla/5.0 AppleWebKit/537.36 (KHTML, like Gecko; compatible; GPTBot/1.2; +https://openai.com/gptbot)" 145 **0/145453**
20.171.207.65 - - [14/Sep/2025:07:01:04 -0700] "GET /?fileloc=//usr/lib64/python2.7/lib-tk/test/test_tkinter/test_font.py&path=//usr/lib64/python2.7/lib-tk/test/test_tkinter HTTP/1.1" 200 3174 "-" "Mozilla/5.0 AppleWebKit/537.36 (KHTML, like Gecko; compatible; GPTBot/1.2; +https://openai.com/gptbot)" 124 **0/124855**
20.171.207.65 - - [14/Sep/2025:07:01:08 -0700] "GET /?fileloc=//usr/lib64/python2.7/lib-tk/test/test_tkinter/test_text.pyc&path=//usr/lib64/python2.7/lib-tk/test/test_tkinter HTTP/1.1" 200 2310 "-" "Mozilla/5.0 AppleWebKit/537.36 (KHTML, like Gecko; compatible; GPTBot/1.2; +https://openai.com/gptbot)" 167 **0/167392**
66.249.73.233 - - [14/Sep/2025:07:01:13 -0700] "GET /27116707?goodscode=0027080342 HTTP/1.1" 200 25857 "-" "Mozilla/5.0 (Linux; Android 6.0.1; Nexus 5X Build/MMB29P) AppleWebKit/537.36 (KHTML, like Gecko) Chrome/140.0.7339.127 Mobile Safari/537.36 (compatible; Googlebot/2.1; +http://www.google.com/bot.html)" 531 **0/531435**
20.171.207.65 - - [14/Sep/2025:07:01:19 -0700] "GET /?fileloc=//lib64/python2.7/lib-tk/test/test_tkinter/test_images.pyc&path=//lib64/python2.7/lib-tk/test/test_tkinter HTTP/1.1" 200 2300 "-" "Mozilla/5.0 AppleWebKit/537.36 (KHTML, like Gecko; compatible; GPTBot/1.2; +https://openai.com/gptbot)" 132 **0/132016**
20.171.207.65 - - [14/Sep/2025:07:01:29 -0700] "GET /?fileloc=//lib64/python2.7/lib-tk/test/test_tkinter/test_variables.py&path=//lib64/python2.7/lib-tk/test/test_tkinter HTTP/1.1" 200 3706 "-" "Mozilla/5.0 AppleWebKit/537.36 (KHTML, like Gecko; compatible; GPTBot/1.2; +https://openai.com/gptbot)" 135 **0/135705**
20.171.207.65 - - [14/Sep/2025:07:01:33 -0700] "GET /?fileloc=//lib64/python2.7/lib-tk/test/test_tkinter/test_variables.pyo&path=//lib64/python2.7/lib-tk/test/test_tkinter HTTP/1.1" 200 2298 "-" "Mozilla/5.0 AppleWebKit/537.36 (KHTML, like Gecko; compatible; GPTBot/1.2; +https://openai.com/gptbot)" 138 **0/138070**
20.171.207.65 - - [14/Sep/2025:07:01:35 -0700] "GET /?fileloc=//lib64/python2.7/lib-tk/test/test_tkinter/test_images.pyo&path=//lib64/python2.7/lib-tk/test/test_tkinter HTTP/1.1" 200 2300 "-" "Mozilla/5.0 AppleWebKit/537.36 (KHTML, like Gecko; compatible; GPTBot/1.2; +https://openai.com/gptbot)" 142 **0/142390**
20.171.207.65 - - [14/Sep/2025:07:01:38 -0700] "GET /?fileloc=//usr/lib64/python2.7/lib-tk/test/test_ttk/test_extensions.py&path=//usr/lib64/python2.7/lib-tk/test/test_ttk HTTP/1.1" 200 4902 "-" "Mozilla/5.0 AppleWebKit/537.36 (KHTML, like Gecko; compatible; GPTBot/1.2; +https://openai.com/gptbot)" 142 **0/142681**
20.171.207.65 - - [14/Sep/2025:07:01:42 -0700] "GET /?fileloc=//usr/lib64/python2.7/lib-tk/test/test_tkinter/test_font.pyo&path=//usr/lib64/python2.7/lib-tk/test/test_tkinter HTTP/1.1" 200 2310 "-" "Mozilla/5.0 AppleWebKit/537.36 (KHTML, like Gecko; compatible; GPTBot/1.2; +https://openai.com/gptbot)" 138 **0/138669**
20.171.207.65 - - [14/Sep/2025:07:01:53 -0700] "GET /?fileloc=//lib64/python2.7/lib-tk/test/test_tkinter/test_misc.pyo&path=//lib64/python2.7/lib-tk/test/test_tkinter HTTP/1.1" 200 2299 "-" "Mozilla/5.0 AppleWebKit/537.36 (KHTML, like Gecko; compatible; GPTBot/1.2; +https://openai.com/gptbot)" 130 **0/130216**
20.171.207.65 - - [14/Sep/2025:07:01:56 -0700] "GET /?fileloc=//usr/lib64/python2.7/lib-tk/test/test_tkinter/test_text.py&path=//usr/lib64/python2.7/lib-tk/test/test_tkinter HTTP/1.1" 200 2797 "-" "Mozilla/5.0 AppleWebKit/537.36 (KHTML, like Gecko; compatible; GPTBot/1.2; +https://openai.com/gptbot)" 141 **0/141250**
203.33.203.148 - - [14/Sep/2025:07:02:02 -0700] "GET / HTTP/1.1" 200 4429 "-" "Mozilla/5.0 (iPhone; CPU iPhone OS 13_2_3 like Mac OS X) AppleWebKit/605.1.15 (KHTML, like Gecko) Version/13.0.3 Mobile/15E148 Safari/604.1" 228 **0/228740**
20.171.207.65 - - [14/Sep/2025:07:02:04 -0700] "GET /?fileloc=//lib64/python2.7/lib-tk/test/test_tkinter/test_variables.pyc&path=//lib64/python2.7/lib-tk/test/test_tkinter HTTP/1.1" 200 2299 "-" "Mozilla/5.0 AppleWebKit/537.36 (KHTML, like Gecko; compatible; GPTBot/1.2; +https://openai.com/gptbot)" 147 **0/147497**
20.171.207.65 - - [14/Sep/2025:07:02:06 -0700] "GET /?fileloc=//usr/lib64/libnl-3.so.200.26.0&path=//usr/lib64 HTTP/1.1" 200 2265 "-" "Mozilla/5.0 AppleWebKit/537.36 (KHTML, like Gecko; compatible; GPTBot/1.2; +https://openai.com/gptbot)" 132 **0/132725**
20.171.207.65 - - [14/Sep/2025:07:02:13 -0700] "GET /inputs.php?path=//opt/cloudlinux/venv/lib64/python3.11/site-packages/virtualenv/seed/wheels/embed/__pycache__ HTTP/1.1" 200 2695 "-" "Mozilla/5.0 AppleWebKit/537.36 (KHTML, like Gecko; compatible; GPTBot/1.2; +https://openai.com/gptbot)" 136 **0/136501**
66.249.73.234 - - [14/Sep/2025:07:02:13 -0700] "GET /27100688?goodscode=0027064346 HTTP/1.1" 200 25465 "-" "Mozilla/5.0 (Linux; Android 6.0.1; Nexus 5X Build/MMB29P) AppleWebKit/537.36 (KHTML, like Gecko) Chrome/140.0.7339.127 Mobile Safari/537.36 (compatible; Googlebot/2.1; +http://www.google.com/bot.html)" 567 **0/567012**
20.171.207.65 - - [14/Sep/2025:07:02:15 -0700] "GET /?path=//opt/python38/lib/python3.8/xml/parsers HTTP/1.1" 200 2710 "-" "Mozilla/5.0 AppleWebKit/537.36 (KHTML, like Gecko; compatible; GPTBot/1.2; +https://openai.com/gptbot)" 129 **0/129953**
20.171.207.65 - - [14/Sep/2025:07:02:19 -0700] "GET /?fileloc=//usr/lib64/libunwind-x86_64.so.8.0.1&path=//usr/lib64 HTTP/1.1" 200 2270 "-" "Mozilla/5.0 AppleWebKit/537.36 (KHTML, like Gecko; compatible; GPTBot/1.2; +https://openai.com/gptbot)" 122 **0/122495**
216.73.216.168 - - [14/Sep/2025:07:02:28 -0700] "GET /mondobets-registro-bono?fileloc=%2Fhome%2Fvrposilw0xwl%2Fpublic_html%2Fold%2Fwp-admin%2Fimages%2Fimgedit-icons.png&path=%2Fhome%2Fvrposilw0xwl%2Fpublic_html%2Fold%2Fwp-admin%2Fimages HTTP/1.1" 200 2294 "-" "Mozilla/5.0 AppleWebKit/537.36 (KHTML, like Gecko; compatible; ClaudeBot/1.0; +claudebot@anthropic.com)" 264 **0/264805**
216.73.216.168 - - [14/Sep/2025:07:02:29 -0700] "GET /uncategorized/confirmar-apuestas-888?path=%2Fhome%2Fvrposilw0xwl%2Fpublic_html%2Fwp-includes%2Ftheme-compat HTTP/1.1" 403 3820 "-" "Mozilla/5.0 AppleWebKit/537.36 (KHTML, like Gecko; compatible; ClaudeBot/1.0; +claudebot@anthropic.com)" 217 **0/217550**
20.171.207.65 - - [14/Sep/2025:07:02:35 -0700] "GET /?fileloc=//usr/lib64/libgirepository-1.0.so.1.0.0&path=//usr/lib64 HTTP/1.1" 200 2272 "-" "Mozilla/5.0 AppleWebKit/537.36 (KHTML, like Gecko; compatible; GPTBot/1.2; +https://openai.com/gptbot)" 140 **0/140980**
20.171.207.65 - - [14/Sep/2025:07:02:37 -0700] "GET /?fileloc=//opt/python38/lib/python3.8/xml/parsers/__init__.py&path=//opt/python38/lib/python3.8/xml/parsers HTTP/1.1" 200 2400 "-" "Mozilla/5.0 AppleWebKit/537.36 (KHTML, like Gecko; compatible; GPTBot/1.2; +https://openai.com/gptbot)" 126 **0/126592**
216.73.216.168 - - [14/Sep/2025:07:02:37 -0700] "GET /uncategorized/confirmar-apuestas-888?path=%2Fhome%2Fvrposilw0xwl%2Fpublic_html%2Fwp-includes%2Fimages HTTP/1.1" 403 3820 "-" "Mozilla/5.0 AppleWebKit/537.36 (KHTML, like Gecko; compatible; ClaudeBot/1.0; +claudebot@anthropic.com)" 243 **0/243606**
216.73.216.168 - - [14/Sep/2025:07:02:39 -0700] "GET /mondobets-registro-bono?fileloc=%2Fhome%2Fvrposilw0xwl%2Fpublic_html%2Fold%2Fwp-admin%2Fimages%2Fmenu-2x.png&path=%2Fhome%2Fvrposilw0xwl%2Fpublic_html%2Fold%2Fwp-admin%2Fimages HTTP/1.1" 403 3820 "-" "Mozilla/5.0 AppleWebKit/537.36 (KHTML, like Gecko; compatible; ClaudeBot/1.0; +claudebot@anthropic.com)" 235 **0/235115**
20.171.207.65 - - [14/Sep/2025:07:02:40 -0700] "GET /?fileloc=//opt/python38/lib/python3.8/xml/parsers/expat.py&path=//opt/python38/lib/python3.8/xml/parsers HTTP/1.1" 200 2411 "-" "Mozilla/5.0 AppleWebKit/537.36 (KHTML, like Gecko; compatible; GPTBot/1.2; +https://openai.com/gptbot)" 130 **0/130304**
216.73.216.168 - - [14/Sep/2025:07:02:42 -0700] "GET /mondobets-registro-bono?fileloc=%2Fhome%2Fvrposilw0xwl%2Fpublic_html%2Fold%2Fwp-admin%2Fimages%2Fmenu-vs-2x.png&path=%2Fhome%2Fvrposilw0xwl%2Fpublic_html%2Fold%2Fwp-admin%2Fimages HTTP/1.1" 403 3820 "-" "Mozilla/5.0 AppleWebKit/537.36 (KHTML, like Gecko; compatible; ClaudeBot/1.0; +claudebot@anthropic.com)" 221 **0/221628**
216.73.216.168 - - [14/Sep/2025:07:02:48 -0700] "GET /uncategorized/confirmar-apuestas-888?path=%2Fhome%2Fvrposilw0xwl%2Fpublic_html%2Fwp-includes%2Fphp-compat HTTP/1.1" 403 3820 "-" "Mozilla/5.0 AppleWebKit/537.36 (KHTML, like Gecko; compatible; ClaudeBot/1.0; +claudebot@anthropic.com)" 244 **0/244392**
20.171.207.65 - - [14/Sep/2025:07:02:53 -0700] "GET /?fileloc=//usr/lib64/libkadm5srv.so&path=//usr/lib64 HTTP/1.1" 200 2263 "-" "Mozilla/5.0 AppleWebKit/537.36 (KHTML, like Gecko; compatible; GPTBot/1.2; +https://openai.com/gptbot)" 123 **0/123366**
216.73.216.168 - - [14/Sep/2025:07:02:53 -0700] "GET /mondobets-registro-bono?fileloc=%2Fhome%2Fvrposilw0xwl%2Fpublic_html%2Fold%2Fwp-admin%2Fimages%2Falign-right.png&path=%2Fhome%2Fvrposilw0xwl%2Fpublic_html%2Fold%2Fwp-admin%2Fimages HTTP/1.1" 403 3820 "-" "Mozilla/5.0 AppleWebKit/537.36 (KHTML, like Gecko; compatible; ClaudeBot/1.0; +claudebot@anthropic.com)" 247 **0/247773**
216.73.216.168 - - [14/Sep/2025:07:02:56 -0700] "GET /uncategorized/confirmar-apuestas-888?path=%2Fhome%2Fvrposilw0xwl%2Fpublic_html%2Fwp-includes%2Fpomo HTTP/1.1" 403 3820 "-" "Mozilla/5.0 AppleWebKit/537.36 (KHTML, like Gecko; compatible; ClaudeBot/1.0; +claudebot@anthropic.com)" 224 **0/224278**
20.171.207.65 - - [14/Sep/2025:07:02:56 -0700] "GET /xmlrpc.php?path=//opt/cloudlinux/venv/lib/python3.11/site-packages/dill-0.3.7.dist-info HTTP/1.1" 200 2870 "-" "Mozilla/5.0 AppleWebKit/537.36 (KHTML, like Gecko; compatible; GPTBot/1.2; +https://openai.com/gptbot)" 35 **0/35477**
216.73.216.168 - - [14/Sep/2025:07:03:00 -0700] "GET /mondobets-registro-bono?fileloc=%2Fhome%2Fvrposilw0xwl%2Fpublic_html%2Fold%2Fwp-admin%2Fimages%2Fabout-texture.png&path=%2Fhome%2Fvrposilw0xwl%2Fpublic_html%2Fold%2Fwp-admin%2Fimages HTTP/1.1" 403 3820 "-" "Mozilla/5.0 AppleWebKit/537.36 (KHTML, like Gecko; compatible; ClaudeBot/1.0; +claudebot@anthropic.com)" 231 **0/231889**
20.171.207.65 - - [14/Sep/2025:07:03:02 -0700] "GET /xmlrpc.php?path=//opt/cloudlinux/venv/lib/python3.11/site-packages/numpy/f2py/__pycache__ HTTP/1.1" 200 3184 "-" "Mozilla/5.0 AppleWebKit/537.36 (KHTML, like Gecko; compatible; GPTBot/1.2; +https://openai.com/gptbot)" 39 **0/39751**
216.73.216.168 - - [14/Sep/2025:07:03:02 -0700] "GET /mondobets-registro-bono?fileloc=%2Fhome%2Fvrposilw0xwl%2Fpublic_html%2Fold%2Fwp-admin%2Fimages%2Falign-left.png&path=%2Fhome%2Fvrposilw0xwl%2Fpublic_html%2Fold%2Fwp-admin%2Fimages HTTP/1.1" 403 3820 "-" "Mozilla/5.0 AppleWebKit/537.36 (KHTML, like Gecko; compatible; ClaudeBot/1.0; +claudebot@anthropic.com)" 221 **0/221358**
20.171.207.65 - - [14/Sep/2025:07:03:05 -0700] "GET /inputs.php?path=//opt/cloudlinux/venv/lib/python3.11/site-packages/setuptools/_vendor/packaging/__pycache__ HTTP/1.1" 200 3129 "-" "Mozilla/5.0 AppleWebKit/537.36 (KHTML, like Gecko; compatible; GPTBot/1.2; +https://openai.com/gptbot)" 126 **0/126781**
216.73.216.168 - - [14/Sep/2025:07:03:06 -0700] "GET /mondobets-registro-bono?fileloc=%2Fhome%2Fvrposilw0xwl%2Fpublic_html%2Fold%2Fwp-admin%2Fimages%2Fmenu.png&path=%2Fhome%2Fvrposilw0xwl%2Fpublic_html%2Fold%2Fwp-admin%2Fimages HTTP/1.1" 403 3820 "-" "Mozilla/5.0 AppleWebKit/537.36 (KHTML, like Gecko; compatible; ClaudeBot/1.0; +claudebot@anthropic.com)" 303 **0/303022**
20.171.207.65 - - [14/Sep/2025:07:03:08 -0700] "GET /inputs.php?path=//opt/cloudlinux/venv/lib/python3.11/site-packages/setuptools/_vendor/wheel/vendored/__pycache__ HTTP/1.1" 200 2700 "-" "Mozilla/5.0 AppleWebKit/537.36 (KHTML, like Gecko; compatible; GPTBot/1.2; +https://openai.com/gptbot)" 121 **0/121212**
216.73.216.168 - - [14/Sep/2025:07:03:09 -0700] "GET /penny-slot-machines-a-comprehensive-overview-to-playing-and-winning?path=%2Fhome%2Fvrposilw0xwl%2Fpublic_html%2Fwp-includes%2Fblocks%2Fgallery HTTP/1.1" 200 2931 "-" "Mozilla/5.0 AppleWebKit/537.36 (KHTML, like Gecko; compatible; ClaudeBot/1.0; +claudebot@anthropic.com)" 229 **0/229091**
216.73.216.168 - - [14/Sep/2025:07:03:11 -0700] "GET /mondobets-registro-bono?fileloc=%2Fhome%2Fvrposilw0xwl%2Fpublic_html%2Fold%2Fwp-admin%2Fimages%2Fgeneric.png&path=%2Fhome%2Fvrposilw0xwl%2Fpublic_html%2Fold%2Fwp-admin%2Fimages HTTP/1.1" 200 2291 "-" "Mozilla/5.0 AppleWebKit/537.36 (KHTML, like Gecko; compatible; ClaudeBot/1.0; +claudebot@anthropic.com)" 238 **0/238422**
20.171.207.65 - - [14/Sep/2025:07:03:11 -0700] "GET /inputs.php?path=//opt/cloudlinux/venv/lib/python3.11/site-packages/pip/_internal/resolution/resolvelib/__pycache__ HTTP/1.1" 200 2975 "-" "Mozilla/5.0 AppleWebKit/537.36 (KHTML, like Gecko; compatible; GPTBot/1.2; +https://openai.com/gptbot)" 123 **0/123263**
216.73.216.168 - - [14/Sep/2025:07:03:14 -0700] "GET /sind-plattformen-wie-only-fans-der-schlussel-zu/feed?fileloc=%2Fhome%2Fvrposilw0xwl%2Fpublic_html%2Fwp-articles%2Fsitemap.xml&path=%2Fhome%2Fvrposilw0xwl%2Fpublic_html%2Fwp-articles HTTP/1.1" 200 7484 "-" "Mozilla/5.0 AppleWebKit/537.36 (KHTML, like Gecko; compatible; ClaudeBot/1.0; +claudebot@anthropic.com)" 587 **0/587409**
20.171.207.65 - - [14/Sep/2025:07:03:15 -0700] "GET /inputs.php?path=//opt/cloudlinux/venv/lib/python3.11/site-packages/setuptools/_vendor/packaging/licenses/__pycache__ HTTP/1.1" 200 2736 "-" "Mozilla/5.0 AppleWebKit/537.36 (KHTML, like Gecko; compatible; GPTBot/1.2; +https://openai.com/gptbot)" 134 **0/134145**
216.73.216.168 - - [14/Sep/2025:07:03:17 -0700] "GET /penny-slot-machines-a-comprehensive-overview-to-playing-and-winning?fileloc=%2Fhome%2Fvrposilw0xwl%2Fpublic_html%2Fwp-admin%2Fimages%2Fgeneric.png&path=%2Fhome%2Fvrposilw0xwl%2Fpublic_html%2Fwp-admin%2Fimages HTTP/1.1" 200 2282 "-" "Mozilla/5.0 AppleWebKit/537.36 (KHTML, like Gecko; compatible; ClaudeBot/1.0; +claudebot@anthropic.com)" 258 **0/258971**
216.73.216.168 - - [14/Sep/2025:07:03:20 -0700] "GET /skycrown-casino-comprehensive-insight-into-user-support-for-australian-players?fileloc=%2Fhome%2Fvrposilw0xwl%2Fpublic_html%2Fwp-content%2Flanguages%2Fes_ES-1c4303f02ff93b290e9faad991eeb06f.json&path=%2Fhome%2Fvrposilw0xwl%2Fpublic_html%2Fwp-content%2Flanguages HTTP/1.1" 200 2546 "-" "Mozilla/5.0 AppleWebKit/537.36 (KHTML, like Gecko; compatible; ClaudeBot/1.0; +claudebot@anthropic.com)" 241 **0/241504**
20.171.207.65 - - [14/Sep/2025:07:03:21 -0700] "GET /inputs.php?path=//opt/cloudlinux/venv/lib/python3.11/site-packages/prospector/tools/profile_validator/__pycache__ HTTP/1.1" 200 2689 "-" "Mozilla/5.0 AppleWebKit/537.36 (KHTML, like Gecko; compatible; GPTBot/1.2; +https://openai.com/gptbot)" 136 **0/136428**
216.73.216.168 - - [14/Sep/2025:07:03:23 -0700] "GET /skycrown-casino-comprehensive-insight-into-user-support-for-australian-players?fileloc=%2Fhome%2Fvrposilw0xwl%2Fpublic_html%2Fwp-content%2Flanguages%2Fes_ES-49c6d4acf36cf3aca9f0b2a77617304f.json&path=%2Fhome%2Fvrposilw0xwl%2Fpublic_html%2Fwp-content%2Flanguages HTTP/1.1" 200 2745 "-" "Mozilla/5.0 AppleWebKit/537.36 (KHTML, like Gecko; compatible; ClaudeBot/1.0; +claudebot@anthropic.com)" 253 **0/253643**
20.171.207.65 - - [14/Sep/2025:07:03:24 -0700] "GET /?path=//usr/lib/modules/4.18.0-553.53.1.lve.el8.x86_64/kernel/drivers/infiniband/ulp/opa_vnic HTTP/1.1" 200 2656 "-" "Mozilla/5.0 AppleWebKit/537.36 (KHTML, like Gecko; compatible; GPTBot/1.2; +https://openai.com/gptbot)" 120 **0/120226**
216.73.216.168 - - [14/Sep/2025:07:03:26 -0700] "GET /mondobets-registro-bono?fileloc=%2Fhome%2Fvrposilw0xwl%2Fpublic_html%2Fold%2Fwp-admin%2Fimages%2Fmenu-vs.png&path=%2Fhome%2Fvrposilw0xwl%2Fpublic_html%2Fold%2Fwp-admin%2Fimages HTTP/1.1" 200 2291 "-" "Mozilla/5.0 AppleWebKit/537.36 (KHTML, like Gecko; compatible; ClaudeBot/1.0; +claudebot@anthropic.com)" 273 **0/273824**
20.171.207.65 - - [14/Sep/2025:07:03:27 -0700] "GET /?path=//usr/lib/modules/4.18.0-553.54.1.lve.el8.x86_64/kernel/drivers/infiniband/ulp/opa_vnic HTTP/1.1" 200 2655 "-" "Mozilla/5.0 AppleWebKit/537.36 (KHTML, like Gecko; compatible; GPTBot/1.2; +https://openai.com/gptbot)" 128 **0/128000**
216.73.216.168 - - [14/Sep/2025:07:03:29 -0700] "GET /1xslots-oficialnyj-sajt-onlajn-kazino-2?fileloc=%2Fhome%2Fvrposilw0xwl%2Fpublic_html%2Fdeleteme.wpc91e7a73c5b94ca3b33e0fda4ce3edbd.php&path=%2Fhome%2Fvrposilw0xwl%2Fpublic_html HTTP/1.1" 200 6063 "-" "Mozilla/5.0 AppleWebKit/537.36 (KHTML, like Gecko; compatible; ClaudeBot/1.0; +claudebot@anthropic.com)" 237 **0/237330**
216.73.216.168 - - [14/Sep/2025:07:03:32 -0700] "GET /skycrown-casino-comprehensive-insight-into-user-support-for-australian-players?fileloc=%2Fhome%2Fvrposilw0xwl%2Fpublic_html%2Fwp-content%2Flanguages%2Fes_ES-1780a2033cf98d69ce13c2e5c8510004.json&path=%2Fhome%2Fvrposilw0xwl%2Fpublic_html%2Fwp-content%2Flanguages HTTP/1.1" 200 2733 "-" "Mozilla/5.0 AppleWebKit/537.36 (KHTML, like Gecko; compatible; ClaudeBot/1.0; +claudebot@anthropic.com)" 251 **0/251128**
216.73.216.168 - - [14/Sep/2025:07:03:35 -0700] "GET /skycrown-casino-comprehensive-insight-into-user-support-for-australian-players?fileloc=%2Fhome%2Fvrposilw0xwl%2Fpublic_html%2Fwp-content%2Flanguages%2Fes_ES-8240df461220d1d3a028a9a4c5652a5b.json&path=%2Fhome%2Fvrposilw0xwl%2Fpublic_html%2Fwp-content%2Flanguages HTTP/1.1" 200 2843 "-" "Mozilla/5.0 AppleWebKit/537.36 (KHTML, like Gecko; compatible; ClaudeBot/1.0; +claudebot@anthropic.com)" 289 **0/289965**
