66.249.73.234 - - [14/Sep/2025:06:18:48 -0700] "GET /27110779?goodscode=0027074422 HTTP/1.1" 200 27459 "-" "Mozilla/5.0 (Linux; Android 6.0.1; Nexus 5X Build/MMB29P) AppleWebKit/537.36 (KHTML, like Gecko) Chrome/140.0.7339.127 Mobile Safari/537.36 (compatible; Googlebot/2.1; +http://www.google.com/bot.html)" 569 **0/569070**
20.171.207.65 - - [14/Sep/2025:06:18:49 -0700] "GET /bloqueadores-de-la-aromatasa-un-curso-integral-para-comprender-su-uso-y-beneficios-4?path=//usr/lib/.build-id/45 HTTP/1.1" 200 3315 "-" "Mozilla/5.0 AppleWebKit/537.36 (KHTML, like Gecko; compatible; GPTBot/1.2; +https://openai.com/gptbot)" 145 **0/145462**
216.73.216.168 - - [14/Sep/2025:06:18:49 -0700] "GET /a-ascensao-dos-cassinos-moveis-jogos-em-movimento-24/feed?fileloc=%2Fhome%2Fvrposilw0xwl%2Fpublic_html%2Fiibwr.php&path=%2Fhome%2Fvrposilw0xwl%2Fpublic_html HTTP/1.1" 200 5431 "-" "Mozilla/5.0 AppleWebKit/537.36 (KHTML, like Gecko; compatible; ClaudeBot/1.0; +claudebot@anthropic.com)" 221 **0/221826**
177.234.137.176 - - [14/Sep/2025:06:18:51 -0700] "POST /xmlrpc.php HTTP/1.1" 200 72275 "-" "Mozilla/5.0 (Windows NT 10.0; Win64; x64) AppleWebKit/537.36 (KHTML, like Gecko) Chrome/80.0.3987.122 Safari/537.36" 115 **0/115978**
20.171.207.65 - - [14/Sep/2025:06:18:52 -0700] "GET /bloqueadores-de-la-aromatasa-un-curso-integral-para-comprender-su-uso-y-beneficios-4?path=//usr/lib/.build-id/94 HTTP/1.1" 200 3064 "-" "Mozilla/5.0 AppleWebKit/537.36 (KHTML, like Gecko; compatible; GPTBot/1.2; +https://openai.com/gptbot)" 127 **0/127770**
216.73.216.168 - - [14/Sep/2025:06:18:52 -0700] "GET /best-non-gamstop-casinos-in-the-uk-1623?path=%2Fhome%2Fvrposilw0xwl%2Fpublic_html%2Fwp-includes%2Fblocks%2Fcomments-pagination HTTP/1.1" 200 2866 "-" "Mozilla/5.0 AppleWebKit/537.36 (KHTML, like Gecko; compatible; ClaudeBot/1.0; +claudebot@anthropic.com)" 224 **0/224674**
177.234.136.45 - - [14/Sep/2025:06:18:55 -0700] "POST /xmlrpc.php HTTP/1.1" 200 72275 "-" "Mozilla/5.0 (Windows NT 10.0; Win64; x64) AppleWebKit/537.36 (KHTML, like Gecko) Chrome/80.0.3987.122 Safari/537.36" 94 **0/94819**
20.171.207.65 - - [14/Sep/2025:06:18:55 -0700] "GET /bloqueadores-de-la-aromatasa-un-curso-integral-para-comprender-su-uso-y-beneficios-4?fileloc=//usr/lib/.build-id/00/bac520cc91141eb2fc45262110a0d45b824079&path=//usr/lib/.build-id/00 HTTP/1.1" 200 2299 "-" "Mozilla/5.0 AppleWebKit/537.36 (KHTML, like Gecko; compatible; GPTBot/1.2; +https://openai.com/gptbot)" 161 **0/161476**
216.73.216.168 - - [14/Sep/2025:06:18:55 -0700] "GET /explore-the-exciting-world-of-jaya-9-casino-15/feed?fileloc=%2Fhome%2Fvrposilw0xwl%2Fpublic_html%2Fwp-admin%2F.htaccess&path=%2Fhome%2Fvrposilw0xwl%2Fpublic_html%2Fwp-admin HTTP/1.1" 200 3044 "-" "Mozilla/5.0 AppleWebKit/537.36 (KHTML, like Gecko; compatible; ClaudeBot/1.0; +claudebot@anthropic.com)" 285 **0/285616**
216.73.216.168 - - [14/Sep/2025:06:18:58 -0700] "GET /retirada-en-tenis-stake?path=%2Fhome%2Fvrposilw0xwl%2Fpublic_html%2Fwp-includes%2Fsitemaps HTTP/1.1" 200 2843 "-" "Mozilla/5.0 AppleWebKit/537.36 (KHTML, like Gecko; compatible; ClaudeBot/1.0; +claudebot@anthropic.com)" 254 **0/254561**
177.234.136.98 - - [14/Sep/2025:06:18:59 -0700] "POST /xmlrpc.php HTTP/1.1" 200 72275 "-" "Mozilla/5.0 (Windows NT 10.0; Win64; x64) AppleWebKit/537.36 (KHTML, like Gecko) Chrome/80.0.3987.122 Safari/537.36" 100 **0/100676**
20.171.207.65 - - [14/Sep/2025:06:18:59 -0700] "GET /bloqueadores-de-la-aromatasa-un-curso-integral-para-comprender-su-uso-y-beneficios-4?path=//usr/lib/.build-id/88 HTTP/1.1" 200 3193 "-" "Mozilla/5.0 AppleWebKit/537.36 (KHTML, like Gecko; compatible; GPTBot/1.2; +https://openai.com/gptbot)" 139 **0/139852**
161.0.4.33 - - [14/Sep/2025:06:19:00 -0700] "POST /xmlrpc.php HTTP/1.1" 200 72275 "-" "Mozilla/5.0 (Windows NT 10.0; Win64; x64) AppleWebKit/537.36 (KHTML, like Gecko) Chrome/80.0.3987.122 Safari/537.36" 371 **0/371488**
216.73.216.168 - - [14/Sep/2025:06:19:01 -0700] "GET /1win-onlayn-kazino-ozbekistonda-hisobni-tekshirish-223/feed?fileloc=%2Fhome%2Fvrposilw0xwl%2Fpublic_html%2Fwp-admin%2Foptions-privacy.php&path=%2Fhome%2Fvrposilw0xwl%2Fpublic_html%2Fwp-admin HTTP/1.1" 200 5391 "-" "Mozilla/5.0 AppleWebKit/537.36 (KHTML, like Gecko; compatible; ClaudeBot/1.0; +claudebot@anthropic.com)" 278 **0/278954**
20.171.207.65 - - [14/Sep/2025:06:19:02 -0700] "GET /bloqueadores-de-la-aromatasa-un-curso-integral-para-comprender-su-uso-y-beneficios-4?path=//usr/lib/.build-id/42 HTTP/1.1" 200 3699 "-" "Mozilla/5.0 AppleWebKit/537.36 (KHTML, like Gecko; compatible; GPTBot/1.2; +https://openai.com/gptbot)" 122 **0/122895**
45.85.162.209 - - [14/Sep/2025:06:19:03 -0700] "POST /xmlrpc.php HTTP/1.1" 200 72275 "-" "Mozilla/5.0 (Windows NT 10.0; Win64; x64) AppleWebKit/537.36 (KHTML, like Gecko) Chrome/80.0.3987.122 Safari/537.36" 226 **0/226668**
216.73.216.168 - - [14/Sep/2025:06:19:05 -0700] "GET /kazino-igrat-v-onlajn-pin-up-casino-oficialnyj-17/feed?fileloc=%2Fhome%2Fvrposilw0xwl%2Fpublic_html%2Fwp-articles%2Ftriks-kazino.php&path=%2Fhome%2Fvrposilw0xwl%2Fpublic_html%2Fwp-articles HTTP/1.1" 200 8591 "-" "Mozilla/5.0 AppleWebKit/537.36 (KHTML, like Gecko; compatible; ClaudeBot/1.0; +claudebot@anthropic.com)" 239 **0/239835**
20.171.207.65 - - [14/Sep/2025:06:19:05 -0700] "GET /bloqueadores-de-la-aromatasa-un-curso-integral-para-comprender-su-uso-y-beneficios-4?path=//usr/lib/.build-id/66 HTTP/1.1" 200 3766 "-" "Mozilla/5.0 AppleWebKit/537.36 (KHTML, like Gecko; compatible; GPTBot/1.2; +https://openai.com/gptbot)" 141 **0/141125**
177.234.136.45 - - [14/Sep/2025:06:19:05 -0700] "POST /xmlrpc.php HTTP/1.1" 200 72275 "-" "Mozilla/5.0 (Windows NT 10.0; Win64; x64) AppleWebKit/537.36 (KHTML, like Gecko) Chrome/80.0.3987.122 Safari/537.36" 176 **0/176586**
216.73.216.168 - - [14/Sep/2025:06:19:07 -0700] "GET /1win-onlayn-kazino-ozbekistonda-hisobni-tekshirish-223/feed?fileloc=%2Fhome%2Fvrposilw0xwl%2Fpublic_html%2Fwp-blog-header.php&path=%2Fhome%2Fvrposilw0xwl%2Fpublic_html HTTP/1.1" 200 2557 "-" "Mozilla/5.0 AppleWebKit/537.36 (KHTML, like Gecko; compatible; ClaudeBot/1.0; +claudebot@anthropic.com)" 261 **0/261042**
20.171.207.65 - - [14/Sep/2025:06:19:08 -0700] "GET /bloqueadores-de-la-aromatasa-un-curso-integral-para-comprender-su-uso-y-beneficios-4?path=//usr/lib/.build-id/55 HTTP/1.1" 200 3400 "-" "Mozilla/5.0 AppleWebKit/537.36 (KHTML, like Gecko; compatible; GPTBot/1.2; +https://openai.com/gptbot)" 126 **0/126702**
216.73.216.168 - - [14/Sep/2025:06:19:10 -0700] "GET /1win-onlayn-kazino-ozbekistonda-hisobni-tekshirish-223/feed?fileloc=%2Fhome%2Fvrposilw0xwl%2Fpublic_html%2Fwp-admin%2Fmedia.php&path=%2Fhome%2Fvrposilw0xwl%2Fpublic_html%2Fwp-admin HTTP/1.1" 200 2631 "-" "Mozilla/5.0 AppleWebKit/537.36 (KHTML, like Gecko; compatible; ClaudeBot/1.0; +claudebot@anthropic.com)" 251 **0/251770**
20.171.207.65 - - [14/Sep/2025:06:19:11 -0700] "GET /bloqueadores-de-la-aromatasa-un-curso-integral-para-comprender-su-uso-y-beneficios-4?path=//usr/lib/.build-id/14 HTTP/1.1" 200 3179 "-" "Mozilla/5.0 AppleWebKit/537.36 (KHTML, like Gecko; compatible; GPTBot/1.2; +https://openai.com/gptbot)" 125 **0/125079**
216.73.216.168 - - [14/Sep/2025:06:19:13 -0700] "GET /chicken-road-slot-w-kasynie-online-rtp-i-zmienno-25/feed?fileloc=%2Fhome%2Fvrposilw0xwl%2Fpublic_html%2Findex.php&path=%2Fhome%2Fvrposilw0xwl%2Fpublic_html HTTP/1.1" 200 10317 "-" "Mozilla/5.0 AppleWebKit/537.36 (KHTML, like Gecko; compatible; ClaudeBot/1.0; +claudebot@anthropic.com)" 253 **0/253682**
20.171.207.65 - - [14/Sep/2025:06:19:14 -0700] "GET /bloqueadores-de-la-aromatasa-un-curso-integral-para-comprender-su-uso-y-beneficios-4?path=//usr/lib/.build-id/34 HTTP/1.1" 200 3403 "-" "Mozilla/5.0 AppleWebKit/537.36 (KHTML, like Gecko; compatible; GPTBot/1.2; +https://openai.com/gptbot)" 123 **0/123483**
216.73.216.168 - - [14/Sep/2025:06:19:16 -0700] "GET /retirada-en-tenis-stake?fileloc=%2Fhome%2Fvrposilw0xwl%2Fpublic_html%2Fwp-includes%2Fimages%2Ftoggle-arrow.png&path=%2Fhome%2Fvrposilw0xwl%2Fpublic_html%2Fwp-includes%2Fimages HTTP/1.1" 200 2283 "-" "Mozilla/5.0 AppleWebKit/537.36 (KHTML, like Gecko; compatible; ClaudeBot/1.0; +claudebot@anthropic.com)" 242 **0/242818**
20.171.207.65 - - [14/Sep/2025:06:19:18 -0700] "GET /bloqueadores-de-la-aromatasa-un-curso-integral-para-comprender-su-uso-y-beneficios-4?path=//usr/lib/.build-id/74 HTTP/1.1" 200 3072 "-" "Mozilla/5.0 AppleWebKit/537.36 (KHTML, like Gecko; compatible; GPTBot/1.2; +https://openai.com/gptbot)" 143 **0/143204**
216.73.216.168 - - [14/Sep/2025:06:19:19 -0700] "GET /kazino-oficialnyj-sajt-pin-up-casino-igrat-onlajn-291/feed?fileloc=%2Fhome%2Fvrposilw0xwl%2Fpublic_html%2Fwp-content%2Flanguages%2Fadmin-es_ES.mo&path=%2Fhome%2Fvrposilw0xwl%2Fpublic_html%2Fwp-content%2Flanguages HTTP/1.1" 200 2288 "-" "Mozilla/5.0 AppleWebKit/537.36 (KHTML, like Gecko; compatible; ClaudeBot/1.0; +claudebot@anthropic.com)" 233 **0/233297**
20.171.207.65 - - [14/Sep/2025:06:19:21 -0700] "GET /bloqueadores-de-la-aromatasa-un-curso-integral-para-comprender-su-uso-y-beneficios-4?path=//usr/lib/.build-id/11 HTTP/1.1" 200 3304 "-" "Mozilla/5.0 AppleWebKit/537.36 (KHTML, like Gecko; compatible; GPTBot/1.2; +https://openai.com/gptbot)" 135 **0/135249**
216.73.216.168 - - [14/Sep/2025:06:19:22 -0700] "GET /1win-skachat-prilozhenie-bukmekerskoj-kontory-1152/feed?fileloc=%2Fhome%2Fvrposilw0xwl%2Fpublic_html%2Fwp-mail.php&path=%2Fhome%2Fvrposilw0xwl%2Fpublic_html HTTP/1.1" 200 5226 "-" "Mozilla/5.0 AppleWebKit/537.36 (KHTML, like Gecko; compatible; ClaudeBot/1.0; +claudebot@anthropic.com)" 283 **0/283394**
20.171.207.65 - - [14/Sep/2025:06:19:24 -0700] "GET /bloqueadores-de-la-aromatasa-un-curso-integral-para-comprender-su-uso-y-beneficios-4?path=//usr/lib/.build-id/04 HTTP/1.1" 200 2973 "-" "Mozilla/5.0 AppleWebKit/537.36 (KHTML, like Gecko; compatible; GPTBot/1.2; +https://openai.com/gptbot)" 120 **0/120884**
216.73.216.168 - - [14/Sep/2025:06:19:25 -0700] "GET /1win-onlayn-kazino-ozbekistonda-hisobni-tekshirish-223/feed?fileloc=%2Fhome%2Fvrposilw0xwl%2Fpublic_html%2Fwp-admin%2Fsite-health.php&path=%2Fhome%2Fvrposilw0xwl%2Fpublic_html%2Fwp-admin HTTP/1.1" 200 5703 "-" "Mozilla/5.0 AppleWebKit/537.36 (KHTML, like Gecko; compatible; ClaudeBot/1.0; +claudebot@anthropic.com)" 227 **0/227920**
20.171.207.65 - - [14/Sep/2025:06:19:27 -0700] "GET /bloqueadores-de-la-aromatasa-un-curso-integral-para-comprender-su-uso-y-beneficios-4?path=//usr/lib/.build-id/49 HTTP/1.1" 200 3027 "-" "Mozilla/5.0 AppleWebKit/537.36 (KHTML, like Gecko; compatible; GPTBot/1.2; +https://openai.com/gptbot)" 115 **0/115965**
216.73.216.168 - - [14/Sep/2025:06:19:29 -0700] "GET /kazino-oficialnyj-sajt-pin-up-casino-vhodi-i-308/feed?fileloc=%2Fhome%2Fvrposilw0xwl%2Fpublic_html%2Fwp-articles%2Ffrank-kazino.php&path=%2Fhome%2Fvrposilw0xwl%2Fpublic_html%2Fwp-articles HTTP/1.1" 200 8754 "-" "Mozilla/5.0 AppleWebKit/537.36 (KHTML, like Gecko; compatible; ClaudeBot/1.0; +claudebot@anthropic.com)" 268 **0/268955**
20.171.207.65 - - [14/Sep/2025:06:19:30 -0700] "GET /bloqueadores-de-la-aromatasa-un-curso-integral-para-comprender-su-uso-y-beneficios-4?path=//usr/lib/.build-id/22 HTTP/1.1" 200 3030 "-" "Mozilla/5.0 AppleWebKit/537.36 (KHTML, like Gecko; compatible; GPTBot/1.2; +https://openai.com/gptbot)" 133 **0/133779**
216.73.216.168 - - [14/Sep/2025:06:19:32 -0700] "GET /sovremennye-internet-kazino-s-vygodnymi-predlozhenijami-igry/feed?fileloc=%2Fhome%2Fvrposilw0xwl%2Fpublic_html%2Fold%2Fwp-includes%2Fimages%2Fxit-2x.gif&path=%2Fhome%2Fvrposilw0xwl%2Fpublic_html%2Fold%2Fwp-includes%2Fimages HTTP/1.1" 200 2290 "-" "Mozilla/5.0 AppleWebKit/537.36 (KHTML, like Gecko; compatible; ClaudeBot/1.0; +claudebot@anthropic.com)" 246 **0/246656**
20.171.207.65 - - [14/Sep/2025:06:19:33 -0700] "GET /bloqueadores-de-la-aromatasa-un-curso-integral-para-comprender-su-uso-y-beneficios-4?path=//usr/lib/.build-id/24 HTTP/1.1" 200 3167 "-" "Mozilla/5.0 AppleWebKit/537.36 (KHTML, like Gecko; compatible; GPTBot/1.2; +https://openai.com/gptbot)" 120 **0/120220**
216.73.216.168 - - [14/Sep/2025:06:19:35 -0700] "GET /1win-casino-app-for-android-download-the-apk-2835/feed?fileloc=%2Fhome%2Fvrposilw0xwl%2Fpublic_html%2Fdeleteme.wpc91e7a73c5b94ca3b33e0fda4ce3edbd.php&path=%2Fhome%2Fvrposilw0xwl%2Fpublic_html HTTP/1.1" 200 6063 "-" "Mozilla/5.0 AppleWebKit/537.36 (KHTML, like Gecko; compatible; ClaudeBot/1.0; +claudebot@anthropic.com)" 244 **0/244027**
20.171.207.65 - - [14/Sep/2025:06:19:37 -0700] "GET /bloqueadores-de-la-aromatasa-un-curso-integral-para-comprender-su-uso-y-beneficios-4?path=//usr/lib/.build-id/54 HTTP/1.1" 200 3242 "-" "Mozilla/5.0 AppleWebKit/537.36 (KHTML, like Gecko; compatible; GPTBot/1.2; +https://openai.com/gptbot)" 129 **0/129774**
216.73.216.168 - - [14/Sep/2025:06:19:38 -0700] "GET /1win-onlayn-kazino-ozbekistonda-mobil-ilova-2880?fileloc=%2Fhome%2Fvrposilw0xwl%2Fpublic_html%2Fwp-includes%2Fauthor-template.php&path=%2Fhome%2Fvrposilw0xwl%2Fpublic_html%2Fwp-includes HTTP/1.1" 403 3820 "-" "Mozilla/5.0 AppleWebKit/537.36 (KHTML, like Gecko; compatible; ClaudeBot/1.0; +claudebot@anthropic.com)" 236 **0/236578**
20.171.207.65 - - [14/Sep/2025:06:19:40 -0700] "GET /bloqueadores-de-la-aromatasa-un-curso-integral-para-comprender-su-uso-y-beneficios-4?path=//usr/lib/.build-id/40 HTTP/1.1" 200 3196 "-" "Mozilla/5.0 AppleWebKit/537.36 (KHTML, like Gecko; compatible; GPTBot/1.2; +https://openai.com/gptbot)" 130 **0/130177**
216.73.216.168 - - [14/Sep/2025:06:19:41 -0700] "GET /claiming-deposit-bonuses-at-rocketplay-casino-for-australian-players?fileloc=%2Fhome%2Fvrposilw0xwl%2Fpublic_html%2Fold%2Fwp-admin%2F.htaccess&path=%2Fhome%2Fvrposilw0xwl%2Fpublic_html%2Fold%2Fwp-admin HTTP/1.1" 403 3820 "-" "Mozilla/5.0 AppleWebKit/537.36 (KHTML, like Gecko; compatible; ClaudeBot/1.0; +claudebot@anthropic.com)" 246 **0/246112**
20.171.207.65 - - [14/Sep/2025:06:19:43 -0700] "GET /bloqueadores-de-la-aromatasa-un-curso-integral-para-comprender-su-uso-y-beneficios-4?path=//usr/lib/.build-id/96 HTTP/1.1" 200 3353 "-" "Mozilla/5.0 AppleWebKit/537.36 (KHTML, like Gecko; compatible; GPTBot/1.2; +https://openai.com/gptbot)" 127 **0/127998**
216.73.216.168 - - [14/Sep/2025:06:19:44 -0700] "GET /1xslots-1hslots-registracija-akkaunta-294-2?path=%2Fhome%2Fvrposilw0xwl%2Fpublic_html%2Fwp-includes%2Fjs%2Ftinymce HTTP/1.1" 403 3820 "-" "Mozilla/5.0 AppleWebKit/537.36 (KHTML, like Gecko; compatible; ClaudeBot/1.0; +claudebot@anthropic.com)" 233 **0/233888**
20.171.207.65 - - [14/Sep/2025:06:19:46 -0700] "GET /bloqueadores-de-la-aromatasa-un-curso-integral-para-comprender-su-uso-y-beneficios-4?path=//usr/lib/.build-id/70 HTTP/1.1" 200 3074 "-" "Mozilla/5.0 AppleWebKit/537.36 (KHTML, like Gecko; compatible; GPTBot/1.2; +https://openai.com/gptbot)" 137 **0/137366**
216.73.216.168 - - [14/Sep/2025:06:19:47 -0700] "GET /kazino-oficialnyj-sajt-pin-up-casino-vhodi-i-308/feed?fileloc=%2Fhome%2Fvrposilw0xwl%2Fpublic_html%2Fwp-config-sample.php&path=%2Fhome%2Fvrposilw0xwl%2Fpublic_html HTTP/1.1" 403 3820 "-" "Mozilla/5.0 AppleWebKit/537.36 (KHTML, like Gecko; compatible; ClaudeBot/1.0; +claudebot@anthropic.com)" 318 **0/318638**
20.171.207.65 - - [14/Sep/2025:06:19:49 -0700] "GET /bloqueadores-de-la-aromatasa-un-curso-integral-para-comprender-su-uso-y-beneficios-4?path=//usr/lib/.build-id/63 HTTP/1.1" 200 3127 "-" "Mozilla/5.0 AppleWebKit/537.36 (KHTML, like Gecko; compatible; GPTBot/1.2; +https://openai.com/gptbot)" 123 **0/123820**
216.73.216.168 - - [14/Sep/2025:06:19:50 -0700] "GET /resmi-giris-adresi-guncel-mariobet-linki-2025?path=%2Fhome%2Fvrposilw0xwl%2Fpublic_html%2Fwp-content%2Fplugins%2Fessential-blocks%2Fviews HTTP/1.1" 403 3820 "-" "Mozilla/5.0 AppleWebKit/537.36 (KHTML, like Gecko; compatible; ClaudeBot/1.0; +claudebot@anthropic.com)" 217 **0/217697**
20.171.207.65 - - [14/Sep/2025:06:19:53 -0700] "GET /bloqueadores-de-la-aromatasa-un-curso-integral-para-comprender-su-uso-y-beneficios-4?path=//usr/lib/.build-id/37 HTTP/1.1" 200 3078 "-" "Mozilla/5.0 AppleWebKit/537.36 (KHTML, like Gecko; compatible; GPTBot/1.2; +https://openai.com/gptbot)" 123 **0/123455**
216.73.216.168 - - [14/Sep/2025:06:19:53 -0700] "GET /2025-delajte-stavki-i-vyigryvajte-v-ljuboe-vremja-120/feed?fileloc=%2Fhome%2Fvrposilw0xwl%2Fpublic_html%2Fwp-links-opml.php&path=%2Fhome%2Fvrposilw0xwl%2Fpublic_html HTTP/1.1" 403 3820 "-" "Mozilla/5.0 AppleWebKit/537.36 (KHTML, like Gecko; compatible; ClaudeBot/1.0; +claudebot@anthropic.com)" 221 **0/221971**
20.171.207.65 - - [14/Sep/2025:06:19:56 -0700] "GET /bloqueadores-de-la-aromatasa-un-curso-integral-para-comprender-su-uso-y-beneficios-4?path=//usr/lib/.build-id/82 HTTP/1.1" 200 3318 "-" "Mozilla/5.0 AppleWebKit/537.36 (KHTML, like Gecko; compatible; GPTBot/1.2; +https://openai.com/gptbot)" 118 **0/118975**
216.73.216.168 - - [14/Sep/2025:06:19:56 -0700] "GET /1win-onlayn-kazino-ozbekistonda-mobil-ilova-2880?fileloc=%2Fhome%2Fvrposilw0xwl%2Fpublic_html%2Fwp-articles%2Fmetatokens-kazino.php&path=%2Fhome%2Fvrposilw0xwl%2Fpublic_html%2Fwp-articles HTTP/1.1" 403 3820 "-" "Mozilla/5.0 AppleWebKit/537.36 (KHTML, like Gecko; compatible; ClaudeBot/1.0; +claudebot@anthropic.com)" 228 **0/228515**
216.73.216.168 - - [14/Sep/2025:06:19:59 -0700] "GET /best-non-gamstop-casinos-in-the-uk-1623?path=%2Fhome%2Fvrposilw0xwl%2Fpublic_html%2Fwp-includes%2Fblocks%2Fpattern HTTP/1.1" 403 3820 "-" "Mozilla/5.0 AppleWebKit/537.36 (KHTML, like Gecko; compatible; ClaudeBot/1.0; +claudebot@anthropic.com)" 234 **0/234713**
20.171.207.65 - - [14/Sep/2025:06:19:59 -0700] "GET /bloqueadores-de-la-aromatasa-un-curso-integral-para-comprender-su-uso-y-beneficios-4?path=//usr/lib/.build-id/92 HTTP/1.1" 200 3163 "-" "Mozilla/5.0 AppleWebKit/537.36 (KHTML, like Gecko; compatible; GPTBot/1.2; +https://openai.com/gptbot)" 128 **0/128678**
216.73.216.168 - - [14/Sep/2025:06:20:02 -0700] "GET /sovremennye-internet-kazino-s-vygodnymi-predlozhenijami-igry/feed?fileloc=%2Fhome%2Fvrposilw0xwl%2Fpublic_html%2Fold%2Fwp-includes%2Fimages%2Ficon-pointer-flag-2x.png&path=%2Fhome%2Fvrposilw0xwl%2Fpublic_html%2Fold%2Fwp-includes%2Fimages HTTP/1.1" 403 3820 "-" "Mozilla/5.0 AppleWebKit/537.36 (KHTML, like Gecko; compatible; ClaudeBot/1.0; +claudebot@anthropic.com)" 270 **0/270416**
20.171.207.65 - - [14/Sep/2025:06:20:02 -0700] "GET /bloqueadores-de-la-aromatasa-un-curso-integral-para-comprender-su-uso-y-beneficios-4?path=//usr/lib/.build-id/12 HTTP/1.1" 200 3175 "-" "Mozilla/5.0 AppleWebKit/537.36 (KHTML, like Gecko; compatible; GPTBot/1.2; +https://openai.com/gptbot)" 127 **0/127424**
216.73.216.168 - - [14/Sep/2025:06:20:05 -0700] "GET /1win-onlayn-kazino-ozbekistonda-hisobni-tekshirish-223/feed?fileloc=%2Fhome%2Fvrposilw0xwl%2Fpublic_html%2Fwp-admin%2Foptions-media.php&path=%2Fhome%2Fvrposilw0xwl%2Fpublic_html%2Fwp-admin HTTP/1.1" 403 3820 "-" "Mozilla/5.0 AppleWebKit/537.36 (KHTML, like Gecko; compatible; ClaudeBot/1.0; +claudebot@anthropic.com)" 224 **0/224437**
20.171.207.65 - - [14/Sep/2025:06:20:05 -0700] "GET /bloqueadores-de-la-aromatasa-un-curso-integral-para-comprender-su-uso-y-beneficios-4?path=//usr/lib/.build-id/56 HTTP/1.1" 200 3233 "-" "Mozilla/5.0 AppleWebKit/537.36 (KHTML, like Gecko; compatible; GPTBot/1.2; +https://openai.com/gptbot)" 129 **0/129933**
216.73.216.168 - - [14/Sep/2025:06:20:08 -0700] "GET /resmi-giris-adresi-guncel-mariobet-linki-2025?path=%2Fhome%2Fvrposilw0xwl%2Fpublic_html%2Fwp-content%2Fplugins%2Fessential-blocks%2Ftemplates HTTP/1.1" 403 3820 "-" "Mozilla/5.0 AppleWebKit/537.36 (KHTML, like Gecko; compatible; ClaudeBot/1.0; +claudebot@anthropic.com)" 239 **0/239721**
20.171.207.65 - - [14/Sep/2025:06:20:08 -0700] "GET /bloqueadores-de-la-aromatasa-un-curso-integral-para-comprender-su-uso-y-beneficios-4?path=//usr/lib/.build-id/93 HTTP/1.1" 200 3172 "-" "Mozilla/5.0 AppleWebKit/537.36 (KHTML, like Gecko; compatible; GPTBot/1.2; +https://openai.com/gptbot)" 123 **0/123198**
20.171.207.65 - - [14/Sep/2025:06:20:11 -0700] "GET /bloqueadores-de-la-aromatasa-un-curso-integral-para-comprender-su-uso-y-beneficios-4?path=//usr/lib/.build-id/87 HTTP/1.1" 200 3354 "-" "Mozilla/5.0 AppleWebKit/537.36 (KHTML, like Gecko; compatible; GPTBot/1.2; +https://openai.com/gptbot)" 123 **0/123174**
20.171.207.65 - - [14/Sep/2025:06:20:14 -0700] "GET /bloqueadores-de-la-aromatasa-un-curso-integral-para-comprender-su-uso-y-beneficios-4?path=//usr/lib/.build-id/53 HTTP/1.1" 200 3275 "-" "Mozilla/5.0 AppleWebKit/537.36 (KHTML, like Gecko; compatible; GPTBot/1.2; +https://openai.com/gptbot)" 131 **0/131982**
216.73.216.168 - - [14/Sep/2025:06:20:15 -0700] "GET /v-luchshih-kazino-onlajn-2025-igraem-po-krupnomu-153?fileloc=%2Fhome%2Fvrposilw0xwl%2Fpublic_html%2Fwp-articles%2Fmalina-kazino.php&path=%2Fhome%2Fvrposilw0xwl%2Fpublic_html%2Fwp-articles HTTP/1.1" 403 3820 "-" "Mozilla/5.0 AppleWebKit/537.36 (KHTML, like Gecko; compatible; ClaudeBot/1.0; +claudebot@anthropic.com)" 252 **0/252609**
216.73.216.168 - - [14/Sep/2025:06:20:17 -0700] "GET /2025-delajte-stavki-i-vyigryvajte-v-ljuboe-vremja-120/feed?fileloc=%2Fhome%2Fvrposilw0xwl%2Fpublic_html%2Fwp-config-sample.php&path=%2Fhome%2Fvrposilw0xwl%2Fpublic_html HTTP/1.1" 403 3820 "-" "Mozilla/5.0 AppleWebKit/537.36 (KHTML, like Gecko; compatible; ClaudeBot/1.0; +claudebot@anthropic.com)" 230 **0/230768**
20.171.207.65 - - [14/Sep/2025:06:20:18 -0700] "GET /bloqueadores-de-la-aromatasa-un-curso-integral-para-comprender-su-uso-y-beneficios-4?path=//usr/lib/.build-id/60 HTTP/1.1" 200 2945 "-" "Mozilla/5.0 AppleWebKit/537.36 (KHTML, like Gecko; compatible; GPTBot/1.2; +https://openai.com/gptbot)" 124 **0/124057**
20.171.207.65 - - [14/Sep/2025:06:20:21 -0700] "GET /bloqueadores-de-la-aromatasa-un-curso-integral-para-comprender-su-uso-y-beneficios-4?path=//usr/lib/.build-id/26 HTTP/1.1" 200 3323 "-" "Mozilla/5.0 AppleWebKit/537.36 (KHTML, like Gecko; compatible; GPTBot/1.2; +https://openai.com/gptbot)" 140 **0/140208**
216.73.216.168 - - [14/Sep/2025:06:20:23 -0700] "GET /1win-onlayn-kazino-ozbekistonda-hisobni-tekshirish-223/feed?fileloc=%2Fhome%2Fvrposilw0xwl%2Fpublic_html%2Fwp-admin%2Fpost.php&path=%2Fhome%2Fvrposilw0xwl%2Fpublic_html%2Fwp-admin HTTP/1.1" 200 5139 "-" "Mozilla/5.0 AppleWebKit/537.36 (KHTML, like Gecko; compatible; ClaudeBot/1.0; +claudebot@anthropic.com)" 251 **0/251637**
20.171.207.65 - - [14/Sep/2025:06:20:24 -0700] "GET /bloqueadores-de-la-aromatasa-un-curso-integral-para-comprender-su-uso-y-beneficios-4?path=//usr/lib/.build-id/21 HTTP/1.1" 200 3265 "-" "Mozilla/5.0 AppleWebKit/537.36 (KHTML, like Gecko; compatible; GPTBot/1.2; +https://openai.com/gptbot)" 150 **0/150253**
216.73.216.168 - - [14/Sep/2025:06:20:26 -0700] "GET /best-non-gamstop-casinos-in-the-uk-1623?fileloc=%2Fhome%2Fvrposilw0xwl%2Fpublic_html%2Fwp-includes%2Fblocks%2Fcolumns%2Fblock.json&path=%2Fhome%2Fvrposilw0xwl%2Fpublic_html%2Fwp-includes%2Fblocks%2Fcolumns HTTP/1.1" 200 2971 "-" "Mozilla/5.0 AppleWebKit/537.36 (KHTML, like Gecko; compatible; ClaudeBot/1.0; +claudebot@anthropic.com)" 233 **0/233902**
20.171.207.65 - - [14/Sep/2025:06:20:27 -0700] "GET /bloqueadores-de-la-aromatasa-un-curso-integral-para-comprender-su-uso-y-beneficios-4?path=//usr/lib/.build-id/31 HTTP/1.1" 200 3271 "-" "Mozilla/5.0 AppleWebKit/537.36 (KHTML, like Gecko; compatible; GPTBot/1.2; +https://openai.com/gptbot)" 129 **0/129596**
216.73.216.168 - - [14/Sep/2025:06:20:29 -0700] "GET /sovremennye-internet-kazino-s-vygodnymi-predlozhenijami-igry/feed?fileloc=%2Fhome%2Fvrposilw0xwl%2Fpublic_html%2Fold%2Fwp-includes%2Fimages%2Ficon-pointer-flag.png&path=%2Fhome%2Fvrposilw0xwl%2Fpublic_html%2Fold%2Fwp-includes%2Fimages HTTP/1.1" 200 2294 "-" "Mozilla/5.0 AppleWebKit/537.36 (KHTML, like Gecko; compatible; ClaudeBot/1.0; +claudebot@anthropic.com)" 240 **0/240597**
20.171.207.65 - - [14/Sep/2025:06:20:30 -0700] "GET /bloqueadores-de-la-aromatasa-un-curso-integral-para-comprender-su-uso-y-beneficios-4?path=//usr/lib/.build-id/13 HTTP/1.1" 200 3317 "-" "Mozilla/5.0 AppleWebKit/537.36 (KHTML, like Gecko; compatible; GPTBot/1.2; +https://openai.com/gptbot)" 121 **0/121841**
216.73.216.168 - - [14/Sep/2025:06:20:32 -0700] "GET /1win-onlayn-kazino-ozbekistonda-hisobni-tekshirish-223/feed?fileloc=%2Fhome%2Fvrposilw0xwl%2Fpublic_html%2Fwp-admin%2Fmy-sites.php&path=%2Fhome%2Fvrposilw0xwl%2Fpublic_html%2Fwp-admin HTTP/1.1" 200 4144 "-" "Mozilla/5.0 AppleWebKit/537.36 (KHTML, like Gecko; compatible; ClaudeBot/1.0; +claudebot@anthropic.com)" 242 **0/242669**
20.171.207.65 - - [14/Sep/2025:06:20:33 -0700] "GET /bloqueadores-de-la-aromatasa-un-curso-integral-para-comprender-su-uso-y-beneficios-4?fileloc=//usr/lib/.build-id/92/891f659c11fdef3ac919a0334a1806b95b5ec8&path=//usr/lib/.build-id/92 HTTP/1.1" 200 2300 "-" "Mozilla/5.0 AppleWebKit/537.36 (KHTML, like Gecko; compatible; GPTBot/1.2; +https://openai.com/gptbot)" 128 **0/128718**
216.73.216.168 - - [14/Sep/2025:06:20:35 -0700] "GET /explore-the-exciting-world-of-jaya-9-casino-15/feed?fileloc=%2Fhome%2Fvrposilw0xwl%2Fpublic_html%2Fwp-articles%2F.htaccess&path=%2Fhome%2Fvrposilw0xwl%2Fpublic_html%2Fwp-articles HTTP/1.1" 200 2361 "-" "Mozilla/5.0 AppleWebKit/537.36 (KHTML, like Gecko; compatible; ClaudeBot/1.0; +claudebot@anthropic.com)" 245 **0/245483**
20.171.207.65 - - [14/Sep/2025:06:20:37 -0700] "GET /bloqueadores-de-la-aromatasa-un-curso-integral-para-comprender-su-uso-y-beneficios-4?path=//usr/lib/.build-id/30 HTTP/1.1" 200 3235 "-" "Mozilla/5.0 AppleWebKit/537.36 (KHTML, like Gecko; compatible; GPTBot/1.2; +https://openai.com/gptbot)" 150 **0/150732**
216.73.216.168 - - [14/Sep/2025:06:20:38 -0700] "GET /kazino-oficialnyj-sajt-pin-up-casino-vhodi-i-308/feed?fileloc=%2Fhome%2Fvrposilw0xwl%2Fpublic_html%2Fwp-cron.php&path=%2Fhome%2Fvrposilw0xwl%2Fpublic_html HTTP/1.1" 200 4262 "-" "Mozilla/5.0 AppleWebKit/537.36 (KHTML, like Gecko; compatible; ClaudeBot/1.0; +claudebot@anthropic.com)" 260 **0/260023**
20.171.207.65 - - [14/Sep/2025:06:20:40 -0700] "GET /bloqueadores-de-la-aromatasa-un-curso-integral-para-comprender-su-uso-y-beneficios-4?path=//usr/lib/.build-id/95 HTTP/1.1" 200 3158 "-" "Mozilla/5.0 AppleWebKit/537.36 (KHTML, like Gecko; compatible; GPTBot/1.2; +https://openai.com/gptbot)" 126 **0/126894**
216.73.216.168 - - [14/Sep/2025:06:20:41 -0700] "GET /1win-onlayn-kazino-ozbekistonda-mobil-ilova-2880?fileloc=%2Fhome%2Fvrposilw0xwl%2Fpublic_html%2Fwp-articles%2Findex.php&path=%2Fhome%2Fvrposilw0xwl%2Fpublic_html%2Fwp-articles HTTP/1.1" 200 9373 "-" "Mozilla/5.0 AppleWebKit/537.36 (KHTML, like Gecko; compatible; ClaudeBot/1.0; +claudebot@anthropic.com)" 218 **0/218373**
20.171.207.65 - - [14/Sep/2025:06:20:43 -0700] "GET /bloqueadores-de-la-aromatasa-un-curso-integral-para-comprender-su-uso-y-beneficios-4?path=//usr/lib/.build-id/06 HTTP/1.1" 200 3123 "-" "Mozilla/5.0 AppleWebKit/537.36 (KHTML, like Gecko; compatible; GPTBot/1.2; +https://openai.com/gptbot)" 151 **0/151203**
216.73.216.168 - - [14/Sep/2025:06:20:44 -0700] "GET /sovremennye-internet-kazino-s-vygodnymi-predlozhenijami-igry/feed?path=%2Fhome%2Fvrposilw0xwl%2Fpublic_html%2Fold%2Fwp-includes%2FRequests HTTP/1.1" 200 2758 "-" "Mozilla/5.0 AppleWebKit/537.36 (KHTML, like Gecko; compatible; ClaudeBot/1.0; +claudebot@anthropic.com)" 239 **0/239606**
20.171.207.65 - - [14/Sep/2025:06:20:46 -0700] "GET /bloqueadores-de-la-aromatasa-un-curso-integral-para-comprender-su-uso-y-beneficios-4?path=//usr/lib/.build-id/36 HTTP/1.1" 200 3222 "-" "Mozilla/5.0 AppleWebKit/537.36 (KHTML, like Gecko; compatible; GPTBot/1.2; +https://openai.com/gptbot)" 136 **0/136012**
216.73.216.168 - - [14/Sep/2025:06:20:47 -0700] "GET /chicken-road-slot-w-kasynie-online-rtp-i-zmienno-25/feed?fileloc=%2Fhome%2Fvrposilw0xwl%2Fpublic_html%2Fcgi-bin%2Fcgi-bin%2FFnVkKuLf.jpeg&path=%2Fhome%2Fvrposilw0xwl%2Fpublic_html%2Fcgi-bin%2Fcgi-bin HTTP/1.1" 200 4657 "-" "Mozilla/5.0 AppleWebKit/537.36 (KHTML, like Gecko; compatible; ClaudeBot/1.0; +claudebot@anthropic.com)" 249 **0/249064**
20.171.207.65 - - [14/Sep/2025:06:20:49 -0700] "GET /bloqueadores-de-la-aromatasa-un-curso-integral-para-comprender-su-uso-y-beneficios-4?path=//usr/lib/.build-id/61 HTTP/1.1" 200 3195 "-" "Mozilla/5.0 AppleWebKit/537.36 (KHTML, like Gecko; compatible; GPTBot/1.2; +https://openai.com/gptbot)" 127 **0/127358**
66.249.73.233 - - [14/Sep/2025:06:20:49 -0700] "GET /27099947?goodscode=0027063606 HTTP/1.1" 200 25027 "-" "Mozilla/5.0 (Linux; Android 6.0.1; Nexus 5X Build/MMB29P) AppleWebKit/537.36 (KHTML, like Gecko) Chrome/140.0.7339.127 Mobile Safari/537.36 (compatible; Googlebot/2.1; +http://www.google.com/bot.html)" 589 **0/589325**
216.73.216.168 - - [14/Sep/2025:06:20:50 -0700] "GET /1win-onlayn-kazino-ozbekistonda-mobil-ilova-2880?fileloc=%2Fhome%2Fvrposilw0xwl%2Fpublic_html%2Fwp-includes%2Ferror_log&path=%2Fhome%2Fvrposilw0xwl%2Fpublic_html%2Fwp-includes HTTP/1.1" 200 2419 "-" "Mozilla/5.0 AppleWebKit/537.36 (KHTML, like Gecko; compatible; ClaudeBot/1.0; +claudebot@anthropic.com)" 253 **0/253841**
20.171.207.65 - - [14/Sep/2025:06:20:52 -0700] "GET /bloqueadores-de-la-aromatasa-un-curso-integral-para-comprender-su-uso-y-beneficios-4?path=//usr/lib/.build-id/72 HTTP/1.1" 200 3444 "-" "Mozilla/5.0 AppleWebKit/537.36 (KHTML, like Gecko; compatible; GPTBot/1.2; +https://openai.com/gptbot)" 138 **0/138660**
216.73.216.168 - - [14/Sep/2025:06:20:53 -0700] "GET /kazino-oficialnyj-sajt-pin-up-casino-igrat-onlajn-633/feed?fileloc=%2Fhome%2Fvrposilw0xwl%2Fpublic_html%2Fwp-content%2Flanguages%2Fadmin-network-es_ES.mo&path=%2Fhome%2Fvrposilw0xwl%2Fpublic_html%2Fwp-content%2Flanguages HTTP/1.1" 200 2292 "-" "Mozilla/5.0 AppleWebKit/537.36 (KHTML, like Gecko; compatible; ClaudeBot/1.0; +claudebot@anthropic.com)" 235 **0/235037**
20.171.207.65 - - [14/Sep/2025:06:20:55 -0700] "GET /bloqueadores-de-la-aromatasa-un-curso-integral-para-comprender-su-uso-y-beneficios-4?path=//usr/lib/.build-id/80 HTTP/1.1" 200 3156 "-" "Mozilla/5.0 AppleWebKit/537.36 (KHTML, like Gecko; compatible; GPTBot/1.2; +https://openai.com/gptbot)" 181 **0/181697**
216.73.216.168 - - [14/Sep/2025:06:20:56 -0700] "GET /2025-delajte-stavki-i-vyigryvajte-v-ljuboe-vremja-120/feed?fileloc=%2Fhome%2Fvrposilw0xwl%2Fpublic_html%2Fwp-cron.php&path=%2Fhome%2Fvrposilw0xwl%2Fpublic_html HTTP/1.1" 200 4262 "-" "Mozilla/5.0 AppleWebKit/537.36 (KHTML, like Gecko; compatible; ClaudeBot/1.0; +claudebot@anthropic.com)" 246 **0/246808**
216.73.216.168 - - [14/Sep/2025:06:20:59 -0700] "GET /1win-onlayn-kazino-ozbekistonda-hisobni-tekshirish-223/feed?fileloc=%2Fhome%2Fvrposilw0xwl%2Fpublic_html%2Fwp-admin%2Fprivacy-policy-guide.php&path=%2Fhome%2Fvrposilw0xwl%2Fpublic_html%2Fwp-admin HTTP/1.1" 200 3622 "-" "Mozilla/5.0 AppleWebKit/537.36 (KHTML, like Gecko; compatible; ClaudeBot/1.0; +claudebot@anthropic.com)" 221 **0/221855**
20.171.207.65 - - [14/Sep/2025:06:20:59 -0700] "GET /bloqueadores-de-la-aromatasa-un-curso-integral-para-comprender-su-uso-y-beneficios-4?path=//usr/lib/.build-id/20 HTTP/1.1" 200 3322 "-" "Mozilla/5.0 AppleWebKit/537.36 (KHTML, like Gecko; compatible; GPTBot/1.2; +https://openai.com/gptbot)" 130 **0/130610**
216.73.216.168 - - [14/Sep/2025:06:21:02 -0700] "GET /1win-onlayn-kazino-ozbekistonda-hisobni-tekshirish-223/feed?fileloc=%2Fhome%2Fvrposilw0xwl%2Fpublic_html%2Fwp-admin%2Findex.php&path=%2Fhome%2Fvrposilw0xwl%2Fpublic_html%2Fwp-admin HTTP/1.1" 200 5124 "-" "Mozilla/5.0 AppleWebKit/537.36 (KHTML, like Gecko; compatible; ClaudeBot/1.0; +claudebot@anthropic.com)" 220 **0/220624**
20.171.207.65 - - [14/Sep/2025:06:21:02 -0700] "GET /bloqueadores-de-la-aromatasa-un-curso-integral-para-comprender-su-uso-y-beneficios-4?fileloc=//usr/lib/.build-id/36/92b982cbb4a859aaad0f7f55e00283704646d8&path=//usr/lib/.build-id/36 HTTP/1.1" 200 2299 "-" "Mozilla/5.0 AppleWebKit/537.36 (KHTML, like Gecko; compatible; GPTBot/1.2; +https://openai.com/gptbot)" 116 **0/116904**
216.73.216.168 - - [14/Sep/2025:06:21:05 -0700] "GET /1win-onlayn-kazino-ozbekistonda-mobil-ilova-2880?fileloc=%2Fhome%2Fvrposilw0xwl%2Fpublic_html%2Fwp-includes%2Fgeneral-template.php&path=%2Fhome%2Fvrposilw0xwl%2Fpublic_html%2Fwp-includes HTTP/1.1" 200 38462 "-" "Mozilla/5.0 AppleWebKit/537.36 (KHTML, like Gecko; compatible; ClaudeBot/1.0; +claudebot@anthropic.com)" 258 **0/258722**
20.171.207.65 - - [14/Sep/2025:06:21:05 -0700] "GET /bloqueadores-de-la-aromatasa-un-curso-integral-para-comprender-su-uso-y-beneficios-4?path=//usr/lib/.build-id/38 HTTP/1.1" 200 3191 "-" "Mozilla/5.0 AppleWebKit/537.36 (KHTML, like Gecko; compatible; GPTBot/1.2; +https://openai.com/gptbot)" 126 **0/126348**
216.73.216.168 - - [14/Sep/2025:06:21:08 -0700] "GET /kazino-oficialnyj-sajt-pin-up-casino-vhodi-i-308/feed?fileloc=%2Fhome%2Fvrposilw0xwl%2Fpublic_html%2Fwp-blog-header.php&path=%2Fhome%2Fvrposilw0xwl%2Fpublic_html HTTP/1.1" 200 2557 "-" "Mozilla/5.0 AppleWebKit/537.36 (KHTML, like Gecko; compatible; ClaudeBot/1.0; +claudebot@anthropic.com)" 233 **0/233815**
20.171.207.65 - - [14/Sep/2025:06:21:08 -0700] "GET /bloqueadores-de-la-aromatasa-un-curso-integral-para-comprender-su-uso-y-beneficios-4?path=//usr/lib/.build-id/27 HTTP/1.1" 200 2974 "-" "Mozilla/5.0 AppleWebKit/537.36 (KHTML, like Gecko; compatible; GPTBot/1.2; +https://openai.com/gptbot)" 134 **0/134222**
216.73.216.168 - - [14/Sep/2025:06:21:11 -0700] "GET /sovremennye-internet-kazino-s-vygodnymi-predlozhenijami-igry/feed?fileloc=%2Fhome%2Fvrposilw0xwl%2Fpublic_html%2Fold%2Fwp-includes%2Ftheme-i18n.json&path=%2Fhome%2Fvrposilw0xwl%2Fpublic_html%2Fold%2Fwp-includes HTTP/1.1" 200 2660 "-" "Mozilla/5.0 AppleWebKit/537.36 (KHTML, like Gecko; compatible; ClaudeBot/1.0; +claudebot@anthropic.com)" 222 **0/222034**
20.171.207.65 - - [14/Sep/2025:06:21:12 -0700] "GET /bloqueadores-de-la-aromatasa-un-curso-integral-para-comprender-su-uso-y-beneficios-4?path=//usr/lib/.build-id/71 HTTP/1.1" 200 3226 "-" "Mozilla/5.0 AppleWebKit/537.36 (KHTML, like Gecko; compatible; GPTBot/1.2; +https://openai.com/gptbot)" 123 **0/123914**
216.73.216.168 - - [14/Sep/2025:06:21:14 -0700] "GET /sovremennye-internet-kazino-s-vygodnymi-predlozhenijami-igry/feed?fileloc=%2Fhome%2Fvrposilw0xwl%2Fpublic_html%2Fold%2Fwp-includes%2Fimages%2Fdown_arrow-2x.gif&path=%2Fhome%2Fvrposilw0xwl%2Fpublic_html%2Fold%2Fwp-includes%2Fimages HTTP/1.1" 200 2297 "-" "Mozilla/5.0 AppleWebKit/537.36 (KHTML, like Gecko; compatible; ClaudeBot/1.0; +claudebot@anthropic.com)" 252 **0/252045**
20.171.207.65 - - [14/Sep/2025:06:21:15 -0700] "GET /bloqueadores-de-la-aromatasa-un-curso-integral-para-comprender-su-uso-y-beneficios-4?path=//usr/lib/.build-id/05 HTTP/1.1" 200 3437 "-" "Mozilla/5.0 AppleWebKit/537.36 (KHTML, like Gecko; compatible; GPTBot/1.2; +https://openai.com/gptbot)" 125 **0/125334**
216.73.216.168 - - [14/Sep/2025:06:21:17 -0700] "GET /best-non-gamstop-casinos-in-the-uk-1623?path=%2Fhome%2Fvrposilw0xwl%2Fpublic_html%2Fwp-includes%2Fblocks%2Fcomments-pagination-numbers HTTP/1.1" 200 2778 "-" "Mozilla/5.0 AppleWebKit/537.36 (KHTML, like Gecko; compatible; ClaudeBot/1.0; +claudebot@anthropic.com)" 226 **0/226475**
20.171.207.65 - - [14/Sep/2025:06:21:18 -0700] "GET /bloqueadores-de-la-aromatasa-un-curso-integral-para-comprender-su-uso-y-beneficios-4?path=//usr/lib/.build-id/68 HTTP/1.1" 200 3157 "-" "Mozilla/5.0 AppleWebKit/537.36 (KHTML, like Gecko; compatible; GPTBot/1.2; +https://openai.com/gptbot)" 118 **0/118973**
20.171.207.65 - - [14/Sep/2025:06:21:21 -0700] "GET /bloqueadores-de-la-aromatasa-un-curso-integral-para-comprender-su-uso-y-beneficios-4?path=//usr/lib/.build-id/59 HTTP/1.1" 200 3025 "-" "Mozilla/5.0 AppleWebKit/537.36 (KHTML, like Gecko; compatible; GPTBot/1.2; +https://openai.com/gptbot)" 143 **0/143526**
216.73.216.168 - - [14/Sep/2025:06:21:22 -0700] "GET /pin-up-kazino-oficialnyj-sajt-pin-ap-vhod-na-564?fileloc=%2Fhome%2Fvrposilw0xwl%2Fpublic_html%2Fwp-includes%2Fclass-wp-script-modules.php&path=%2Fhome%2Fvrposilw0xwl%2Fpublic_html%2Fwp-includes HTTP/1.1" 200 6823 "-" "Mozilla/5.0 AppleWebKit/537.36 (KHTML, like Gecko; compatible; ClaudeBot/1.0; +claudebot@anthropic.com)" 242 **0/242724**
20.171.207.65 - - [14/Sep/2025:06:21:24 -0700] "GET /bloqueadores-de-la-aromatasa-un-curso-integral-para-comprender-su-uso-y-beneficios-4?path=//usr/lib/.build-id/76 HTTP/1.1" 200 2985 "-" "Mozilla/5.0 AppleWebKit/537.36 (KHTML, like Gecko; compatible; GPTBot/1.2; +https://openai.com/gptbot)" 126 **0/126505**
216.73.216.168 - - [14/Sep/2025:06:21:25 -0700] "GET /casino-en-ligne-golden-panda-application-mobile-121/feed?fileloc=%2Fhome%2Fvrposilw0xwl%2Fpublic_html%2Fwp-includes%2Ffeed-rss.php&path=%2Fhome%2Fvrposilw0xwl%2Fpublic_html%2Fwp-includes HTTP/1.1" 200 2820 "-" "Mozilla/5.0 AppleWebKit/537.36 (KHTML, like Gecko; compatible; ClaudeBot/1.0; +claudebot@anthropic.com)" 273 **0/273467**
20.171.207.65 - - [14/Sep/2025:06:21:27 -0700] "GET /bloqueadores-de-la-aromatasa-un-curso-integral-para-comprender-su-uso-y-beneficios-4?path=//usr/lib/.build-id/67 HTTP/1.1" 200 3262 "-" "Mozilla/5.0 AppleWebKit/537.36 (KHTML, like Gecko; compatible; GPTBot/1.2; +https://openai.com/gptbot)" 158 **0/158673**
216.73.216.168 - - [14/Sep/2025:06:21:28 -0700] "GET /casino-en-ligne-golden-panda-application-mobile-121/feed?fileloc=%2Fhome%2Fvrposilw0xwl%2Fpublic_html%2Fwp-includes%2FIXR%2Fclass-IXR-clientmulticall.php&path=%2Fhome%2Fvrposilw0xwl%2Fpublic_html%2Fwp-includes%2FIXR HTTP/1.1" 200 2723 "-" "Mozilla/5.0 AppleWebKit/537.36 (KHTML, like Gecko; compatible; ClaudeBot/1.0; +claudebot@anthropic.com)" 227 **0/227626**
20.171.207.65 - - [14/Sep/2025:06:21:31 -0700] "GET /bloqueadores-de-la-aromatasa-un-curso-integral-para-comprender-su-uso-y-beneficios-4?path=//usr/lib/.build-id/91 HTTP/1.1" 200 3174 "-" "Mozilla/5.0 AppleWebKit/537.36 (KHTML, like Gecko; compatible; GPTBot/1.2; +https://openai.com/gptbot)" 191 **0/191038**
216.73.216.168 - - [14/Sep/2025:06:21:31 -0700] "GET /casino-en-ligne-golden-panda-application-mobile-121/feed?fileloc=%2Fhome%2Fvrposilw0xwl%2Fpublic_html%2Fwp-admin%2Fincludes%2Fscreen.php&path=%2Fhome%2Fvrposilw0xwl%2Fpublic_html%2Fwp-admin%2Fincludes HTTP/1.1" 200 3904 "-" "Mozilla/5.0 AppleWebKit/537.36 (KHTML, like Gecko; compatible; ClaudeBot/1.0; +claudebot@anthropic.com)" 227 **0/227925**
20.171.207.65 - - [14/Sep/2025:06:21:34 -0700] "GET /bloqueadores-de-la-aromatasa-un-curso-integral-para-comprender-su-uso-y-beneficios-4?path=//usr/lib/.build-id/07 HTTP/1.1" 200 3399 "-" "Mozilla/5.0 AppleWebKit/537.36 (KHTML, like Gecko; compatible; GPTBot/1.2; +https://openai.com/gptbot)" 137 **0/137712**
216.73.216.168 - - [14/Sep/2025:06:21:34 -0700] "GET /1win-kazino-i-bk-3934-4/feed?fileloc=%2Fhome%2Fvrposilw0xwl%2Fpublic_html%2Fwp-admin%2Fmenu.php&path=%2Fhome%2Fvrposilw0xwl%2Fpublic_html%2Fwp-admin HTTP/1.1" 200 6623 "-" "Mozilla/5.0 AppleWebKit/537.36 (KHTML, like Gecko; compatible; ClaudeBot/1.0; +claudebot@anthropic.com)" 230 **0/230145**
20.171.207.65 - - [14/Sep/2025:06:21:37 -0700] "GET /bloqueadores-de-la-aromatasa-un-curso-integral-para-comprender-su-uso-y-beneficios-4?path=//usr/lib/.build-id/39 HTTP/1.1" 200 3187 "-" "Mozilla/5.0 AppleWebKit/537.36 (KHTML, like Gecko; compatible; GPTBot/1.2; +https://openai.com/gptbot)" 130 **0/130169**
216.73.216.168 - - [14/Sep/2025:06:21:37 -0700] "GET /casino-en-ligne-golden-panda-application-mobile-121/feed?fileloc=%2Fhome%2Fvrposilw0xwl%2Fpublic_html%2Fwp-admin%2Fincludes%2Fclass-language-pack-upgrader-skin.php&path=%2Fhome%2Fvrposilw0xwl%2Fpublic_html%2Fwp-admin%2Fincludes HTTP/1.1" 200 3297 "-" "Mozilla/5.0 AppleWebKit/537.36 (KHTML, like Gecko; compatible; ClaudeBot/1.0; +claudebot@anthropic.com)" 258 **0/258899**
216.73.216.168 - - [14/Sep/2025:06:21:40 -0700] "GET /casino-en-ligne-golden-panda-application-mobile-121/feed?fileloc=%2Fhome%2Fvrposilw0xwl%2Fpublic_html%2Fwp-includes%2Fclass-wp-widget.php&path=%2Fhome%2Fvrposilw0xwl%2Fpublic_html%2Fwp-includes HTTP/1.1" 200 6529 "-" "Mozilla/5.0 AppleWebKit/537.36 (KHTML, like Gecko; compatible; ClaudeBot/1.0; +claudebot@anthropic.com)" 255 **0/255175**
20.171.207.65 - - [14/Sep/2025:06:21:40 -0700] "GET /bloqueadores-de-la-aromatasa-un-curso-integral-para-comprender-su-uso-y-beneficios-4?path=//usr/lib/.build-id/62 HTTP/1.1" 200 3178 "-" "Mozilla/5.0 AppleWebKit/537.36 (KHTML, like Gecko; compatible; GPTBot/1.2; +https://openai.com/gptbot)" 129 **0/129602**
216.73.216.168 - - [14/Sep/2025:06:21:43 -0700] "GET /casino-en-ligne-golden-panda-application-mobile-121/feed?fileloc=%2Fhome%2Fvrposilw0xwl%2Fpublic_html%2Fwp-includes%2Fblocks%2Flegacy-widget.php&path=%2Fhome%2Fvrposilw0xwl%2Fpublic_html%2Fwp-includes%2Fblocks HTTP/1.1" 200 3683 "-" "Mozilla/5.0 AppleWebKit/537.36 (KHTML, like Gecko; compatible; ClaudeBot/1.0; +claudebot@anthropic.com)" 234 **0/234291**
20.171.207.65 - - [14/Sep/2025:06:21:43 -0700] "GET /bloqueadores-de-la-aromatasa-un-curso-integral-para-comprender-su-uso-y-beneficios-4?path=//usr/lib/.build-id/65 HTTP/1.1" 200 3228 "-" "Mozilla/5.0 AppleWebKit/537.36 (KHTML, like Gecko; compatible; GPTBot/1.2; +https://openai.com/gptbot)" 125 **0/125900**
216.73.216.168 - - [14/Sep/2025:06:21:46 -0700] "GET /kreativitat-entfaltet-sich-in-neuen-dimensionen-3/feed?fileloc=%2Fhome%2Fvrposilw0xwl%2Fpublic_html%2Fwp-admin%2Fedit-form-blocks.php&path=%2Fhome%2Fvrposilw0xwl%2Fpublic_html%2Fwp-admin HTTP/1.1" 200 7185 "-" "Mozilla/5.0 AppleWebKit/537.36 (KHTML, like Gecko; compatible; ClaudeBot/1.0; +claudebot@anthropic.com)" 244 **0/244494**
20.171.207.65 - - [14/Sep/2025:06:21:46 -0700] "GET /bloqueadores-de-la-aromatasa-un-curso-integral-para-comprender-su-uso-y-beneficios-4?path=//usr/lib/.build-id/10 HTTP/1.1" 200 3195 "-" "Mozilla/5.0 AppleWebKit/537.36 (KHTML, like Gecko; compatible; GPTBot/1.2; +https://openai.com/gptbot)" 132 **0/132776**
216.73.216.168 - - [14/Sep/2025:06:21:49 -0700] "GET /when-courage-meets-excitement-even-a-chicken-can/feed?fileloc=%2Fhome%2Fvrposilw0xwl%2Fpublic_html%2Fold%2Fwp-admin%2Fpost.php&path=%2Fhome%2Fvrposilw0xwl%2Fpublic_html%2Fold%2Fwp-admin HTTP/1.1" 200 5151 "-" "Mozilla/5.0 AppleWebKit/537.36 (KHTML, like Gecko; compatible; ClaudeBot/1.0; +claudebot@anthropic.com)" 230 **0/230707**
20.171.207.65 - - [14/Sep/2025:06:21:49 -0700] "GET /bloqueadores-de-la-aromatasa-un-curso-integral-para-comprender-su-uso-y-beneficios-4?path=//usr/lib/.build-id/25 HTTP/1.1" 200 3165 "-" "Mozilla/5.0 AppleWebKit/537.36 (KHTML, like Gecko; compatible; GPTBot/1.2; +https://openai.com/gptbot)" 117 **0/117995**
66.249.73.234 - - [14/Sep/2025:06:21:50 -0700] "GET /27125562?goodscode=0027089186 HTTP/1.1" 200 24691 "-" "Mozilla/5.0 (Linux; Android 6.0.1; Nexus 5X Build/MMB29P) AppleWebKit/537.36 (KHTML, like Gecko) Chrome/140.0.7339.127 Mobile Safari/537.36 (compatible; Googlebot/2.1; +http://www.google.com/bot.html)" 542 **0/542395**
216.73.216.168 - - [14/Sep/2025:06:21:52 -0700] "GET /penny-slot-machines-a-comprehensive-overview-to-playing-and-winning?fileloc=%2Fhome%2Fvrposilw0xwl%2Fpublic_html%2Fold%2Fwp-admin%2Fincludes%2Fclass-theme-installer-skin.php&path=%2Fhome%2Fvrposilw0xwl%2Fpublic_html%2Fold%2Fwp-admin%2Fincludes HTTP/1.1" 200 5740 "-" "Mozilla/5.0 AppleWebKit/537.36 (KHTML, like Gecko; compatible; ClaudeBot/1.0; +claudebot@anthropic.com)" 226 **0/226092**
20.171.207.65 - - [14/Sep/2025:06:21:53 -0700] "GET /bloqueadores-de-la-aromatasa-un-curso-integral-para-comprender-su-uso-y-beneficios-4?path=//usr/lib/.build-id/29 HTTP/1.1" 200 2959 "-" "Mozilla/5.0 AppleWebKit/537.36 (KHTML, like Gecko; compatible; GPTBot/1.2; +https://openai.com/gptbot)" 137 **0/137206**
216.73.216.168 - - [14/Sep/2025:06:21:55 -0700] "GET /kreativitat-entfaltet-sich-in-neuen-dimensionen-3/feed?fileloc=%2Fhome%2Fvrposilw0xwl%2Fpublic_html%2Fwp-admin%2Fcustomize.php&path=%2Fhome%2Fvrposilw0xwl%2Fpublic_html%2Fwp-admin HTTP/1.1" 200 5827 "-" "Mozilla/5.0 AppleWebKit/537.36 (KHTML, like Gecko; compatible; ClaudeBot/1.0; +claudebot@anthropic.com)" 285 **0/285961**
20.171.207.65 - - [14/Sep/2025:06:21:56 -0700] "GET /bloqueadores-de-la-aromatasa-un-curso-integral-para-comprender-su-uso-y-beneficios-4?path=//usr/lib/.build-id/15 HTTP/1.1" 200 3392 "-" "Mozilla/5.0 AppleWebKit/537.36 (KHTML, like Gecko; compatible; GPTBot/1.2; +https://openai.com/gptbot)" 123 **0/123624**
20.171.207.65 - - [14/Sep/2025:06:21:59 -0700] "GET /bloqueadores-de-la-aromatasa-un-curso-integral-para-comprender-su-uso-y-beneficios-4?path=//usr/lib/.build-id/86 HTTP/1.1" 200 3320 "-" "Mozilla/5.0 AppleWebKit/537.36 (KHTML, like Gecko; compatible; GPTBot/1.2; +https://openai.com/gptbot)" 129 **0/129081**
20.171.207.65 - - [14/Sep/2025:06:22:02 -0700] "GET /bloqueadores-de-la-aromatasa-un-curso-integral-para-comprender-su-uso-y-beneficios-4?path=//usr/lib/.build-id/75 HTTP/1.1" 200 3185 "-" "Mozilla/5.0 AppleWebKit/537.36 (KHTML, like Gecko; compatible; GPTBot/1.2; +https://openai.com/gptbot)" 132 **0/132077**
20.171.207.65 - - [14/Sep/2025:06:22:05 -0700] "GET /bloqueadores-de-la-aromatasa-un-curso-integral-para-comprender-su-uso-y-beneficios-4?path=//usr/lib/.build-id/17 HTTP/1.1" 200 2965 "-" "Mozilla/5.0 AppleWebKit/537.36 (KHTML, like Gecko; compatible; GPTBot/1.2; +https://openai.com/gptbot)" 134 **0/134883**
20.171.207.65 - - [14/Sep/2025:06:22:08 -0700] "GET /bloqueadores-de-la-aromatasa-un-curso-integral-para-comprender-su-uso-y-beneficios-4?path=//usr/lib/.build-id/69 HTTP/1.1" 200 3028 "-" "Mozilla/5.0 AppleWebKit/537.36 (KHTML, like Gecko; compatible; GPTBot/1.2; +https://openai.com/gptbot)" 139 **0/139199**
20.171.207.65 - - [14/Sep/2025:06:22:11 -0700] "GET /bloqueadores-de-la-aromatasa-un-curso-integral-para-comprender-su-uso-y-beneficios-4?path=//usr/lib/.build-id/08 HTTP/1.1" 200 3065 "-" "Mozilla/5.0 AppleWebKit/537.36 (KHTML, like Gecko; compatible; GPTBot/1.2; +https://openai.com/gptbot)" 121 **0/121874**
20.171.207.65 - - [14/Sep/2025:06:22:14 -0700] "GET /bloqueadores-de-la-aromatasa-un-curso-integral-para-comprender-su-uso-y-beneficios-4?path=//usr/lib/.build-id/73 HTTP/1.1" 200 3072 "-" "Mozilla/5.0 AppleWebKit/537.36 (KHTML, like Gecko; compatible; GPTBot/1.2; +https://openai.com/gptbot)" 134 **0/134677**
20.171.207.65 - - [14/Sep/2025:06:22:18 -0700] "GET /bloqueadores-de-la-aromatasa-un-curso-integral-para-comprender-su-uso-y-beneficios-4?path=//usr/lib/.build-id/98 HTTP/1.1" 200 3317 "-" "Mozilla/5.0 AppleWebKit/537.36 (KHTML, like Gecko; compatible; GPTBot/1.2; +https://openai.com/gptbot)" 151 **0/151325**
20.171.207.65 - - [14/Sep/2025:06:22:21 -0700] "GET /bloqueadores-de-la-aromatasa-un-curso-integral-para-comprender-su-uso-y-beneficios-4?path=//usr/lib/.build-id/01 HTTP/1.1" 200 3165 "-" "Mozilla/5.0 AppleWebKit/537.36 (KHTML, like Gecko; compatible; GPTBot/1.2; +https://openai.com/gptbot)" 125 **0/125582**
20.171.207.65 - - [14/Sep/2025:06:22:24 -0700] "GET /bloqueadores-de-la-aromatasa-un-curso-integral-para-comprender-su-uso-y-beneficios-4?path=//usr/lib/.build-id/97 HTTP/1.1" 200 3235 "-" "Mozilla/5.0 AppleWebKit/537.36 (KHTML, like Gecko; compatible; GPTBot/1.2; +https://openai.com/gptbot)" 144 **0/144640**
20.171.207.65 - - [14/Sep/2025:06:22:27 -0700] "GET /bloqueadores-de-la-aromatasa-un-curso-integral-para-comprender-su-uso-y-beneficios-4?path=//usr/lib/.build-id/57 HTTP/1.1" 200 3308 "-" "Mozilla/5.0 AppleWebKit/537.36 (KHTML, like Gecko; compatible; GPTBot/1.2; +https://openai.com/gptbot)" 145 **0/145614**
20.171.207.65 - - [14/Sep/2025:06:22:30 -0700] "GET /bloqueadores-de-la-aromatasa-un-curso-integral-para-comprender-su-uso-y-beneficios-4?path=//usr/lib/.build-id/83 HTTP/1.1" 200 3228 "-" "Mozilla/5.0 AppleWebKit/537.36 (KHTML, like Gecko; compatible; GPTBot/1.2; +https://openai.com/gptbot)" 160 **0/160883**
20.171.207.65 - - [14/Sep/2025:06:22:34 -0700] "GET /bloqueadores-de-la-aromatasa-un-curso-integral-para-comprender-su-uso-y-beneficios-4?path=//usr/lib/.build-id/16 HTTP/1.1" 200 3237 "-" "Mozilla/5.0 AppleWebKit/537.36 (KHTML, like Gecko; compatible; GPTBot/1.2; +https://openai.com/gptbot)" 136 **0/136882**
20.171.207.65 - - [14/Sep/2025:06:22:37 -0700] "GET /bloqueadores-de-la-aromatasa-un-curso-integral-para-comprender-su-uso-y-beneficios-4?path=//usr/lib/.build-id/32 HTTP/1.1" 200 3166 "-" "Mozilla/5.0 AppleWebKit/537.36 (KHTML, like Gecko; compatible; GPTBot/1.2; +https://openai.com/gptbot)" 138 **0/138354**
20.171.207.65 - - [14/Sep/2025:06:22:40 -0700] "GET /bloqueadores-de-la-aromatasa-un-curso-integral-para-comprender-su-uso-y-beneficios-4?path=//usr/lib/.build-id/89 HTTP/1.1" 200 3355 "-" "Mozilla/5.0 AppleWebKit/537.36 (KHTML, like Gecko; compatible; GPTBot/1.2; +https://openai.com/gptbot)" 154 **0/154583**
20.171.207.65 - - [14/Sep/2025:06:22:43 -0700] "GET /bloqueadores-de-la-aromatasa-un-curso-integral-para-comprender-su-uso-y-beneficios-4?path=//usr/lib/.build-id/35 HTTP/1.1" 200 3274 "-" "Mozilla/5.0 AppleWebKit/537.36 (KHTML, like Gecko; compatible; GPTBot/1.2; +https://openai.com/gptbot)" 146 **0/146671**
20.171.207.65 - - [14/Sep/2025:06:22:46 -0700] "GET /bloqueadores-de-la-aromatasa-un-curso-integral-para-comprender-su-uso-y-beneficios-4?path=//usr/lib/.build-id/79 HTTP/1.1" 200 3405 "-" "Mozilla/5.0 AppleWebKit/537.36 (KHTML, like Gecko; compatible; GPTBot/1.2; +https://openai.com/gptbot)" 123 **0/123862**
20.171.207.65 - - [14/Sep/2025:06:22:49 -0700] "GET /bloqueadores-de-la-aromatasa-un-curso-integral-para-comprender-su-uso-y-beneficios-4?path=//usr/lib/.build-id/02 HTTP/1.1" 200 3074 "-" "Mozilla/5.0 AppleWebKit/537.36 (KHTML, like Gecko; compatible; GPTBot/1.2; +https://openai.com/gptbot)" 130 **0/130600**
20.171.207.65 - - [14/Sep/2025:06:22:52 -0700] "GET /bloqueadores-de-la-aromatasa-un-curso-integral-para-comprender-su-uso-y-beneficios-4?path=//usr/lib/.build-id/58 HTTP/1.1" 200 3074 "-" "Mozilla/5.0 AppleWebKit/537.36 (KHTML, like Gecko; compatible; GPTBot/1.2; +https://openai.com/gptbot)" 128 **0/128409**
20.171.207.65 - - [14/Sep/2025:06:22:55 -0700] "GET /bloqueadores-de-la-aromatasa-un-curso-integral-para-comprender-su-uso-y-beneficios-4?path=//usr/lib/.build-id/28 HTTP/1.1" 200 2978 "-" "Mozilla/5.0 AppleWebKit/537.36 (KHTML, like Gecko; compatible; GPTBot/1.2; +https://openai.com/gptbot)" 150 **0/150733**
