20.171.207.65 - - [14/Sep/2025:06:34:52 -0700] "GET /xmlrpc.php?path=//opt/cloudlinux/venv/lib/python3.11/site-packages/flake8/main/__pycache__ HTTP/1.1" 200 2806 "-" "Mozilla/5.0 AppleWebKit/537.36 (KHTML, like Gecko; compatible; GPTBot/1.2; +https://openai.com/gptbot)" 31 **0/31513**
216.73.216.168 - - [14/Sep/2025:06:34:54 -0700] "GET /2025-delajte-stavki-i-vyigryvajte-v-ljuboe-vremja-120/feed?fileloc=%2F%2Flib64%2Flibnettle.so.6.5&path=%2F%2Flib64 HTTP/1.1" 403 3820 "-" "Mozilla/5.0 AppleWebKit/537.36 (KHTML, like Gecko; compatible; ClaudeBot/1.0; +claudebot@anthropic.com)" 244 **0/244026**
20.171.207.65 - - [14/Sep/2025:06:34:55 -0700] "GET /inputs.php?path=//opt/cloudlinux/venv/lib/python3.11/site-packages/pip/_vendor/cachecontrol/caches/__pycache__ HTTP/1.1" 200 2765 "-" "Mozilla/5.0 AppleWebKit/537.36 (KHTML, like Gecko; compatible; GPTBot/1.2; +https://openai.com/gptbot)" 124 **0/124501**
216.73.216.168 - - [14/Sep/2025:06:34:57 -0700] "GET /2025-delajte-stavki-i-vyigryvajte-v-ljuboe-vremja-120/feed?fileloc=%2F%2Flib64%2Flibp11-kit.so.0&path=%2F%2Flib64 HTTP/1.1" 200 2252 "-" "Mozilla/5.0 AppleWebKit/537.36 (KHTML, like Gecko; compatible; ClaudeBot/1.0; +claudebot@anthropic.com)" 276 **0/276517**
66.249.73.233 - - [14/Sep/2025:06:34:58 -0700] "GET /27098849?goodscode=0027062510 HTTP/1.1" 200 27817 "-" "Mozilla/5.0 (Linux; Android 6.0.1; Nexus 5X Build/MMB29P) AppleWebKit/537.36 (KHTML, like Gecko) Chrome/140.0.7339.127 Mobile Safari/537.36 (compatible; Googlebot/2.1; +http://www.google.com/bot.html)" 636 **0/636749**
216.73.216.168 - - [14/Sep/2025:06:35:02 -0700] "GET /casino-en-ligne-golden-panda-application-mobile-121/feed?fileloc=%2Fhome%2Fvrposilw0xwl%2Fpublic_html%2Fwp-admin%2Fincludes%2F.htaccess&path=%2Fhome%2Fvrposilw0xwl%2Fpublic_html%2Fwp-admin%2Fincludes HTTP/1.1" 200 2372 "-" "Mozilla/5.0 AppleWebKit/537.36 (KHTML, like Gecko; compatible; ClaudeBot/1.0; +claudebot@anthropic.com)" 265 **0/265563**
216.73.216.168 - - [14/Sep/2025:06:35:04 -0700] "GET /a-ascensao-dos-cassinos-moveis-jogos-em-movimento-24/feed?fileloc=%2Fhome%2Fvrposilw0xwl%2Fpublic_html%2Fwp-includes%2Fpost.php&path=%2Fhome%2Fvrposilw0xwl%2Fpublic_html%2Fwp-includes HTTP/1.1" 200 59347 "-" "Mozilla/5.0 AppleWebKit/537.36 (KHTML, like Gecko; compatible; ClaudeBot/1.0; +claudebot@anthropic.com)" 304 **0/304837**
20.171.207.65 - - [14/Sep/2025:06:35:05 -0700] "GET /inputs.php?path=//opt/cloudlinux/venv/lib/python3.11/site-packages/pylint_django/tests/input/test_app/__pycache__ HTTP/1.1" 200 2767 "-" "Mozilla/5.0 AppleWebKit/537.36 (KHTML, like Gecko; compatible; GPTBot/1.2; +https://openai.com/gptbot)" 167 **0/167722**
216.73.216.168 - - [14/Sep/2025:06:35:07 -0700] "GET /free-spin-nedir-ucretsiz-ve-bedava-spin-oyunlar?fileloc=%2Fhome%2Fvrposilw0xwl%2Fpublic_html%2Fold%2Fwp-load.php&path=%2Fhome%2Fvrposilw0xwl%2Fpublic_html%2Fold HTTP/1.1" 200 3850 "-" "Mozilla/5.0 AppleWebKit/537.36 (KHTML, like Gecko; compatible; ClaudeBot/1.0; +claudebot@anthropic.com)" 274 **0/274391**
20.171.207.65 - - [14/Sep/2025:06:35:08 -0700] "GET /?fileloc=//usr/lib64/libpoppler.so.104.0.0&path=//usr/lib64 HTTP/1.1" 200 2267 "-" "Mozilla/5.0 AppleWebKit/537.36 (KHTML, like Gecko; compatible; GPTBot/1.2; +https://openai.com/gptbot)" 146 **0/146925**
216.73.216.168 - - [14/Sep/2025:06:35:10 -0700] "GET /pin-up-kazino-oficialnyj-sajt-pin-ap-vhod-na-564?fileloc=%2Fhome%2Fvrposilw0xwl%2Fpublic_html%2Fwp-admin%2Fnetwork%2Ftheme-install.php&path=%2Fhome%2Fvrposilw0xwl%2Fpublic_html%2Fwp-admin%2Fnetwork HTTP/1.1" 200 2500 "-" "Mozilla/5.0 AppleWebKit/537.36 (KHTML, like Gecko; compatible; ClaudeBot/1.0; +claudebot@anthropic.com)" 245 **0/245075**
20.171.207.65 - - [14/Sep/2025:06:35:11 -0700] "GET /?path=//var/lib/mysql/wp HTTP/1.1" 200 2324 "-" "Mozilla/5.0 AppleWebKit/537.36 (KHTML, like Gecko; compatible; GPTBot/1.2; +https://openai.com/gptbot)" 131 **0/131729**
216.73.216.168 - - [14/Sep/2025:06:35:13 -0700] "GET /tipobet-casino-tipobet-giri-adresi-tipobet365-932/feed?fileloc=%2Fhome%2Fvrposilw0xwl%2Fpublic_html%2Fwp-includes%2Fblocks%2Fblock.php&path=%2Fhome%2Fvrposilw0xwl%2Fpublic_html%2Fwp-includes%2Fblocks HTTP/1.1" 200 3463 "-" "Mozilla/5.0 AppleWebKit/537.36 (KHTML, like Gecko; compatible; ClaudeBot/1.0; +claudebot@anthropic.com)" 259 **0/259697**
20.171.207.65 - - [14/Sep/2025:06:35:14 -0700] "GET /?path=//usr/lib64/perl5/auto/Tie HTTP/1.1" 200 2574 "-" "Mozilla/5.0 AppleWebKit/537.36 (KHTML, like Gecko; compatible; GPTBot/1.2; +https://openai.com/gptbot)" 140 **0/140947**
216.73.216.168 - - [14/Sep/2025:06:35:16 -0700] "GET /a-ascensao-dos-cassinos-moveis-jogos-em-movimento-24/feed?fileloc=%2Fhome%2Fvrposilw0xwl%2Fpublic_html%2Fold%2Fwp-admin%2Frevision.php&path=%2Fhome%2Fvrposilw0xwl%2Fpublic_html%2Fold%2Fwp-admin HTTP/1.1" 200 4228 "-" "Mozilla/5.0 AppleWebKit/537.36 (KHTML, like Gecko; compatible; ClaudeBot/1.0; +claudebot@anthropic.com)" 243 **0/243365**
20.171.207.65 - - [14/Sep/2025:06:35:17 -0700] "GET /?path=//usr/lib64/perl5/Devel HTTP/1.1" 200 2586 "-" "Mozilla/5.0 AppleWebKit/537.36 (KHTML, like Gecko; compatible; GPTBot/1.2; +https://openai.com/gptbot)" 121 **0/121682**
216.73.216.168 - - [14/Sep/2025:06:35:19 -0700] "GET /a-ascensao-dos-cassinos-moveis-jogos-em-movimento-24/feed?fileloc=%2Fhome%2Fvrposilw0xwl%2Fpublic_html%2Fwp-includes%2Fsitemaps.php&path=%2Fhome%2Fvrposilw0xwl%2Fpublic_html%2Fwp-includes HTTP/1.1" 200 3233 "-" "Mozilla/5.0 AppleWebKit/537.36 (KHTML, like Gecko; compatible; ClaudeBot/1.0; +claudebot@anthropic.com)" 312 **0/312992**
20.171.207.65 - - [14/Sep/2025:06:35:21 -0700] "GET /?path=//lib64/perl5/auto/Time HTTP/1.1" 200 2565 "-" "Mozilla/5.0 AppleWebKit/537.36 (KHTML, like Gecko; compatible; GPTBot/1.2; +https://openai.com/gptbot)" 137 **0/137487**
216.73.216.168 - - [14/Sep/2025:06:35:22 -0700] "GET /skycrown-casino-comprehensive-insight-into-user-support-for-australian-players?path=%2Fhome%2Fvrposilw0xwl%2Fpublic_html%2Fwp-includes%2Finteractivity-api HTTP/1.1" 200 2737 "-" "Mozilla/5.0 AppleWebKit/537.36 (KHTML, like Gecko; compatible; ClaudeBot/1.0; +claudebot@anthropic.com)" 274 **0/274211**
20.171.207.65 - - [14/Sep/2025:06:35:24 -0700] "GET /?path=//usr/local/lib64/perl5/IO HTTP/1.1" 200 2691 "-" "Mozilla/5.0 AppleWebKit/537.36 (KHTML, like Gecko; compatible; GPTBot/1.2; +https://openai.com/gptbot)" 149 **0/149346**
216.73.216.168 - - [14/Sep/2025:06:35:25 -0700] "GET /tipobet-casino-tipobet-giri-adresi-tipobet365-932/feed?fileloc=%2Fhome%2Fvrposilw0xwl%2Fpublic_html%2Fwp-includes%2Fblocks%2Ffootnotes.php&path=%2Fhome%2Fvrposilw0xwl%2Fpublic_html%2Fwp-includes%2Fblocks HTTP/1.1" 200 3539 "-" "Mozilla/5.0 AppleWebKit/537.36 (KHTML, like Gecko; compatible; ClaudeBot/1.0; +claudebot@anthropic.com)" 259 **0/259299**
20.171.207.65 - - [14/Sep/2025:06:35:27 -0700] "GET /?path=//lib64/perl5/auto/Hash HTTP/1.1" 200 2564 "-" "Mozilla/5.0 AppleWebKit/537.36 (KHTML, like Gecko; compatible; GPTBot/1.2; +https://openai.com/gptbot)" 163 **0/163715**
216.73.216.168 - - [14/Sep/2025:06:35:28 -0700] "GET /1win-skachat-prilozhenie-bukmekerskoj-kontory-1152/feed?fileloc=%2Fhome%2Fvrposilw0xwl%2Fpublic_html%2Fwp-includes%2FIXR%2Fclass-IXR-message.php&path=%2Fhome%2Fvrposilw0xwl%2Fpublic_html%2Fwp-includes%2FIXR HTTP/1.1" 200 4261 "-" "Mozilla/5.0 AppleWebKit/537.36 (KHTML, like Gecko; compatible; ClaudeBot/1.0; +claudebot@anthropic.com)" 247 **0/247087**
20.171.207.65 - - [14/Sep/2025:06:35:30 -0700] "GET /?path=//usr/lib64/perl5/auto/Sys HTTP/1.1" 200 2573 "-" "Mozilla/5.0 AppleWebKit/537.36 (KHTML, like Gecko; compatible; GPTBot/1.2; +https://openai.com/gptbot)" 134 **0/134817**
216.73.216.168 - - [14/Sep/2025:06:35:31 -0700] "GET /kreativitat-entfaltet-sich-in-neuen-dimensionen-3/feed?fileloc=%2Fhome%2Fvrposilw0xwl%2Fpublic_html%2Fwp-articles%2Fkazino-hayp.php&path=%2Fhome%2Fvrposilw0xwl%2Fpublic_html%2Fwp-articles HTTP/1.1" 200 9435 "-" "Mozilla/5.0 AppleWebKit/537.36 (KHTML, like Gecko; compatible; ClaudeBot/1.0; +claudebot@anthropic.com)" 294 **0/294352**
20.171.207.65 - - [14/Sep/2025:06:35:33 -0700] "GET /?path=//usr/lib/modules/4.18.0-553.62.1.lve.el8.x86_64/kernel/net/8021q HTTP/1.1" 200 2628 "-" "Mozilla/5.0 AppleWebKit/537.36 (KHTML, like Gecko; compatible; GPTBot/1.2; +https://openai.com/gptbot)" 156 **0/156418**
216.73.216.168 - - [14/Sep/2025:06:35:34 -0700] "GET /pin-up-kazino-oficialnyj-sajt-pin-ap-vhod-na-564?fileloc=%2Fhome%2Fvrposilw0xwl%2Fpublic_html%2Fwp-admin%2Fnetwork%2Fthemes.php&path=%2Fhome%2Fvrposilw0xwl%2Fpublic_html%2Fwp-admin%2Fnetwork HTTP/1.1" 200 6343 "-" "Mozilla/5.0 AppleWebKit/537.36 (KHTML, like Gecko; compatible; ClaudeBot/1.0; +claudebot@anthropic.com)" 277 **0/277667**
20.171.207.65 - - [14/Sep/2025:06:35:36 -0700] "GET /?path=//usr/lib64/perl5/Tie/Hash HTTP/1.1" 200 2600 "-" "Mozilla/5.0 AppleWebKit/537.36 (KHTML, like Gecko; compatible; GPTBot/1.2; +https://openai.com/gptbot)" 152 **0/152884**
20.171.207.65 - - [14/Sep/2025:06:35:39 -0700] "GET /?path=//lib64/perl5/auto/Time/Piece HTTP/1.1" 200 2594 "-" "Mozilla/5.0 AppleWebKit/537.36 (KHTML, like Gecko; compatible; GPTBot/1.2; +https://openai.com/gptbot)" 132 **0/132052**
20.171.207.65 - - [14/Sep/2025:06:35:43 -0700] "GET /?path=//usr/lib64/perl5/auto/Tie/Hash HTTP/1.1" 200 2590 "-" "Mozilla/5.0 AppleWebKit/537.36 (KHTML, like Gecko; compatible; GPTBot/1.2; +https://openai.com/gptbot)" 167 **0/167419**
20.171.207.65 - - [14/Sep/2025:06:35:46 -0700] "GET /?path=//lib64/perl5/auto/Hash/Util HTTP/1.1" 200 2662 "-" "Mozilla/5.0 AppleWebKit/537.36 (KHTML, like Gecko; compatible; GPTBot/1.2; +https://openai.com/gptbot)" 141 **0/141892**
20.171.207.65 - - [14/Sep/2025:06:35:49 -0700] "GET /?fileloc=//proc/self/ns/cgroup&path=//proc/self/ns HTTP/1.1" 200 2262 "-" "Mozilla/5.0 AppleWebKit/537.36 (KHTML, like Gecko; compatible; GPTBot/1.2; +https://openai.com/gptbot)" 116 **0/116151**
20.171.207.65 - - [14/Sep/2025:06:35:52 -0700] "GET /?path=//var/lib/mysql/mahawasite_ar HTTP/1.1" 200 2331 "-" "Mozilla/5.0 AppleWebKit/537.36 (KHTML, like Gecko; compatible; GPTBot/1.2; +https://openai.com/gptbot)" 150 **0/150944**
20.171.207.65 - - [14/Sep/2025:06:35:55 -0700] "GET /?fileloc=//lib/systemd/systemd-growfs&path=//lib/systemd HTTP/1.1" 200 2259 "-" "Mozilla/5.0 AppleWebKit/537.36 (KHTML, like Gecko; compatible; GPTBot/1.2; +https://openai.com/gptbot)" 161 **0/161400**
20.171.207.65 - - [14/Sep/2025:06:35:58 -0700] "GET /?path=//usr/local/lib64/perl5/IO/Tty HTTP/1.1" 200 2604 "-" "Mozilla/5.0 AppleWebKit/537.36 (KHTML, like Gecko; compatible; GPTBot/1.2; +https://openai.com/gptbot)" 136 **0/136980**
66.249.73.235 - - [14/Sep/2025:06:35:59 -0700] "GET /27106469?goodscode=0027070118 HTTP/1.1" 200 27116 "-" "Mozilla/5.0 (Linux; Android 6.0.1; Nexus 5X Build/MMB29P) AppleWebKit/537.36 (KHTML, like Gecko) Chrome/140.0.7339.127 Mobile Safari/537.36 (compatible; Googlebot/2.1; +http://www.google.com/bot.html)" 620 **0/620884**
20.171.207.65 - - [14/Sep/2025:06:36:02 -0700] "GET /?fileloc=//usr/include/autosprintf.h&path=//usr/include HTTP/1.1" 200 3275 "-" "Mozilla/5.0 AppleWebKit/537.36 (KHTML, like Gecko; compatible; GPTBot/1.2; +https://openai.com/gptbot)" 136 **0/136815**
20.171.207.65 - - [14/Sep/2025:06:36:05 -0700] "GET /?fileloc=//lib/systemd/systemd-logind&path=//lib/systemd HTTP/1.1" 200 2258 "-" "Mozilla/5.0 AppleWebKit/537.36 (KHTML, like Gecko; compatible; GPTBot/1.2; +https://openai.com/gptbot)" 131 **0/131474**
20.171.207.65 - - [14/Sep/2025:06:36:08 -0700] "GET /?fileloc=//lib/systemd/systemd-export&path=//lib/systemd HTTP/1.1" 200 2259 "-" "Mozilla/5.0 AppleWebKit/537.36 (KHTML, like Gecko; compatible; GPTBot/1.2; +https://openai.com/gptbot)" 137 **0/137087**
20.171.207.65 - - [14/Sep/2025:06:36:11 -0700] "GET /?fileloc=//usr/lib64/libestr.so.0.0.0&path=//usr/lib64 HTTP/1.1" 200 2263 "-" "Mozilla/5.0 AppleWebKit/537.36 (KHTML, like Gecko; compatible; GPTBot/1.2; +https://openai.com/gptbot)" 137 **0/137273**
20.171.207.65 - - [14/Sep/2025:06:36:14 -0700] "GET /?path=//var/log/alt-php82-newrelic HTTP/1.1" 200 2312 "-" "Mozilla/5.0 AppleWebKit/537.36 (KHTML, like Gecko; compatible; GPTBot/1.2; +https://openai.com/gptbot)" 126 **0/126663**
20.171.207.65 - - [14/Sep/2025:06:36:17 -0700] "GET /?fileloc=//opt/alt/python39/lib64/python3.9/nturl2path.py&path=//opt/alt/python39/lib64/python3.9 HTTP/1.1" 200 3280 "-" "Mozilla/5.0 AppleWebKit/537.36 (KHTML, like Gecko; compatible; GPTBot/1.2; +https://openai.com/gptbot)" 144 **0/144247**
20.171.207.65 - - [14/Sep/2025:06:36:21 -0700] "GET /?path=//lib/rpm/platform/sh3-linux HTTP/1.1" 200 2592 "-" "Mozilla/5.0 AppleWebKit/537.36 (KHTML, like Gecko; compatible; GPTBot/1.2; +https://openai.com/gptbot)" 142 **0/142841**
216.73.216.168 - - [14/Sep/2025:06:36:23 -0700] "GET /penny-slot-machines-a-comprehensive-overview-to-playing-and-winning?path=%2Fhome%2Fvrposilw0xwl%2Fpublic_html%2Fwp-includes%2FRequests HTTP/1.1" 200 2688 "-" "Mozilla/5.0 AppleWebKit/537.36 (KHTML, like Gecko; compatible; ClaudeBot/1.0; +claudebot@anthropic.com)" 234 **0/234548**
20.171.207.65 - - [14/Sep/2025:06:36:24 -0700] "GET /?path=//var/log/alt-php72-newrelic HTTP/1.1" 200 2314 "-" "Mozilla/5.0 AppleWebKit/537.36 (KHTML, like Gecko; compatible; GPTBot/1.2; +https://openai.com/gptbot)" 141 **0/141813**
216.73.216.168 - - [14/Sep/2025:06:36:26 -0700] "GET /resmi-giris-adresi-guncel-mariobet-linki-2025?path=%2Fhome%2Fvrposilw0xwl%2Fpublic_html%2Fwp-content%2Fplugins%2Ftemplately%2Fincludes%2FBuilder%2FTypes HTTP/1.1" 200 3098 "-" "Mozilla/5.0 AppleWebKit/537.36 (KHTML, like Gecko; compatible; ClaudeBot/1.0; +claudebot@anthropic.com)" 252 **0/252824**
20.171.207.65 - - [14/Sep/2025:06:36:27 -0700] "GET /?path=//var/log/alt-php80-newrelic HTTP/1.1" 200 2312 "-" "Mozilla/5.0 AppleWebKit/537.36 (KHTML, like Gecko; compatible; GPTBot/1.2; +https://openai.com/gptbot)" 126 **0/126450**
216.73.216.168 - - [14/Sep/2025:06:36:29 -0700] "GET /mondobets-registro-bono?fileloc=%2Fhome%2Fvrposilw0xwl%2Fpublic_html%2Fdeleteme.wp938a98298434435797667ad846e0c4d9.php&path=%2Fhome%2Fvrposilw0xwl%2Fpublic_html HTTP/1.1" 200 6063 "-" "Mozilla/5.0 AppleWebKit/537.36 (KHTML, like Gecko; compatible; ClaudeBot/1.0; +claudebot@anthropic.com)" 259 **0/259134**
20.171.207.65 - - [14/Sep/2025:06:36:30 -0700] "GET /?path=//var/log/alt-php70-newrelic HTTP/1.1" 200 2314 "-" "Mozilla/5.0 AppleWebKit/537.36 (KHTML, like Gecko; compatible; GPTBot/1.2; +https://openai.com/gptbot)" 189 **0/189877**
216.73.216.168 - - [14/Sep/2025:06:36:32 -0700] "GET /tipobet-casino-tipobet-giri-adresi-tipobet365-932/feed?fileloc=%2Fhome%2Fvrposilw0xwl%2Fpublic_html%2Fwp-admin%2Fnetwork%2Fthemes.php&path=%2Fhome%2Fvrposilw0xwl%2Fpublic_html%2Fwp-admin%2Fnetwork HTTP/1.1" 200 6343 "-" "Mozilla/5.0 AppleWebKit/537.36 (KHTML, like Gecko; compatible; ClaudeBot/1.0; +claudebot@anthropic.com)" 253 **0/253388**
20.171.207.65 - - [14/Sep/2025:06:36:33 -0700] "GET /?path=//var/log/alt-php84-newrelic HTTP/1.1" 200 2312 "-" "Mozilla/5.0 AppleWebKit/537.36 (KHTML, like Gecko; compatible; GPTBot/1.2; +https://openai.com/gptbot)" 129 **0/129589**
216.73.216.168 - - [14/Sep/2025:06:36:35 -0700] "GET /claiming-deposit-bonuses-at-rocketplay-casino-for-australian-players?fileloc=%2Fhome%2Fvrposilw0xwl%2Fpublic_html%2Fold%2Fwp-admin%2Fmaint%2Frepair.php&path=%2Fhome%2Fvrposilw0xwl%2Fpublic_html%2Fold%2Fwp-admin%2Fmaint HTTP/1.1" 200 4823 "-" "Mozilla/5.0 AppleWebKit/537.36 (KHTML, like Gecko; compatible; ClaudeBot/1.0; +claudebot@anthropic.com)" 279 **0/279563**
20.171.207.65 - - [14/Sep/2025:06:36:37 -0700] "GET /?path=//lib/rpm/platform/sh4-linux HTTP/1.1" 200 2592 "-" "Mozilla/5.0 AppleWebKit/537.36 (KHTML, like Gecko; compatible; GPTBot/1.2; +https://openai.com/gptbot)" 182 **0/182617**
216.73.216.168 - - [14/Sep/2025:06:36:38 -0700] "GET /sind-plattformen-wie-only-fans-der-schlussel-zu/feed?fileloc=%2Fhome%2Fvrposilw0xwl%2Fpublic_html%2Fwp-articles%2F.htaccess&path=%2Fhome%2Fvrposilw0xwl%2Fpublic_html%2Fwp-articles HTTP/1.1" 200 2361 "-" "Mozilla/5.0 AppleWebKit/537.36 (KHTML, like Gecko; compatible; ClaudeBot/1.0; +claudebot@anthropic.com)" 363 **0/363781**
20.171.207.65 - - [14/Sep/2025:06:36:40 -0700] "GET /?path=//var/log/alt-php71-newrelic HTTP/1.1" 200 2314 "-" "Mozilla/5.0 AppleWebKit/537.36 (KHTML, like Gecko; compatible; GPTBot/1.2; +https://openai.com/gptbot)" 137 **0/137209**
216.73.216.168 - - [14/Sep/2025:06:36:41 -0700] "GET /penny-slot-machines-a-comprehensive-overview-to-playing-and-winning?fileloc=%2Fhome%2Fvrposilw0xwl%2Fpublic_html%2Fwp-admin%2Fimages%2Fmedia-button-image.gif&path=%2Fhome%2Fvrposilw0xwl%2Fpublic_html%2Fwp-admin%2Fimages HTTP/1.1" 200 2285 "-" "Mozilla/5.0 AppleWebKit/537.36 (KHTML, like Gecko; compatible; ClaudeBot/1.0; +claudebot@anthropic.com)" 242 **0/242948**
20.171.207.65 - - [14/Sep/2025:06:36:43 -0700] "GET /?path=//var/log/alt-php73-newrelic HTTP/1.1" 200 2314 "-" "Mozilla/5.0 AppleWebKit/537.36 (KHTML, like Gecko; compatible; GPTBot/1.2; +https://openai.com/gptbot)" 199 **0/199540**
216.73.216.168 - - [14/Sep/2025:06:36:44 -0700] "GET /a-ascensao-dos-cassinos-moveis-jogos-em-movimento-24/feed?fileloc=%2Fhome%2Fvrposilw0xwl%2Fpublic_html%2Fwp-includes%2Fmedia-template.php&path=%2Fhome%2Fvrposilw0xwl%2Fpublic_html%2Fwp-includes HTTP/1.1" 200 14008 "-" "Mozilla/5.0 AppleWebKit/537.36 (KHTML, like Gecko; compatible; ClaudeBot/1.0; +claudebot@anthropic.com)" 270 **0/270924**
20.171.207.65 - - [14/Sep/2025:06:36:46 -0700] "GET /?path=//var/log/alt-php83-newrelic HTTP/1.1" 200 2312 "-" "Mozilla/5.0 AppleWebKit/537.36 (KHTML, like Gecko; compatible; GPTBot/1.2; +https://openai.com/gptbot)" 153 **0/153727**
216.73.216.168 - - [14/Sep/2025:06:36:47 -0700] "GET /skycrown-casino-comprehensive-insight-into-user-support-for-australian-players?path=%2Fhome%2Fvrposilw0xwl%2Fpublic_html%2Fwp-includes%2Fblock-patterns HTTP/1.1" 200 2856 "-" "Mozilla/5.0 AppleWebKit/537.36 (KHTML, like Gecko; compatible; ClaudeBot/1.0; +claudebot@anthropic.com)" 301 **0/301717**
20.171.207.65 - - [14/Sep/2025:06:36:49 -0700] "GET /?path=//var/log/alt-php54-newrelic HTTP/1.1" 200 2313 "-" "Mozilla/5.0 AppleWebKit/537.36 (KHTML, like Gecko; compatible; GPTBot/1.2; +https://openai.com/gptbot)" 149 **0/149486**
216.73.216.168 - - [14/Sep/2025:06:36:50 -0700] "GET /1xslots-oficialnyj-sajt-onlajn-kazino-2?fileloc=%2Fhome%2Fvrposilw0xwl%2Fpublic_html%2Fwp-blog-header.php&path=%2Fhome%2Fvrposilw0xwl%2Fpublic_html HTTP/1.1" 200 2557 "-" "Mozilla/5.0 AppleWebKit/537.36 (KHTML, like Gecko; compatible; ClaudeBot/1.0; +claudebot@anthropic.com)" 294 **0/294972**
216.73.216.168 - - [14/Sep/2025:06:36:53 -0700] "GET /penny-slot-machines-a-comprehensive-overview-to-playing-and-winning?fileloc=%2Fhome%2Fvrposilw0xwl%2Fpublic_html%2Fold%2Fbfd65623%2F.htaccess&path=%2Fhome%2Fvrposilw0xwl%2Fpublic_html%2Fold%2Fbfd65623 HTTP/1.1" 200 2373 "-" "Mozilla/5.0 AppleWebKit/537.36 (KHTML, like Gecko; compatible; ClaudeBot/1.0; +claudebot@anthropic.com)" 303 **0/303874**
216.73.216.168 - - [14/Sep/2025:06:36:56 -0700] "GET /tipobet-casino-tipobet-giri-adresi-tipobet365-932/feed?fileloc=%2Fhome%2Fvrposilw0xwl%2Fpublic_html%2Fwp-admin%2Fnetwork%2Fmenu.php&path=%2Fhome%2Fvrposilw0xwl%2Fpublic_html%2Fwp-admin%2Fnetwork HTTP/1.1" 200 3373 "-" "Mozilla/5.0 AppleWebKit/537.36 (KHTML, like Gecko; compatible; ClaudeBot/1.0; +claudebot@anthropic.com)" 260 **0/260854**
216.73.216.168 - - [14/Sep/2025:06:36:59 -0700] "GET /tipobet-casino-tipobet-giri-adresi-tipobet365-932/feed?fileloc=%2Fhome%2Fvrposilw0xwl%2Fpublic_html%2Fwp-admin%2Fnetwork%2Fusers.php&path=%2Fhome%2Fvrposilw0xwl%2Fpublic_html%2Fwp-admin%2Fnetwork HTTP/1.1" 200 5106 "-" "Mozilla/5.0 AppleWebKit/537.36 (KHTML, like Gecko; compatible; ClaudeBot/1.0; +claudebot@anthropic.com)" 259 **0/259380**
20.171.207.65 - - [14/Sep/2025:06:37:00 -0700] "GET /?path=//var/log/alt-php74-newrelic HTTP/1.1" 200 2314 "-" "Mozilla/5.0 AppleWebKit/537.36 (KHTML, like Gecko; compatible; GPTBot/1.2; +https://openai.com/gptbot)" 157 **0/157096**
216.73.216.168 - - [14/Sep/2025:06:37:02 -0700] "GET /chicken-road-slot-w-kasynie-online-rtp-i-zmienno-25/feed?fileloc=%2Fhome%2Fvrposilw0xwl%2Fpublic_html%2Fwp-content%2Fthemes%2Ftwentytwentyone%2Fcomments.php&path=%2Fhome%2Fvrposilw0xwl%2Fpublic_html%2Fwp-content%2Fthemes%2Ftwentytwentyone HTTP/1.1" 200 3256 "-" "Mozilla/5.0 AppleWebKit/537.36 (KHTML, like Gecko; compatible; ClaudeBot/1.0; +claudebot@anthropic.com)" 249 **0/249099**
20.171.207.65 - - [14/Sep/2025:06:37:04 -0700] "GET /?path=//var/log/alt-php56-newrelic HTTP/1.1" 200 2313 "-" "Mozilla/5.0 AppleWebKit/537.36 (KHTML, like Gecko; compatible; GPTBot/1.2; +https://openai.com/gptbot)" 140 **0/140498**
20.171.207.65 - - [14/Sep/2025:06:37:04 -0700] "GET /?path=//opt/alt/ruby31/lib64/pkgconfig HTTP/1.1" 200 2595 "-" "Mozilla/5.0 AppleWebKit/537.36 (KHTML, like Gecko; compatible; GPTBot/1.2; +https://openai.com/gptbot)" 140 **0/140196**
216.73.216.168 - - [14/Sep/2025:06:37:05 -0700] "GET /a-ascensao-dos-cassinos-moveis-jogos-em-movimento-24/feed?fileloc=%2Fhome%2Fvrposilw0xwl%2Fpublic_html%2Fwp-includes%2Fcategory-template.php&path=%2Fhome%2Fvrposilw0xwl%2Fpublic_html%2Fwp-includes HTTP/1.1" 200 14956 "-" "Mozilla/5.0 AppleWebKit/537.36 (KHTML, like Gecko; compatible; ClaudeBot/1.0; +claudebot@anthropic.com)" 272 **0/272185**
216.73.216.168 - - [14/Sep/2025:06:37:08 -0700] "GET /penny-slot-machines-a-comprehensive-overview-to-playing-and-winning?fileloc=%2Fhome%2Fvrposilw0xwl%2Fpublic_html%2Fwp-includes%2Ffonts%2Fdashicons.ttf&path=%2Fhome%2Fvrposilw0xwl%2Fpublic_html%2Fwp-includes%2Ffonts HTTP/1.1" 200 2282 "-" "Mozilla/5.0 AppleWebKit/537.36 (KHTML, like Gecko; compatible; ClaudeBot/1.0; +claudebot@anthropic.com)" 340 **0/340604**
20.171.207.65 - - [14/Sep/2025:06:37:08 -0700] "GET /?path=//opt/alt/ruby25/lib64/pkgconfig HTTP/1.1" 200 2597 "-" "Mozilla/5.0 AppleWebKit/537.36 (KHTML, like Gecko; compatible; GPTBot/1.2; +https://openai.com/gptbot)" 162 **0/162788**
57.141.2.73 - - [14/Sep/2025:06:37:08 -0700] "GET /goods/13356731.html HTTP/1.1" 200 72275 "-" "meta-externalagent/1.1 (+https://developers.facebook.com/docs/sharing/webmasters/crawler)" 121 **0/121997**
216.73.216.168 - - [14/Sep/2025:06:37:11 -0700] "GET /penny-slot-machines-a-comprehensive-overview-to-playing-and-winning?fileloc=%2Fhome%2Fvrposilw0xwl%2Fpublic_html%2Fwp-includes%2Ffonts%2Fdashicons.woff2&path=%2Fhome%2Fvrposilw0xwl%2Fpublic_html%2Fwp-includes%2Ffonts HTTP/1.1" 200 2284 "-" "Mozilla/5.0 AppleWebKit/537.36 (KHTML, like Gecko; compatible; ClaudeBot/1.0; +claudebot@anthropic.com)" 234 **0/234274**
20.171.207.65 - - [14/Sep/2025:06:37:11 -0700] "GET /?path=//usr/lib64/python3.6/concurrent HTTP/1.1" 200 2696 "-" "Mozilla/5.0 AppleWebKit/537.36 (KHTML, like Gecko; compatible; GPTBot/1.2; +https://openai.com/gptbot)" 147 **0/147264**
216.73.216.168 - - [14/Sep/2025:06:37:14 -0700] "GET /1win-skachat-prilozhenie-bukmekerskoj-kontory-1152/feed?fileloc=%2Fhome%2Fvrposilw0xwl%2Fpublic_html%2Fwp-admin%2Fuser%2Fcontribute.php&path=%2Fhome%2Fvrposilw0xwl%2Fpublic_html%2Fwp-admin%2Fuser HTTP/1.1" 200 2423 "-" "Mozilla/5.0 AppleWebKit/537.36 (KHTML, like Gecko; compatible; ClaudeBot/1.0; +claudebot@anthropic.com)" 263 **0/263250**
20.171.207.65 - - [14/Sep/2025:06:37:14 -0700] "GET /?path=//opt/alt/ruby30/lib64/pkgconfig HTTP/1.1" 200 2595 "-" "Mozilla/5.0 AppleWebKit/537.36 (KHTML, like Gecko; compatible; GPTBot/1.2; +https://openai.com/gptbot)" 203 **0/203328**
20.171.207.65 - - [14/Sep/2025:06:37:16 -0700] "GET /?path=//var/log/alt-php81-newrelic HTTP/1.1" 200 2312 "-" "Mozilla/5.0 AppleWebKit/537.36 (KHTML, like Gecko; compatible; GPTBot/1.2; +https://openai.com/gptbot)" 154 **0/154592**
216.73.216.168 - - [14/Sep/2025:06:37:17 -0700] "GET /1win-skachat-prilozhenie-bukmekerskoj-kontory-1152/feed?fileloc=%2Fhome%2Fvrposilw0xwl%2Fpublic_html%2Fwp-admin%2Fincludes%2Fclass-plugin-installer-skin.php&path=%2Fhome%2Fvrposilw0xwl%2Fpublic_html%2Fwp-admin%2Fincludes HTTP/1.1" 403 3820 "-" "Mozilla/5.0 AppleWebKit/537.36 (KHTML, like Gecko; compatible; ClaudeBot/1.0; +claudebot@anthropic.com)" 251 **0/251424**
20.171.207.65 - - [14/Sep/2025:06:37:22 -0700] "GET /?path=//opt/alt/ruby27/lib64/pkgconfig HTTP/1.1" 200 2595 "-" "Mozilla/5.0 AppleWebKit/537.36 (KHTML, like Gecko; compatible; GPTBot/1.2; +https://openai.com/gptbot)" 120 **0/120086**
20.171.207.65 - - [14/Sep/2025:06:37:23 -0700] "GET /?path=//usr/lib64/python3.6/distutils/command HTTP/1.1" 200 3369 "-" "Mozilla/5.0 AppleWebKit/537.36 (KHTML, like Gecko; compatible; GPTBot/1.2; +https://openai.com/gptbot)" 138 **0/138350**
20.171.207.65 - - [14/Sep/2025:06:37:26 -0700] "GET /?path=//lib64/python3.6/venv/scripts/common HTTP/1.1" 200 2600 "-" "Mozilla/5.0 AppleWebKit/537.36 (KHTML, like Gecko; compatible; GPTBot/1.2; +https://openai.com/gptbot)" 144 **0/144499**
20.171.207.65 - - [14/Sep/2025:06:37:30 -0700] "GET /inputs.php?path=//lib64/perl5/vendor_perl/File/Spec HTTP/1.1" 200 2829 "-" "Mozilla/5.0 AppleWebKit/537.36 (KHTML, like Gecko; compatible; GPTBot/1.2; +https://openai.com/gptbot)" 154 **0/154930**
20.171.207.65 - - [14/Sep/2025:06:37:33 -0700] "GET /inputs.php?path=//lib64/perl5/vendor_perl/auto/Math HTTP/1.1" 200 2581 "-" "Mozilla/5.0 AppleWebKit/537.36 (KHTML, like Gecko; compatible; GPTBot/1.2; +https://openai.com/gptbot)" 190 **0/190496**
20.171.207.65 - - [14/Sep/2025:06:37:35 -0700] "GET /?path=//usr/lib64/python3.6/concurrent/__pycache__ HTTP/1.1" 200 2659 "-" "Mozilla/5.0 AppleWebKit/537.36 (KHTML, like Gecko; compatible; GPTBot/1.2; +https://openai.com/gptbot)" 147 **0/147691**
20.171.207.65 - - [14/Sep/2025:06:37:41 -0700] "GET /?path=//usr/lib64/python3.6/concurrent/futures HTTP/1.1" 200 2765 "-" "Mozilla/5.0 AppleWebKit/537.36 (KHTML, like Gecko; compatible; GPTBot/1.2; +https://openai.com/gptbot)" 147 **0/147572**
20.171.207.65 - - [14/Sep/2025:06:37:42 -0700] "GET /inputs.php?path=//lib64/perl5/vendor_perl/auto/List HTTP/1.1" 200 2580 "-" "Mozilla/5.0 AppleWebKit/537.36 (KHTML, like Gecko; compatible; GPTBot/1.2; +https://openai.com/gptbot)" 142 **0/142832**
20.171.207.65 - - [14/Sep/2025:06:37:45 -0700] "GET /inputs.php?path=//lib64/perl5/vendor_perl/List/Util HTTP/1.1" 200 2601 "-" "Mozilla/5.0 AppleWebKit/537.36 (KHTML, like Gecko; compatible; GPTBot/1.2; +https://openai.com/gptbot)" 254 **0/254134**
20.171.207.65 - - [14/Sep/2025:06:37:48 -0700] "GET /xmlrpc.php?path=//opt/cloudlinux/venv/lib/python3.11/site-packages/pip/_vendor/urllib3/util/__pycache__ HTTP/1.1" 200 3092 "-" "Mozilla/5.0 AppleWebKit/537.36 (KHTML, like Gecko; compatible; GPTBot/1.2; +https://openai.com/gptbot)" 37 **0/37277**
20.171.207.65 - - [14/Sep/2025:06:37:51 -0700] "GET /xmlrpc.php?path=//opt/cloudlinux/venv/lib/python3.11/site-packages/numpy/f2py/tests/__pycache__ HTTP/1.1" 200 3624 "-" "Mozilla/5.0 AppleWebKit/537.36 (KHTML, like Gecko; compatible; GPTBot/1.2; +https://openai.com/gptbot)" 31 **0/31770**
20.171.207.65 - - [14/Sep/2025:06:37:54 -0700] "GET /xmlrpc.php?path=//opt/cloudlinux/venv/lib/python3.11/site-packages/pip/_vendor/urllib3/__pycache__ HTTP/1.1" 200 3030 "-" "Mozilla/5.0 AppleWebKit/537.36 (KHTML, like Gecko; compatible; GPTBot/1.2; +https://openai.com/gptbot)" 29 **0/29976**
20.171.207.65 - - [14/Sep/2025:06:37:57 -0700] "GET /?path=//var/lib/mysql/modernfarmers HTTP/1.1" 200 2330 "-" "Mozilla/5.0 AppleWebKit/537.36 (KHTML, like Gecko; compatible; GPTBot/1.2; +https://openai.com/gptbot)" 129 **0/129971**
66.249.73.235 - - [14/Sep/2025:06:38:00 -0700] "GET /27098574?goodscode=0027062234 HTTP/1.1" 200 25002 "-" "Mozilla/5.0 (Linux; Android 6.0.1; Nexus 5X Build/MMB29P) AppleWebKit/537.36 (KHTML, like Gecko) Chrome/140.0.7339.127 Mobile Safari/537.36 (compatible; Googlebot/2.1; +http://www.google.com/bot.html)" 609 **0/609228**
20.171.207.65 - - [14/Sep/2025:06:38:01 -0700] "GET /inputs.php?path=//opt/cloudlinux/venv/lib64/python3.11/site-packages/past/types/__pycache__ HTTP/1.1" 200 2779 "-" "Mozilla/5.0 AppleWebKit/537.36 (KHTML, like Gecko; compatible; GPTBot/1.2; +https://openai.com/gptbot)" 166 **0/166972**
20.171.207.65 - - [14/Sep/2025:06:38:04 -0700] "GET /?fileloc=//proc/sys/fs/protected_symlinks_allow_gid&path=//proc/sys/fs HTTP/1.1" 200 2277 "-" "Mozilla/5.0 AppleWebKit/537.36 (KHTML, like Gecko; compatible; GPTBot/1.2; +https://openai.com/gptbot)" 170 **0/170005**
20.171.207.65 - - [14/Sep/2025:06:38:08 -0700] "GET /inputs.php?path=//lib64/perl5/vendor_perl/auto/List/Util HTTP/1.1" 200 2612 "-" "Mozilla/5.0 AppleWebKit/537.36 (KHTML, like Gecko; compatible; GPTBot/1.2; +https://openai.com/gptbot)" 156 **0/156560**
20.171.207.65 - - [14/Sep/2025:06:38:11 -0700] "GET /?fileloc=//proc/sys/kernel/ftrace_dump_on_oops&path=//proc/sys/kernel HTTP/1.1" 200 2281 "-" "Mozilla/5.0 AppleWebKit/537.36 (KHTML, like Gecko; compatible; GPTBot/1.2; +https://openai.com/gptbot)" 148 **0/148548**
20.171.207.65 - - [14/Sep/2025:06:38:16 -0700] "GET /?fileloc=//proc/sys/kernel/perf_event_mlock_kb&path=//proc/sys/kernel HTTP/1.1" 200 2279 "-" "Mozilla/5.0 AppleWebKit/537.36 (KHTML, like Gecko; compatible; GPTBot/1.2; +https://openai.com/gptbot)" 135 **0/135973**
20.171.207.65 - - [14/Sep/2025:06:38:19 -0700] "GET /inputs.php?path=//opt/cloudlinux/venv/lib64/python3.11/site-packages/raven/contrib/django/management/commands HTTP/1.1" 200 2795 "-" "Mozilla/5.0 AppleWebKit/537.36 (KHTML, like Gecko; compatible; GPTBot/1.2; +https://openai.com/gptbot)" 134 **0/134967**
20.171.207.65 - - [14/Sep/2025:06:38:20 -0700] "GET /inputs.php?path=//opt/cloudlinux/venv/lib64/python3.11/site-packages/clcommon/public_hooks/bundle/directadmin HTTP/1.1" 200 2854 "-" "Mozilla/5.0 AppleWebKit/537.36 (KHTML, like Gecko; compatible; GPTBot/1.2; +https://openai.com/gptbot)" 232 **0/232057**
20.171.207.65 - - [14/Sep/2025:06:38:26 -0700] "GET /?path=//usr/lib/modules/4.18.0-553.54.1.lve.el8.x86_64/kernel/drivers/net/team HTTP/1.1" 200 2812 "-" "Mozilla/5.0 AppleWebKit/537.36 (KHTML, like Gecko; compatible; GPTBot/1.2; +https://openai.com/gptbot)" 155 **0/155391**
20.171.207.65 - - [14/Sep/2025:06:38:30 -0700] "GET /?path=//usr/lib/modules/4.18.0-553.53.1.lve.el8.x86_64/kernel/drivers/net/slip HTTP/1.1" 200 2635 "-" "Mozilla/5.0 AppleWebKit/537.36 (KHTML, like Gecko; compatible; GPTBot/1.2; +https://openai.com/gptbot)" 195 **0/195096**
20.171.207.65 - - [14/Sep/2025:06:38:33 -0700] "GET /?fileloc=//proc/sys/fs/protected_hardlinks_allow_gid&path=//proc/sys/fs HTTP/1.1" 200 2279 "-" "Mozilla/5.0 AppleWebKit/537.36 (KHTML, like Gecko; compatible; GPTBot/1.2; +https://openai.com/gptbot)" 193 **0/193534**
20.171.207.65 - - [14/Sep/2025:06:38:36 -0700] "GET /?path=//usr/lib/modules/4.18.0-553.54.1.lve.el8.x86_64/kernel/drivers/net/usb HTTP/1.1" 200 3600 "-" "Mozilla/5.0 AppleWebKit/537.36 (KHTML, like Gecko; compatible; GPTBot/1.2; +https://openai.com/gptbot)" 148 **0/148780**
20.171.207.65 - - [14/Sep/2025:06:38:39 -0700] "GET /inputs.php?path=//opt/cloudlinux/venv/lib64/python3.11/site-packages/raven/contrib/django/management/commands/__pycache__ HTTP/1.1" 200 2756 "-" "Mozilla/5.0 AppleWebKit/537.36 (KHTML, like Gecko; compatible; GPTBot/1.2; +https://openai.com/gptbot)" 153 **0/153505**
20.171.207.65 - - [14/Sep/2025:06:38:43 -0700] "GET /inputs.php?path=//opt/cloudlinux/venv/lib64/python3.11/site-packages/clcommon/public_hooks/bundle/directadmin/bin HTTP/1.1" 200 2817 "-" "Mozilla/5.0 AppleWebKit/537.36 (KHTML, like Gecko; compatible; GPTBot/1.2; +https://openai.com/gptbot)" 144 **0/144607**
20.171.207.65 - - [14/Sep/2025:06:38:45 -0700] "GET /inputs.php?path=//opt/cloudlinux/venv/lib64/python3.11/site-packages/guppy/gsl/__pycache__ HTTP/1.1" 200 3116 "-" "Mozilla/5.0 AppleWebKit/537.36 (KHTML, like Gecko; compatible; GPTBot/1.2; +https://openai.com/gptbot)" 141 **0/141598**
20.171.207.65 - - [14/Sep/2025:06:38:52 -0700] "GET /inputs.php?path=//opt/cloudlinux/venv/lib64/python3.11/site-packages/clcommon/public_hooks/bundle/directadmin/__pycache__ HTTP/1.1" 200 2836 "-" "Mozilla/5.0 AppleWebKit/537.36 (KHTML, like Gecko; compatible; GPTBot/1.2; +https://openai.com/gptbot)" 149 **0/149267**
20.171.207.65 - - [14/Sep/2025:06:38:52 -0700] "GET /inputs.php?path=//opt/cloudlinux/venv/lib64/python3.11/site-packages/dill/tests/__pycache__ HTTP/1.1" 200 3561 "-" "Mozilla/5.0 AppleWebKit/537.36 (KHTML, like Gecko; compatible; GPTBot/1.2; +https://openai.com/gptbot)" 129 **0/129382**
20.171.207.65 - - [14/Sep/2025:06:38:55 -0700] "GET /inputs.php?path=//opt/cloudlinux/venv/lib64/python3.11/site-packages/past/utils/__pycache__ HTTP/1.1" 200 2671 "-" "Mozilla/5.0 AppleWebKit/537.36 (KHTML, like Gecko; compatible; GPTBot/1.2; +https://openai.com/gptbot)" 130 **0/130903**
20.171.207.65 - - [14/Sep/2025:06:38:59 -0700] "GET /inputs.php?path=//opt/cloudlinux/venv/lib64/python3.11/site-packages/guppy/sets/__pycache__ HTTP/1.1" 200 2710 "-" "Mozilla/5.0 AppleWebKit/537.36 (KHTML, like Gecko; compatible; GPTBot/1.2; +https://openai.com/gptbot)" 175 **0/175444**
66.249.73.235 - - [14/Sep/2025:06:39:01 -0700] "GET /27128726?goodscode=0027092346 HTTP/1.1" 200 24564 "-" "Mozilla/5.0 (Linux; Android 6.0.1; Nexus 5X Build/MMB29P) AppleWebKit/537.36 (KHTML, like Gecko) Chrome/140.0.7339.127 Mobile Safari/537.36 (compatible; Googlebot/2.1; +http://www.google.com/bot.html)" 598 **0/598262**
20.171.207.65 - - [14/Sep/2025:06:39:03 -0700] "GET /inputs.php?path=//opt/cloudlinux/venv/lib64/python3.11/site-packages/pip/__pycache__ HTTP/1.1" 200 2731 "-" "Mozilla/5.0 AppleWebKit/537.36 (KHTML, like Gecko; compatible; GPTBot/1.2; +https://openai.com/gptbot)" 164 **0/164100**
20.171.207.65 - - [14/Sep/2025:06:39:05 -0700] "GET /inputs.php?path=//opt/cloudlinux/venv/lib64/python3.11/site-packages/tap/__pycache__ HTTP/1.1" 200 3002 "-" "Mozilla/5.0 AppleWebKit/537.36 (KHTML, like Gecko; compatible; GPTBot/1.2; +https://openai.com/gptbot)" 155 **0/155040**
20.171.207.65 - - [14/Sep/2025:06:39:08 -0700] "GET /inputs.php?path=//opt/cloudlinux/venv/lib64/python3.11/site-packages/lve_utils/__pycache__ HTTP/1.1" 200 2759 "-" "Mozilla/5.0 AppleWebKit/537.36 (KHTML, like Gecko; compatible; GPTBot/1.2; +https://openai.com/gptbot)" 170 **0/170884**
20.171.207.65 - - [14/Sep/2025:06:39:13 -0700] "GET /inputs.php?path=//opt/cloudlinux/venv/lib64/python3.11/site-packages/guppy/__pycache__ HTTP/1.1" 200 2693 "-" "Mozilla/5.0 AppleWebKit/537.36 (KHTML, like Gecko; compatible; GPTBot/1.2; +https://openai.com/gptbot)" 146 **0/146558**
20.171.207.65 - - [14/Sep/2025:06:39:14 -0700] "GET /inputs.php?path=//opt/cloudlinux/venv/lib64/python3.11/site-packages/guppy/etc/__pycache__ HTTP/1.1" 200 3203 "-" "Mozilla/5.0 AppleWebKit/537.36 (KHTML, like Gecko; compatible; GPTBot/1.2; +https://openai.com/gptbot)" 185 **0/185073**
20.171.207.65 - - [14/Sep/2025:06:39:17 -0700] "GET /?fileloc=//lib64/libboost_system.so.1.66.0&path=//lib64 HTTP/1.1" 200 2256 "-" "Mozilla/5.0 AppleWebKit/537.36 (KHTML, like Gecko; compatible; GPTBot/1.2; +https://openai.com/gptbot)" 267 **0/267377**
20.171.207.65 - - [14/Sep/2025:06:39:21 -0700] "GET /inputs.php?path=//opt/cloudlinux/venv/lib64/python3.11/site-packages/tap/tests/__pycache__ HTTP/1.1" 200 2777 "-" "Mozilla/5.0 AppleWebKit/537.36 (KHTML, like Gecko; compatible; GPTBot/1.2; +https://openai.com/gptbot)" 124 **0/124672**
20.171.207.65 - - [14/Sep/2025:06:39:23 -0700] "GET /?fileloc=//lib64/libboost_context.so.1.66.0&path=//lib64 HTTP/1.1" 200 2260 "-" "Mozilla/5.0 AppleWebKit/537.36 (KHTML, like Gecko; compatible; GPTBot/1.2; +https://openai.com/gptbot)" 134 **0/134719**
20.171.207.65 - - [14/Sep/2025:06:39:29 -0700] "GET /xmlrpc.php?path=//opt/cloudlinux/venv/lib/python3.11/site-packages/virtualenv/seed/embed/via_app_data/__pycache__ HTTP/1.1" 200 2727 "-" "Mozilla/5.0 AppleWebKit/537.36 (KHTML, like Gecko; compatible; GPTBot/1.2; +https://openai.com/gptbot)" 63 **0/63049**
20.171.207.65 - - [14/Sep/2025:06:39:30 -0700] "GET /wp-admin/post.php?fileloc=//lib64/libpixman-1.so.0&path=//lib64 HTTP/1.1" 200 2253 "-" "Mozilla/5.0 AppleWebKit/537.36 (KHTML, like Gecko; compatible; GPTBot/1.2; +https://openai.com/gptbot)" 558 **0/558115**
20.171.207.65 - - [14/Sep/2025:06:39:32 -0700] "GET /?fileloc=//lib64/libboost_chrono.so.1.66.0&path=//lib64 HTTP/1.1" 200 2258 "-" "Mozilla/5.0 AppleWebKit/537.36 (KHTML, like Gecko; compatible; GPTBot/1.2; +https://openai.com/gptbot)" 163 **0/163481**
20.171.207.65 - - [14/Sep/2025:06:39:36 -0700] "GET /wp-admin/post.php?fileloc=//lib64/libcrypto.so.1.1&path=//lib64 HTTP/1.1" 200 2253 "-" "Mozilla/5.0 AppleWebKit/537.36 (KHTML, like Gecko; compatible; GPTBot/1.2; +https://openai.com/gptbot)" 116 **0/116901**
20.171.207.65 - - [14/Sep/2025:06:39:38 -0700] "GET /wp-admin/post.php?fileloc=//lib64/libxcb-dri2.so.0&path=//lib64 HTTP/1.1" 200 2253 "-" "Mozilla/5.0 AppleWebKit/537.36 (KHTML, like Gecko; compatible; GPTBot/1.2; +https://openai.com/gptbot)" 62 **0/62388**
20.171.207.65 - - [14/Sep/2025:06:39:43 -0700] "GET /wp-admin/post.php?fileloc=//lib64/libtss2-sys.so.0&path=//lib64 HTTP/1.1" 200 2253 "-" "Mozilla/5.0 AppleWebKit/537.36 (KHTML, like Gecko; compatible; GPTBot/1.2; +https://openai.com/gptbot)" 55 **0/55489**
20.171.207.65 - - [14/Sep/2025:06:39:46 -0700] "GET /wp-admin/post.php?fileloc=//lib64/liblapack.so.3.8&path=//lib64 HTTP/1.1" 200 2253 "-" "Mozilla/5.0 AppleWebKit/537.36 (KHTML, like Gecko; compatible; GPTBot/1.2; +https://openai.com/gptbot)" 90 **0/90946**
20.171.207.65 - - [14/Sep/2025:06:39:48 -0700] "GET /wp-admin/post.php?fileloc=//lib64/p11-kit-trust.so&path=//lib64 HTTP/1.1" 200 2254 "-" "Mozilla/5.0 AppleWebKit/537.36 (KHTML, like Gecko; compatible; GPTBot/1.2; +https://openai.com/gptbot)" 72 **0/72597**
20.171.207.65 - - [14/Sep/2025:06:39:54 -0700] "GET /wp-admin/post.php?fileloc=//lib64/libsecret-1.so.0&path=//lib64 HTTP/1.1" 200 2251 "-" "Mozilla/5.0 AppleWebKit/537.36 (KHTML, like Gecko; compatible; GPTBot/1.2; +https://openai.com/gptbot)" 61 **0/61575**
20.171.207.65 - - [14/Sep/2025:06:39:55 -0700] "GET /wp-admin/post.php?fileloc=//lib64/libgssrpc.so.4.2&path=//lib64 HTTP/1.1" 200 2253 "-" "Mozilla/5.0 AppleWebKit/537.36 (KHTML, like Gecko; compatible; GPTBot/1.2; +https://openai.com/gptbot)" 43 **0/43478**
43.153.47.201 - - [14/Sep/2025:06:39:55 -0700] "GET /?fileloc=/home/vrposilw0xwl/public_html/wp-articles/kazino-hayp.php&path=/home/vrposilw0xwl/public_html/wp-articles HTTP/1.1" 200 10066 "-" "Mozilla/5.0 (iPhone; CPU iPhone OS 13_2_3 like Mac OS X) AppleWebKit/605.1.15 (KHTML, like Gecko) Version/13.0.3 Mobile/15E148 Safari/604.1" 252 **0/252062**
20.171.207.65 - - [14/Sep/2025:06:39:58 -0700] "GET /?fileloc=//usr/lib64/libgdk-x11-2.0.so.0&path=//usr/lib64 HTTP/1.1" 200 2267 "-" "Mozilla/5.0 AppleWebKit/537.36 (KHTML, like Gecko; compatible; GPTBot/1.2; +https://openai.com/gptbot)" 136 **0/136624**
20.171.207.65 - - [14/Sep/2025:06:40:01 -0700] "GET /?fileloc=//usr/lib64/libgtk-x11-2.0.so.0&path=//usr/lib64 HTTP/1.1" 200 2267 "-" "Mozilla/5.0 AppleWebKit/537.36 (KHTML, like Gecko; compatible; GPTBot/1.2; +https://openai.com/gptbot)" 201 **0/201573**
20.171.207.65 - - [14/Sep/2025:06:40:04 -0700] "GET /?fileloc=//lib64/libtss2-tcti-device.so.0.0.0&path=//lib64 HTTP/1.1" 200 2259 "-" "Mozilla/5.0 AppleWebKit/537.36 (KHTML, like Gecko; compatible; GPTBot/1.2; +https://openai.com/gptbot)" 189 **0/189310**
20.171.207.65 - - [14/Sep/2025:06:40:07 -0700] "GET /wp-admin/post.php?fileloc=//lib64/libxcb-dri3.so.0&path=//lib64 HTTP/1.1" 200 2253 "-" "Mozilla/5.0 AppleWebKit/537.36 (KHTML, like Gecko; compatible; GPTBot/1.2; +https://openai.com/gptbot)" 567 **0/567254**
20.171.207.65 - - [14/Sep/2025:06:40:12 -0700] "GET /?fileloc=//lib64/libboost_date_time.so.1.66.0&path=//lib64 HTTP/1.1" 200 2260 "-" "Mozilla/5.0 AppleWebKit/537.36 (KHTML, like Gecko; compatible; GPTBot/1.2; +https://openai.com/gptbot)" 131 **0/131548**
20.171.207.65 - - [14/Sep/2025:06:40:14 -0700] "GET /?path=//usr/lib64/perl5/vendor_perl/Net HTTP/1.1" 200 2703 "-" "Mozilla/5.0 AppleWebKit/537.36 (KHTML, like Gecko; compatible; GPTBot/1.2; +https://openai.com/gptbot)" 126 **0/126170**
20.171.207.65 - - [14/Sep/2025:06:40:17 -0700] "GET /?fileloc=//usr/lib64/python2.7/lib-tk/test/test_ttk/test_widgets.py&path=//usr/lib64/python2.7/lib-tk/test/test_ttk HTTP/1.1" 200 12491 "-" "Mozilla/5.0 AppleWebKit/537.36 (KHTML, like Gecko; compatible; GPTBot/1.2; +https://openai.com/gptbot)" 148 **0/148612**
20.171.207.65 - - [14/Sep/2025:06:40:21 -0700] "GET /?path=//opt/alt/php82/etc/rpm HTTP/1.1" 200 2628 "-" "Mozilla/5.0 AppleWebKit/537.36 (KHTML, like Gecko; compatible; GPTBot/1.2; +https://openai.com/gptbot)" 140 **0/140528**
20.171.207.65 - - [14/Sep/2025:06:40:23 -0700] "GET /?path=//opt/alt/php82/var/lib HTTP/1.1" 200 2599 "-" "Mozilla/5.0 AppleWebKit/537.36 (KHTML, like Gecko; compatible; GPTBot/1.2; +https://openai.com/gptbot)" 170 **0/170369**
20.171.207.65 - - [14/Sep/2025:06:40:26 -0700] "GET /?path=//usr/lib64/perl5/vendor_perl/Sub HTTP/1.1" 200 2599 "-" "Mozilla/5.0 AppleWebKit/537.36 (KHTML, like Gecko; compatible; GPTBot/1.2; +https://openai.com/gptbot)" 151 **0/151175**
20.171.207.65 - - [14/Sep/2025:06:40:30 -0700] "GET /?path=//opt/alt/php74/etc/rpm HTTP/1.1" 200 2630 "-" "Mozilla/5.0 AppleWebKit/537.36 (KHTML, like Gecko; compatible; GPTBot/1.2; +https://openai.com/gptbot)" 158 **0/158222**
20.171.207.65 - - [14/Sep/2025:06:40:33 -0700] "GET /?path=//opt/alt/php71/etc/rpm HTTP/1.1" 200 2630 "-" "Mozilla/5.0 AppleWebKit/537.36 (KHTML, like Gecko; compatible; GPTBot/1.2; +https://openai.com/gptbot)" 140 **0/140136**
20.171.207.65 - - [14/Sep/2025:06:40:36 -0700] "GET /?path=//opt/alt/php71/var/lib HTTP/1.1" 200 2600 "-" "Mozilla/5.0 AppleWebKit/537.36 (KHTML, like Gecko; compatible; GPTBot/1.2; +https://openai.com/gptbot)" 148 **0/148573**
20.171.207.65 - - [14/Sep/2025:06:40:40 -0700] "GET /?path=//opt/alt/php70/etc/rpm HTTP/1.1" 200 2630 "-" "Mozilla/5.0 AppleWebKit/537.36 (KHTML, like Gecko; compatible; GPTBot/1.2; +https://openai.com/gptbot)" 131 **0/131738**
20.171.207.65 - - [14/Sep/2025:06:40:43 -0700] "GET /?path=//opt/alt/php70/var/lib HTTP/1.1" 200 2569 "-" "Mozilla/5.0 AppleWebKit/537.36 (KHTML, like Gecko; compatible; GPTBot/1.2; +https://openai.com/gptbot)" 139 **0/139874**
20.171.207.65 - - [14/Sep/2025:06:40:48 -0700] "GET /?path=//opt/alt/php82/var/lib/pear HTTP/1.1" 200 2581 "-" "Mozilla/5.0 AppleWebKit/537.36 (KHTML, like Gecko; compatible; GPTBot/1.2; +https://openai.com/gptbot)" 126 **0/126661**
20.171.207.65 - - [14/Sep/2025:06:40:49 -0700] "GET /?path=//opt/alt/php80/etc/rpm HTTP/1.1" 200 2629 "-" "Mozilla/5.0 AppleWebKit/537.36 (KHTML, like Gecko; compatible; GPTBot/1.2; +https://openai.com/gptbot)" 150 **0/150307**
20.171.207.65 - - [14/Sep/2025:06:40:52 -0700] "GET /?path=//opt/alt/php56/etc/rpm HTTP/1.1" 200 2630 "-" "Mozilla/5.0 AppleWebKit/537.36 (KHTML, like Gecko; compatible; GPTBot/1.2; +https://openai.com/gptbot)" 140 **0/140839**
20.171.207.65 - - [14/Sep/2025:06:40:57 -0700] "GET /?path=//opt/alt/php56/var/lib HTTP/1.1" 200 2569 "-" "Mozilla/5.0 AppleWebKit/537.36 (KHTML, like Gecko; compatible; GPTBot/1.2; +https://openai.com/gptbot)" 157 **0/157123**
20.171.207.65 - - [14/Sep/2025:06:40:59 -0700] "GET /?path=//opt/alt/php81/etc/rpm HTTP/1.1" 200 2628 "-" "Mozilla/5.0 AppleWebKit/537.36 (KHTML, like Gecko; compatible; GPTBot/1.2; +https://openai.com/gptbot)" 183 **0/183812**
216.73.216.168 - - [14/Sep/2025:06:41:01 -0700] "GET /claiming-deposit-bonuses-at-rocketplay-casino-for-australian-players?fileloc=%2F%2Flib64%2Flibdebuginfod-0.190.so&path=%2F%2Flib64 HTTP/1.1" 200 2256 "-" "Mozilla/5.0 AppleWebKit/537.36 (KHTML, like Gecko; compatible; ClaudeBot/1.0; +claudebot@anthropic.com)" 286 **0/286966**
216.73.216.168 - - [14/Sep/2025:06:41:02 -0700] "GET /claiming-deposit-bonuses-at-rocketplay-casino-for-australian-players?path=%2F%2Flib64%2FImageMagick-6.9.13 HTTP/1.1" 200 2591 "-" "Mozilla/5.0 AppleWebKit/537.36 (KHTML, like Gecko; compatible; ClaudeBot/1.0; +claudebot@anthropic.com)" 237 **0/237911**
66.249.73.234 - - [14/Sep/2025:06:41:02 -0700] "GET /27126375?goodscode=0027089998 HTTP/1.1" 200 25564 "-" "Mozilla/5.0 (Linux; Android 6.0.1; Nexus 5X Build/MMB29P) AppleWebKit/537.36 (KHTML, like Gecko) Chrome/140.0.7339.127 Mobile Safari/537.36 (compatible; Googlebot/2.1; +http://www.google.com/bot.html)" 623 **0/623090**
216.73.216.168 - - [14/Sep/2025:06:41:05 -0700] "GET /claiming-deposit-bonuses-at-rocketplay-casino-for-australian-players?path=%2F%2Flib64%2Fsse2 HTTP/1.1" 200 2305 "-" "Mozilla/5.0 AppleWebKit/537.36 (KHTML, like Gecko; compatible; ClaudeBot/1.0; +claudebot@anthropic.com)" 235 **0/235911**
20.171.207.65 - - [14/Sep/2025:06:41:06 -0700] "GET /?path=//opt/alt/php82/var/lib/pear/pkgxml HTTP/1.1" 200 2614 "-" "Mozilla/5.0 AppleWebKit/537.36 (KHTML, like Gecko; compatible; GPTBot/1.2; +https://openai.com/gptbot)" 144 **0/144939**
20.171.207.65 - - [14/Sep/2025:06:41:08 -0700] "GET /?path=//opt/alt/php84/var/lib HTTP/1.1" 200 2599 "-" "Mozilla/5.0 AppleWebKit/537.36 (KHTML, like Gecko; compatible; GPTBot/1.2; +https://openai.com/gptbot)" 233 **0/233491**
216.73.216.168 - - [14/Sep/2025:06:41:08 -0700] "GET /claiming-deposit-bonuses-at-rocketplay-casino-for-australian-players?fileloc=%2F%2Flib64%2Flibxcb-damage.so.0.0.0&path=%2F%2Flib64 HTTP/1.1" 200 2255 "-" "Mozilla/5.0 AppleWebKit/537.36 (KHTML, like Gecko; compatible; ClaudeBot/1.0; +claudebot@anthropic.com)" 252 **0/252480**
20.171.207.65 - - [14/Sep/2025:06:41:11 -0700] "GET /?path=//opt/alt/php72/var/lib HTTP/1.1" 200 2600 "-" "Mozilla/5.0 AppleWebKit/537.36 (KHTML, like Gecko; compatible; GPTBot/1.2; +https://openai.com/gptbot)" 136 **0/136165**
216.73.216.168 - - [14/Sep/2025:06:41:11 -0700] "GET /claiming-deposit-bonuses-at-rocketplay-casino-for-australian-players?fileloc=%2F%2Flib64%2Flibply-splash-core.so.5.0.0&path=%2F%2Flib64 HTTP/1.1" 200 2261 "-" "Mozilla/5.0 AppleWebKit/537.36 (KHTML, like Gecko; compatible; ClaudeBot/1.0; +claudebot@anthropic.com)" 263 **0/263856**
216.73.216.168 - - [14/Sep/2025:06:41:14 -0700] "GET /claiming-deposit-bonuses-at-rocketplay-casino-for-australian-players?fileloc=%2F%2Flib64%2Flibxcb-record.so.0.0.0&path=%2F%2Flib64 HTTP/1.1" 200 2255 "-" "Mozilla/5.0 AppleWebKit/537.36 (KHTML, like Gecko; compatible; ClaudeBot/1.0; +claudebot@anthropic.com)" 239 **0/239175**
20.171.207.65 - - [14/Sep/2025:06:41:15 -0700] "GET /?path=//opt/alt/php80/var/lib HTTP/1.1" 200 2600 "-" "Mozilla/5.0 AppleWebKit/537.36 (KHTML, like Gecko; compatible; GPTBot/1.2; +https://openai.com/gptbot)" 138 **0/138682**
216.73.216.168 - - [14/Sep/2025:06:41:17 -0700] "GET /claiming-deposit-bonuses-at-rocketplay-casino-for-australian-players?fileloc=%2F%2Flib64%2Flibdrm_nouveau.so.2.0.0&path=%2F%2Flib64 HTTP/1.1" 200 2256 "-" "Mozilla/5.0 AppleWebKit/537.36 (KHTML, like Gecko; compatible; ClaudeBot/1.0; +claudebot@anthropic.com)" 228 **0/228249**
20.171.207.65 - - [14/Sep/2025:06:41:17 -0700] "GET /?path=//opt/alt/php72/etc/rpm HTTP/1.1" 200 2630 "-" "Mozilla/5.0 AppleWebKit/537.36 (KHTML, like Gecko; compatible; GPTBot/1.2; +https://openai.com/gptbot)" 130 **0/130972**
216.73.216.168 - - [14/Sep/2025:06:41:20 -0700] "GET /claiming-deposit-bonuses-at-rocketplay-casino-for-australian-players?fileloc=%2F%2Flib64%2Flibrpmbuild.so.8.2.0&path=%2F%2Flib64 HTTP/1.1" 200 2254 "-" "Mozilla/5.0 AppleWebKit/537.36 (KHTML, like Gecko; compatible; ClaudeBot/1.0; +claudebot@anthropic.com)" 300 **0/300477**
20.171.207.65 - - [14/Sep/2025:06:41:21 -0700] "GET /?path=//opt/alt/php83/etc/rpm HTTP/1.1" 200 2628 "-" "Mozilla/5.0 AppleWebKit/537.36 (KHTML, like Gecko; compatible; GPTBot/1.2; +https://openai.com/gptbot)" 122 **0/122606**
216.73.216.168 - - [14/Sep/2025:06:41:23 -0700] "GET /claiming-deposit-bonuses-at-rocketplay-casino-for-australian-players?fileloc=%2F%2Flib64%2Flibcrypto.so.1.1.1k&path=%2F%2Flib64 HTTP/1.1" 200 2255 "-" "Mozilla/5.0 AppleWebKit/537.36 (KHTML, like Gecko; compatible; ClaudeBot/1.0; +claudebot@anthropic.com)" 235 **0/235137**
20.171.207.65 - - [14/Sep/2025:06:41:24 -0700] "GET /?path=//opt/alt/php84/etc/rpm HTTP/1.1" 200 2628 "-" "Mozilla/5.0 AppleWebKit/537.36 (KHTML, like Gecko; compatible; GPTBot/1.2; +https://openai.com/gptbot)" 143 **0/143653**
216.73.216.168 - - [14/Sep/2025:06:41:29 -0700] "GET /claiming-deposit-bonuses-at-rocketplay-casino-for-australian-players?fileloc=%2F%2Flib64%2Flibpipeline.so.1&path=%2F%2Flib64 HTTP/1.1" 200 2252 "-" "Mozilla/5.0 AppleWebKit/537.36 (KHTML, like Gecko; compatible; ClaudeBot/1.0; +claudebot@anthropic.com)" 364 **0/364638**
20.171.207.65 - - [14/Sep/2025:06:41:30 -0700] "GET /?path=//opt/alt/php74/var/lib HTTP/1.1" 200 2600 "-" "Mozilla/5.0 AppleWebKit/537.36 (KHTML, like Gecko; compatible; GPTBot/1.2; +https://openai.com/gptbot)" 332 **0/332570**
20.171.207.65 - - [14/Sep/2025:06:41:31 -0700] "GET /?path=//opt/alt/php84/var/lib/pear HTTP/1.1" 200 2581 "-" "Mozilla/5.0 AppleWebKit/537.36 (KHTML, like Gecko; compatible; GPTBot/1.2; +https://openai.com/gptbot)" 152 **0/152700**
216.73.216.168 - - [14/Sep/2025:06:41:32 -0700] "GET /claiming-deposit-bonuses-at-rocketplay-casino-for-australian-players?path=%2F%2Flib64%2Flftp HTTP/1.1" 200 2545 "-" "Mozilla/5.0 AppleWebKit/537.36 (KHTML, like Gecko; compatible; ClaudeBot/1.0; +claudebot@anthropic.com)" 228 **0/228155**
20.171.207.65 - - [14/Sep/2025:06:41:33 -0700] "GET /?path=//opt/alt/php72/var/lib/pear HTTP/1.1" 200 2582 "-" "Mozilla/5.0 AppleWebKit/537.36 (KHTML, like Gecko; compatible; GPTBot/1.2; +https://openai.com/gptbot)" 133 **0/133428**
216.73.216.168 - - [14/Sep/2025:06:41:35 -0700] "GET /claiming-deposit-bonuses-at-rocketplay-casino-for-australian-players?fileloc=%2F%2Flib64%2Flibnetfilter_conntrack.so.3&path=%2F%2Flib64 HTTP/1.1" 200 2257 "-" "Mozilla/5.0 AppleWebKit/537.36 (KHTML, like Gecko; compatible; ClaudeBot/1.0; +claudebot@anthropic.com)" 249 **0/249125**
