20.171.207.65 - - [14/Sep/2025:06:22:59 -0700] "GET /bloqueadores-de-la-aromatasa-un-curso-integral-para-comprender-su-uso-y-beneficios-4?path=//usr/lib/.build-id/19 HTTP/1.1" 200 3304 "-" "Mozilla/5.0 AppleWebKit/537.36 (KHTML, like Gecko; compatible; GPTBot/1.2; +https://openai.com/gptbot)" 135 **0/135075**
20.171.207.65 - - [14/Sep/2025:06:23:02 -0700] "GET /bloqueadores-de-la-aromatasa-un-curso-integral-para-comprender-su-uso-y-beneficios-4?path=//usr/lib/.build-id/81 HTTP/1.1" 200 3535 "-" "Mozilla/5.0 AppleWebKit/537.36 (KHTML, like Gecko; compatible; GPTBot/1.2; +https://openai.com/gptbot)" 144 **0/144169**
20.171.207.65 - - [14/Sep/2025:06:23:05 -0700] "GET /bloqueadores-de-la-aromatasa-un-curso-integral-para-comprender-su-uso-y-beneficios-4?path=//usr/lib/.build-id/51 HTTP/1.1" 200 3431 "-" "Mozilla/5.0 AppleWebKit/537.36 (KHTML, like Gecko; compatible; GPTBot/1.2; +https://openai.com/gptbot)" 132 **0/132965**
20.171.207.65 - - [14/Sep/2025:06:23:08 -0700] "GET /bloqueadores-de-la-aromatasa-un-curso-integral-para-comprender-su-uso-y-beneficios-4?path=//usr/lib/.build-id/50 HTTP/1.1" 200 3193 "-" "Mozilla/5.0 AppleWebKit/537.36 (KHTML, like Gecko; compatible; GPTBot/1.2; +https://openai.com/gptbot)" 132 **0/132126**
20.171.207.65 - - [14/Sep/2025:06:23:11 -0700] "GET /bloqueadores-de-la-aromatasa-un-curso-integral-para-comprender-su-uso-y-beneficios-4?path=//usr/lib/.build-id/90 HTTP/1.1" 200 3198 "-" "Mozilla/5.0 AppleWebKit/537.36 (KHTML, like Gecko; compatible; GPTBot/1.2; +https://openai.com/gptbot)" 136 **0/136052**
20.171.207.65 - - [14/Sep/2025:06:23:15 -0700] "GET /bloqueadores-de-la-aromatasa-un-curso-integral-para-comprender-su-uso-y-beneficios-4?path=//usr/lib/.build-id/18 HTTP/1.1" 200 3483 "-" "Mozilla/5.0 AppleWebKit/537.36 (KHTML, like Gecko; compatible; GPTBot/1.2; +https://openai.com/gptbot)" 132 **0/132897**
20.171.207.65 - - [14/Sep/2025:06:23:18 -0700] "GET /bloqueadores-de-la-aromatasa-un-curso-integral-para-comprender-su-uso-y-beneficios-4?path=//usr/lib/.build-id/52 HTTP/1.1" 200 3190 "-" "Mozilla/5.0 AppleWebKit/537.36 (KHTML, like Gecko; compatible; GPTBot/1.2; +https://openai.com/gptbot)" 124 **0/124052**
20.171.207.65 - - [14/Sep/2025:06:23:21 -0700] "GET /bloqueadores-de-la-aromatasa-un-curso-integral-para-comprender-su-uso-y-beneficios-4?path=//usr/lib/.build-id/78 HTTP/1.1" 200 3191 "-" "Mozilla/5.0 AppleWebKit/537.36 (KHTML, like Gecko; compatible; GPTBot/1.2; +https://openai.com/gptbot)" 140 **0/140880**
20.171.207.65 - - [14/Sep/2025:06:23:24 -0700] "GET /bloqueadores-de-la-aromatasa-un-curso-integral-para-comprender-su-uso-y-beneficios-4?path=//usr/lib/.build-id/09 HTTP/1.1" 200 3170 "-" "Mozilla/5.0 AppleWebKit/537.36 (KHTML, like Gecko; compatible; GPTBot/1.2; +https://openai.com/gptbot)" 164 **0/164558**
20.171.207.65 - - [14/Sep/2025:06:23:27 -0700] "GET /bloqueadores-de-la-aromatasa-un-curso-integral-para-comprender-su-uso-y-beneficios-4?path=//usr/lib/.build-id/85 HTTP/1.1" 200 3330 "-" "Mozilla/5.0 AppleWebKit/537.36 (KHTML, like Gecko; compatible; GPTBot/1.2; +https://openai.com/gptbot)" 129 **0/129530**
20.171.207.65 - - [14/Sep/2025:06:23:30 -0700] "GET /bloqueadores-de-la-aromatasa-un-curso-integral-para-comprender-su-uso-y-beneficios-4?path=//usr/lib/.build-id/23 HTTP/1.1" 200 3533 "-" "Mozilla/5.0 AppleWebKit/537.36 (KHTML, like Gecko; compatible; GPTBot/1.2; +https://openai.com/gptbot)" 126 **0/126513**
20.171.207.65 - - [14/Sep/2025:06:23:33 -0700] "GET /bloqueadores-de-la-aromatasa-un-curso-integral-para-comprender-su-uso-y-beneficios-4?path=//usr/lib/.build-id/03 HTTP/1.1" 200 3309 "-" "Mozilla/5.0 AppleWebKit/537.36 (KHTML, like Gecko; compatible; GPTBot/1.2; +https://openai.com/gptbot)" 126 **0/126898**
20.171.207.65 - - [14/Sep/2025:06:23:37 -0700] "GET /bloqueadores-de-la-aromatasa-un-curso-integral-para-comprender-su-uso-y-beneficios-4?fileloc=//usr/lib/.build-id/94/85583fc8cfe326af526d4ace996c8b7ce44a46&path=//usr/lib/.build-id/94 HTTP/1.1" 200 2300 "-" "Mozilla/5.0 AppleWebKit/537.36 (KHTML, like Gecko; compatible; GPTBot/1.2; +https://openai.com/gptbot)" 133 **0/133790**
20.171.207.65 - - [14/Sep/2025:06:23:40 -0700] "GET /bloqueadores-de-la-aromatasa-un-curso-integral-para-comprender-su-uso-y-beneficios-4?fileloc=//usr/lib/.build-id/50/c2388c50b1393d08fef513cb582c3b3b2ada8c&path=//usr/lib/.build-id/50 HTTP/1.1" 200 2299 "-" "Mozilla/5.0 AppleWebKit/537.36 (KHTML, like Gecko; compatible; GPTBot/1.2; +https://openai.com/gptbot)" 131 **0/131304**
20.171.207.65 - - [14/Sep/2025:06:23:43 -0700] "GET /bloqueadores-de-la-aromatasa-un-curso-integral-para-comprender-su-uso-y-beneficios-4?fileloc=//usr/lib/.build-id/15/ca150842bda0a0485784885e1b55bbe2f733c7&path=//usr/lib/.build-id/15 HTTP/1.1" 200 2299 "-" "Mozilla/5.0 AppleWebKit/537.36 (KHTML, like Gecko; compatible; GPTBot/1.2; +https://openai.com/gptbot)" 128 **0/128765**
20.171.207.65 - - [14/Sep/2025:06:23:46 -0700] "GET /bloqueadores-de-la-aromatasa-un-curso-integral-para-comprender-su-uso-y-beneficios-4?fileloc=//usr/lib/.build-id/fb/84b035a6216dcd64f6da6d3645380b813f24d3&path=//usr/lib/.build-id/fb HTTP/1.1" 200 2299 "-" "Mozilla/5.0 AppleWebKit/537.36 (KHTML, like Gecko; compatible; GPTBot/1.2; +https://openai.com/gptbot)" 125 **0/125457**
20.171.207.65 - - [14/Sep/2025:06:23:49 -0700] "GET /bloqueadores-de-la-aromatasa-un-curso-integral-para-comprender-su-uso-y-beneficios-4?path=//usr/lib/.build-id/44 HTTP/1.1" 200 3267 "-" "Mozilla/5.0 AppleWebKit/537.36 (KHTML, like Gecko; compatible; GPTBot/1.2; +https://openai.com/gptbot)" 124 **0/124824**
66.249.73.235 - - [14/Sep/2025:06:23:51 -0700] "GET /27115324?goodscode=0027078962 HTTP/1.1" 200 24847 "-" "Mozilla/5.0 (Linux; Android 6.0.1; Nexus 5X Build/MMB29P) AppleWebKit/537.36 (KHTML, like Gecko) Chrome/140.0.7339.127 Mobile Safari/537.36 (compatible; Googlebot/2.1; +http://www.google.com/bot.html)" 603 **0/603796**
20.171.207.65 - - [14/Sep/2025:06:23:52 -0700] "GET /bloqueadores-de-la-aromatasa-un-curso-integral-para-comprender-su-uso-y-beneficios-4?fileloc=//usr/lib/.build-id/42/ae5a2692c9ba4b432587f875f59dc9acb5f590&path=//usr/lib/.build-id/42 HTTP/1.1" 200 2299 "-" "Mozilla/5.0 AppleWebKit/537.36 (KHTML, like Gecko; compatible; GPTBot/1.2; +https://openai.com/gptbot)" 127 **0/127390**
20.171.207.65 - - [14/Sep/2025:06:23:56 -0700] "GET /bloqueadores-de-la-aromatasa-un-curso-integral-para-comprender-su-uso-y-beneficios-4?fileloc=//usr/lib/.build-id/b0/6c44ab0e01e188f818ba0da8b58828c3065471&path=//usr/lib/.build-id/b0 HTTP/1.1" 200 2299 "-" "Mozilla/5.0 AppleWebKit/537.36 (KHTML, like Gecko; compatible; GPTBot/1.2; +https://openai.com/gptbot)" 137 **0/137208**
20.171.207.65 - - [14/Sep/2025:06:23:59 -0700] "GET /bloqueadores-de-la-aromatasa-un-curso-integral-para-comprender-su-uso-y-beneficios-4?fileloc=//usr/lib/.build-id/6d/3f5b71e734d3e84ed422f714bd7b2fb470d61f&path=//usr/lib/.build-id/6d HTTP/1.1" 200 2298 "-" "Mozilla/5.0 AppleWebKit/537.36 (KHTML, like Gecko; compatible; GPTBot/1.2; +https://openai.com/gptbot)" 125 **0/125920**
20.171.207.65 - - [14/Sep/2025:06:24:02 -0700] "GET /bloqueadores-de-la-aromatasa-un-curso-integral-para-comprender-su-uso-y-beneficios-4?fileloc=//usr/lib/.build-id/42/f12ab047709381a3c57af0d22888ae401b7d8d&path=//usr/lib/.build-id/42 HTTP/1.1" 200 2299 "-" "Mozilla/5.0 AppleWebKit/537.36 (KHTML, like Gecko; compatible; GPTBot/1.2; +https://openai.com/gptbot)" 132 **0/132045**
20.171.207.65 - - [14/Sep/2025:06:24:05 -0700] "GET /bloqueadores-de-la-aromatasa-un-curso-integral-para-comprender-su-uso-y-beneficios-4?fileloc=//usr/lib/.build-id/33/9c4a61ca03dd298dca1d0f9dc969133d9889ff&path=//usr/lib/.build-id/33 HTTP/1.1" 200 2300 "-" "Mozilla/5.0 AppleWebKit/537.36 (KHTML, like Gecko; compatible; GPTBot/1.2; +https://openai.com/gptbot)" 135 **0/135206**
20.171.207.65 - - [14/Sep/2025:06:24:08 -0700] "GET /bloqueadores-de-la-aromatasa-un-curso-integral-para-comprender-su-uso-y-beneficios-4?fileloc=//usr/lib/.build-id/5a/573f1d4c4334ad56dd035348cb7fa9a1f8a4b3.1&path=//usr/lib/.build-id/5a HTTP/1.1" 200 2300 "-" "Mozilla/5.0 AppleWebKit/537.36 (KHTML, like Gecko; compatible; GPTBot/1.2; +https://openai.com/gptbot)" 122 **0/122503**
20.171.207.65 - - [14/Sep/2025:06:24:11 -0700] "GET /bloqueadores-de-la-aromatasa-un-curso-integral-para-comprender-su-uso-y-beneficios-4?fileloc=//usr/lib/.build-id/97/93f2a583e865005d5bd336eb865a77f07ddd43&path=//usr/lib/.build-id/97 HTTP/1.1" 200 2300 "-" "Mozilla/5.0 AppleWebKit/537.36 (KHTML, like Gecko; compatible; GPTBot/1.2; +https://openai.com/gptbot)" 119 **0/119811**
20.171.207.65 - - [14/Sep/2025:06:24:14 -0700] "GET /bloqueadores-de-la-aromatasa-un-curso-integral-para-comprender-su-uso-y-beneficios-4?path=//lib/gems HTTP/1.1" 200 2543 "-" "Mozilla/5.0 AppleWebKit/537.36 (KHTML, like Gecko; compatible; GPTBot/1.2; +https://openai.com/gptbot)" 115 **0/115941**
20.171.207.65 - - [14/Sep/2025:06:24:18 -0700] "GET /bloqueadores-de-la-aromatasa-un-curso-integral-para-comprender-su-uso-y-beneficios-4?path=//etc/scl HTTP/1.1" 200 2685 "-" "Mozilla/5.0 AppleWebKit/537.36 (KHTML, like Gecko; compatible; GPTBot/1.2; +https://openai.com/gptbot)" 125 **0/125262**
20.171.207.65 - - [14/Sep/2025:06:24:20 -0700] "GET /bloqueadores-de-la-aromatasa-un-curso-integral-para-comprender-su-uso-y-beneficios-4?path=//usr/lib/gems HTTP/1.1" 200 2552 "-" "Mozilla/5.0 AppleWebKit/537.36 (KHTML, like Gecko; compatible; GPTBot/1.2; +https://openai.com/gptbot)" 138 **0/138868**
20.171.207.65 - - [14/Sep/2025:06:24:23 -0700] "GET /bloqueadores-de-la-aromatasa-un-curso-integral-para-comprender-su-uso-y-beneficios-4?path=//usr/libexec HTTP/1.1" 200 2932 "-" "Mozilla/5.0 AppleWebKit/537.36 (KHTML, like Gecko; compatible; GPTBot/1.2; +https://openai.com/gptbot)" 130 **0/130830**
20.171.207.65 - - [14/Sep/2025:06:24:27 -0700] "GET /bloqueadores-de-la-aromatasa-un-curso-integral-para-comprender-su-uso-y-beneficios-4?path=//etc/security HTTP/1.1" 200 3116 "-" "Mozilla/5.0 AppleWebKit/537.36 (KHTML, like Gecko; compatible; GPTBot/1.2; +https://openai.com/gptbot)" 137 **0/137259**
20.171.207.65 - - [14/Sep/2025:06:24:30 -0700] "GET /bloqueadores-de-la-aromatasa-un-curso-integral-para-comprender-su-uso-y-beneficios-4?path=//usr/include HTTP/1.1" 200 9101 "-" "Mozilla/5.0 AppleWebKit/537.36 (KHTML, like Gecko; compatible; GPTBot/1.2; +https://openai.com/gptbot)" 157 **0/157934**
216.73.216.168 - - [14/Sep/2025:06:24:32 -0700] "GET /kazino-oficialnyj-sajt-pin-up-casino-vhodi-i-308/feed?fileloc=%2F%2Fusr%2Flib64%2FlibIexMath-2_2.so.12&path=%2F%2Fusr%2Flib64 HTTP/1.1" 200 2266 "-" "Mozilla/5.0 AppleWebKit/537.36 (KHTML, like Gecko; compatible; ClaudeBot/1.0; +claudebot@anthropic.com)" 238 **0/238650**
20.171.207.65 - - [14/Sep/2025:06:24:33 -0700] "GET /bloqueadores-de-la-aromatasa-un-curso-integral-para-comprender-su-uso-y-beneficios-4?path=//opt/alt/pcre HTTP/1.1" 200 2552 "-" "Mozilla/5.0 AppleWebKit/537.36 (KHTML, like Gecko; compatible; GPTBot/1.2; +https://openai.com/gptbot)" 141 **0/141279**
216.73.216.168 - - [14/Sep/2025:06:24:35 -0700] "GET /pin-up-kazino-oficialnyj-sajt-pin-ap-vhod-na-564?fileloc=%2F%2Flib%2Fsystemd%2Fsystemd-user-sessions&path=%2F%2Flib%2Fsystemd HTTP/1.1" 200 2264 "-" "Mozilla/5.0 AppleWebKit/537.36 (KHTML, like Gecko; compatible; ClaudeBot/1.0; +claudebot@anthropic.com)" 227 **0/227568**
20.171.207.65 - - [14/Sep/2025:06:24:36 -0700] "GET /bloqueadores-de-la-aromatasa-un-curso-integral-para-comprender-su-uso-y-beneficios-4?path=//etc/scl/conf HTTP/1.1" 200 2789 "-" "Mozilla/5.0 AppleWebKit/537.36 (KHTML, like Gecko; compatible; GPTBot/1.2; +https://openai.com/gptbot)" 145 **0/145148**
216.73.216.168 - - [14/Sep/2025:06:24:38 -0700] "GET /free-spins-bonuses-which-can-boost-your-gambling-money?path=%2F%2Flib%2Fsysusers.d HTTP/1.1" 200 2659 "-" "Mozilla/5.0 AppleWebKit/537.36 (KHTML, like Gecko; compatible; ClaudeBot/1.0; +claudebot@anthropic.com)" 225 **0/225392**
20.171.207.65 - - [14/Sep/2025:06:24:39 -0700] "GET /bloqueadores-de-la-aromatasa-un-curso-integral-para-comprender-su-uso-y-beneficios-4?path=//proc/bus/pci HTTP/1.1" 200 2737 "-" "Mozilla/5.0 AppleWebKit/537.36 (KHTML, like Gecko; compatible; GPTBot/1.2; +https://openai.com/gptbot)" 124 **0/124767**
216.73.216.168 - - [14/Sep/2025:06:24:41 -0700] "GET /kazino-oficialnyj-sajt-pin-up-casino-vhodi-i-308/feed?fileloc=%2F%2Fusr%2Flib64%2Flibxcb-xfixes.so&path=%2F%2Fusr%2Flib64 HTTP/1.1" 200 2266 "-" "Mozilla/5.0 AppleWebKit/537.36 (KHTML, like Gecko; compatible; ClaudeBot/1.0; +claudebot@anthropic.com)" 229 **0/229308**
20.171.207.65 - - [14/Sep/2025:06:24:42 -0700] "GET /bloqueadores-de-la-aromatasa-un-curso-integral-para-comprender-su-uso-y-beneficios-4?path=//opt/cpanel HTTP/1.1" 200 2929 "-" "Mozilla/5.0 AppleWebKit/537.36 (KHTML, like Gecko; compatible; GPTBot/1.2; +https://openai.com/gptbot)" 132 **0/132298**
216.73.216.168 - - [14/Sep/2025:06:24:44 -0700] "GET /claiming-deposit-bonuses-at-rocketplay-casino-for-australian-players?path=%2F%2Fusr%2Flibexec%2Fopenssh HTTP/1.1" 200 2579 "-" "Mozilla/5.0 AppleWebKit/537.36 (KHTML, like Gecko; compatible; ClaudeBot/1.0; +claudebot@anthropic.com)" 276 **0/276319**
20.171.207.65 - - [14/Sep/2025:06:24:45 -0700] "GET /bloqueadores-de-la-aromatasa-un-curso-integral-para-comprender-su-uso-y-beneficios-4?path=//etc/ssl HTTP/1.1" 200 2542 "-" "Mozilla/5.0 AppleWebKit/537.36 (KHTML, like Gecko; compatible; GPTBot/1.2; +https://openai.com/gptbot)" 140 **0/140129**
216.73.216.168 - - [14/Sep/2025:06:24:47 -0700] "GET /kazino-oficialnyj-sajt-pin-up-casino-vhodi-i-308/feed?fileloc=%2F%2Fusr%2Flib64%2Flibunwind.so.8&path=%2F%2Fusr%2Flib64 HTTP/1.1" 200 2263 "-" "Mozilla/5.0 AppleWebKit/537.36 (KHTML, like Gecko; compatible; ClaudeBot/1.0; +claudebot@anthropic.com)" 268 **0/268469**
20.171.207.65 - - [14/Sep/2025:06:24:49 -0700] "GET /bloqueadores-de-la-aromatasa-un-curso-integral-para-comprender-su-uso-y-beneficios-4?path=//usr/include/netrose HTTP/1.1" 200 2571 "-" "Mozilla/5.0 AppleWebKit/537.36 (KHTML, like Gecko; compatible; GPTBot/1.2; +https://openai.com/gptbot)" 151 **0/151125**
216.73.216.168 - - [14/Sep/2025:06:24:50 -0700] "GET /kazino-oficialnyj-sajt-pin-up-casino-vhodi-i-308/feed?fileloc=%2F%2Fusr%2Flib64%2Flibtss2-esys.so.0&path=%2F%2Fusr%2Flib64 HTTP/1.1" 200 2265 "-" "Mozilla/5.0 AppleWebKit/537.36 (KHTML, like Gecko; compatible; ClaudeBot/1.0; +claudebot@anthropic.com)" 269 **0/269779**
66.249.73.235 - - [14/Sep/2025:06:24:51 -0700] "GET /27096159?goodscode=0027059822 HTTP/1.1" 200 25148 "-" "Mozilla/5.0 (Linux; Android 6.0.1; Nexus 5X Build/MMB29P) AppleWebKit/537.36 (KHTML, like Gecko) Chrome/140.0.7339.127 Mobile Safari/537.36 (compatible; Googlebot/2.1; +http://www.google.com/bot.html)" 550 **0/550952**
20.171.207.65 - - [14/Sep/2025:06:24:52 -0700] "GET /bloqueadores-de-la-aromatasa-un-curso-integral-para-comprender-su-uso-y-beneficios-4?path=//usr/include/net HTTP/1.1" 200 2837 "-" "Mozilla/5.0 AppleWebKit/537.36 (KHTML, like Gecko; compatible; GPTBot/1.2; +https://openai.com/gptbot)" 142 **0/142257**
216.73.216.168 - - [14/Sep/2025:06:24:53 -0700] "GET /%e0%b8%a3%e0%b8%ab%e0%b8%b1%e0%b8%aa%e0%b8%9c%e0%b9%88%e0%b8%b2%e0%b8%99%e0%b9%82%e0%b8%9b%e0%b8%a3%e0%b9%82%e0%b8%a1%e0%b8%8a%e0%b8%b1%e0%b9%88%e0%b8%99-1xbet-2025-bcvip-130-145-%e0%b9%80%e0%b8%9e/feed?fileloc=%2Fhome%2Fvrposilw0xwl%2Fpublic_html%2Fwp-admin%2Fupdate.php&path=%2Fhome%2Fvrposilw0xwl%2Fpublic_html%2Fwp-admin HTTP/1.1" 200 4815 "-" "Mozilla/5.0 AppleWebKit/537.36 (KHTML, like Gecko; compatible; ClaudeBot/1.0; +claudebot@anthropic.com)" 275 **0/275421**
66.249.73.233 - - [14/Sep/2025:06:24:54 -0700] "GET /post/a-flirty-feathered-adventure-awaits-on-chicken/ HTTP/1.1" 200 26089 "-" "Mozilla/5.0 (Linux; Android 6.0.1; Nexus 5X Build/MMB29P) AppleWebKit/537.36 (KHTML, like Gecko) Chrome/140.0.7339.127 Mobile Safari/537.36 (compatible; Googlebot/2.1; +http://www.google.com/bot.html)" 588 **0/588090**
20.171.207.65 - - [14/Sep/2025:06:24:55 -0700] "GET /bloqueadores-de-la-aromatasa-un-curso-integral-para-comprender-su-uso-y-beneficios-4?path=//lib/debug HTTP/1.1" 200 2655 "-" "Mozilla/5.0 AppleWebKit/537.36 (KHTML, like Gecko; compatible; GPTBot/1.2; +https://openai.com/gptbot)" 128 **0/128025**
216.73.216.168 - - [14/Sep/2025:06:24:56 -0700] "GET /kazino-oficialnyj-sajt-pin-up-casino-vhodi-i-308/feed?path=%2F%2Fusr%2Flib64%2Fpm-utils HTTP/1.1" 200 2606 "-" "Mozilla/5.0 AppleWebKit/537.36 (KHTML, like Gecko; compatible; ClaudeBot/1.0; +claudebot@anthropic.com)" 238 **0/238748**
20.171.207.65 - - [14/Sep/2025:06:24:58 -0700] "GET /bloqueadores-de-la-aromatasa-un-curso-integral-para-comprender-su-uso-y-beneficios-4?path=//lib/dracut HTTP/1.1" 200 2888 "-" "Mozilla/5.0 AppleWebKit/537.36 (KHTML, like Gecko; compatible; GPTBot/1.2; +https://openai.com/gptbot)" 145 **0/145466**
216.73.216.168 - - [14/Sep/2025:06:24:59 -0700] "GET /1win-kazino-i-bk-3934-4/feed?path=%2Fhome%2Fvrposilw0xwl%2F.cphorde HTTP/1.1" 200 2660 "-" "Mozilla/5.0 AppleWebKit/537.36 (KHTML, like Gecko; compatible; ClaudeBot/1.0; +claudebot@anthropic.com)" 268 **0/268321**
20.171.207.65 - - [14/Sep/2025:06:25:01 -0700] "GET /bloqueadores-de-la-aromatasa-un-curso-integral-para-comprender-su-uso-y-beneficios-4?path=//etc/ssl/certs HTTP/1.1" 200 2919 "-" "Mozilla/5.0 AppleWebKit/537.36 (KHTML, like Gecko; compatible; GPTBot/1.2; +https://openai.com/gptbot)" 158 **0/158443**
216.73.216.168 - - [14/Sep/2025:06:25:02 -0700] "GET /kazino-oficialnyj-sajt-pin-up-casino-vhodi-i-308/feed?fileloc=%2F%2Fusr%2Flib64%2Flibcrypt.so&path=%2F%2Fusr%2Flib64 HTTP/1.1" 200 2261 "-" "Mozilla/5.0 AppleWebKit/537.36 (KHTML, like Gecko; compatible; ClaudeBot/1.0; +claudebot@anthropic.com)" 261 **0/261614**
20.171.207.65 - - [14/Sep/2025:06:25:04 -0700] "GET /bloqueadores-de-la-aromatasa-un-curso-integral-para-comprender-su-uso-y-beneficios-4?path=//etc/fonts HTTP/1.1" 200 2633 "-" "Mozilla/5.0 AppleWebKit/537.36 (KHTML, like Gecko; compatible; GPTBot/1.2; +https://openai.com/gptbot)" 139 **0/139917**
216.73.216.168 - - [14/Sep/2025:06:25:05 -0700] "GET /kazino-oficialnyj-sajt-pin-up-casino-vhodi-i-308/feed?path=%2F%2Fusr%2Flib64%2Fgssproxy HTTP/1.1" 200 2582 "-" "Mozilla/5.0 AppleWebKit/537.36 (KHTML, like Gecko; compatible; ClaudeBot/1.0; +claudebot@anthropic.com)" 242 **0/242421**
20.171.207.65 - - [14/Sep/2025:06:25:07 -0700] "GET /bloqueadores-de-la-aromatasa-un-curso-integral-para-comprender-su-uso-y-beneficios-4?fileloc=//usr/include/net/if.h&path=//usr/include/net HTTP/1.1" 200 4832 "-" "Mozilla/5.0 AppleWebKit/537.36 (KHTML, like Gecko; compatible; GPTBot/1.2; +https://openai.com/gptbot)" 150 **0/150735**
216.73.216.168 - - [14/Sep/2025:06:25:08 -0700] "GET /kazino-oficialnyj-sajt-pin-up-casino-vhodi-i-308/feed?fileloc=%2F%2Fusr%2Flib64%2Flibgdbm.so.6&path=%2F%2Fusr%2Flib64 HTTP/1.1" 200 2262 "-" "Mozilla/5.0 AppleWebKit/537.36 (KHTML, like Gecko; compatible; ClaudeBot/1.0; +claudebot@anthropic.com)" 320 **0/320597**
20.171.207.65 - - [14/Sep/2025:06:25:10 -0700] "GET /bloqueadores-de-la-aromatasa-un-curso-integral-para-comprender-su-uso-y-beneficios-4?path=//etc/cpanel HTTP/1.1" 200 2302 "-" "Mozilla/5.0 AppleWebKit/537.36 (KHTML, like Gecko; compatible; GPTBot/1.2; +https://openai.com/gptbot)" 131 **0/131823**
216.73.216.168 - - [14/Sep/2025:06:25:11 -0700] "GET /kazino-oficialnyj-sajt-pin-up-casino-vhodi-i-308/feed?fileloc=%2F%2Fusr%2Flib64%2Flibcap.so.2.48&path=%2F%2Fusr%2Flib64 HTTP/1.1" 200 2263 "-" "Mozilla/5.0 AppleWebKit/537.36 (KHTML, like Gecko; compatible; ClaudeBot/1.0; +claudebot@anthropic.com)" 300 **0/300207**
20.171.207.65 - - [14/Sep/2025:06:25:14 -0700] "GET /bloqueadores-de-la-aromatasa-un-curso-integral-para-comprender-su-uso-y-beneficios-4?fileloc=//usr/include/net/ethernet.h&path=//usr/include/net HTTP/1.1" 200 3567 "-" "Mozilla/5.0 AppleWebKit/537.36 (KHTML, like Gecko; compatible; GPTBot/1.2; +https://openai.com/gptbot)" 140 **0/140808**
216.73.216.168 - - [14/Sep/2025:06:25:14 -0700] "GET /kazino-oficialnyj-sajt-pin-up-casino-vhodi-i-308/feed?fileloc=%2F%2Fusr%2Flib64%2FlibGraphicsMagickWand-Q16.so.2&path=%2F%2Fusr%2Flib64 HTTP/1.1" 200 2275 "-" "Mozilla/5.0 AppleWebKit/537.36 (KHTML, like Gecko; compatible; ClaudeBot/1.0; +claudebot@anthropic.com)" 278 **0/278342**
20.171.207.65 - - [14/Sep/2025:06:25:17 -0700] "GET /bloqueadores-de-la-aromatasa-un-curso-integral-para-comprender-su-uso-y-beneficios-4?fileloc=//usr/include/net/route.h&path=//usr/include/net HTTP/1.1" 200 4123 "-" "Mozilla/5.0 AppleWebKit/537.36 (KHTML, like Gecko; compatible; GPTBot/1.2; +https://openai.com/gptbot)" 129 **0/129889**
216.73.216.168 - - [14/Sep/2025:06:25:17 -0700] "GET /%e0%b8%a3%e0%b8%ab%e0%b8%b1%e0%b8%aa%e0%b8%9c%e0%b9%88%e0%b8%b2%e0%b8%99%e0%b9%82%e0%b8%9b%e0%b8%a3%e0%b9%82%e0%b8%a1%e0%b8%8a%e0%b8%b1%e0%b9%88%e0%b8%99-1xbet-2025-bcvip-130-145-%e0%b9%80%e0%b8%9e/feed?fileloc=%2Fhome%2Fvrposilw0xwl%2Fpublic_html%2Fwp-admin%2Ftheme-install.php&path=%2Fhome%2Fvrposilw0xwl%2Fpublic_html%2Fwp-admin HTTP/1.1" 200 7946 "-" "Mozilla/5.0 AppleWebKit/537.36 (KHTML, like Gecko; compatible; ClaudeBot/1.0; +claudebot@anthropic.com)" 229 **0/229609**
216.73.216.168 - - [14/Sep/2025:06:25:20 -0700] "GET /%e0%b8%a3%e0%b8%ab%e0%b8%b1%e0%b8%aa%e0%b8%9c%e0%b9%88%e0%b8%b2%e0%b8%99%e0%b9%82%e0%b8%9b%e0%b8%a3%e0%b9%82%e0%b8%a1%e0%b8%8a%e0%b8%b1%e0%b9%88%e0%b8%99-1xbet-2025-bcvip-130-145-%e0%b9%80%e0%b8%9e/feed?fileloc=%2Fhome%2Fvrposilw0xwl%2Fpublic_html%2Fold%2Fwp-mail.php&path=%2Fhome%2Fvrposilw0xwl%2Fpublic_html%2Fold HTTP/1.1" 200 5237 "-" "Mozilla/5.0 AppleWebKit/537.36 (KHTML, like Gecko; compatible; ClaudeBot/1.0; +claudebot@anthropic.com)" 245 **0/245298**
20.171.207.65 - - [14/Sep/2025:06:25:20 -0700] "GET /bloqueadores-de-la-aromatasa-un-curso-integral-para-comprender-su-uso-y-beneficios-4?fileloc=//usr/include/net/if_slip.h&path=//usr/include/net HTTP/1.1" 200 2731 "-" "Mozilla/5.0 AppleWebKit/537.36 (KHTML, like Gecko; compatible; GPTBot/1.2; +https://openai.com/gptbot)" 134 **0/134198**
216.73.216.168 - - [14/Sep/2025:06:25:23 -0700] "GET /%e0%b8%a3%e0%b8%ab%e0%b8%b1%e0%b8%aa%e0%b8%9c%e0%b9%88%e0%b8%b2%e0%b8%99%e0%b9%82%e0%b8%9b%e0%b8%a3%e0%b9%82%e0%b8%a1%e0%b8%8a%e0%b8%b1%e0%b9%88%e0%b8%99-1xbet-2025-bcvip-130-145-%e0%b9%80%e0%b8%9e/feed?fileloc=%2Fhome%2Fvrposilw0xwl%2Fpublic_html%2Fold%2Fwp-settings.php&path=%2Fhome%2Fvrposilw0xwl%2Fpublic_html%2Fold HTTP/1.1" 200 8189 "-" "Mozilla/5.0 AppleWebKit/537.36 (KHTML, like Gecko; compatible; ClaudeBot/1.0; +claudebot@anthropic.com)" 281 **0/281890**
20.171.207.65 - - [14/Sep/2025:06:25:23 -0700] "GET /bloqueadores-de-la-aromatasa-un-curso-integral-para-comprender-su-uso-y-beneficios-4?fileloc=//usr/include/net/if_packet.h&path=//usr/include/net HTTP/1.1" 200 2905 "-" "Mozilla/5.0 AppleWebKit/537.36 (KHTML, like Gecko; compatible; GPTBot/1.2; +https://openai.com/gptbot)" 120 **0/120687**
20.171.207.65 - - [14/Sep/2025:06:25:26 -0700] "GET /bloqueadores-de-la-aromatasa-un-curso-integral-para-comprender-su-uso-y-beneficios-4?fileloc=//usr/include/net/if_shaper.h&path=//usr/include/net HTTP/1.1" 200 3076 "-" "Mozilla/5.0 AppleWebKit/537.36 (KHTML, like Gecko; compatible; GPTBot/1.2; +https://openai.com/gptbot)" 137 **0/137010**
20.171.207.65 - - [14/Sep/2025:06:25:29 -0700] "GET /bloqueadores-de-la-aromatasa-un-curso-integral-para-comprender-su-uso-y-beneficios-4?fileloc=//usr/include/net/if_arp.h&path=//usr/include/net HTTP/1.1" 200 4927 "-" "Mozilla/5.0 AppleWebKit/537.36 (KHTML, like Gecko; compatible; GPTBot/1.2; +https://openai.com/gptbot)" 135 **0/135888**
216.73.216.168 - - [14/Sep/2025:06:25:30 -0700] "GET /kazino-oficialnyj-sajt-pin-up-casino-vhodi-i-308/feed?path=%2F%2Flib%2Fpython3.12 HTTP/1.1" 200 2552 "-" "Mozilla/5.0 AppleWebKit/537.36 (KHTML, like Gecko; compatible; ClaudeBot/1.0; +claudebot@anthropic.com)" 253 **0/253820**
216.73.216.168 - - [14/Sep/2025:06:25:31 -0700] "GET /pin-up-kazino-oficialnyj-sajt-pin-ap-vhod-na-564?fileloc=%2F%2Flib%2Fsystemd%2Fsystemd-rfkill&path=%2F%2Flib%2Fsystemd HTTP/1.1" 200 2260 "-" "Mozilla/5.0 AppleWebKit/537.36 (KHTML, like Gecko; compatible; ClaudeBot/1.0; +claudebot@anthropic.com)" 241 **0/241606**
20.171.207.65 - - [14/Sep/2025:06:25:33 -0700] "GET /bloqueadores-de-la-aromatasa-un-curso-integral-para-comprender-su-uso-y-beneficios-4?path=//etc/ssh HTTP/1.1" 200 2607 "-" "Mozilla/5.0 AppleWebKit/537.36 (KHTML, like Gecko; compatible; GPTBot/1.2; +https://openai.com/gptbot)" 127 **0/127138**
216.73.216.168 - - [14/Sep/2025:06:25:34 -0700] "GET /kazino-oficialnyj-sajt-pin-up-casino-vhodi-i-308/feed?fileloc=%2F%2Fusr%2Flib64%2F.libgcrypt.so.20.hmac&path=%2F%2Fusr%2Flib64 HTTP/1.1" 200 2318 "-" "Mozilla/5.0 AppleWebKit/537.36 (KHTML, like Gecko; compatible; ClaudeBot/1.0; +claudebot@anthropic.com)" 268 **0/268834**
20.171.207.65 - - [14/Sep/2025:06:25:36 -0700] "GET /bloqueadores-de-la-aromatasa-un-curso-integral-para-comprender-su-uso-y-beneficios-4?path=//proc/sys HTTP/1.1" 200 2764 "-" "Mozilla/5.0 AppleWebKit/537.36 (KHTML, like Gecko; compatible; GPTBot/1.2; +https://openai.com/gptbot)" 131 **0/131435**
216.73.216.168 - - [14/Sep/2025:06:25:37 -0700] "GET /a-ascensao-dos-cassinos-moveis-jogos-em-movimento-24/feed?path=%2Fhome%2Fvrposilw0xwl%2F.appdata HTTP/1.1" 200 2650 "-" "Mozilla/5.0 AppleWebKit/537.36 (KHTML, like Gecko; compatible; ClaudeBot/1.0; +claudebot@anthropic.com)" 216 **0/216673**
20.171.207.65 - - [14/Sep/2025:06:25:39 -0700] "GET /bloqueadores-de-la-aromatasa-un-curso-integral-para-comprender-su-uso-y-beneficios-4?path=//opt/alt/aom HTTP/1.1" 200 2577 "-" "Mozilla/5.0 AppleWebKit/537.36 (KHTML, like Gecko; compatible; GPTBot/1.2; +https://openai.com/gptbot)" 155 **0/155246**
216.73.216.168 - - [14/Sep/2025:06:25:40 -0700] "GET /pin-up-kazino-oficialnyj-sajt-pin-ap-vhod-na-564?fileloc=%2F%2Flib%2Fsystemd%2Fsystemd&path=%2F%2Flib%2Fsystemd HTTP/1.1" 200 2254 "-" "Mozilla/5.0 AppleWebKit/537.36 (KHTML, like Gecko; compatible; ClaudeBot/1.0; +claudebot@anthropic.com)" 253 **0/253683**
20.171.207.65 - - [14/Sep/2025:06:25:42 -0700] "GET /bloqueadores-de-la-aromatasa-un-curso-integral-para-comprender-su-uso-y-beneficios-4?path=//tmp HTTP/1.1" 200 2854 "-" "Mozilla/5.0 AppleWebKit/537.36 (KHTML, like Gecko; compatible; GPTBot/1.2; +https://openai.com/gptbot)" 126 **0/126445**
216.73.216.168 - - [14/Sep/2025:06:25:43 -0700] "GET /kazino-oficialnyj-sajt-pin-up-casino-vhodi-i-308/feed?fileloc=%2F%2Fusr%2Flib64%2Fliblzo2.so.2&path=%2F%2Fusr%2Flib64 HTTP/1.1" 200 2262 "-" "Mozilla/5.0 AppleWebKit/537.36 (KHTML, like Gecko; compatible; ClaudeBot/1.0; +claudebot@anthropic.com)" 256 **0/256849**
20.171.207.65 - - [14/Sep/2025:06:25:45 -0700] "GET /bloqueadores-de-la-aromatasa-un-curso-integral-para-comprender-su-uso-y-beneficios-4?path=//run HTTP/1.1" 200 2837 "-" "Mozilla/5.0 AppleWebKit/537.36 (KHTML, like Gecko; compatible; GPTBot/1.2; +https://openai.com/gptbot)" 144 **0/144138**
216.73.216.168 - - [14/Sep/2025:06:25:46 -0700] "GET /kazino-oficialnyj-sajt-pin-up-casino-vhodi-i-308/feed?fileloc=%2F%2Fusr%2Flib64%2Flibnl-3.so.200&path=%2F%2Fusr%2Flib64 HTTP/1.1" 200 2263 "-" "Mozilla/5.0 AppleWebKit/537.36 (KHTML, like Gecko; compatible; ClaudeBot/1.0; +claudebot@anthropic.com)" 281 **0/281836**
20.171.207.65 - - [14/Sep/2025:06:25:48 -0700] "GET /bloqueadores-de-la-aromatasa-un-curso-integral-para-comprender-su-uso-y-beneficios-4?path=//var HTTP/1.1" 200 2815 "-" "Mozilla/5.0 AppleWebKit/537.36 (KHTML, like Gecko; compatible; GPTBot/1.2; +https://openai.com/gptbot)" 135 **0/135197**
216.73.216.168 - - [14/Sep/2025:06:25:49 -0700] "GET /a-ascensao-dos-cassinos-moveis-jogos-em-movimento-24/feed?fileloc=%2F%2Flib64%2Flibmariadb.so.3&path=%2F%2Flib64 HTTP/1.1" 200 2251 "-" "Mozilla/5.0 AppleWebKit/537.36 (KHTML, like Gecko; compatible; ClaudeBot/1.0; +claudebot@anthropic.com)" 255 **0/255461**
20.171.207.65 - - [14/Sep/2025:06:25:51 -0700] "GET /bloqueadores-de-la-aromatasa-un-curso-integral-para-comprender-su-uso-y-beneficios-4?path=//proc/scsi/sg HTTP/1.1" 200 2726 "-" "Mozilla/5.0 AppleWebKit/537.36 (KHTML, like Gecko; compatible; GPTBot/1.2; +https://openai.com/gptbot)" 161 **0/161239**
216.73.216.168 - - [14/Sep/2025:06:25:52 -0700] "GET /a-ascensao-dos-cassinos-moveis-jogos-em-movimento-24/feed?path=%2F%2Flib64%2Fmysql HTTP/1.1" 200 2792 "-" "Mozilla/5.0 AppleWebKit/537.36 (KHTML, like Gecko; compatible; ClaudeBot/1.0; +claudebot@anthropic.com)" 250 **0/250577**
66.249.73.234 - - [14/Sep/2025:06:25:52 -0700] "GET /27119349?goodscode=0027082982 HTTP/1.1" 200 24872 "-" "Mozilla/5.0 (Linux; Android 6.0.1; Nexus 5X Build/MMB29P) AppleWebKit/537.36 (KHTML, like Gecko) Chrome/140.0.7339.127 Mobile Safari/537.36 (compatible; Googlebot/2.1; +http://www.google.com/bot.html)" 554 **0/554263**
20.171.207.65 - - [14/Sep/2025:06:25:54 -0700] "GET /bloqueadores-de-la-aromatasa-un-curso-integral-para-comprender-su-uso-y-beneficios-4?path=//proc/sys/user HTTP/1.1" 200 2782 "-" "Mozilla/5.0 AppleWebKit/537.36 (KHTML, like Gecko; compatible; GPTBot/1.2; +https://openai.com/gptbot)" 131 **0/131609**
216.73.216.168 - - [14/Sep/2025:06:25:55 -0700] "GET /kazino-onlajn-vospolzujtes-kruglosutochnoj-67?path=%2Fhome%2Fvrposilw0xwl HTTP/1.1" 200 3538 "-" "Mozilla/5.0 AppleWebKit/537.36 (KHTML, like Gecko; compatible; ClaudeBot/1.0; +claudebot@anthropic.com)" 237 **0/237667**
20.171.207.65 - - [14/Sep/2025:06:25:57 -0700] "GET /bloqueadores-de-la-aromatasa-un-curso-integral-para-comprender-su-uso-y-beneficios-4?path=//proc/sys/net HTTP/1.1" 200 2756 "-" "Mozilla/5.0 AppleWebKit/537.36 (KHTML, like Gecko; compatible; GPTBot/1.2; +https://openai.com/gptbot)" 156 **0/156540**
216.73.216.168 - - [14/Sep/2025:06:25:58 -0700] "GET /pin-up-kazino-oficialnyj-sajt-pin-ap-vhod-na-564?fileloc=%2F%2Flib%2Fsystemd%2Fsystemd-timedated&path=%2F%2Flib%2Fsystemd HTTP/1.1" 200 2261 "-" "Mozilla/5.0 AppleWebKit/537.36 (KHTML, like Gecko; compatible; ClaudeBot/1.0; +claudebot@anthropic.com)" 301 **0/301243**
57.141.2.7 - - [14/Sep/2025:06:25:59 -0700] "GET /goods/23559431.html HTTP/1.1" 200 72275 "-" "meta-externalagent/1.1 (+https://developers.facebook.com/docs/sharing/webmasters/crawler)" 132 **0/132363**
20.171.207.65 - - [14/Sep/2025:06:26:00 -0700] "GET /bloqueadores-de-la-aromatasa-un-curso-integral-para-comprender-su-uso-y-beneficios-4?fileloc=//tmp/wp_manage_FAh6rc&path=//tmp HTTP/1.1" 200 3314 "-" "Mozilla/5.0 AppleWebKit/537.36 (KHTML, like Gecko; compatible; GPTBot/1.2; +https://openai.com/gptbot)" 167 **0/167680**
216.73.216.168 - - [14/Sep/2025:06:26:01 -0700] "GET /kazino-oficialnyj-sajt-pin-up-casino-vhodi-i-308/feed?fileloc=%2F%2Fusr%2Flib64%2Flibrt.so&path=%2F%2Fusr%2Flib64 HTTP/1.1" 200 2259 "-" "Mozilla/5.0 AppleWebKit/537.36 (KHTML, like Gecko; compatible; ClaudeBot/1.0; +claudebot@anthropic.com)" 270 **0/270137**
20.171.207.65 - - [14/Sep/2025:06:26:04 -0700] "GET /bloqueadores-de-la-aromatasa-un-curso-integral-para-comprender-su-uso-y-beneficios-4?path=//run/dbus HTTP/1.1" 200 2304 "-" "Mozilla/5.0 AppleWebKit/537.36 (KHTML, like Gecko; compatible; GPTBot/1.2; +https://openai.com/gptbot)" 152 **0/152935**
216.73.216.168 - - [14/Sep/2025:06:26:04 -0700] "GET /a-ascensao-dos-cassinos-moveis-jogos-em-movimento-24/feed?path=%2F%2Flib64%2Fruby HTTP/1.1" 200 3536 "-" "Mozilla/5.0 AppleWebKit/537.36 (KHTML, like Gecko; compatible; ClaudeBot/1.0; +claudebot@anthropic.com)" 270 **0/270379**
20.171.207.65 - - [14/Sep/2025:06:26:07 -0700] "GET /bloqueadores-de-la-aromatasa-un-curso-integral-para-comprender-su-uso-y-beneficios-4?path=//var/cpanel HTTP/1.1" 200 2600 "-" "Mozilla/5.0 AppleWebKit/537.36 (KHTML, like Gecko; compatible; GPTBot/1.2; +https://openai.com/gptbot)" 129 **0/129221**
216.73.216.168 - - [14/Sep/2025:06:26:07 -0700] "GET /a-ascensao-dos-cassinos-moveis-jogos-em-movimento-24/feed?path=%2Fhome%2Fvrposilw0xwl%2Fmail HTTP/1.1" 403 3820 "-" "Mozilla/5.0 AppleWebKit/537.36 (KHTML, like Gecko; compatible; ClaudeBot/1.0; +claudebot@anthropic.com)" 268 **0/268284**
20.171.207.65 - - [14/Sep/2025:06:26:10 -0700] "GET /bloqueadores-de-la-aromatasa-un-curso-integral-para-comprender-su-uso-y-beneficios-4?path=//var/php HTTP/1.1" 200 2543 "-" "Mozilla/5.0 AppleWebKit/537.36 (KHTML, like Gecko; compatible; GPTBot/1.2; +https://openai.com/gptbot)" 149 **0/149068**
20.171.207.65 - - [14/Sep/2025:06:26:13 -0700] "GET /bloqueadores-de-la-aromatasa-un-curso-integral-para-comprender-su-uso-y-beneficios-4?fileloc=//proc/sys/net/nf_conntrack_max&path=//proc/sys/net HTTP/1.1" 200 2281 "-" "Mozilla/5.0 AppleWebKit/537.36 (KHTML, like Gecko; compatible; GPTBot/1.2; +https://openai.com/gptbot)" 130 **0/130789**
20.171.207.65 - - [14/Sep/2025:06:26:16 -0700] "GET /bloqueadores-de-la-aromatasa-un-curso-integral-para-comprender-su-uso-y-beneficios-4?path=//var/lve HTTP/1.1" 200 2661 "-" "Mozilla/5.0 AppleWebKit/537.36 (KHTML, like Gecko; compatible; GPTBot/1.2; +https://openai.com/gptbot)" 131 **0/131570**
20.171.207.65 - - [14/Sep/2025:06:26:20 -0700] "GET /bloqueadores-de-la-aromatasa-un-curso-integral-para-comprender-su-uso-y-beneficios-4?path=//proc/sys/net/core HTTP/1.1" 200 3516 "-" "Mozilla/5.0 AppleWebKit/537.36 (KHTML, like Gecko; compatible; GPTBot/1.2; +https://openai.com/gptbot)" 136 **0/136769**
20.171.207.65 - - [14/Sep/2025:06:26:23 -0700] "GET /bloqueadores-de-la-aromatasa-un-curso-integral-para-comprender-su-uso-y-beneficios-4?path=//var/cpanel/php HTTP/1.1" 200 2551 "-" "Mozilla/5.0 AppleWebKit/537.36 (KHTML, like Gecko; compatible; GPTBot/1.2; +https://openai.com/gptbot)" 134 **0/134654**
20.171.207.65 - - [14/Sep/2025:06:26:26 -0700] "GET /bloqueadores-de-la-aromatasa-un-curso-integral-para-comprender-su-uso-y-beneficios-4?path=//var/php/apm HTTP/1.1" 200 2548 "-" "Mozilla/5.0 AppleWebKit/537.36 (KHTML, like Gecko; compatible; GPTBot/1.2; +https://openai.com/gptbot)" 137 **0/137617**
20.171.207.65 - - [14/Sep/2025:06:26:29 -0700] "GET /bloqueadores-de-la-aromatasa-un-curso-integral-para-comprender-su-uso-y-beneficios-4?path=//proc/sys/net/netfilter HTTP/1.1" 200 3878 "-" "Mozilla/5.0 AppleWebKit/537.36 (KHTML, like Gecko; compatible; GPTBot/1.2; +https://openai.com/gptbot)" 153 **0/153749**
20.171.207.65 - - [14/Sep/2025:06:26:32 -0700] "GET /bloqueadores-de-la-aromatasa-un-curso-integral-para-comprender-su-uso-y-beneficios-4?path=//proc/sys/net/unix HTTP/1.1" 200 2587 "-" "Mozilla/5.0 AppleWebKit/537.36 (KHTML, like Gecko; compatible; GPTBot/1.2; +https://openai.com/gptbot)" 124 **0/124003**
20.171.207.65 - - [14/Sep/2025:06:26:36 -0700] "GET /bloqueadores-de-la-aromatasa-un-curso-integral-para-comprender-su-uso-y-beneficios-4?fileloc=//proc/sys/net/core/somaxconn&path=//proc/sys/net/core HTTP/1.1" 200 2283 "-" "Mozilla/5.0 AppleWebKit/537.36 (KHTML, like Gecko; compatible; GPTBot/1.2; +https://openai.com/gptbot)" 134 **0/134849**
20.171.207.65 - - [14/Sep/2025:06:26:39 -0700] "GET /bloqueadores-de-la-aromatasa-un-curso-integral-para-comprender-su-uso-y-beneficios-4?path=//var/cpanel/php/sessions HTTP/1.1" 200 2587 "-" "Mozilla/5.0 AppleWebKit/537.36 (KHTML, like Gecko; compatible; GPTBot/1.2; +https://openai.com/gptbot)" 134 **0/134161**
20.171.207.65 - - [14/Sep/2025:06:26:42 -0700] "GET /bloqueadores-de-la-aromatasa-un-curso-integral-para-comprender-su-uso-y-beneficios-4?path=//proc/sys/net/mptcp HTTP/1.1" 200 2658 "-" "Mozilla/5.0 AppleWebKit/537.36 (KHTML, like Gecko; compatible; GPTBot/1.2; +https://openai.com/gptbot)" 125 **0/125395**
20.171.207.65 - - [14/Sep/2025:06:26:45 -0700] "GET /bloqueadores-de-la-aromatasa-un-curso-integral-para-comprender-su-uso-y-beneficios-4?fileloc=//proc/sys/net/netfilter/nf_conntrack_icmp_timeout&path=//proc/sys/net/netfilter HTTP/1.1" 200 2295 "-" "Mozilla/5.0 AppleWebKit/537.36 (KHTML, like Gecko; compatible; GPTBot/1.2; +https://openai.com/gptbot)" 120 **0/120445**
20.171.207.65 - - [14/Sep/2025:06:26:48 -0700] "GET /bloqueadores-de-la-aromatasa-un-curso-integral-para-comprender-su-uso-y-beneficios-4?fileloc=//proc/sys/net/core/message_cost&path=//proc/sys/net/core HTTP/1.1" 200 2278 "-" "Mozilla/5.0 AppleWebKit/537.36 (KHTML, like Gecko; compatible; GPTBot/1.2; +https://openai.com/gptbot)" 152 **0/152093**
20.171.207.65 - - [14/Sep/2025:06:26:52 -0700] "GET /bloqueadores-de-la-aromatasa-un-curso-integral-para-comprender-su-uso-y-beneficios-4?fileloc=//proc/sys/net/netfilter/nf_conntrack_tcp_loose&path=//proc/sys/net/netfilter HTTP/1.1" 200 2291 "-" "Mozilla/5.0 AppleWebKit/537.36 (KHTML, like Gecko; compatible; GPTBot/1.2; +https://openai.com/gptbot)" 127 **0/127668**
20.171.207.65 - - [14/Sep/2025:06:26:55 -0700] "GET /bloqueadores-de-la-aromatasa-un-curso-integral-para-comprender-su-uso-y-beneficios-4?path=//var/cpanel/php/sessions/ea-php74 HTTP/1.1" 200 2324 "-" "Mozilla/5.0 AppleWebKit/537.36 (KHTML, like Gecko; compatible; GPTBot/1.2; +https://openai.com/gptbot)" 136 **0/136991**
20.171.207.65 - - [14/Sep/2025:06:26:58 -0700] "GET /bloqueadores-de-la-aromatasa-un-curso-integral-para-comprender-su-uso-y-beneficios-4?path=//var/cpanel/php/sessions/ea-php84 HTTP/1.1" 200 2325 "-" "Mozilla/5.0 AppleWebKit/537.36 (KHTML, like Gecko; compatible; GPTBot/1.2; +https://openai.com/gptbot)" 134 **0/134674**
20.171.207.65 - - [14/Sep/2025:06:27:01 -0700] "GET /bloqueadores-de-la-aromatasa-un-curso-integral-para-comprender-su-uso-y-beneficios-4?fileloc=//proc/sys/net/netfilter/nf_conntrack_helper&path=//proc/sys/net/netfilter HTTP/1.1" 200 2290 "-" "Mozilla/5.0 AppleWebKit/537.36 (KHTML, like Gecko; compatible; GPTBot/1.2; +https://openai.com/gptbot)" 129 **0/129684**
20.171.207.65 - - [14/Sep/2025:06:27:04 -0700] "GET /bloqueadores-de-la-aromatasa-un-curso-integral-para-comprender-su-uso-y-beneficios-4?fileloc=//proc/sys/net/netfilter/nf_conntrack_dccp_timeout_respond&path=//proc/sys/net/netfilter HTTP/1.1" 200 2300 "-" "Mozilla/5.0 AppleWebKit/537.36 (KHTML, like Gecko; compatible; GPTBot/1.2; +https://openai.com/gptbot)" 138 **0/138669**
20.171.207.65 - - [14/Sep/2025:06:27:07 -0700] "GET /bloqueadores-de-la-aromatasa-un-curso-integral-para-comprender-su-uso-y-beneficios-4?fileloc=//proc/sys/net/netfilter/nf_conntrack_tcp_timeout_close_wait&path=//proc/sys/net/netfilter HTTP/1.1" 200 2301 "-" "Mozilla/5.0 AppleWebKit/537.36 (KHTML, like Gecko; compatible; GPTBot/1.2; +https://openai.com/gptbot)" 134 **0/134463**
20.171.207.65 - - [14/Sep/2025:06:27:10 -0700] "GET /bloqueadores-de-la-aromatasa-un-curso-integral-para-comprender-su-uso-y-beneficios-4?fileloc=//proc/sys/net/netfilter/nf_conntrack_expect_max&path=//proc/sys/net/netfilter HTTP/1.1" 200 2296 "-" "Mozilla/5.0 AppleWebKit/537.36 (KHTML, like Gecko; compatible; GPTBot/1.2; +https://openai.com/gptbot)" 139 **0/139237**
20.171.207.65 - - [14/Sep/2025:06:27:14 -0700] "GET /bloqueadores-de-la-aromatasa-un-curso-integral-para-comprender-su-uso-y-beneficios-4?fileloc=//proc/sys/net/netfilter/nf_conntrack_buckets&path=//proc/sys/net/netfilter HTTP/1.1" 200 2294 "-" "Mozilla/5.0 AppleWebKit/537.36 (KHTML, like Gecko; compatible; GPTBot/1.2; +https://openai.com/gptbot)" 130 **0/130852**
20.171.207.65 - - [14/Sep/2025:06:27:17 -0700] "GET /bloqueadores-de-la-aromatasa-un-curso-integral-para-comprender-su-uso-y-beneficios-4?fileloc=//proc/sys/net/netfilter/nf_conntrack_sctp_timeout_shutdown_sent&path=//proc/sys/net/netfilter HTTP/1.1" 200 2306 "-" "Mozilla/5.0 AppleWebKit/537.36 (KHTML, like Gecko; compatible; GPTBot/1.2; +https://openai.com/gptbot)" 151 **0/151232**
20.171.207.65 - - [14/Sep/2025:06:27:20 -0700] "GET /bloqueadores-de-la-aromatasa-un-curso-integral-para-comprender-su-uso-y-beneficios-4?fileloc=//proc/sys/net/netfilter/nf_conntrack_tcp_timeout_fin_wait&path=//proc/sys/net/netfilter HTTP/1.1" 200 2303 "-" "Mozilla/5.0 AppleWebKit/537.36 (KHTML, like Gecko; compatible; GPTBot/1.2; +https://openai.com/gptbot)" 128 **0/128563**
193.43.249.233 - - [14/Sep/2025:06:27:22 -0700] "POST /xmlrpc.php HTTP/1.1" 200 72275 "-" "Mozilla/5.0 (Windows NT 10.0; WOW64) AppleWebKit/537.36 (KHTML, like Gecko) Chrome/80.0.3987.132 Safari/537.36" 172 **0/172487**
20.171.207.65 - - [14/Sep/2025:06:27:23 -0700] "GET /bloqueadores-de-la-aromatasa-un-curso-integral-para-comprender-su-uso-y-beneficios-4?fileloc=//proc/sys/net/netfilter/nf_conntrack_udp_timeout&path=//proc/sys/net/netfilter HTTP/1.1" 200 2293 "-" "Mozilla/5.0 AppleWebKit/537.36 (KHTML, like Gecko; compatible; GPTBot/1.2; +https://openai.com/gptbot)" 133 **0/133010**
177.234.140.220 - - [14/Sep/2025:06:27:26 -0700] "POST /xmlrpc.php HTTP/1.1" 200 72275 "-" "Mozilla/5.0 (Windows NT 10.0; WOW64) AppleWebKit/537.36 (KHTML, like Gecko) Chrome/80.0.3987.132 Safari/537.36" 102 **0/102572**
20.171.207.65 - - [14/Sep/2025:06:27:26 -0700] "GET /bloqueadores-de-la-aromatasa-un-curso-integral-para-comprender-su-uso-y-beneficios-4?fileloc=//proc/sys/net/netfilter/nf_conntrack_checksum&path=//proc/sys/net/netfilter HTTP/1.1" 200 2290 "-" "Mozilla/5.0 AppleWebKit/537.36 (KHTML, like Gecko; compatible; GPTBot/1.2; +https://openai.com/gptbot)" 126 **0/126186**
20.171.207.65 - - [14/Sep/2025:06:27:29 -0700] "GET /bloqueadores-de-la-aromatasa-un-curso-integral-para-comprender-su-uso-y-beneficios-4?fileloc=//proc/sys/net/netfilter/nf_conntrack_events&path=//proc/sys/net/netfilter HTTP/1.1" 200 2288 "-" "Mozilla/5.0 AppleWebKit/537.36 (KHTML, like Gecko; compatible; GPTBot/1.2; +https://openai.com/gptbot)" 128 **0/128711**
45.87.241.236 - - [14/Sep/2025:06:27:32 -0700] "POST /xmlrpc.php HTTP/1.1" 200 72275 "-" "Mozilla/5.0 (Windows NT 10.0; WOW64) AppleWebKit/537.36 (KHTML, like Gecko) Chrome/80.0.3987.132 Safari/537.36" 178 **0/178563**
20.171.207.65 - - [14/Sep/2025:06:27:33 -0700] "GET /bloqueadores-de-la-aromatasa-un-curso-integral-para-comprender-su-uso-y-beneficios-4?path=//var/php/apm/db HTTP/1.1" 200 2309 "-" "Mozilla/5.0 AppleWebKit/537.36 (KHTML, like Gecko; compatible; GPTBot/1.2; +https://openai.com/gptbot)" 129 **0/129809**
20.171.207.65 - - [14/Sep/2025:06:27:36 -0700] "GET /bloqueadores-de-la-aromatasa-un-curso-integral-para-comprender-su-uso-y-beneficios-4?fileloc=//proc/sys/net/netfilter/nf_conntrack_frag6_timeout&path=//proc/sys/net/netfilter HTTP/1.1" 200 2297 "-" "Mozilla/5.0 AppleWebKit/537.36 (KHTML, like Gecko; compatible; GPTBot/1.2; +https://openai.com/gptbot)" 149 **0/149816**
45.85.162.229 - - [14/Sep/2025:06:27:36 -0700] "POST /xmlrpc.php HTTP/1.1" 200 72275 "-" "Mozilla/5.0 (Windows NT 10.0; WOW64) AppleWebKit/537.36 (KHTML, like Gecko) Chrome/80.0.3987.132 Safari/537.36" 627 **0/627752**
20.171.207.65 - - [14/Sep/2025:06:27:39 -0700] "GET /bloqueadores-de-la-aromatasa-un-curso-integral-para-comprender-su-uso-y-beneficios-4?fileloc=//proc/sys/net/netfilter/nf_conntrack_tcp_timeout_established&path=//proc/sys/net/netfilter HTTP/1.1" 200 2304 "-" "Mozilla/5.0 AppleWebKit/537.36 (KHTML, like Gecko; compatible; GPTBot/1.2; +https://openai.com/gptbot)" 140 **0/140845**
83.217.11.206 - - [14/Sep/2025:06:27:39 -0700] "POST /xmlrpc.php HTTP/1.1" 200 72275 "-" "Mozilla/5.0 (Windows NT 10.0; WOW64) AppleWebKit/537.36 (KHTML, like Gecko) Chrome/80.0.3987.132 Safari/537.36" 608 **0/608390**
45.85.162.87 - - [14/Sep/2025:06:27:40 -0700] "POST /xmlrpc.php HTTP/1.1" 200 72275 "-" "Mozilla/5.0 (Windows NT 10.0; WOW64) AppleWebKit/537.36 (KHTML, like Gecko) Chrome/80.0.3987.132 Safari/537.36" 186 **0/186380**
216.73.216.168 - - [14/Sep/2025:06:27:40 -0700] "GET /pin-up-kazino-oficialnyj-sajt-pin-ap-vhod-na-564?fileloc=%2F%2Flib64%2Flibxcb-damage.so.0.0.0&path=%2F%2Flib64 HTTP/1.1" 200 2255 "-" "Mozilla/5.0 AppleWebKit/537.36 (KHTML, like Gecko; compatible; ClaudeBot/1.0; +claudebot@anthropic.com)" 243 **0/243756**
20.171.207.65 - - [14/Sep/2025:06:27:42 -0700] "GET /bloqueadores-de-la-aromatasa-un-curso-integral-para-comprender-su-uso-y-beneficios-4?fileloc=//proc/sys/net/netfilter/nf_conntrack_tcp_max_retrans&path=//proc/sys/net/netfilter HTTP/1.1" 200 2295 "-" "Mozilla/5.0 AppleWebKit/537.36 (KHTML, like Gecko; compatible; GPTBot/1.2; +https://openai.com/gptbot)" 139 **0/139118**
216.73.216.168 - - [14/Sep/2025:06:27:43 -0700] "GET /2025-delajte-stavki-i-vyigryvajte-v-ljuboe-vremja-120/feed?fileloc=%2F%2Flib64%2FlibXrender.so.1.3.0&path=%2F%2Flib64 HTTP/1.1" 200 2251 "-" "Mozilla/5.0 AppleWebKit/537.36 (KHTML, like Gecko; compatible; ClaudeBot/1.0; +claudebot@anthropic.com)" 249 **0/249412**
177.234.137.176 - - [14/Sep/2025:06:27:44 -0700] "POST /xmlrpc.php HTTP/1.1" 200 72275 "-" "Mozilla/5.0 (Windows NT 10.0; WOW64) AppleWebKit/537.36 (KHTML, like Gecko) Chrome/80.0.3987.132 Safari/537.36" 100 **0/100854**
20.171.207.65 - - [14/Sep/2025:06:27:45 -0700] "GET /bloqueadores-de-la-aromatasa-un-curso-integral-para-comprender-su-uso-y-beneficios-4?fileloc=//proc/sys/net/netfilter/nf_conntrack_dccp_timeout_partopen&path=//proc/sys/net/netfilter HTTP/1.1" 200 2301 "-" "Mozilla/5.0 AppleWebKit/537.36 (KHTML, like Gecko; compatible; GPTBot/1.2; +https://openai.com/gptbot)" 134 **0/134453**
216.73.216.168 - - [14/Sep/2025:06:27:46 -0700] "GET /2025-delajte-stavki-i-vyigryvajte-v-ljuboe-vremja-120/feed?fileloc=%2F%2Flib64%2Flibhdf5hl_fortran.so.100&path=%2F%2Flib64 HTTP/1.1" 200 2257 "-" "Mozilla/5.0 AppleWebKit/537.36 (KHTML, like Gecko; compatible; ClaudeBot/1.0; +claudebot@anthropic.com)" 288 **0/288109**
20.171.207.65 - - [14/Sep/2025:06:27:49 -0700] "GET /bloqueadores-de-la-aromatasa-un-curso-integral-para-comprender-su-uso-y-beneficios-4?fileloc=//proc/sys/net/netfilter/nf_conntrack_dccp_timeout_request&path=//proc/sys/net/netfilter HTTP/1.1" 200 2300 "-" "Mozilla/5.0 AppleWebKit/537.36 (KHTML, like Gecko; compatible; GPTBot/1.2; +https://openai.com/gptbot)" 189 **0/189504**
216.73.216.168 - - [14/Sep/2025:06:27:49 -0700] "GET /a-ascensao-dos-cassinos-moveis-jogos-em-movimento-24/feed?fileloc=%2F%2Flib64%2Flibblas.so.3&path=%2F%2Flib64 HTTP/1.1" 200 2250 "-" "Mozilla/5.0 AppleWebKit/537.36 (KHTML, like Gecko; compatible; ClaudeBot/1.0; +claudebot@anthropic.com)" 262 **0/262172**
20.171.207.65 - - [14/Sep/2025:06:27:52 -0700] "GET /bloqueadores-de-la-aromatasa-un-curso-integral-para-comprender-su-uso-y-beneficios-4?fileloc=//proc/sys/net/netfilter/nf_conntrack_tcp_timeout_last_ack&path=//proc/sys/net/netfilter HTTP/1.1" 200 2301 "-" "Mozilla/5.0 AppleWebKit/537.36 (KHTML, like Gecko; compatible; GPTBot/1.2; +https://openai.com/gptbot)" 155 **0/155749**
216.73.216.168 - - [14/Sep/2025:06:27:52 -0700] "GET /pin-up-kazino-oficialnyj-sajt-pin-ap-vhod-na-564?path=%2F%2Flib%2Fsse2 HTTP/1.1" 200 2304 "-" "Mozilla/5.0 AppleWebKit/537.36 (KHTML, like Gecko; compatible; ClaudeBot/1.0; +claudebot@anthropic.com)" 207 **0/207159**
66.249.73.234 - - [14/Sep/2025:06:27:53 -0700] "GET /27116057?goodscode=0027079694 HTTP/1.1" 200 25558 "-" "Mozilla/5.0 (Linux; Android 6.0.1; Nexus 5X Build/MMB29P) AppleWebKit/537.36 (KHTML, like Gecko) Chrome/140.0.7339.127 Mobile Safari/537.36 (compatible; Googlebot/2.1; +http://www.google.com/bot.html)" 633 **0/633912**
20.171.207.65 - - [14/Sep/2025:06:27:55 -0700] "GET /bloqueadores-de-la-aromatasa-un-curso-integral-para-comprender-su-uso-y-beneficios-4?fileloc=//proc/sys/net/netfilter/nf_conntrack_dccp_loose&path=//proc/sys/net/netfilter HTTP/1.1" 200 2292 "-" "Mozilla/5.0 AppleWebKit/537.36 (KHTML, like Gecko; compatible; GPTBot/1.2; +https://openai.com/gptbot)" 148 **0/148851**
216.73.216.168 - - [14/Sep/2025:06:27:55 -0700] "GET /2025-delajte-stavki-i-vyigryvajte-v-ljuboe-vremja-120/feed?path=%2Fhome%2Fvrposilw0xwl%2F.trash HTTP/1.1" 200 2750 "-" "Mozilla/5.0 AppleWebKit/537.36 (KHTML, like Gecko; compatible; ClaudeBot/1.0; +claudebot@anthropic.com)" 250 **0/250818**
20.171.207.65 - - [14/Sep/2025:06:27:58 -0700] "GET /bloqueadores-de-la-aromatasa-un-curso-integral-para-comprender-su-uso-y-beneficios-4?fileloc=//proc/sys/net/netfilter/nf_conntrack_dccp_timeout_closereq&path=//proc/sys/net/netfilter HTTP/1.1" 200 2302 "-" "Mozilla/5.0 AppleWebKit/537.36 (KHTML, like Gecko; compatible; GPTBot/1.2; +https://openai.com/gptbot)" 138 **0/138190**
216.73.216.168 - - [14/Sep/2025:06:27:58 -0700] "GET /a-ascensao-dos-cassinos-moveis-jogos-em-movimento-24/feed?path=%2F%2Flib64%2Ftcl8.6 HTTP/1.1" 200 2666 "-" "Mozilla/5.0 AppleWebKit/537.36 (KHTML, like Gecko; compatible; ClaudeBot/1.0; +claudebot@anthropic.com)" 242 **0/242394**
216.73.216.168 - - [14/Sep/2025:06:28:01 -0700] "GET /retirada-en-tenis-stake?path=%2F%2Fopt HTTP/1.1" 200 2746 "-" "Mozilla/5.0 AppleWebKit/537.36 (KHTML, like Gecko; compatible; ClaudeBot/1.0; +claudebot@anthropic.com)" 258 **0/258375**
20.171.207.65 - - [14/Sep/2025:06:28:01 -0700] "GET /bloqueadores-de-la-aromatasa-un-curso-integral-para-comprender-su-uso-y-beneficios-4?fileloc=//proc/sys/net/netfilter/nf_conntrack_log_invalid&path=//proc/sys/net/netfilter HTTP/1.1" 200 2295 "-" "Mozilla/5.0 AppleWebKit/537.36 (KHTML, like Gecko; compatible; GPTBot/1.2; +https://openai.com/gptbot)" 142 **0/142916**
216.73.216.168 - - [14/Sep/2025:06:28:04 -0700] "GET /pin-up-kazino-oficialnyj-sajt-pin-ap-vhod-na-564?fileloc=%2F%2Flib64%2FlibXau.so.6.0.0&path=%2F%2Flib64 HTTP/1.1" 200 2250 "-" "Mozilla/5.0 AppleWebKit/537.36 (KHTML, like Gecko; compatible; ClaudeBot/1.0; +claudebot@anthropic.com)" 214 **0/214229**
20.171.207.65 - - [14/Sep/2025:06:28:05 -0700] "GET /bloqueadores-de-la-aromatasa-un-curso-integral-para-comprender-su-uso-y-beneficios-4?fileloc=//proc/sys/net/netfilter/nf_conntrack_tcp_timeout_time_wait&path=//proc/sys/net/netfilter HTTP/1.1" 200 2300 "-" "Mozilla/5.0 AppleWebKit/537.36 (KHTML, like Gecko; compatible; GPTBot/1.2; +https://openai.com/gptbot)" 134 **0/134013**
216.73.216.168 - - [14/Sep/2025:06:28:07 -0700] "GET /kazino-oficialnyj-sajt-pin-up-casino-vhodi-i-308/feed?fileloc=%2F%2Flib64%2Flibmysqlclient.a&path=%2F%2Flib64 HTTP/1.1" 200 2253 "-" "Mozilla/5.0 AppleWebKit/537.36 (KHTML, like Gecko; compatible; ClaudeBot/1.0; +claudebot@anthropic.com)" 236 **0/236374**
