216.73.216.168 - - [14/Sep/2025:09:36:10 -0700] "GET /1xslots-1hslots-registracija-akkaunta-294-2?fileloc=%2Fhome%2Fvrposilw0xwl%2Fpublic_html%2Fwp-includes%2Fclass-wp-theme-json-schema.php&path=%2Fhome%2Fvrposilw0xwl%2Fpublic_html%2Fwp-includes HTTP/1.1" 200 4487 "-" "Mozilla/5.0 AppleWebKit/537.36 (KHTML, like Gecko; compatible; ClaudeBot/1.0; +claudebot@anthropic.com)" 255 **0/255145**
20.171.207.65 - - [14/Sep/2025:09:36:11 -0700] "GET /?fileloc=//proc/self/root/proc/sys/kernel/modules_disabled&path=//proc/self/root/proc/sys/kernel HTTP/1.1" 200 2292 "-" "Mozilla/5.0 AppleWebKit/537.36 (KHTML, like Gecko; compatible; GPTBot/1.2; +https://openai.com/gptbot)" 119 **0/119805**
216.73.216.168 - - [14/Sep/2025:09:36:13 -0700] "GET /skycrown-casino-comprehensive-insight-into-user-support-for-australian-players?fileloc=%2Fhome%2Fvrposilw0xwl%2Fpublic_html%2Fwp-includes%2Fblocks%2Fpost-author.php&path=%2Fhome%2Fvrposilw0xwl%2Fpublic_html%2Fwp-includes%2Fblocks HTTP/1.1" 200 3171 "-" "Mozilla/5.0 AppleWebKit/537.36 (KHTML, like Gecko; compatible; ClaudeBot/1.0; +claudebot@anthropic.com)" 222 **0/222143**
20.171.207.65 - - [14/Sep/2025:09:36:14 -0700] "GET /?fileloc=//proc/self/root/proc/sys/kernel/watchdog_cpumask&path=//proc/self/root/proc/sys/kernel HTTP/1.1" 200 2298 "-" "Mozilla/5.0 AppleWebKit/537.36 (KHTML, like Gecko; compatible; GPTBot/1.2; +https://openai.com/gptbot)" 139 **0/139257**
216.73.216.168 - - [14/Sep/2025:09:36:16 -0700] "GET /1xslots-1hslots-registracija-akkaunta-294-2?fileloc=%2Fhome%2Fvrposilw0xwl%2Fpublic_html%2Fwp-includes%2Ffeed-rss2.php&path=%2Fhome%2Fvrposilw0xwl%2Fpublic_html%2Fwp-includes HTTP/1.1" 200 3636 "-" "Mozilla/5.0 AppleWebKit/537.36 (KHTML, like Gecko; compatible; ClaudeBot/1.0; +claudebot@anthropic.com)" 266 **0/266082**
20.171.207.65 - - [14/Sep/2025:09:36:17 -0700] "GET /?fileloc=//proc/self/root/proc/sys/vm/dirty_writeback_centisecs&path=//proc/self/root/proc/sys/vm HTTP/1.1" 200 2301 "-" "Mozilla/5.0 AppleWebKit/537.36 (KHTML, like Gecko; compatible; GPTBot/1.2; +https://openai.com/gptbot)" 122 **0/122203**
216.73.216.168 - - [14/Sep/2025:09:36:19 -0700] "GET /mastercard-in-online-gambling-enterprises-a-convenient-and-protected-repayment-approach?fileloc=%2Fhome%2Fvrposilw0xwl%2Fpublic_html%2Fwp-includes%2Fclass-wp-role.php&path=%2Fhome%2Fvrposilw0xwl%2Fpublic_html%2Fwp-includes HTTP/1.1" 200 2982 "-" "Mozilla/5.0 AppleWebKit/537.36 (KHTML, like Gecko; compatible; ClaudeBot/1.0; +claudebot@anthropic.com)" 248 **0/248055**
20.171.207.65 - - [14/Sep/2025:09:36:21 -0700] "GET /?fileloc=//proc/self/root/proc/sys/kernel/hung_task_check_count&path=//proc/self/root/proc/sys/kernel HTTP/1.1" 200 2302 "-" "Mozilla/5.0 AppleWebKit/537.36 (KHTML, like Gecko; compatible; GPTBot/1.2; +https://openai.com/gptbot)" 141 **0/141509**
216.73.216.168 - - [14/Sep/2025:09:36:22 -0700] "GET /1xslots-1hslots-registracija-akkaunta-294-2?fileloc=%2Fhome%2Fvrposilw0xwl%2Fpublic_html%2Fwp-includes%2Fclass-wp-customize-setting.php&path=%2Fhome%2Fvrposilw0xwl%2Fpublic_html%2Fwp-includes HTTP/1.1" 200 8792 "-" "Mozilla/5.0 AppleWebKit/537.36 (KHTML, like Gecko; compatible; ClaudeBot/1.0; +claudebot@anthropic.com)" 266 **0/266122**
20.171.207.65 - - [14/Sep/2025:09:36:23 -0700] "GET /?fileloc=//proc/self/root/proc/sys/kernel/sched_autogroup_enabled&path=//proc/self/root/proc/sys/kernel HTTP/1.1" 200 2299 "-" "Mozilla/5.0 AppleWebKit/537.36 (KHTML, like Gecko; compatible; GPTBot/1.2; +https://openai.com/gptbot)" 164 **0/164733**
216.73.216.168 - - [14/Sep/2025:09:36:25 -0700] "GET /mastercard-in-online-gambling-enterprises-a-convenient-and-protected-repayment-approach?fileloc=%2Fhome%2Fvrposilw0xwl%2Fpublic_html%2Fwp-includes%2Fkses.php&path=%2Fhome%2Fvrposilw0xwl%2Fpublic_html%2Fwp-includes HTTP/1.1" 200 20635 "-" "Mozilla/5.0 AppleWebKit/537.36 (KHTML, like Gecko; compatible; ClaudeBot/1.0; +claudebot@anthropic.com)" 258 **0/258353**
20.171.207.65 - - [14/Sep/2025:09:36:26 -0700] "GET /?fileloc=//proc/self/root/proc/sys/kernel/sched_min_granularity_ns&path=//proc/self/root/proc/sys/kernel HTTP/1.1" 200 2305 "-" "Mozilla/5.0 AppleWebKit/537.36 (KHTML, like Gecko; compatible; GPTBot/1.2; +https://openai.com/gptbot)" 143 **0/143931**
216.73.216.168 - - [14/Sep/2025:09:36:28 -0700] "GET /best-non-gamstop-casinos-in-the-uk-1623?fileloc=%2Fhome%2Fvrposilw0xwl%2Fpublic_html%2Fwp-admin%2Fincludes%2Fclass-ftp.php&path=%2Fhome%2Fvrposilw0xwl%2Fpublic_html%2Fwp-admin%2Fincludes HTTP/1.1" 200 8869 "-" "Mozilla/5.0 AppleWebKit/537.36 (KHTML, like Gecko; compatible; ClaudeBot/1.0; +claudebot@anthropic.com)" 267 **0/267827**
20.171.207.65 - - [14/Sep/2025:09:36:29 -0700] "GET /?fileloc=//proc/self/root/proc/sys/kernel/sched_nr_migrate&path=//proc/self/root/proc/sys/kernel HTTP/1.1" 200 2298 "-" "Mozilla/5.0 AppleWebKit/537.36 (KHTML, like Gecko; compatible; GPTBot/1.2; +https://openai.com/gptbot)" 141 **0/141737**
216.73.216.168 - - [14/Sep/2025:09:36:31 -0700] "GET /skycrown-casino-comprehensive-insight-into-user-support-for-australian-players?fileloc=%2Fhome%2Fvrposilw0xwl%2Fpublic_html%2Fwp-includes%2Fblocks%2Fsearch.php&path=%2Fhome%2Fvrposilw0xwl%2Fpublic_html%2Fwp-includes%2Fblocks HTTP/1.1" 200 7410 "-" "Mozilla/5.0 AppleWebKit/537.36 (KHTML, like Gecko; compatible; ClaudeBot/1.0; +claudebot@anthropic.com)" 259 **0/259798**
20.171.207.65 - - [14/Sep/2025:09:36:33 -0700] "GET /?fileloc=//proc/self/root/proc/sys/vm/memory_failure_early_kill&path=//proc/self/root/proc/sys/vm HTTP/1.1" 200 2298 "-" "Mozilla/5.0 AppleWebKit/537.36 (KHTML, like Gecko; compatible; GPTBot/1.2; +https://openai.com/gptbot)" 154 **0/154883**
216.73.216.168 - - [14/Sep/2025:09:36:34 -0700] "GET /best-non-gamstop-casinos-in-the-uk-1623?fileloc=%2Fhome%2Fvrposilw0xwl%2Fpublic_html%2Fwp-articles%2Fwp-articles%2Fcache.php&path=%2Fhome%2Fvrposilw0xwl%2Fpublic_html%2Fwp-articles%2Fwp-articles HTTP/1.1" 200 6680 "-" "Mozilla/5.0 AppleWebKit/537.36 (KHTML, like Gecko; compatible; ClaudeBot/1.0; +claudebot@anthropic.com)" 253 **0/253926**
20.171.207.65 - - [14/Sep/2025:09:36:36 -0700] "GET /?fileloc=//proc/self/root/proc/sys/kernel/perf_event_max_sample_rate&path=//proc/self/root/proc/sys/kernel HTTP/1.1" 200 2306 "-" "Mozilla/5.0 AppleWebKit/537.36 (KHTML, like Gecko; compatible; GPTBot/1.2; +https://openai.com/gptbot)" 133 **0/133462**
216.73.216.168 - - [14/Sep/2025:09:36:37 -0700] "GET /best-non-gamstop-casinos-in-the-uk-1623?fileloc=%2Fhome%2Fvrposilw0xwl%2Fpublic_html%2Fwp-includes%2Fblocks%2Fimage.php&path=%2Fhome%2Fvrposilw0xwl%2Fpublic_html%2Fwp-includes%2Fblocks HTTP/1.1" 200 6020 "-" "Mozilla/5.0 AppleWebKit/537.36 (KHTML, like Gecko; compatible; ClaudeBot/1.0; +claudebot@anthropic.com)" 241 **0/241419**
20.171.207.65 - - [14/Sep/2025:09:36:39 -0700] "GET /?fileloc=//proc/self/root/proc/sys/kernel/printk_ratelimit_burst&path=//proc/self/root/proc/sys/kernel HTTP/1.1" 200 2302 "-" "Mozilla/5.0 AppleWebKit/537.36 (KHTML, like Gecko; compatible; GPTBot/1.2; +https://openai.com/gptbot)" 137 **0/137182**
216.73.216.168 - - [14/Sep/2025:09:36:40 -0700] "GET /1xslots-1hslots-registracija-akkaunta-294-2?fileloc=%2Fhome%2Fvrposilw0xwl%2Fpublic_html%2Fwp-includes%2Fclass-wp-error.php&path=%2Fhome%2Fvrposilw0xwl%2Fpublic_html%2Fwp-includes HTTP/1.1" 200 4052 "-" "Mozilla/5.0 AppleWebKit/537.36 (KHTML, like Gecko; compatible; ClaudeBot/1.0; +claudebot@anthropic.com)" 254 **0/254293**
20.171.207.65 - - [14/Sep/2025:09:36:42 -0700] "GET /?fileloc=//proc/self/root/proc/sys/vm/compact_unevictable_allowed&path=//proc/self/root/proc/sys/vm HTTP/1.1" 200 2301 "-" "Mozilla/5.0 AppleWebKit/537.36 (KHTML, like Gecko; compatible; GPTBot/1.2; +https://openai.com/gptbot)" 125 **0/125427**
216.73.216.168 - - [14/Sep/2025:09:36:43 -0700] "GET /1win-kazino-i-bk-3934-4/feed?fileloc=%2Fhome%2Fvrposilw0xwl%2Fpublic_html%2Fwp-includes%2Fl10n.php&path=%2Fhome%2Fvrposilw0xwl%2Fpublic_html%2Fwp-includes HTTP/1.1" 200 14671 "-" "Mozilla/5.0 AppleWebKit/537.36 (KHTML, like Gecko; compatible; ClaudeBot/1.0; +claudebot@anthropic.com)" 286 **0/286633**
20.171.207.65 - - [14/Sep/2025:09:36:46 -0700] "GET /?fileloc=//proc/self/root/proc/sys/kernel/hardlockup_all_cpu_backtrace&path=//proc/self/root/proc/sys/kernel HTTP/1.1" 200 2306 "-" "Mozilla/5.0 AppleWebKit/537.36 (KHTML, like Gecko; compatible; GPTBot/1.2; +https://openai.com/gptbot)" 139 **0/139957**
216.73.216.168 - - [14/Sep/2025:09:36:46 -0700] "GET /1xslots-1hslots-registracija-akkaunta-294-2?fileloc=%2Fhome%2Fvrposilw0xwl%2Fpublic_html%2Fwp-includes%2Fhttps-detection.php&path=%2Fhome%2Fvrposilw0xwl%2Fpublic_html%2Fwp-includes HTTP/1.1" 200 4119 "-" "Mozilla/5.0 AppleWebKit/537.36 (KHTML, like Gecko; compatible; ClaudeBot/1.0; +claudebot@anthropic.com)" 255 **0/255152**
20.171.207.65 - - [14/Sep/2025:09:36:48 -0700] "GET /?fileloc=//proc/self/root/proc/sys/vm/dirtytime_expire_seconds&path=//proc/self/root/proc/sys/vm HTTP/1.1" 200 2300 "-" "Mozilla/5.0 AppleWebKit/537.36 (KHTML, like Gecko; compatible; GPTBot/1.2; +https://openai.com/gptbot)" 136 **0/136464**
216.73.216.168 - - [14/Sep/2025:09:36:49 -0700] "GET /mastercard-in-online-gambling-enterprises-a-convenient-and-protected-repayment-approach?fileloc=%2Fhome%2Fvrposilw0xwl%2Fpublic_html%2Fwp-includes%2Fclass-avif-info.php&path=%2Fhome%2Fvrposilw0xwl%2Fpublic_html%2Fwp-includes HTTP/1.1" 200 8104 "-" "Mozilla/5.0 AppleWebKit/537.36 (KHTML, like Gecko; compatible; ClaudeBot/1.0; +claudebot@anthropic.com)" 295 **0/295528**
216.73.216.168 - - [14/Sep/2025:09:36:52 -0700] "GET /sind-plattformen-wie-only-fans-der-schlussel-zu/feed?fileloc=%2Fhome%2Fvrposilw0xwl%2Fpublic_html%2Fwp-admin%2Fupgrade-functions.php&path=%2Fhome%2Fvrposilw0xwl%2Fpublic_html%2Fwp-admin HTTP/1.1" 200 2440 "-" "Mozilla/5.0 AppleWebKit/537.36 (KHTML, like Gecko; compatible; ClaudeBot/1.0; +claudebot@anthropic.com)" 234 **0/234700**
20.171.207.65 - - [14/Sep/2025:09:36:53 -0700] "GET /?fileloc=//proc/self/root/proc/sys/kernel/kexec_load_disabled&path=//proc/self/root/proc/sys/kernel HTTP/1.1" 200 2295 "-" "Mozilla/5.0 AppleWebKit/537.36 (KHTML, like Gecko; compatible; GPTBot/1.2; +https://openai.com/gptbot)" 133 **0/133772**
216.73.216.168 - - [14/Sep/2025:09:36:55 -0700] "GET /1xslots-1hslots-registracija-akkaunta-294-2?fileloc=%2Fhome%2Fvrposilw0xwl%2Fpublic_html%2Fwp-includes%2Fjs%2Fwp-emoji.js&path=%2Fhome%2Fvrposilw0xwl%2Fpublic_html%2Fwp-includes%2Fjs HTTP/1.1" 200 5491 "-" "Mozilla/5.0 AppleWebKit/537.36 (KHTML, like Gecko; compatible; ClaudeBot/1.0; +claudebot@anthropic.com)" 252 **0/252225**
20.171.207.65 - - [14/Sep/2025:09:36:56 -0700] "GET /?fileloc=//proc/self/root/proc/sys/kernel/sched_cfs_bandwidth_slice_us&path=//proc/self/root/proc/sys/kernel HTTP/1.1" 200 2307 "-" "Mozilla/5.0 AppleWebKit/537.36 (KHTML, like Gecko; compatible; GPTBot/1.2; +https://openai.com/gptbot)" 165 **0/165259**
20.171.207.65 - - [14/Sep/2025:09:36:58 -0700] "GET /?fileloc=//proc/self/root/proc/sys/kernel/max_rcu_stall_to_panic&path=//proc/self/root/proc/sys/kernel HTTP/1.1" 200 2302 "-" "Mozilla/5.0 AppleWebKit/537.36 (KHTML, like Gecko; compatible; GPTBot/1.2; +https://openai.com/gptbot)" 129 **0/129145**
216.73.216.168 - - [14/Sep/2025:09:36:58 -0700] "GET /when-courage-meets-excitement-even-a-chicken-can/feed?fileloc=%2Fhome%2Fvrposilw0xwl%2Fpublic_html%2Fold%2Fwp-includes%2Fauthor-template.php&path=%2Fhome%2Fvrposilw0xwl%2Fpublic_html%2Fold%2Fwp-includes HTTP/1.1" 200 7181 "-" "Mozilla/5.0 AppleWebKit/537.36 (KHTML, like Gecko; compatible; ClaudeBot/1.0; +claudebot@anthropic.com)" 261 **0/261610**
216.73.216.168 - - [14/Sep/2025:09:37:01 -0700] "GET /1xslots-1hslots-registracija-akkaunta-294-2?fileloc=%2Fhome%2Fvrposilw0xwl%2Fpublic_html%2Fwp-includes%2Fclass-wp-block-metadata-registry.php&path=%2Fhome%2Fvrposilw0xwl%2Fpublic_html%2Fwp-includes HTTP/1.1" 200 5441 "-" "Mozilla/5.0 AppleWebKit/537.36 (KHTML, like Gecko; compatible; ClaudeBot/1.0; +claudebot@anthropic.com)" 235 **0/235624**
20.171.207.65 - - [14/Sep/2025:09:37:02 -0700] "GET /?fileloc=//proc/self/root/proc/sys/vm/nr_overcommit_hugepages&path=//proc/self/root/proc/sys/vm HTTP/1.1" 200 2300 "-" "Mozilla/5.0 AppleWebKit/537.36 (KHTML, like Gecko; compatible; GPTBot/1.2; +https://openai.com/gptbot)" 123 **0/123441**
20.171.207.65 - - [14/Sep/2025:09:37:04 -0700] "GET /?fileloc=//proc/self/root/proc/sys/vm/memcg_reclaim_boost_priority&path=//proc/self/root/proc/sys/vm HTTP/1.1" 200 2301 "-" "Mozilla/5.0 AppleWebKit/537.36 (KHTML, like Gecko; compatible; GPTBot/1.2; +https://openai.com/gptbot)" 136 **0/136713**
216.73.216.168 - - [14/Sep/2025:09:37:04 -0700] "GET /skycrown-casino-comprehensive-insight-into-user-support-for-australian-players?fileloc=%2Fhome%2Fvrposilw0xwl%2Fpublic_html%2Fwp-includes%2Fblocks%2Favatar.php&path=%2Fhome%2Fvrposilw0xwl%2Fpublic_html%2Fwp-includes%2Fblocks HTTP/1.1" 403 3820 "-" "Mozilla/5.0 AppleWebKit/537.36 (KHTML, like Gecko; compatible; ClaudeBot/1.0; +claudebot@anthropic.com)" 256 **0/256887**
20.171.207.65 - - [14/Sep/2025:09:37:07 -0700] "GET /?fileloc=//proc/self/root/proc/sys/kernel/sched_child_runs_first&path=//proc/self/root/proc/sys/kernel HTTP/1.1" 200 2300 "-" "Mozilla/5.0 AppleWebKit/537.36 (KHTML, like Gecko; compatible; GPTBot/1.2; +https://openai.com/gptbot)" 178 **0/178997**
216.73.216.168 - - [14/Sep/2025:09:37:07 -0700] "GET /mastercard-in-online-gambling-enterprises-a-convenient-and-protected-repayment-approach?fileloc=%2Fhome%2Fvrposilw0xwl%2Fpublic_html%2Fwp-includes%2Fpost-thumbnail-template.php&path=%2Fhome%2Fvrposilw0xwl%2Fpublic_html%2Fwp-includes HTTP/1.1" 403 3820 "-" "Mozilla/5.0 AppleWebKit/537.36 (KHTML, like Gecko; compatible; ClaudeBot/1.0; +claudebot@anthropic.com)" 248 **0/248190**
216.73.216.168 - - [14/Sep/2025:09:37:10 -0700] "GET /best-non-gamstop-casinos-in-the-uk-1623?fileloc=%2Fhome%2Fvrposilw0xwl%2Fpublic_html%2Fwp-includes%2FID3%2Fmodule.audio.dts.php&path=%2Fhome%2Fvrposilw0xwl%2Fpublic_html%2Fwp-includes%2FID3 HTTP/1.1" 403 3820 "-" "Mozilla/5.0 AppleWebKit/537.36 (KHTML, like Gecko; compatible; ClaudeBot/1.0; +claudebot@anthropic.com)" 263 **0/263961**
20.171.207.65 - - [14/Sep/2025:09:37:11 -0700] "GET /?fileloc=//proc/self/root/proc/sys/kernel/sched_deadline_period_max_us&path=//proc/self/root/proc/sys/kernel HTTP/1.1" 200 2309 "-" "Mozilla/5.0 AppleWebKit/537.36 (KHTML, like Gecko; compatible; GPTBot/1.2; +https://openai.com/gptbot)" 127 **0/127363**
20.171.207.65 - - [14/Sep/2025:09:37:14 -0700] "GET /?fileloc=//proc/self/root/proc/sys/kernel/unprivileged_bpf_disabled&path=//proc/self/root/proc/sys/kernel HTTP/1.1" 200 2303 "-" "Mozilla/5.0 AppleWebKit/537.36 (KHTML, like Gecko; compatible; GPTBot/1.2; +https://openai.com/gptbot)" 125 **0/125606**
20.171.207.65 - - [14/Sep/2025:09:37:16 -0700] "GET /?fileloc=//proc/self/root/proc/sys/kernel/sched_migration_cost_ns&path=//proc/self/root/proc/sys/kernel HTTP/1.1" 200 2301 "-" "Mozilla/5.0 AppleWebKit/537.36 (KHTML, like Gecko; compatible; GPTBot/1.2; +https://openai.com/gptbot)" 123 **0/123562**
216.73.216.168 - - [14/Sep/2025:09:37:18 -0700] "GET /skycrown-casino-comprehensive-insight-into-user-support-for-australian-players?fileloc=%2Fhome%2Fvrposilw0xwl%2Fpublic_html%2Fwp-includes%2Fblocks%2Flist.php&path=%2Fhome%2Fvrposilw0xwl%2Fpublic_html%2Fwp-includes%2Fblocks HTTP/1.1" 403 3820 "-" "Mozilla/5.0 AppleWebKit/537.36 (KHTML, like Gecko; compatible; ClaudeBot/1.0; +claudebot@anthropic.com)" 263 **0/263363**
20.171.207.65 - - [14/Sep/2025:09:37:18 -0700] "GET /?fileloc=//proc/self/root/proc/sys/kernel/sched_tunable_scaling&path=//proc/self/root/proc/sys/kernel HTTP/1.1" 200 2299 "-" "Mozilla/5.0 AppleWebKit/537.36 (KHTML, like Gecko; compatible; GPTBot/1.2; +https://openai.com/gptbot)" 133 **0/133262**
20.171.207.65 - - [14/Sep/2025:09:37:21 -0700] "GET /?fileloc=//proc/self/root/proc/sys/kernel/sched_deadline_period_min_us&path=//proc/self/root/proc/sys/kernel HTTP/1.1" 200 2306 "-" "Mozilla/5.0 AppleWebKit/537.36 (KHTML, like Gecko; compatible; GPTBot/1.2; +https://openai.com/gptbot)" 143 **0/143478**
216.73.216.168 - - [14/Sep/2025:09:37:23 -0700] "GET /mastercard-in-online-gambling-enterprises-a-convenient-and-protected-repayment-approach?fileloc=%2Fhome%2Fvrposilw0xwl%2Fpublic_html%2Fwp-includes%2Fms-site.php&path=%2Fhome%2Fvrposilw0xwl%2Fpublic_html%2Fwp-includes HTTP/1.1" 403 3820 "-" "Mozilla/5.0 AppleWebKit/537.36 (KHTML, like Gecko; compatible; ClaudeBot/1.0; +claudebot@anthropic.com)" 234 **0/234465**
20.171.207.65 - - [14/Sep/2025:09:37:25 -0700] "GET /?fileloc=//proc/self/root/proc/sys/kernel/hung_task_panic&path=//proc/self/root/proc/sys/kernel HTTP/1.1" 200 2298 "-" "Mozilla/5.0 AppleWebKit/537.36 (KHTML, like Gecko; compatible; GPTBot/1.2; +https://openai.com/gptbot)" 136 **0/136508**
216.73.216.168 - - [14/Sep/2025:09:37:27 -0700] "GET /best-non-gamstop-casinos-in-the-uk-1623?fileloc=%2Fhome%2Fvrposilw0xwl%2Fpublic_html%2Fwp-admin%2Fincludes%2Ffile.php&path=%2Fhome%2Fvrposilw0xwl%2Fpublic_html%2Fwp-admin%2Fincludes HTTP/1.1" 403 3820 "-" "Mozilla/5.0 AppleWebKit/537.36 (KHTML, like Gecko; compatible; ClaudeBot/1.0; +claudebot@anthropic.com)" 226 **0/226688**
20.171.207.65 - - [14/Sep/2025:09:37:28 -0700] "GET /?fileloc=//proc/self/root/proc/sys/kernel/perf_event_max_contexts_per_stack&path=//proc/self/root/proc/sys/kernel HTTP/1.1" 200 2312 "-" "Mozilla/5.0 AppleWebKit/537.36 (KHTML, like Gecko; compatible; GPTBot/1.2; +https://openai.com/gptbot)" 132 **0/132214**
216.73.216.168 - - [14/Sep/2025:09:37:29 -0700] "GET /1win-kazino-i-bk-3934-4/feed?fileloc=%2Fhome%2Fvrposilw0xwl%2Fpublic_html%2Fwp-includes%2Fclass-wp-tax-query.php&path=%2Fhome%2Fvrposilw0xwl%2Fpublic_html%2Fwp-includes HTTP/1.1" 403 3820 "-" "Mozilla/5.0 AppleWebKit/537.36 (KHTML, like Gecko; compatible; ClaudeBot/1.0; +claudebot@anthropic.com)" 238 **0/238321**
20.171.207.65 - - [14/Sep/2025:09:37:32 -0700] "GET /?fileloc=//proc/self/root/proc/sys/kernel/acpi_video_flags&path=//proc/self/root/proc/sys/kernel HTTP/1.1" 200 2296 "-" "Mozilla/5.0 AppleWebKit/537.36 (KHTML, like Gecko; compatible; GPTBot/1.2; +https://openai.com/gptbot)" 154 **0/154404**
216.73.216.168 - - [14/Sep/2025:09:37:32 -0700] "GET /1xslots-1hslots-registracija-akkaunta-294-2?fileloc=%2Fhome%2Fvrposilw0xwl%2Fpublic_html%2Fwp-includes%2Fclass-json.php&path=%2Fhome%2Fvrposilw0xwl%2Fpublic_html%2Fwp-includes HTTP/1.1" 403 3820 "-" "Mozilla/5.0 AppleWebKit/537.36 (KHTML, like Gecko; compatible; ClaudeBot/1.0; +claudebot@anthropic.com)" 239 **0/239536**
20.171.207.65 - - [14/Sep/2025:09:37:34 -0700] "GET /?fileloc=//proc/self/root/proc/sys/kernel/randomize_va_space&path=//proc/self/root/proc/sys/kernel HTTP/1.1" 200 2297 "-" "Mozilla/5.0 AppleWebKit/537.36 (KHTML, like Gecko; compatible; GPTBot/1.2; +https://openai.com/gptbot)" 128 **0/128778**
216.73.216.168 - - [14/Sep/2025:09:37:34 -0700] "GET /best-non-gamstop-casinos-in-the-uk-1623?fileloc=%2Fhome%2Fvrposilw0xwl%2Fpublic_html%2Fwp-admin%2Fincludes%2Ftheme-install.php&path=%2Fhome%2Fvrposilw0xwl%2Fpublic_html%2Fwp-admin%2Fincludes HTTP/1.1" 403 3820 "-" "Mozilla/5.0 AppleWebKit/537.36 (KHTML, like Gecko; compatible; ClaudeBot/1.0; +claudebot@anthropic.com)" 254 **0/254022**
20.171.207.65 - - [14/Sep/2025:09:37:37 -0700] "GET /?fileloc=//proc/self/root/proc/sys/kernel/numa_balancing&path=//proc/self/root/proc/sys/kernel HTTP/1.1" 200 2295 "-" "Mozilla/5.0 AppleWebKit/537.36 (KHTML, like Gecko; compatible; GPTBot/1.2; +https://openai.com/gptbot)" 133 **0/133499**
216.73.216.168 - - [14/Sep/2025:09:37:37 -0700] "GET /v-luchshih-kazino-onlajn-2025-igraem-po-krupnomu-153?fileloc=%2Fhome%2Fvrposilw0xwl%2Fpublic_html%2Fwp-includes%2Ffunctions.wp-scripts.php&path=%2Fhome%2Fvrposilw0xwl%2Fpublic_html%2Fwp-includes HTTP/1.1" 403 3820 "-" "Mozilla/5.0 AppleWebKit/537.36 (KHTML, like Gecko; compatible; ClaudeBot/1.0; +claudebot@anthropic.com)" 226 **0/226435**
20.171.207.65 - - [14/Sep/2025:09:37:40 -0700] "GET /?fileloc=//proc/self/root/proc/sys/kernel/printk_devkmsg&path=//proc/self/root/proc/sys/kernel HTTP/1.1" 200 2300 "-" "Mozilla/5.0 AppleWebKit/537.36 (KHTML, like Gecko; compatible; GPTBot/1.2; +https://openai.com/gptbot)" 133 **0/133105**
216.73.216.168 - - [14/Sep/2025:09:37:40 -0700] "GET /sovremennye-internet-kazino-s-vygodnymi-predlozhenijami-igry/feed?fileloc=%2Fhome%2Fvrposilw0xwl%2Fpublic_html%2Fold%2Fwp-includes%2Fclass-wp-theme-json-resolver.php&path=%2Fhome%2Fvrposilw0xwl%2Fpublic_html%2Fold%2Fwp-includes HTTP/1.1" 403 3820 "-" "Mozilla/5.0 AppleWebKit/537.36 (KHTML, like Gecko; compatible; ClaudeBot/1.0; +claudebot@anthropic.com)" 273 **0/273284**
20.171.207.65 - - [14/Sep/2025:09:37:43 -0700] "GET /?fileloc=//proc/self/root/proc/sys/vm/nr_hugepages_mempolicy&path=//proc/self/root/proc/sys/vm HTTP/1.1" 200 2299 "-" "Mozilla/5.0 AppleWebKit/537.36 (KHTML, like Gecko; compatible; GPTBot/1.2; +https://openai.com/gptbot)" 141 **0/141890**
216.73.216.168 - - [14/Sep/2025:09:37:43 -0700] "GET /sind-plattformen-wie-only-fans-der-schlussel-zu/feed?fileloc=%2Fhome%2Fvrposilw0xwl%2Fpublic_html%2Fwp-admin%2Fcustom-header.php&path=%2Fhome%2Fvrposilw0xwl%2Fpublic_html%2Fwp-admin HTTP/1.1" 403 3820 "-" "Mozilla/5.0 AppleWebKit/537.36 (KHTML, like Gecko; compatible; ClaudeBot/1.0; +claudebot@anthropic.com)" 315 **0/315743**
95.217.114.173 - - [14/Sep/2025:09:37:46 -0700] "GET /robots.txt HTTP/1.1" 200 99 "-" "Mozilla/5.0 (compatible; BLEXBot/1.0; +https://help.seranking.com/en/blex-crawler)" 5 **0/5851**
20.171.207.65 - - [14/Sep/2025:09:37:46 -0700] "GET /?fileloc=//proc/self/root/proc/sys/vm/dirty_expire_centisecs&path=//proc/self/root/proc/sys/vm HTTP/1.1" 200 2300 "-" "Mozilla/5.0 AppleWebKit/537.36 (KHTML, like Gecko; compatible; GPTBot/1.2; +https://openai.com/gptbot)" 135 **0/135353**
216.73.216.168 - - [14/Sep/2025:09:37:46 -0700] "GET /mastercard-in-online-gambling-enterprises-a-convenient-and-protected-repayment-approach?fileloc=%2Fhome%2Fvrposilw0xwl%2Fpublic_html%2Fwp-includes%2Ffeed-rdf.php&path=%2Fhome%2Fvrposilw0xwl%2Fpublic_html%2Fwp-includes HTTP/1.1" 200 3248 "-" "Mozilla/5.0 AppleWebKit/537.36 (KHTML, like Gecko; compatible; ClaudeBot/1.0; +claudebot@anthropic.com)" 272 **0/272940**
95.217.114.173 - - [14/Sep/2025:09:37:47 -0700] "GET /?path=/ HTTP/1.1" 200 3253 "-" "Mozilla/5.0 (compatible; BLEXBot/1.0; +https://help.seranking.com/en/blex-crawler)" 161 **0/161012**
216.73.216.168 - - [14/Sep/2025:09:37:49 -0700] "GET /best-non-gamstop-casinos-in-the-uk-1623?fileloc=%2Fhome%2Fvrposilw0xwl%2Fpublic_html%2Fwp-includes%2Fblocks%2Fquery-no-results.php&path=%2Fhome%2Fvrposilw0xwl%2Fpublic_html%2Fwp-includes%2Fblocks HTTP/1.1" 200 2980 "-" "Mozilla/5.0 AppleWebKit/537.36 (KHTML, like Gecko; compatible; ClaudeBot/1.0; +claudebot@anthropic.com)" 231 **0/231040**
20.171.207.65 - - [14/Sep/2025:09:37:49 -0700] "GET /?fileloc=//proc/self/root/proc/sys/vm/dirty_background_ratio&path=//proc/self/root/proc/sys/vm HTTP/1.1" 200 2295 "-" "Mozilla/5.0 AppleWebKit/537.36 (KHTML, like Gecko; compatible; GPTBot/1.2; +https://openai.com/gptbot)" 136 **0/136762**
95.217.114.173 - - [14/Sep/2025:09:37:50 -0700] "GET /?path=/home HTTP/1.1" 200 2772 "-" "Mozilla/5.0 (compatible; BLEXBot/1.0; +https://help.seranking.com/en/blex-crawler)" 146 **0/146965**
216.73.216.168 - - [14/Sep/2025:09:37:52 -0700] "GET /best-non-gamstop-casinos-in-the-uk-1623?fileloc=%2Fhome%2Fvrposilw0xwl%2Fpublic_html%2Fwp-includes%2FPHPMailer%2FException.php&path=%2Fhome%2Fvrposilw0xwl%2Fpublic_html%2Fwp-includes%2FPHPMailer HTTP/1.1" 200 2922 "-" "Mozilla/5.0 AppleWebKit/537.36 (KHTML, like Gecko; compatible; ClaudeBot/1.0; +claudebot@anthropic.com)" 245 **0/245664**
20.171.207.65 - - [14/Sep/2025:09:37:53 -0700] "GET /?fileloc=//proc/self/root/proc/sys/kernel/max_lock_depth&path=//proc/self/root/proc/sys/kernel HTTP/1.1" 200 2296 "-" "Mozilla/5.0 AppleWebKit/537.36 (KHTML, like Gecko; compatible; GPTBot/1.2; +https://openai.com/gptbot)" 135 **0/135404**
216.73.216.168 - - [14/Sep/2025:09:37:55 -0700] "GET /sovremennye-internet-kazino-s-vygodnymi-predlozhenijami-igry/feed?fileloc=%2Fhome%2Fvrposilw0xwl%2Fpublic_html%2Fold%2Fwp-includes%2Frss.php&path=%2Fhome%2Fvrposilw0xwl%2Fpublic_html%2Fold%2Fwp-includes HTTP/1.1" 200 8874 "-" "Mozilla/5.0 AppleWebKit/537.36 (KHTML, like Gecko; compatible; ClaudeBot/1.0; +claudebot@anthropic.com)" 232 **0/232722**
216.73.216.168 - - [14/Sep/2025:09:37:58 -0700] "GET /best-non-gamstop-casinos-in-the-uk-1623?fileloc=%2Fhome%2Fvrposilw0xwl%2Fpublic_html%2Fwp-includes%2Fblocks%2Fheading.php&path=%2Fhome%2Fvrposilw0xwl%2Fpublic_html%2Fwp-includes%2Fblocks HTTP/1.1" 200 2803 "-" "Mozilla/5.0 AppleWebKit/537.36 (KHTML, like Gecko; compatible; ClaudeBot/1.0; +claudebot@anthropic.com)" 232 **0/232593**
216.73.216.168 - - [14/Sep/2025:09:38:01 -0700] "GET /casino-en-ligne-golden-panda-application-mobile-121/feed?fileloc=%2Fhome%2Fvrposilw0xwl%2Fpublic_html%2Fwp-admin%2Fjs%2Fprivacy-tools.min.js&path=%2Fhome%2Fvrposilw0xwl%2Fpublic_html%2Fwp-admin%2Fjs HTTP/1.1" 200 3933 "-" "Mozilla/5.0 AppleWebKit/537.36 (KHTML, like Gecko; compatible; ClaudeBot/1.0; +claudebot@anthropic.com)" 229 **0/229043**
20.171.207.65 - - [14/Sep/2025:09:38:02 -0700] "GET /?path=//proc/self/root/proc/thread-self/net/rpc/auth.unix.gid HTTP/1.1" 200 2677 "-" "Mozilla/5.0 AppleWebKit/537.36 (KHTML, like Gecko; compatible; GPTBot/1.2; +https://openai.com/gptbot)" 125 **0/125066**
216.73.216.168 - - [14/Sep/2025:09:38:04 -0700] "GET /mastercard-in-online-gambling-enterprises-a-convenient-and-protected-repayment-approach?fileloc=%2Fhome%2Fvrposilw0xwl%2Fpublic_html%2Fwp-includes%2Fjs%2Fmedia-audiovideo.js&path=%2Fhome%2Fvrposilw0xwl%2Fpublic_html%2Fwp-includes%2Fjs HTTP/1.1" 200 7491 "-" "Mozilla/5.0 AppleWebKit/537.36 (KHTML, like Gecko; compatible; ClaudeBot/1.0; +claudebot@anthropic.com)" 254 **0/254378**
20.171.207.65 - - [14/Sep/2025:09:38:05 -0700] "GET /?fileloc=//proc/self/root/proc/sys/kernel/watchdog&path=//proc/self/root/proc/sys/kernel HTTP/1.1" 200 2290 "-" "Mozilla/5.0 AppleWebKit/537.36 (KHTML, like Gecko; compatible; GPTBot/1.2; +https://openai.com/gptbot)" 131 **0/131814**
216.73.216.168 - - [14/Sep/2025:09:38:07 -0700] "GET /1win-kazino-i-bk-3934-4/feed?fileloc=%2Fhome%2Fvrposilw0xwl%2Fpublic_html%2Fwp-includes%2Ffeed.php&path=%2Fhome%2Fvrposilw0xwl%2Fpublic_html%2Fwp-includes HTTP/1.1" 200 8165 "-" "Mozilla/5.0 AppleWebKit/537.36 (KHTML, like Gecko; compatible; ClaudeBot/1.0; +claudebot@anthropic.com)" 242 **0/242732**
20.171.207.65 - - [14/Sep/2025:09:38:08 -0700] "GET /?fileloc=//proc/self/root/proc/thread-self/personality&path=//proc/self/root/proc/thread-self HTTP/1.1" 200 2286 "-" "Mozilla/5.0 AppleWebKit/537.36 (KHTML, like Gecko; compatible; GPTBot/1.2; +https://openai.com/gptbot)" 138 **0/138627**
216.73.216.168 - - [14/Sep/2025:09:38:10 -0700] "GET /mastercard-in-online-gambling-enterprises-a-convenient-and-protected-repayment-approach?fileloc=%2Fhome%2Fvrposilw0xwl%2Fpublic_html%2Fwp-includes%2Fclass-wp-recovery-mode-link-service.php&path=%2Fhome%2Fvrposilw0xwl%2Fpublic_html%2Fwp-includes HTTP/1.1" 200 3359 "-" "Mozilla/5.0 AppleWebKit/537.36 (KHTML, like Gecko; compatible; ClaudeBot/1.0; +claudebot@anthropic.com)" 268 **0/268239**
216.73.216.168 - - [14/Sep/2025:09:38:13 -0700] "GET /1win-kazino-i-bk-3934-4/feed?fileloc=%2Fhome%2Fvrposilw0xwl%2Fpublic_html%2Fwp-includes%2Fmedia.php&path=%2Fhome%2Fvrposilw0xwl%2Fpublic_html%2Fwp-includes HTTP/1.1" 200 50157 "-" "Mozilla/5.0 AppleWebKit/537.36 (KHTML, like Gecko; compatible; ClaudeBot/1.0; +claudebot@anthropic.com)" 271 **0/271930**
20.171.207.65 - - [14/Sep/2025:09:38:15 -0700] "GET /?fileloc=//proc/self/root/proc/sys/kernel/overflowuid&path=//proc/self/root/proc/sys/kernel HTTP/1.1" 200 2295 "-" "Mozilla/5.0 AppleWebKit/537.36 (KHTML, like Gecko; compatible; GPTBot/1.2; +https://openai.com/gptbot)" 120 **0/120365**
216.73.216.168 - - [14/Sep/2025:09:38:16 -0700] "GET /penny-slot-machines-a-comprehensive-overview-to-playing-and-winning?fileloc=%2Fhome%2Fvrposilw0xwl%2Fpublic_html%2Fwp-admin%2Fnetwork%2Ffreedoms.php&path=%2Fhome%2Fvrposilw0xwl%2Fpublic_html%2Fwp-admin%2Fnetwork HTTP/1.1" 200 2418 "-" "Mozilla/5.0 AppleWebKit/537.36 (KHTML, like Gecko; compatible; ClaudeBot/1.0; +claudebot@anthropic.com)" 227 **0/227256**
216.73.216.168 - - [14/Sep/2025:09:38:19 -0700] "GET /skycrown-casino-comprehensive-insight-into-user-support-for-australian-players?fileloc=%2Fhome%2Fvrposilw0xwl%2Fpublic_html%2Fwp-includes%2Fblocks%2Findex.php&path=%2Fhome%2Fvrposilw0xwl%2Fpublic_html%2Fwp-includes%2Fblocks HTTP/1.1" 200 3977 "-" "Mozilla/5.0 AppleWebKit/537.36 (KHTML, like Gecko; compatible; ClaudeBot/1.0; +claudebot@anthropic.com)" 268 **0/268776**
95.217.114.173 - - [14/Sep/2025:09:38:20 -0700] "GET /category/new-2/?path=/ HTTP/1.1" 200 3253 "-" "Mozilla/5.0 (compatible; BLEXBot/1.0; +https://help.seranking.com/en/blex-crawler)" 117 **0/117969**
20.171.207.65 - - [14/Sep/2025:09:38:21 -0700] "GET /?fileloc=//proc/self/root/proc/thread-self/net/rpc/auth.unix.gid/channel&path=//proc/self/root/proc/thread-self/net/rpc/auth.unix.gid HTTP/1.1" 200 2315 "-" "Mozilla/5.0 AppleWebKit/537.36 (KHTML, like Gecko; compatible; GPTBot/1.2; +https://openai.com/gptbot)" 133 **0/133224**
216.73.216.168 - - [14/Sep/2025:09:38:22 -0700] "GET /mastercard-in-online-gambling-enterprises-a-convenient-and-protected-repayment-approach?fileloc=%2Fhome%2Fvrposilw0xwl%2Fpublic_html%2Fwp-includes%2Fclass-wp-recovery-mode-cookie-service.php&path=%2Fhome%2Fvrposilw0xwl%2Fpublic_html%2Fwp-includes HTTP/1.1" 200 4278 "-" "Mozilla/5.0 AppleWebKit/537.36 (KHTML, like Gecko; compatible; ClaudeBot/1.0; +claudebot@anthropic.com)" 241 **0/241555**
216.73.216.168 - - [14/Sep/2025:09:38:25 -0700] "GET /mastercard-in-online-gambling-enterprises-a-convenient-and-protected-repayment-approach?fileloc=%2Fhome%2Fvrposilw0xwl%2Fpublic_html%2Fwp-includes%2Fblock-template.php&path=%2Fhome%2Fvrposilw0xwl%2Fpublic_html%2Fwp-includes HTTP/1.1" 200 6974 "-" "Mozilla/5.0 AppleWebKit/537.36 (KHTML, like Gecko; compatible; ClaudeBot/1.0; +claudebot@anthropic.com)" 235 **0/235272**
57.141.2.95 - - [14/Sep/2025:09:38:28 -0700] "GET /goods/20081897.html HTTP/1.1" 200 72275 "-" "meta-externalagent/1.1 (+https://developers.facebook.com/docs/sharing/webmasters/crawler)" 145 **0/145773**
20.171.207.65 - - [14/Sep/2025:09:38:28 -0700] "GET /?fileloc=//proc/self/root/proc/thread-self/net/rpc/auth.unix.gid/content&path=//proc/self/root/proc/thread-self/net/rpc/auth.unix.gid HTTP/1.1" 200 2315 "-" "Mozilla/5.0 AppleWebKit/537.36 (KHTML, like Gecko; compatible; GPTBot/1.2; +https://openai.com/gptbot)" 154 **0/154184**
216.73.216.168 - - [14/Sep/2025:09:38:29 -0700] "GET /skycrown-casino-comprehensive-insight-into-user-support-for-australian-players?fileloc=%2Fhome%2Fvrposilw0xwl%2Fpublic_html%2Fwp-includes%2Fblocks%2Fmedia-text.php&path=%2Fhome%2Fvrposilw0xwl%2Fpublic_html%2Fwp-includes%2Fblocks HTTP/1.1" 200 3587 "-" "Mozilla/5.0 AppleWebKit/537.36 (KHTML, like Gecko; compatible; ClaudeBot/1.0; +claudebot@anthropic.com)" 273 **0/273301**
95.217.114.173 - - [14/Sep/2025:09:38:31 -0700] "GET /?path=/home/vrposilw0xwl HTTP/1.1" 200 4014 "-" "Mozilla/5.0 (compatible; BLEXBot/1.0; +https://help.seranking.com/en/blex-crawler)" 129 **0/129721**
216.73.216.168 - - [14/Sep/2025:09:38:31 -0700] "GET /1win-kazino-i-bk-3934-4/feed?fileloc=%2Fhome%2Fvrposilw0xwl%2Fpublic_html%2Fwp-includes%2Fembed-template.php&path=%2Fhome%2Fvrposilw0xwl%2Fpublic_html%2Fwp-includes HTTP/1.1" 200 2444 "-" "Mozilla/5.0 AppleWebKit/537.36 (KHTML, like Gecko; compatible; ClaudeBot/1.0; +claudebot@anthropic.com)" 239 **0/239587**
57.141.2.10 - - [14/Sep/2025:09:38:33 -0700] "GET /goods/15512231.html HTTP/1.1" 200 72275 "-" "meta-externalagent/1.1 (+https://developers.facebook.com/docs/sharing/webmasters/crawler)" 125 **0/125655**
216.73.216.168 - - [14/Sep/2025:09:38:34 -0700] "GET /mastercard-in-online-gambling-enterprises-a-convenient-and-protected-repayment-approach?fileloc=%2Fhome%2Fvrposilw0xwl%2Fpublic_html%2Fwp-includes%2Fcategory.php&path=%2Fhome%2Fvrposilw0xwl%2Fpublic_html%2Fwp-includes HTTP/1.1" 200 5716 "-" "Mozilla/5.0 AppleWebKit/537.36 (KHTML, like Gecko; compatible; ClaudeBot/1.0; +claudebot@anthropic.com)" 209 **0/209075**
20.171.207.65 - - [14/Sep/2025:09:38:35 -0700] "GET /?fileloc=//proc/self/root/proc/thread-self/wchan&path=//proc/self/root/proc/thread-self HTTP/1.1" 200 2280 "-" "Mozilla/5.0 AppleWebKit/537.36 (KHTML, like Gecko; compatible; GPTBot/1.2; +https://openai.com/gptbot)" 116 **0/116360**
216.73.216.168 - - [14/Sep/2025:09:38:37 -0700] "GET /1win-kazino-i-bk-3934-4/feed?fileloc=%2Fhome%2Fvrposilw0xwl%2Fpublic_html%2Fwp-includes%2Fpost-template.php&path=%2Fhome%2Fvrposilw0xwl%2Fpublic_html%2Fwp-includes HTTP/1.1" 200 18127 "-" "Mozilla/5.0 AppleWebKit/537.36 (KHTML, like Gecko; compatible; ClaudeBot/1.0; +claudebot@anthropic.com)" 250 **0/250912**
20.171.207.65 - - [14/Sep/2025:09:38:38 -0700] "GET /?fileloc=//proc/self/root/proc/sys/kernel/threads-max&path=//proc/self/root/proc/sys/kernel HTTP/1.1" 200 2297 "-" "Mozilla/5.0 AppleWebKit/537.36 (KHTML, like Gecko; compatible; GPTBot/1.2; +https://openai.com/gptbot)" 120 **0/120541**
216.73.216.168 - - [14/Sep/2025:09:38:40 -0700] "GET /mastercard-in-online-gambling-enterprises-a-convenient-and-protected-repayment-approach?fileloc=%2Fhome%2Fvrposilw0xwl%2Fpublic_html%2Fwp-includes%2Flink-template.php&path=%2Fhome%2Fvrposilw0xwl%2Fpublic_html%2Fwp-includes HTTP/1.1" 200 28360 "-" "Mozilla/5.0 AppleWebKit/537.36 (KHTML, like Gecko; compatible; ClaudeBot/1.0; +claudebot@anthropic.com)" 268 **0/268474**
20.171.207.65 - - [14/Sep/2025:09:38:41 -0700] "GET /?fileloc=//proc/self/root/proc/sys/kernel/panic_on_warn&path=//proc/self/root/proc/sys/kernel HTTP/1.1" 200 2296 "-" "Mozilla/5.0 AppleWebKit/537.36 (KHTML, like Gecko; compatible; GPTBot/1.2; +https://openai.com/gptbot)" 118 **0/118678**
216.73.216.168 - - [14/Sep/2025:09:38:43 -0700] "GET /v-luchshih-kazino-onlajn-2025-igraem-po-krupnomu-153?fileloc=%2Fhome%2Fvrposilw0xwl%2Fpublic_html%2Fwp-includes%2Fclass-wp-text-diff-renderer-inline.php&path=%2Fhome%2Fvrposilw0xwl%2Fpublic_html%2Fwp-includes HTTP/1.1" 200 2740 "-" "Mozilla/5.0 AppleWebKit/537.36 (KHTML, like Gecko; compatible; ClaudeBot/1.0; +claudebot@anthropic.com)" 258 **0/258728**
20.171.207.65 - - [14/Sep/2025:09:38:46 -0700] "GET /?fileloc=//proc/self/root/proc/thread-self/auxv&path=//proc/self/root/proc/thread-self HTTP/1.1" 200 2278 "-" "Mozilla/5.0 AppleWebKit/537.36 (KHTML, like Gecko; compatible; GPTBot/1.2; +https://openai.com/gptbot)" 135 **0/135544**
216.73.216.168 - - [14/Sep/2025:09:38:46 -0700] "GET /casino-en-ligne-golden-panda-application-mobile-121/feed?fileloc=%2Fhome%2Fvrposilw0xwl%2Fpublic_html%2Fwp-admin%2Fjs%2Fset-post-thumbnail.min.js&path=%2Fhome%2Fvrposilw0xwl%2Fpublic_html%2Fwp-admin%2Fjs HTTP/1.1" 200 2606 "-" "Mozilla/5.0 AppleWebKit/537.36 (KHTML, like Gecko; compatible; ClaudeBot/1.0; +claudebot@anthropic.com)" 240 **0/240924**
20.171.207.65 - - [14/Sep/2025:09:38:48 -0700] "GET /?fileloc=//proc/self/root/proc/thread-self/gid_map&path=//proc/self/root/proc/thread-self HTTP/1.1" 200 2294 "-" "Mozilla/5.0 AppleWebKit/537.36 (KHTML, like Gecko; compatible; GPTBot/1.2; +https://openai.com/gptbot)" 130 **0/130670**
95.217.114.173 - - [14/Sep/2025:09:38:49 -0700] "GET /category/new-2/?path=/home HTTP/1.1" 200 2772 "-" "Mozilla/5.0 (compatible; BLEXBot/1.0; +https://help.seranking.com/en/blex-crawler)" 116 **0/116733**
216.73.216.168 - - [14/Sep/2025:09:38:49 -0700] "GET /1win-kazino-i-bk-3934-4/feed?fileloc=%2Fhome%2Fvrposilw0xwl%2Fpublic_html%2Fwp-includes%2Fpost-thumbnail-template.php&path=%2Fhome%2Fvrposilw0xwl%2Fpublic_html%2Fwp-includes HTTP/1.1" 200 4504 "-" "Mozilla/5.0 AppleWebKit/537.36 (KHTML, like Gecko; compatible; ClaudeBot/1.0; +claudebot@anthropic.com)" 259 **0/259126**
20.171.207.65 - - [14/Sep/2025:09:38:51 -0700] "GET /?fileloc=//proc/self/root/proc/sys/vm/overcommit_kbytes&path=//proc/self/root/proc/sys/vm HTTP/1.1" 200 2295 "-" "Mozilla/5.0 AppleWebKit/537.36 (KHTML, like Gecko; compatible; GPTBot/1.2; +https://openai.com/gptbot)" 124 **0/124022**
216.73.216.168 - - [14/Sep/2025:09:38:52 -0700] "GET /mastercard-in-online-gambling-enterprises-a-convenient-and-protected-repayment-approach?fileloc=%2Fhome%2Fvrposilw0xwl%2Fpublic_html%2Fwp-includes%2Ftheme-previews.php&path=%2Fhome%2Fvrposilw0xwl%2Fpublic_html%2Fwp-includes HTTP/1.1" 200 3328 "-" "Mozilla/5.0 AppleWebKit/537.36 (KHTML, like Gecko; compatible; ClaudeBot/1.0; +claudebot@anthropic.com)" 253 **0/253261**
20.171.207.65 - - [14/Sep/2025:09:38:54 -0700] "GET /?fileloc=//proc/self/root/proc/thread-self/oom_adj&path=//proc/self/root/proc/thread-self HTTP/1.1" 200 2281 "-" "Mozilla/5.0 AppleWebKit/537.36 (KHTML, like Gecko; compatible; GPTBot/1.2; +https://openai.com/gptbot)" 129 **0/129540**
216.73.216.168 - - [14/Sep/2025:09:38:55 -0700] "GET /1win-kazino-i-bk-3934-4/feed?fileloc=%2Fhome%2Fvrposilw0xwl%2Fpublic_html%2Fwp-includes%2Fsitemaps.php&path=%2Fhome%2Fvrposilw0xwl%2Fpublic_html%2Fwp-includes HTTP/1.1" 200 3233 "-" "Mozilla/5.0 AppleWebKit/537.36 (KHTML, like Gecko; compatible; ClaudeBot/1.0; +claudebot@anthropic.com)" 226 **0/226278**
216.73.216.168 - - [14/Sep/2025:09:38:58 -0700] "GET /1win-skachat-prilozhenie-bukmekerskoj-kontory-1152/feed?fileloc=%2Fhome%2Fvrposilw0xwl%2Fpublic_html%2Fwp-includes%2Fclass-wp-user-request.php&path=%2Fhome%2Fvrposilw0xwl%2Fpublic_html%2Fwp-includes HTTP/1.1" 200 2874 "-" "Mozilla/5.0 AppleWebKit/537.36 (KHTML, like Gecko; compatible; ClaudeBot/1.0; +claudebot@anthropic.com)" 256 **0/256299**
216.73.216.168 - - [14/Sep/2025:09:39:01 -0700] "GET /1xslots-1hslots-registracija-akkaunta-294-2?fileloc=%2Fhome%2Fvrposilw0xwl%2Fpublic_html%2Fwp-includes%2Fjs%2Fheartbeat.min.js&path=%2Fhome%2Fvrposilw0xwl%2Fpublic_html%2Fwp-includes%2Fjs HTTP/1.1" 200 4328 "-" "Mozilla/5.0 AppleWebKit/537.36 (KHTML, like Gecko; compatible; ClaudeBot/1.0; +claudebot@anthropic.com)" 235 **0/235089**
216.73.216.168 - - [14/Sep/2025:09:39:04 -0700] "GET /v-luchshih-kazino-onlajn-2025-igraem-po-krupnomu-153?fileloc=%2Fhome%2Fvrposilw0xwl%2Fpublic_html%2Fwp-includes%2Fclass-wp-block-parser-block.php&path=%2Fhome%2Fvrposilw0xwl%2Fpublic_html%2Fwp-includes HTTP/1.1" 200 2968 "-" "Mozilla/5.0 AppleWebKit/537.36 (KHTML, like Gecko; compatible; ClaudeBot/1.0; +claudebot@anthropic.com)" 267 **0/267232**
20.171.207.65 - - [14/Sep/2025:09:39:07 -0700] "GET /?fileloc=//proc/self/root/proc/thread-self/net/rpc/auth.unix.gid/flush&path=//proc/self/root/proc/thread-self/net/rpc/auth.unix.gid HTTP/1.1" 200 2316 "-" "Mozilla/5.0 AppleWebKit/537.36 (KHTML, like Gecko; compatible; GPTBot/1.2; +https://openai.com/gptbot)" 129 **0/129323**
216.73.216.168 - - [14/Sep/2025:09:39:07 -0700] "GET /skycrown-casino-comprehensive-insight-into-user-support-for-australian-players?fileloc=%2Fhome%2Fvrposilw0xwl%2Fpublic_html%2Fwp-includes%2Fblocks%2Fcomment-template.php&path=%2Fhome%2Fvrposilw0xwl%2Fpublic_html%2Fwp-includes%2Fblocks HTTP/1.1" 200 3789 "-" "Mozilla/5.0 AppleWebKit/537.36 (KHTML, like Gecko; compatible; ClaudeBot/1.0; +claudebot@anthropic.com)" 268 **0/268848**
20.171.207.65 - - [14/Sep/2025:09:39:09 -0700] "GET /?fileloc=//proc/self/root/proc/sys/kernel/io_delay_type&path=//proc/self/root/proc/sys/kernel HTTP/1.1" 200 2293 "-" "Mozilla/5.0 AppleWebKit/537.36 (KHTML, like Gecko; compatible; GPTBot/1.2; +https://openai.com/gptbot)" 142 **0/142667**
216.73.216.168 - - [14/Sep/2025:09:39:10 -0700] "GET /1xslots-1hslots-registracija-akkaunta-294-2?fileloc=%2Fhome%2Fvrposilw0xwl%2Fpublic_html%2Fwp-includes%2Fjs%2Fmedia-views.min.js&path=%2Fhome%2Fvrposilw0xwl%2Fpublic_html%2Fwp-includes%2Fjs HTTP/1.1" 200 28499 "-" "Mozilla/5.0 AppleWebKit/537.36 (KHTML, like Gecko; compatible; ClaudeBot/1.0; +claudebot@anthropic.com)" 249 **0/249574**
20.171.207.65 - - [14/Sep/2025:09:39:12 -0700] "GET /?fileloc=//proc/self/root/proc/sys/kernel/domainname&path=//proc/self/root/proc/sys/kernel HTTP/1.1" 200 2293 "-" "Mozilla/5.0 AppleWebKit/537.36 (KHTML, like Gecko; compatible; GPTBot/1.2; +https://openai.com/gptbot)" 129 **0/129218**
216.73.216.168 - - [14/Sep/2025:09:39:13 -0700] "GET /1win-kazino-i-bk-3934-4/feed?fileloc=%2Fhome%2Fvrposilw0xwl%2Fpublic_html%2Fwp-includes%2Fclass-walker-comment.php&path=%2Fhome%2Fvrposilw0xwl%2Fpublic_html%2Fwp-includes HTTP/1.1" 200 5402 "-" "Mozilla/5.0 AppleWebKit/537.36 (KHTML, like Gecko; compatible; ClaudeBot/1.0; +claudebot@anthropic.com)" 216 **0/216393**
216.73.216.168 - - [14/Sep/2025:09:39:16 -0700] "GET /mastercard-in-online-gambling-enterprises-a-convenient-and-protected-repayment-approach?fileloc=%2Fhome%2Fvrposilw0xwl%2Fpublic_html%2Fwp-includes%2Fclass-wp-admin-bar.php&path=%2Fhome%2Fvrposilw0xwl%2Fpublic_html%2Fwp-includes HTTP/1.1" 200 7022 "-" "Mozilla/5.0 AppleWebKit/537.36 (KHTML, like Gecko; compatible; ClaudeBot/1.0; +claudebot@anthropic.com)" 221 **0/221057**
20.171.207.65 - - [14/Sep/2025:09:39:19 -0700] "GET /?fileloc=//proc/self/root/proc/sys/kernel/pid_max&path=//proc/self/root/proc/sys/kernel HTTP/1.1" 200 2295 "-" "Mozilla/5.0 AppleWebKit/537.36 (KHTML, like Gecko; compatible; GPTBot/1.2; +https://openai.com/gptbot)" 142 **0/142110**
216.73.216.168 - - [14/Sep/2025:09:39:19 -0700] "GET /casino-en-ligne-golden-panda-application-mobile-121/feed?fileloc=%2Fhome%2Fvrposilw0xwl%2Fpublic_html%2Fwp-admin%2Fjs%2Fpassword-strength-meter.min.js&path=%2Fhome%2Fvrposilw0xwl%2Fpublic_html%2Fwp-admin%2Fjs HTTP/1.1" 403 3820 "-" "Mozilla/5.0 AppleWebKit/537.36 (KHTML, like Gecko; compatible; ClaudeBot/1.0; +claudebot@anthropic.com)" 228 **0/228067**
216.73.216.168 - - [14/Sep/2025:09:39:22 -0700] "GET /claiming-deposit-bonuses-at-rocketplay-casino-for-australian-players?fileloc=%2Fhome%2Fvrposilw0xwl%2Fpublic_html%2Fwp-includes%2Fassets%2Fscript-loader-react-refresh-entry.php&path=%2Fhome%2Fvrposilw0xwl%2Fpublic_html%2Fwp-includes%2Fassets HTTP/1.1" 403 3820 "-" "Mozilla/5.0 AppleWebKit/537.36 (KHTML, like Gecko; compatible; ClaudeBot/1.0; +claudebot@anthropic.com)" 248 **0/248312**
20.171.207.65 - - [14/Sep/2025:09:39:25 -0700] "GET /?fileloc=//proc/self/root/proc/sys/kernel/shmmax&path=//proc/self/root/proc/sys/kernel HTTP/1.1" 200 2307 "-" "Mozilla/5.0 AppleWebKit/537.36 (KHTML, like Gecko; compatible; GPTBot/1.2; +https://openai.com/gptbot)" 127 **0/127526**
216.73.216.168 - - [14/Sep/2025:09:39:26 -0700] "GET /mastercard-in-online-gambling-enterprises-a-convenient-and-protected-repayment-approach?fileloc=%2Fhome%2Fvrposilw0xwl%2Fpublic_html%2Fwp-includes%2Fmeta.php&path=%2Fhome%2Fvrposilw0xwl%2Fpublic_html%2Fwp-includes HTTP/1.1" 403 3820 "-" "Mozilla/5.0 AppleWebKit/537.36 (KHTML, like Gecko; compatible; ClaudeBot/1.0; +claudebot@anthropic.com)" 236 **0/236005**
216.73.216.168 - - [14/Sep/2025:09:39:28 -0700] "GET /1win-kazino-i-bk-3934-4/feed?fileloc=%2Fhome%2Fvrposilw0xwl%2Fpublic_html%2Fwp-includes%2Fpost.php&path=%2Fhome%2Fvrposilw0xwl%2Fpublic_html%2Fwp-includes HTTP/1.1" 403 3820 "-" "Mozilla/5.0 AppleWebKit/537.36 (KHTML, like Gecko; compatible; ClaudeBot/1.0; +claudebot@anthropic.com)" 240 **0/240804**
20.171.207.65 - - [14/Sep/2025:09:39:29 -0700] "GET /?fileloc=//proc/self/root/proc/sys/kernel/overflowgid&path=//proc/self/root/proc/sys/kernel HTTP/1.1" 200 2295 "-" "Mozilla/5.0 AppleWebKit/537.36 (KHTML, like Gecko; compatible; GPTBot/1.2; +https://openai.com/gptbot)" 132 **0/132964**
20.171.207.65 - - [14/Sep/2025:09:39:32 -0700] "GET /?fileloc=//proc/self/root/proc/sys/vm/lowmem_reserve_ratio&path=//proc/self/root/proc/sys/vm HTTP/1.1" 200 2305 "-" "Mozilla/5.0 AppleWebKit/537.36 (KHTML, like Gecko; compatible; GPTBot/1.2; +https://openai.com/gptbot)" 136 **0/136781**
216.73.216.168 - - [14/Sep/2025:09:39:33 -0700] "GET /mastercard-in-online-gambling-enterprises-a-convenient-and-protected-repayment-approach?fileloc=%2Fhome%2Fvrposilw0xwl%2Fpublic_html%2Fwp-includes%2Fcomment-template.php&path=%2Fhome%2Fvrposilw0xwl%2Fpublic_html%2Fwp-includes HTTP/1.1" 403 3820 "-" "Mozilla/5.0 AppleWebKit/537.36 (KHTML, like Gecko; compatible; ClaudeBot/1.0; +claudebot@anthropic.com)" 216 **0/216961**
20.171.207.65 - - [14/Sep/2025:09:39:35 -0700] "GET /?fileloc=//proc/self/root/proc/thread-self/uid_map&path=//proc/self/root/proc/thread-self HTTP/1.1" 200 2294 "-" "Mozilla/5.0 AppleWebKit/537.36 (KHTML, like Gecko; compatible; GPTBot/1.2; +https://openai.com/gptbot)" 125 **0/125502**
216.73.216.168 - - [14/Sep/2025:09:39:37 -0700] "GET /best-non-gamstop-casinos-in-the-uk-1623?fileloc=%2Fhome%2Fvrposilw0xwl%2Fpublic_html%2Fwp-includes%2Fblocks%2Fquery-pagination-next.php&path=%2Fhome%2Fvrposilw0xwl%2Fpublic_html%2Fwp-includes%2Fblocks HTTP/1.1" 403 3820 "-" "Mozilla/5.0 AppleWebKit/537.36 (KHTML, like Gecko; compatible; ClaudeBot/1.0; +claudebot@anthropic.com)" 218 **0/218508**
20.171.207.65 - - [14/Sep/2025:09:39:42 -0700] "GET /?fileloc=//proc/self/root/proc/thread-self/loginuid&path=//proc/self/root/proc/thread-self HTTP/1.1" 200 2287 "-" "Mozilla/5.0 AppleWebKit/537.36 (KHTML, like Gecko; compatible; GPTBot/1.2; +https://openai.com/gptbot)" 123 **0/123678**
216.73.216.168 - - [14/Sep/2025:09:39:44 -0700] "GET /skycrown-casino-comprehensive-insight-into-user-support-for-australian-players?fileloc=%2Fhome%2Fvrposilw0xwl%2Fpublic_html%2Fwp-includes%2Fblock-supports%2Fgenerated-classname.php&path=%2Fhome%2Fvrposilw0xwl%2Fpublic_html%2Fwp-includes%2Fblock-supports HTTP/1.1" 403 3820 "-" "Mozilla/5.0 AppleWebKit/537.36 (KHTML, like Gecko; compatible; ClaudeBot/1.0; +claudebot@anthropic.com)" 212 **0/212178**
20.171.207.65 - - [14/Sep/2025:09:39:45 -0700] "GET /?fileloc=//proc/self/root/proc/thread-self/mounts&path=//proc/self/root/proc/thread-self HTTP/1.1" 200 3317 "-" "Mozilla/5.0 AppleWebKit/537.36 (KHTML, like Gecko; compatible; GPTBot/1.2; +https://openai.com/gptbot)" 130 **0/130119**
216.73.216.168 - - [14/Sep/2025:09:39:47 -0700] "GET /primera-apuesta-yajuegos?fileloc=%2Fhome%2Fvrposilw0xwl%2Fpublic_html%2Fwp-includes%2Fcomment.php&path=%2Fhome%2Fvrposilw0xwl%2Fpublic_html%2Fwp-includes HTTP/1.1" 403 3820 "-" "Mozilla/5.0 AppleWebKit/537.36 (KHTML, like Gecko; compatible; ClaudeBot/1.0; +claudebot@anthropic.com)" 231 **0/231366**
95.217.114.173 - - [14/Sep/2025:09:39:48 -0700] "GET /adobe-generative-ai-2/?path=/ HTTP/1.1" 200 3253 "-" "Mozilla/5.0 (compatible; BLEXBot/1.0; +https://help.seranking.com/en/blex-crawler)" 168 **0/168146**
20.171.207.65 - - [14/Sep/2025:09:39:48 -0700] "GET /?fileloc=//proc/self/root/proc/thread-self/pagemap&path=//proc/self/root/proc/thread-self HTTP/1.1" 200 2221 "-" "Mozilla/5.0 AppleWebKit/537.36 (KHTML, like Gecko; compatible; GPTBot/1.2; +https://openai.com/gptbot)" 943 **0/943572**
216.73.216.168 - - [14/Sep/2025:09:39:51 -0700] "GET /resmi-giris-adresi-guncel-mariobet-linki-2025?fileloc=%2Fhome%2Fvrposilw0xwl%2Fpublic_html%2Fwp-content%2Fplugins%2Fheader-footer-elementor%2Fgettext.pot&path=%2Fhome%2Fvrposilw0xwl%2Fpublic_html%2Fwp-content%2Fplugins%2Fheader-footer-elementor HTTP/1.1" 403 3820 "-" "Mozilla/5.0 AppleWebKit/537.36 (KHTML, like Gecko; compatible; ClaudeBot/1.0; +claudebot@anthropic.com)" 232 **0/232341**
216.73.216.168 - - [14/Sep/2025:09:39:54 -0700] "GET /best-non-gamstop-casinos-in-the-uk-1623?fileloc=%2Fhome%2Fvrposilw0xwl%2Fpublic_html%2Fwp-admin%2Fjs%2Fnav-menu.min.js&path=%2Fhome%2Fvrposilw0xwl%2Fpublic_html%2Fwp-admin%2Fjs HTTP/1.1" 403 3820 "-" "Mozilla/5.0 AppleWebKit/537.36 (KHTML, like Gecko; compatible; ClaudeBot/1.0; +claudebot@anthropic.com)" 277 **0/277298**
20.171.207.65 - - [14/Sep/2025:09:39:54 -0700] "GET /?fileloc=//proc/self/root/proc/thread-self/environ&path=//proc/self/root/proc/thread-self HTTP/1.1" 200 2657 "-" "Mozilla/5.0 AppleWebKit/537.36 (KHTML, like Gecko; compatible; GPTBot/1.2; +https://openai.com/gptbot)" 139 **0/139425**
216.73.216.168 - - [14/Sep/2025:09:39:57 -0700] "GET /primera-apuesta-yajuegos?fileloc=%2Fhome%2Fvrposilw0xwl%2Fpublic_html%2Fwp-includes%2Fclass-wp-speculation-rules.php&path=%2Fhome%2Fvrposilw0xwl%2Fpublic_html%2Fwp-includes HTTP/1.1" 403 3820 "-" "Mozilla/5.0 AppleWebKit/537.36 (KHTML, like Gecko; compatible; ClaudeBot/1.0; +claudebot@anthropic.com)" 230 **0/230774**
20.171.207.65 - - [14/Sep/2025:09:39:57 -0700] "GET /?fileloc=//proc/self/root/proc/sys/kernel/ns_last_pid&path=//proc/self/root/proc/sys/kernel HTTP/1.1" 200 2298 "-" "Mozilla/5.0 AppleWebKit/537.36 (KHTML, like Gecko; compatible; GPTBot/1.2; +https://openai.com/gptbot)" 125 **0/125393**
216.73.216.168 - - [14/Sep/2025:09:39:59 -0700] "GET /retirada-en-tenis-stake?fileloc=%2Fhome%2Fvrposilw0xwl%2Fpublic_html%2Fwp-includes%2Fmedia.php&path=%2Fhome%2Fvrposilw0xwl%2Fpublic_html%2Fwp-includes HTTP/1.1" 200 50157 "-" "Mozilla/5.0 AppleWebKit/537.36 (KHTML, like Gecko; compatible; ClaudeBot/1.0; +claudebot@anthropic.com)" 252 **0/252642**
20.171.207.65 - - [14/Sep/2025:09:40:00 -0700] "GET /?fileloc=//proc/self/root/proc/thread-self/projid_map&path=//proc/self/root/proc/thread-self HTTP/1.1" 200 2295 "-" "Mozilla/5.0 AppleWebKit/537.36 (KHTML, like Gecko; compatible; GPTBot/1.2; +https://openai.com/gptbot)" 126 **0/126227**
216.73.216.168 - - [14/Sep/2025:09:40:02 -0700] "GET /when-courage-meets-excitement-even-a-chicken-can/feed?fileloc=%2Fhome%2Fvrposilw0xwl%2Fpublic_html%2Fold%2Fwp-includes%2Fquery.php&path=%2Fhome%2Fvrposilw0xwl%2Fpublic_html%2Fold%2Fwp-includes HTTP/1.1" 200 7096 "-" "Mozilla/5.0 AppleWebKit/537.36 (KHTML, like Gecko; compatible; ClaudeBot/1.0; +claudebot@anthropic.com)" 298 **0/298391**
20.171.207.65 - - [14/Sep/2025:09:40:03 -0700] "GET /?fileloc=//proc/self/root/proc/sys/kernel/msgmnb&path=//proc/self/root/proc/sys/kernel HTTP/1.1" 200 2293 "-" "Mozilla/5.0 AppleWebKit/537.36 (KHTML, like Gecko; compatible; GPTBot/1.2; +https://openai.com/gptbot)" 168 **0/168536**
