216.73.216.168 - - [14/Sep/2025:09:40:05 -0700] "GET /when-courage-meets-excitement-even-a-chicken-can/feed?fileloc=%2Fhome%2Fvrposilw0xwl%2Fpublic_html%2Fold%2Fwp-includes%2Fglobal-styles-and-settings.php&path=%2Fhome%2Fvrposilw0xwl%2Fpublic_html%2Fold%2Fwp-includes HTTP/1.1" 200 7655 "-" "Mozilla/5.0 AppleWebKit/537.36 (KHTML, like Gecko; compatible; ClaudeBot/1.0; +claudebot@anthropic.com)" 240 **0/240805**
20.171.207.65 - - [14/Sep/2025:09:40:06 -0700] "GET /?fileloc=//proc/self/root/proc/thread-self/cmdline&path=//proc/self/root/proc/thread-self HTTP/1.1" 200 2303 "-" "Mozilla/5.0 AppleWebKit/537.36 (KHTML, like Gecko; compatible; GPTBot/1.2; +https://openai.com/gptbot)" 159 **0/159533**
216.73.216.168 - - [14/Sep/2025:09:40:08 -0700] "GET /mastercard-in-online-gambling-enterprises-a-convenient-and-protected-repayment-approach?fileloc=%2Fhome%2Fvrposilw0xwl%2Fpublic_html%2Fwp-includes%2Fdefault-constants.php&path=%2Fhome%2Fvrposilw0xwl%2Fpublic_html%2Fwp-includes HTTP/1.1" 200 5125 "-" "Mozilla/5.0 AppleWebKit/537.36 (KHTML, like Gecko; compatible; ClaudeBot/1.0; +claudebot@anthropic.com)" 230 **0/230665**
216.73.216.168 - - [14/Sep/2025:09:40:11 -0700] "GET /mastercard-in-online-gambling-enterprises-a-convenient-and-protected-repayment-approach?fileloc=%2Fhome%2Fvrposilw0xwl%2Fpublic_html%2Fwp-includes%2Fclass-wp-theme-json.php&path=%2Fhome%2Fvrposilw0xwl%2Fpublic_html%2Fwp-includes HTTP/1.1" 200 36927 "-" "Mozilla/5.0 AppleWebKit/537.36 (KHTML, like Gecko; compatible; ClaudeBot/1.0; +claudebot@anthropic.com)" 250 **0/250248**
20.171.207.65 - - [14/Sep/2025:09:40:12 -0700] "GET /?fileloc=//proc/self/root/proc/sys/kernel/sem_next_id&path=//proc/self/root/proc/sys/kernel HTTP/1.1" 200 2293 "-" "Mozilla/5.0 AppleWebKit/537.36 (KHTML, like Gecko; compatible; GPTBot/1.2; +https://openai.com/gptbot)" 130 **0/130025**
216.73.216.168 - - [14/Sep/2025:09:40:14 -0700] "GET /casino-en-ligne-golden-panda-application-mobile-121/feed?fileloc=%2Fhome%2Fvrposilw0xwl%2Fpublic_html%2Fwp-admin%2Fjs%2Fapplication-passwords.js&path=%2Fhome%2Fvrposilw0xwl%2Fpublic_html%2Fwp-admin%2Fjs HTTP/1.1" 200 4048 "-" "Mozilla/5.0 AppleWebKit/537.36 (KHTML, like Gecko; compatible; ClaudeBot/1.0; +claudebot@anthropic.com)" 283 **0/283498**
20.171.207.65 - - [14/Sep/2025:09:40:15 -0700] "GET /?fileloc=//proc/self/root/proc/sys/kernel/cad_pid&path=//proc/self/root/proc/sys/kernel HTTP/1.1" 200 2288 "-" "Mozilla/5.0 AppleWebKit/537.36 (KHTML, like Gecko; compatible; GPTBot/1.2; +https://openai.com/gptbot)" 121 **0/121920**
57.141.2.31 - - [14/Sep/2025:09:40:17 -0700] "GET /goods/20915353.html HTTP/1.1" 200 72275 "-" "meta-externalagent/1.1 (+https://developers.facebook.com/docs/sharing/webmasters/crawler)" 125 **0/125408**
216.73.216.168 - - [14/Sep/2025:09:40:17 -0700] "GET /1win-kazino-i-bk-3934-4/feed?fileloc=%2Fhome%2Fvrposilw0xwl%2Fpublic_html%2Fwp-includes%2Fclass-wp-meta-query.php&path=%2Fhome%2Fvrposilw0xwl%2Fpublic_html%2Fwp-includes HTTP/1.1" 200 9358 "-" "Mozilla/5.0 AppleWebKit/537.36 (KHTML, like Gecko; compatible; ClaudeBot/1.0; +claudebot@anthropic.com)" 268 **0/268240**
20.171.207.65 - - [14/Sep/2025:09:40:19 -0700] "GET /?fileloc=//proc/self/root/proc/sys/kernel/msgmax&path=//proc/self/root/proc/sys/kernel HTTP/1.1" 200 2293 "-" "Mozilla/5.0 AppleWebKit/537.36 (KHTML, like Gecko; compatible; GPTBot/1.2; +https://openai.com/gptbot)" 119 **0/119846**
216.73.216.168 - - [14/Sep/2025:09:40:20 -0700] "GET /casino-en-ligne-golden-panda-application-mobile-121/feed?fileloc=%2Fhome%2Fvrposilw0xwl%2Fpublic_html%2Fwp-admin%2Fjs%2Fpostbox.js&path=%2Fhome%2Fvrposilw0xwl%2Fpublic_html%2Fwp-admin%2Fjs HTTP/1.1" 200 7060 "-" "Mozilla/5.0 AppleWebKit/537.36 (KHTML, like Gecko; compatible; ClaudeBot/1.0; +claudebot@anthropic.com)" 268 **0/268964**
20.171.207.65 - - [14/Sep/2025:09:40:22 -0700] "GET /?fileloc=//proc/self/root/proc/sys/kernel/poweroff_cmd&path=//proc/self/root/proc/sys/kernel HTTP/1.1" 200 2299 "-" "Mozilla/5.0 AppleWebKit/537.36 (KHTML, like Gecko; compatible; GPTBot/1.2; +https://openai.com/gptbot)" 143 **0/143786**
216.73.216.168 - - [14/Sep/2025:09:40:23 -0700] "GET /mastercard-in-online-gambling-enterprises-a-convenient-and-protected-repayment-approach?fileloc=%2Fhome%2Fvrposilw0xwl%2Fpublic_html%2Fwp-includes%2Fspeculative-loading.php&path=%2Fhome%2Fvrposilw0xwl%2Fpublic_html%2Fwp-includes HTTP/1.1" 200 4882 "-" "Mozilla/5.0 AppleWebKit/537.36 (KHTML, like Gecko; compatible; ClaudeBot/1.0; +claudebot@anthropic.com)" 246 **0/246058**
20.171.207.65 - - [14/Sep/2025:09:40:26 -0700] "GET /?fileloc=//proc/self/root/proc/sys/kernel/printk_delay&path=//proc/self/root/proc/sys/kernel HTTP/1.1" 200 2292 "-" "Mozilla/5.0 AppleWebKit/537.36 (KHTML, like Gecko; compatible; GPTBot/1.2; +https://openai.com/gptbot)" 121 **0/121095**
216.73.216.168 - - [14/Sep/2025:09:40:26 -0700] "GET /uncategorized/confirmar-apuestas-888?fileloc=%2Fhome%2Fvrposilw0xwl%2Fpublic_html%2Fwp-includes%2Flink-template.php&path=%2Fhome%2Fvrposilw0xwl%2Fpublic_html%2Fwp-includes HTTP/1.1" 200 28360 "-" "Mozilla/5.0 AppleWebKit/537.36 (KHTML, like Gecko; compatible; ClaudeBot/1.0; +claudebot@anthropic.com)" 280 **0/280462**
216.73.216.168 - - [14/Sep/2025:09:40:29 -0700] "GET /skycrown-casino-comprehensive-insight-into-user-support-for-australian-players?fileloc=%2Fhome%2Fvrposilw0xwl%2Fpublic_html%2Fwp-includes%2Fblocks%2Flatest-posts.php&path=%2Fhome%2Fvrposilw0xwl%2Fpublic_html%2Fwp-includes%2Fblocks HTTP/1.1" 200 4720 "-" "Mozilla/5.0 AppleWebKit/537.36 (KHTML, like Gecko; compatible; ClaudeBot/1.0; +claudebot@anthropic.com)" 263 **0/263528**
216.73.216.168 - - [14/Sep/2025:09:40:32 -0700] "GET /uncategorized/confirmar-apuestas-888?fileloc=%2Fhome%2Fvrposilw0xwl%2Fpublic_html%2Fwp-includes%2Fclass-wp-admin-bar.php&path=%2Fhome%2Fvrposilw0xwl%2Fpublic_html%2Fwp-includes HTTP/1.1" 200 7022 "-" "Mozilla/5.0 AppleWebKit/537.36 (KHTML, like Gecko; compatible; ClaudeBot/1.0; +claudebot@anthropic.com)" 249 **0/249515**
20.171.207.65 - - [14/Sep/2025:09:40:35 -0700] "GET /?fileloc=//proc/self/root/proc/sys/kernel/ngroups_max&path=//proc/self/root/proc/sys/kernel HTTP/1.1" 200 2295 "-" "Mozilla/5.0 AppleWebKit/537.36 (KHTML, like Gecko; compatible; GPTBot/1.2; +https://openai.com/gptbot)" 148 **0/148833**
216.73.216.168 - - [14/Sep/2025:09:40:35 -0700] "GET /when-courage-meets-excitement-even-a-chicken-can/feed?fileloc=%2Fhome%2Fvrposilw0xwl%2Fpublic_html%2Fold%2Fwp-includes%2FSimplePie%2FLocator.php&path=%2Fhome%2Fvrposilw0xwl%2Fpublic_html%2Fold%2Fwp-includes%2FSimplePie HTTP/1.1" 200 5544 "-" "Mozilla/5.0 AppleWebKit/537.36 (KHTML, like Gecko; compatible; ClaudeBot/1.0; +claudebot@anthropic.com)" 238 **0/238780**
216.73.216.168 - - [14/Sep/2025:09:40:38 -0700] "GET /casino-en-ligne-golden-panda-application-mobile-121/feed?fileloc=%2Fhome%2Fvrposilw0xwl%2Fpublic_html%2Fwp-admin%2Fjs%2Fcustomize-nav-menus.min.js&path=%2Fhome%2Fvrposilw0xwl%2Fpublic_html%2Fwp-admin%2Fjs HTTP/1.1" 200 14457 "-" "Mozilla/5.0 AppleWebKit/537.36 (KHTML, like Gecko; compatible; ClaudeBot/1.0; +claudebot@anthropic.com)" 256 **0/256841**
216.73.216.168 - - [14/Sep/2025:09:40:41 -0700] "GET /mondobets-registro-bono?fileloc=%2Fhome%2Fvrposilw0xwl%2Fpublic_html%2Fold%2Fwp-admin%2Fnetwork%2Fuser-edit.php&path=%2Fhome%2Fvrposilw0xwl%2Fpublic_html%2Fold%2Fwp-admin%2Fnetwork HTTP/1.1" 200 2426 "-" "Mozilla/5.0 AppleWebKit/537.36 (KHTML, like Gecko; compatible; ClaudeBot/1.0; +claudebot@anthropic.com)" 250 **0/250109**
20.171.207.65 - - [14/Sep/2025:09:40:42 -0700] "GET /?fileloc=//proc/self/root/proc/sys/kernel/soft_watchdog&path=//proc/self/root/proc/sys/kernel HTTP/1.1" 200 2293 "-" "Mozilla/5.0 AppleWebKit/537.36 (KHTML, like Gecko; compatible; GPTBot/1.2; +https://openai.com/gptbot)" 127 **0/127400**
216.73.216.168 - - [14/Sep/2025:09:40:44 -0700] "GET /mastercard-in-online-gambling-enterprises-a-convenient-and-protected-repayment-approach?fileloc=%2Fhome%2Fvrposilw0xwl%2Fpublic_html%2Fwp-includes%2Fclass-wp-block-supports.php&path=%2Fhome%2Fvrposilw0xwl%2Fpublic_html%2Fwp-includes HTTP/1.1" 200 3771 "-" "Mozilla/5.0 AppleWebKit/537.36 (KHTML, like Gecko; compatible; ClaudeBot/1.0; +claudebot@anthropic.com)" 265 **0/265070**
20.171.207.65 - - [14/Sep/2025:09:40:45 -0700] "GET /?fileloc=//proc/self/root/proc/sys/kernel/core_uses_pid&path=//proc/self/root/proc/sys/kernel HTTP/1.1" 200 2296 "-" "Mozilla/5.0 AppleWebKit/537.36 (KHTML, like Gecko; compatible; GPTBot/1.2; +https://openai.com/gptbot)" 130 **0/130948**
216.73.216.168 - - [14/Sep/2025:09:40:47 -0700] "GET /uncategorized/confirmar-apuestas-888?fileloc=%2Fhome%2Fvrposilw0xwl%2Fpublic_html%2Fwp-includes%2Fcategory.php&path=%2Fhome%2Fvrposilw0xwl%2Fpublic_html%2Fwp-includes HTTP/1.1" 200 5716 "-" "Mozilla/5.0 AppleWebKit/537.36 (KHTML, like Gecko; compatible; ClaudeBot/1.0; +claudebot@anthropic.com)" 235 **0/235480**
20.171.207.65 - - [14/Sep/2025:09:40:48 -0700] "GET /?fileloc=//proc/self/root/proc/thread-self/mountinfo&path=//proc/self/root/proc/thread-self HTTP/1.1" 200 3992 "-" "Mozilla/5.0 AppleWebKit/537.36 (KHTML, like Gecko; compatible; GPTBot/1.2; +https://openai.com/gptbot)" 128 **0/128885**
20.171.207.65 - - [14/Sep/2025:09:40:52 -0700] "GET /?fileloc=//proc/self/root/proc/sys/fs/symlinkown_gid&path=//proc/self/root/proc/sys/fs HTTP/1.1" 200 2291 "-" "Mozilla/5.0 AppleWebKit/537.36 (KHTML, like Gecko; compatible; GPTBot/1.2; +https://openai.com/gptbot)" 155 **0/155206**
20.171.207.65 - - [14/Sep/2025:09:40:54 -0700] "GET /?fileloc=//proc/self/root/proc/sys/kernel/msgmni&path=//proc/self/root/proc/sys/kernel HTTP/1.1" 200 2294 "-" "Mozilla/5.0 AppleWebKit/537.36 (KHTML, like Gecko; compatible; GPTBot/1.2; +https://openai.com/gptbot)" 125 **0/125755**
20.171.207.65 - - [14/Sep/2025:09:40:57 -0700] "GET /?fileloc=//proc/self/root/proc/thread-self/oom_score&path=//proc/self/root/proc/thread-self HTTP/1.1" 200 2284 "-" "Mozilla/5.0 AppleWebKit/537.36 (KHTML, like Gecko; compatible; GPTBot/1.2; +https://openai.com/gptbot)" 134 **0/134043**
20.171.207.65 - - [14/Sep/2025:09:41:01 -0700] "GET /?fileloc=//proc/self/root/proc/thread-self/limits&path=//proc/self/root/proc/thread-self HTTP/1.1" 200 2493 "-" "Mozilla/5.0 AppleWebKit/537.36 (KHTML, like Gecko; compatible; GPTBot/1.2; +https://openai.com/gptbot)" 135 **0/135284**
20.171.207.65 - - [14/Sep/2025:09:41:03 -0700] "GET /?fileloc=//proc/self/root/proc/thread-self/sched&path=//proc/self/root/proc/thread-self HTTP/1.1" 200 2962 "-" "Mozilla/5.0 AppleWebKit/537.36 (KHTML, like Gecko; compatible; GPTBot/1.2; +https://openai.com/gptbot)" 131 **0/131324**
20.171.207.65 - - [14/Sep/2025:09:41:06 -0700] "GET /?fileloc=//proc/self/root/proc/sys/kernel/panic_on_oops&path=//proc/self/root/proc/sys/kernel HTTP/1.1" 200 2296 "-" "Mozilla/5.0 AppleWebKit/537.36 (KHTML, like Gecko; compatible; GPTBot/1.2; +https://openai.com/gptbot)" 151 **0/151567**
20.171.207.65 - - [14/Sep/2025:09:41:09 -0700] "GET /?fileloc=//proc/self/root/proc/sys/kernel/cap_last_cap&path=//proc/self/root/proc/sys/kernel HTTP/1.1" 200 2295 "-" "Mozilla/5.0 AppleWebKit/537.36 (KHTML, like Gecko; compatible; GPTBot/1.2; +https://openai.com/gptbot)" 152 **0/152187**
20.171.207.65 - - [14/Sep/2025:09:41:13 -0700] "GET /?fileloc=//proc/self/root/proc/sys/kernel/kptr_restrict&path=//proc/self/root/proc/sys/kernel HTTP/1.1" 200 2293 "-" "Mozilla/5.0 AppleWebKit/537.36 (KHTML, like Gecko; compatible; GPTBot/1.2; +https://openai.com/gptbot)" 497 **0/497964**
20.171.207.65 - - [14/Sep/2025:09:41:15 -0700] "GET /?fileloc=//proc/self/root/proc/thread-self/status&path=//proc/self/root/proc/thread-self HTTP/1.1" 200 2772 "-" "Mozilla/5.0 AppleWebKit/537.36 (KHTML, like Gecko; compatible; GPTBot/1.2; +https://openai.com/gptbot)" 161 **0/161251**
20.171.207.65 - - [14/Sep/2025:09:41:18 -0700] "GET /?fileloc=//proc/self/root/proc/thread-self/sessionid&path=//proc/self/root/proc/thread-self HTTP/1.1" 200 2288 "-" "Mozilla/5.0 AppleWebKit/537.36 (KHTML, like Gecko; compatible; GPTBot/1.2; +https://openai.com/gptbot)" 136 **0/136234**
20.171.207.65 - - [14/Sep/2025:09:41:22 -0700] "GET /?fileloc=//proc/self/root/proc/thread-self/cgroup&path=//proc/self/root/proc/thread-self HTTP/1.1" 200 2407 "-" "Mozilla/5.0 AppleWebKit/537.36 (KHTML, like Gecko; compatible; GPTBot/1.2; +https://openai.com/gptbot)" 149 **0/149262**
20.171.207.65 - - [14/Sep/2025:09:41:25 -0700] "GET /?fileloc=//proc/self/root/proc/sys/fs/protected_hardlinks&path=//proc/self/root/proc/sys/fs HTTP/1.1" 200 2291 "-" "Mozilla/5.0 AppleWebKit/537.36 (KHTML, like Gecko; compatible; GPTBot/1.2; +https://openai.com/gptbot)" 130 **0/130862**
95.217.114.173 - - [14/Sep/2025:09:41:25 -0700] "GET /adobe-generative-ai-2-2/?path=/ HTTP/1.1" 200 3253 "-" "Mozilla/5.0 (compatible; BLEXBot/1.0; +https://help.seranking.com/en/blex-crawler)" 139 **0/139799**
77.75.79.95 - - [14/Sep/2025:09:41:28 -0700] "GET /886287?goodscode=0000885806 HTTP/1.1" 200 4429 "-" "Mozilla/5.0 (compatible; SeznamBot/4.0; +https://o-seznam.cz/napoveda/vyhledavani/en/seznambot-crawler/)" 294 **0/294308**
20.171.207.65 - - [14/Sep/2025:09:41:32 -0700] "GET /?fileloc=//proc/self/root/proc/thread-self/children&path=//proc/self/root/proc/thread-self HTTP/1.1" 200 2279 "-" "Mozilla/5.0 AppleWebKit/537.36 (KHTML, like Gecko; compatible; GPTBot/1.2; +https://openai.com/gptbot)" 137 **0/137450**
77.75.79.95 - - [14/Sep/2025:09:41:33 -0700] "GET /783664?goodscode=0000783322 HTTP/1.1" 200 4429 "-" "Mozilla/5.0 (compatible; SeznamBot/4.0; +https://o-seznam.cz/napoveda/vyhledavani/en/seznambot-crawler/)" 233 **0/233175**
20.171.207.65 - - [14/Sep/2025:09:41:41 -0700] "GET /?fileloc=//proc/self/root/proc/thread-self/schedstat&path=//proc/self/root/proc/thread-self HTTP/1.1" 200 2297 "-" "Mozilla/5.0 AppleWebKit/537.36 (KHTML, like Gecko; compatible; GPTBot/1.2; +https://openai.com/gptbot)" 130 **0/130708**
20.171.207.65 - - [14/Sep/2025:09:42:01 -0700] "GET /?fileloc=//proc/self/root/proc/sys/kernel/user_ptrace&path=//proc/self/root/proc/sys/kernel HTTP/1.1" 200 2291 "-" "Mozilla/5.0 AppleWebKit/537.36 (KHTML, like Gecko; compatible; GPTBot/1.2; +https://openai.com/gptbot)" 126 **0/126226**
20.171.207.65 - - [14/Sep/2025:09:42:06 -0700] "GET /?path=//proc/self/root/proc/sysvipc HTTP/1.1" 200 2628 "-" "Mozilla/5.0 AppleWebKit/537.36 (KHTML, like Gecko; compatible; GPTBot/1.2; +https://openai.com/gptbot)" 139 **0/139172**
20.171.207.65 - - [14/Sep/2025:09:42:12 -0700] "GET /?path=//proc/self/root/proc/driver HTTP/1.1" 200 2611 "-" "Mozilla/5.0 AppleWebKit/537.36 (KHTML, like Gecko; compatible; GPTBot/1.2; +https://openai.com/gptbot)" 143 **0/143267**
20.171.207.65 - - [14/Sep/2025:09:42:15 -0700] "GET /?path=//proc/self/root/proc/sys/abi HTTP/1.1" 200 2595 "-" "Mozilla/5.0 AppleWebKit/537.36 (KHTML, like Gecko; compatible; GPTBot/1.2; +https://openai.com/gptbot)" 149 **0/149397**
20.171.207.65 - - [14/Sep/2025:09:42:21 -0700] "GET /?fileloc=//proc/self/root/proc/thread-self/exe&path=//proc/self/root/proc/thread-self HTTP/1.1" 200 2278 "-" "Mozilla/5.0 AppleWebKit/537.36 (KHTML, like Gecko; compatible; GPTBot/1.2; +https://openai.com/gptbot)" 147 **0/147331**
95.217.114.173 - - [14/Sep/2025:09:42:25 -0700] "GET /adobe-generative-ai-2/?path=/home HTTP/1.1" 200 2772 "-" "Mozilla/5.0 (compatible; BLEXBot/1.0; +https://help.seranking.com/en/blex-crawler)" 141 **0/141320**
20.171.207.65 - - [14/Sep/2025:09:42:28 -0700] "GET /?fileloc=//proc/self/root/proc/sys/fs/pipe-user-pages-soft&path=//proc/self/root/proc/sys/fs HTTP/1.1" 200 2300 "-" "Mozilla/5.0 AppleWebKit/537.36 (KHTML, like Gecko; compatible; GPTBot/1.2; +https://openai.com/gptbot)" 142 **0/142906**
20.171.207.65 - - [14/Sep/2025:09:42:31 -0700] "GET /?fileloc=//proc/self/root/proc/thread-self/setgroups&path=//proc/self/root/proc/thread-self HTTP/1.1" 200 2284 "-" "Mozilla/5.0 AppleWebKit/537.36 (KHTML, like Gecko; compatible; GPTBot/1.2; +https://openai.com/gptbot)" 134 **0/134093**
20.171.207.65 - - [14/Sep/2025:09:42:34 -0700] "GET /?fileloc=//proc/self/root/proc/thread-self/syscall&path=//proc/self/root/proc/thread-self HTTP/1.1" 200 2320 "-" "Mozilla/5.0 AppleWebKit/537.36 (KHTML, like Gecko; compatible; GPTBot/1.2; +https://openai.com/gptbot)" 121 **0/121862**
20.171.207.65 - - [14/Sep/2025:09:42:44 -0700] "GET /?fileloc=//proc/self/root/proc/thread-self/statm&path=//proc/self/root/proc/thread-self HTTP/1.1" 200 2300 "-" "Mozilla/5.0 AppleWebKit/537.36 (KHTML, like Gecko; compatible; GPTBot/1.2; +https://openai.com/gptbot)" 119 **0/119623**
20.171.207.65 - - [14/Sep/2025:09:42:46 -0700] "GET /?fileloc=//proc/self/root/proc/thread-self/stack&path=//proc/self/root/proc/thread-self HTTP/1.1" 200 2279 "-" "Mozilla/5.0 AppleWebKit/537.36 (KHTML, like Gecko; compatible; GPTBot/1.2; +https://openai.com/gptbot)" 135 **0/135545**
20.171.207.65 - - [14/Sep/2025:09:42:56 -0700] "GET /?fileloc=//proc/self/root/proc/sys/fs/protected_regular&path=//proc/self/root/proc/sys/fs HTTP/1.1" 200 2289 "-" "Mozilla/5.0 AppleWebKit/537.36 (KHTML, like Gecko; compatible; GPTBot/1.2; +https://openai.com/gptbot)" 132 **0/132332**
20.171.207.65 - - [14/Sep/2025:09:42:59 -0700] "GET /?fileloc=//proc/self/root/proc/sys/kernel/shmmni&path=//proc/self/root/proc/sys/kernel HTTP/1.1" 200 2292 "-" "Mozilla/5.0 AppleWebKit/537.36 (KHTML, like Gecko; compatible; GPTBot/1.2; +https://openai.com/gptbot)" 130 **0/130699**
20.171.207.65 - - [14/Sep/2025:09:43:03 -0700] "GET /?fileloc=//proc/self/root/proc/sys/kernel/tainted&path=//proc/self/root/proc/sys/kernel HTTP/1.1" 200 2292 "-" "Mozilla/5.0 AppleWebKit/537.36 (KHTML, like Gecko; compatible; GPTBot/1.2; +https://openai.com/gptbot)" 136 **0/136046**
20.171.207.65 - - [14/Sep/2025:09:43:06 -0700] "GET /?fileloc=//proc/self/root/proc/sys/kernel/rh_flags&path=//proc/self/root/proc/sys/kernel HTTP/1.1" 200 2311 "-" "Mozilla/5.0 AppleWebKit/537.36 (KHTML, like Gecko; compatible; GPTBot/1.2; +https://openai.com/gptbot)" 140 **0/140886**
20.171.207.65 - - [14/Sep/2025:09:43:15 -0700] "GET /?fileloc=//proc/self/root/proc/thread-self/clear_refs&path=//proc/self/root/proc/thread-self HTTP/1.1" 200 2279 "-" "Mozilla/5.0 AppleWebKit/537.36 (KHTML, like Gecko; compatible; GPTBot/1.2; +https://openai.com/gptbot)" 137 **0/137315**
20.171.207.65 - - [14/Sep/2025:09:43:21 -0700] "GET /?fileloc=//proc/self/root/proc/thread-self/mem&path=//proc/self/root/proc/thread-self HTTP/1.1" 200 2278 "-" "Mozilla/5.0 AppleWebKit/537.36 (KHTML, like Gecko; compatible; GPTBot/1.2; +https://openai.com/gptbot)" 143 **0/143509**
20.171.207.65 - - [14/Sep/2025:09:43:24 -0700] "GET /?fileloc=//proc/self/root/proc/sys/vm/overcommit_memory&path=//proc/self/root/proc/sys/vm HTTP/1.1" 200 2293 "-" "Mozilla/5.0 AppleWebKit/537.36 (KHTML, like Gecko; compatible; GPTBot/1.2; +https://openai.com/gptbot)" 136 **0/136934**
20.171.207.65 - - [14/Sep/2025:09:43:30 -0700] "GET /?fileloc=//proc/self/root/proc/thread-self/maps&path=//proc/self/root/proc/thread-self HTTP/1.1" 200 10172 "-" "Mozilla/5.0 AppleWebKit/537.36 (KHTML, like Gecko; compatible; GPTBot/1.2; +https://openai.com/gptbot)" 131 **0/131415**
20.171.207.65 - - [14/Sep/2025:09:43:33 -0700] "GET /?fileloc=//proc/self/root/proc/thread-self/patch_state&path=//proc/self/root/proc/thread-self HTTP/1.1" 200 2282 "-" "Mozilla/5.0 AppleWebKit/537.36 (KHTML, like Gecko; compatible; GPTBot/1.2; +https://openai.com/gptbot)" 123 **0/123768**
20.171.207.65 - - [14/Sep/2025:09:43:37 -0700] "GET /?fileloc=//proc/self/root/proc/sys/kernel/hostname&path=//proc/self/root/proc/sys/kernel HTTP/1.1" 200 2292 "-" "Mozilla/5.0 AppleWebKit/537.36 (KHTML, like Gecko; compatible; GPTBot/1.2; +https://openai.com/gptbot)" 122 **0/122597**
20.171.207.65 - - [14/Sep/2025:09:43:43 -0700] "GET /?fileloc=//proc/self/root/proc/sys/kernel/modprobe&path=//proc/self/root/proc/sys/kernel HTTP/1.1" 200 2297 "-" "Mozilla/5.0 AppleWebKit/537.36 (KHTML, like Gecko; compatible; GPTBot/1.2; +https://openai.com/gptbot)" 140 **0/140049**
20.171.207.65 - - [14/Sep/2025:09:43:46 -0700] "GET /?fileloc=//proc/self/root/proc/sys/fs/protected_symlinks&path=//proc/self/root/proc/sys/fs HTTP/1.1" 200 2290 "-" "Mozilla/5.0 AppleWebKit/537.36 (KHTML, like Gecko; compatible; GPTBot/1.2; +https://openai.com/gptbot)" 130 **0/130959**
20.171.207.65 - - [14/Sep/2025:09:43:55 -0700] "GET /?fileloc=//proc/self/root/proc/thread-self/smaps&path=//proc/self/root/proc/thread-self HTTP/1.1" 200 16140 "-" "Mozilla/5.0 AppleWebKit/537.36 (KHTML, like Gecko; compatible; GPTBot/1.2; +https://openai.com/gptbot)" 153 **0/153846**
20.171.207.65 - - [14/Sep/2025:09:44:05 -0700] "GET /?fileloc=//proc/self/root/proc/thread-self/comm&path=//proc/self/root/proc/thread-self HTTP/1.1" 200 2283 "-" "Mozilla/5.0 AppleWebKit/537.36 (KHTML, like Gecko; compatible; GPTBot/1.2; +https://openai.com/gptbot)" 131 **0/131444**
20.171.207.65 - - [14/Sep/2025:09:44:08 -0700] "GET /?fileloc=//proc/self/root/proc/sys/vm/extfrag_threshold&path=//proc/self/root/proc/sys/vm HTTP/1.1" 200 2295 "-" "Mozilla/5.0 AppleWebKit/537.36 (KHTML, like Gecko; compatible; GPTBot/1.2; +https://openai.com/gptbot)" 150 **0/150023**
20.171.207.65 - - [14/Sep/2025:09:44:11 -0700] "GET /?fileloc=//proc/self/root/proc/sys/vm/page_lock_unfairness&path=//proc/self/root/proc/sys/vm HTTP/1.1" 200 2299 "-" "Mozilla/5.0 AppleWebKit/537.36 (KHTML, like Gecko; compatible; GPTBot/1.2; +https://openai.com/gptbot)" 128 **0/128367**
20.171.207.65 - - [14/Sep/2025:09:44:14 -0700] "GET /?fileloc=//proc/self/root/proc/sys/vm/numa_zonelist_order&path=//proc/self/root/proc/sys/vm HTTP/1.1" 200 2299 "-" "Mozilla/5.0 AppleWebKit/537.36 (KHTML, like Gecko; compatible; GPTBot/1.2; +https://openai.com/gptbot)" 122 **0/122779**
20.171.207.65 - - [14/Sep/2025:09:44:20 -0700] "GET /?fileloc=//proc/self/root/proc/sys/vm/admin_reserve_kbytes&path=//proc/self/root/proc/sys/vm HTTP/1.1" 200 2296 "-" "Mozilla/5.0 AppleWebKit/537.36 (KHTML, like Gecko; compatible; GPTBot/1.2; +https://openai.com/gptbot)" 141 **0/141633**
20.171.207.65 - - [14/Sep/2025:09:44:25 -0700] "GET /?fileloc=//proc/self/root/proc/sys/kernel/nmi_watchdog&path=//proc/self/root/proc/sys/kernel HTTP/1.1" 200 2293 "-" "Mozilla/5.0 AppleWebKit/537.36 (KHTML, like Gecko; compatible; GPTBot/1.2; +https://openai.com/gptbot)" 123 **0/123694**
20.171.207.65 - - [14/Sep/2025:09:44:28 -0700] "GET /?fileloc=//proc/self/root/proc/sys/kernel/auto_msgmni&path=//proc/self/root/proc/sys/kernel HTTP/1.1" 200 2293 "-" "Mozilla/5.0 AppleWebKit/537.36 (KHTML, like Gecko; compatible; GPTBot/1.2; +https://openai.com/gptbot)" 135 **0/135136**
20.171.207.65 - - [14/Sep/2025:09:44:31 -0700] "GET /?fileloc=//proc/self/root/proc/thread-self/numa_maps&path=//proc/self/root/proc/thread-self HTTP/1.1" 200 8652 "-" "Mozilla/5.0 AppleWebKit/537.36 (KHTML, like Gecko; compatible; GPTBot/1.2; +https://openai.com/gptbot)" 124 **0/124041**
20.171.207.65 - - [14/Sep/2025:09:44:34 -0700] "GET /?fileloc=//proc/self/root/proc/sys/kernel/shm_next_id&path=//proc/self/root/proc/sys/kernel HTTP/1.1" 200 2295 "-" "Mozilla/5.0 AppleWebKit/537.36 (KHTML, like Gecko; compatible; GPTBot/1.2; +https://openai.com/gptbot)" 159 **0/159437**
20.171.207.65 - - [14/Sep/2025:09:44:37 -0700] "GET /?fileloc=//proc/self/root/proc/sys/vm/swappiness&path=//proc/self/root/proc/sys/vm HTTP/1.1" 200 2290 "-" "Mozilla/5.0 AppleWebKit/537.36 (KHTML, like Gecko; compatible; GPTBot/1.2; +https://openai.com/gptbot)" 152 **0/152366**
20.171.207.65 - - [14/Sep/2025:09:44:40 -0700] "GET /?fileloc=//proc/self/root/proc/sys/vm/compact_memory&path=//proc/self/root/proc/sys/vm HTTP/1.1" 200 2290 "-" "Mozilla/5.0 AppleWebKit/537.36 (KHTML, like Gecko; compatible; GPTBot/1.2; +https://openai.com/gptbot)" 137 **0/137322**
20.171.207.65 - - [14/Sep/2025:09:44:44 -0700] "GET /?fileloc=//proc/self/root/proc/sys/fs/global_root_enable&path=//proc/self/root/proc/sys/fs HTTP/1.1" 200 2289 "-" "Mozilla/5.0 AppleWebKit/537.36 (KHTML, like Gecko; compatible; GPTBot/1.2; +https://openai.com/gptbot)" 142 **0/142671**
20.171.207.65 - - [14/Sep/2025:09:44:48 -0700] "GET /?fileloc=//proc/self/root/proc/sys/vm/vfs_cache_pressure&path=//proc/self/root/proc/sys/vm HTTP/1.1" 200 2296 "-" "Mozilla/5.0 AppleWebKit/537.36 (KHTML, like Gecko; compatible; GPTBot/1.2; +https://openai.com/gptbot)" 126 **0/126102**
20.171.207.65 - - [14/Sep/2025:09:44:51 -0700] "GET /?fileloc=//proc/self/root/proc/sys/vm/min_unmapped_ratio&path=//proc/self/root/proc/sys/vm HTTP/1.1" 200 2298 "-" "Mozilla/5.0 AppleWebKit/537.36 (KHTML, like Gecko; compatible; GPTBot/1.2; +https://openai.com/gptbot)" 136 **0/136443**
95.217.114.173 - - [14/Sep/2025:09:44:52 -0700] "GET /adobe-generative-ai-2-2/?path=/home HTTP/1.1" 200 2772 "-" "Mozilla/5.0 (compatible; BLEXBot/1.0; +https://help.seranking.com/en/blex-crawler)" 148 **0/148535**
20.171.207.65 - - [14/Sep/2025:09:44:54 -0700] "GET /?fileloc=//proc/self/root/proc/sys/fs/dentry-state&path=//proc/self/root/proc/sys/fs HTTP/1.1" 200 2313 "-" "Mozilla/5.0 AppleWebKit/537.36 (KHTML, like Gecko; compatible; GPTBot/1.2; +https://openai.com/gptbot)" 128 **0/128351**
20.171.207.65 - - [14/Sep/2025:09:44:57 -0700] "GET /?fileloc=//proc/self/root/proc/sys/fs/proc_can_see_other_uid&path=//proc/self/root/proc/sys/fs HTTP/1.1" 200 2298 "-" "Mozilla/5.0 AppleWebKit/537.36 (KHTML, like Gecko; compatible; GPTBot/1.2; +https://openai.com/gptbot)" 134 **0/134353**
20.171.207.65 - - [14/Sep/2025:09:45:00 -0700] "GET /?path=//proc/self/root/proc/sys/fs/epoll HTTP/1.1" 200 2610 "-" "Mozilla/5.0 AppleWebKit/537.36 (KHTML, like Gecko; compatible; GPTBot/1.2; +https://openai.com/gptbot)" 124 **0/124867**
20.171.207.65 - - [14/Sep/2025:09:45:03 -0700] "GET /?fileloc=//proc/self/root/proc/sys/kernel/numa_balancing_scan_delay_ms&path=//proc/self/root/proc/sys/kernel HTTP/1.1" 200 2309 "-" "Mozilla/5.0 AppleWebKit/537.36 (KHTML, like Gecko; compatible; GPTBot/1.2; +https://openai.com/gptbot)" 139 **0/139058**
20.171.207.65 - - [14/Sep/2025:09:45:06 -0700] "GET /?fileloc=//proc/self/root/proc/sys/vm/legacy_va_layout&path=//proc/self/root/proc/sys/vm HTTP/1.1" 200 2293 "-" "Mozilla/5.0 AppleWebKit/537.36 (KHTML, like Gecko; compatible; GPTBot/1.2; +https://openai.com/gptbot)" 145 **0/145574**
20.171.207.65 - - [14/Sep/2025:09:45:11 -0700] "GET /?fileloc=//proc/self/root/proc/sys/vm/panic_on_oom&path=//proc/self/root/proc/sys/vm HTTP/1.1" 200 2294 "-" "Mozilla/5.0 AppleWebKit/537.36 (KHTML, like Gecko; compatible; GPTBot/1.2; +https://openai.com/gptbot)" 125 **0/125175**
20.171.207.65 - - [14/Sep/2025:09:45:12 -0700] "GET /?fileloc=//proc/self/root/proc/sys/vm/dirty_ratio&path=//proc/self/root/proc/sys/vm HTTP/1.1" 200 2289 "-" "Mozilla/5.0 AppleWebKit/537.36 (KHTML, like Gecko; compatible; GPTBot/1.2; +https://openai.com/gptbot)" 125 **0/125777**
20.171.207.65 - - [14/Sep/2025:09:45:15 -0700] "GET /?fileloc=//proc/self/root/proc/sys/fs/inode-state&path=//proc/self/root/proc/sys/fs HTTP/1.1" 200 2306 "-" "Mozilla/5.0 AppleWebKit/537.36 (KHTML, like Gecko; compatible; GPTBot/1.2; +https://openai.com/gptbot)" 119 **0/119694**
20.171.207.65 - - [14/Sep/2025:09:45:19 -0700] "GET /?fileloc=//proc/self/root/proc/sys/vm/block_dump&path=//proc/self/root/proc/sys/vm HTTP/1.1" 200 2289 "-" "Mozilla/5.0 AppleWebKit/537.36 (KHTML, like Gecko; compatible; GPTBot/1.2; +https://openai.com/gptbot)" 130 **0/130453**
20.171.207.65 - - [14/Sep/2025:09:45:21 -0700] "GET /?fileloc=//proc/self/root/proc/sys/fs/epoll/max_user_watches&path=//proc/self/root/proc/sys/fs/epoll HTTP/1.1" 200 2309 "-" "Mozilla/5.0 AppleWebKit/537.36 (KHTML, like Gecko; compatible; GPTBot/1.2; +https://openai.com/gptbot)" 134 **0/134533**
20.171.207.65 - - [14/Sep/2025:09:45:24 -0700] "GET /?fileloc=//proc/self/root/proc/sys/vm/min_slab_ratio&path=//proc/self/root/proc/sys/vm HTTP/1.1" 200 2293 "-" "Mozilla/5.0 AppleWebKit/537.36 (KHTML, like Gecko; compatible; GPTBot/1.2; +https://openai.com/gptbot)" 125 **0/125163**
20.171.207.65 - - [14/Sep/2025:09:45:28 -0700] "GET /?fileloc=//proc/self/root/proc/sys/vm/oom_dump_tasks&path=//proc/self/root/proc/sys/vm HTTP/1.1" 200 2293 "-" "Mozilla/5.0 AppleWebKit/537.36 (KHTML, like Gecko; compatible; GPTBot/1.2; +https://openai.com/gptbot)" 134 **0/134249**
20.171.207.65 - - [14/Sep/2025:09:45:32 -0700] "GET /?fileloc=//proc/self/root/proc/sys/vm/dirty_bytes&path=//proc/self/root/proc/sys/vm HTTP/1.1" 200 2293 "-" "Mozilla/5.0 AppleWebKit/537.36 (KHTML, like Gecko; compatible; GPTBot/1.2; +https://openai.com/gptbot)" 122 **0/122019**
20.171.207.65 - - [14/Sep/2025:09:45:35 -0700] "GET /?path=//proc/self/root/proc/thread-self/net/rpc/auth.unix.ip HTTP/1.1" 200 2676 "-" "Mozilla/5.0 AppleWebKit/537.36 (KHTML, like Gecko; compatible; GPTBot/1.2; +https://openai.com/gptbot)" 132 **0/132235**
20.171.207.65 - - [14/Sep/2025:09:45:42 -0700] "GET /?path=//proc/self/root/proc/sys/fs/quota HTTP/1.1" 200 2816 "-" "Mozilla/5.0 AppleWebKit/537.36 (KHTML, like Gecko; compatible; GPTBot/1.2; +https://openai.com/gptbot)" 136 **0/136292**
20.171.207.65 - - [14/Sep/2025:09:45:45 -0700] "GET /?fileloc=//proc/self/root/proc/sys/fs/pipe-max-size&path=//proc/self/root/proc/sys/fs HTTP/1.1" 200 2298 "-" "Mozilla/5.0 AppleWebKit/537.36 (KHTML, like Gecko; compatible; GPTBot/1.2; +https://openai.com/gptbot)" 131 **0/131448**
20.171.207.65 - - [14/Sep/2025:09:45:48 -0700] "GET /?fileloc=//proc/self/root/proc/sys/vm/laptop_mode&path=//proc/self/root/proc/sys/vm HTTP/1.1" 200 2292 "-" "Mozilla/5.0 AppleWebKit/537.36 (KHTML, like Gecko; compatible; GPTBot/1.2; +https://openai.com/gptbot)" 147 **0/147376**
20.171.207.65 - - [14/Sep/2025:09:45:51 -0700] "GET /?fileloc=//proc/self/root/proc/sys/fs/proc_super_gid&path=//proc/self/root/proc/sys/fs HTTP/1.1" 200 2289 "-" "Mozilla/5.0 AppleWebKit/537.36 (KHTML, like Gecko; compatible; GPTBot/1.2; +https://openai.com/gptbot)" 131 **0/131912**
20.171.207.65 - - [14/Sep/2025:09:45:54 -0700] "GET /?fileloc=//proc/self/root/proc/sys/vm/drop_caches&path=//proc/self/root/proc/sys/vm HTTP/1.1" 200 2290 "-" "Mozilla/5.0 AppleWebKit/537.36 (KHTML, like Gecko; compatible; GPTBot/1.2; +https://openai.com/gptbot)" 142 **0/142895**
20.171.207.65 - - [14/Sep/2025:09:45:57 -0700] "GET /?fileloc=//proc/self/root/proc/sys/vm/stat_refresh&path=//proc/self/root/proc/sys/vm HTTP/1.1" 200 2289 "-" "Mozilla/5.0 AppleWebKit/537.36 (KHTML, like Gecko; compatible; GPTBot/1.2; +https://openai.com/gptbot)" 129 **0/129641**
20.171.207.65 - - [14/Sep/2025:09:46:00 -0700] "GET /?fileloc=//proc/self/root/proc/thread-self/net/rpc/auth.unix.ip/content&path=//proc/self/root/proc/thread-self/net/rpc/auth.unix.ip HTTP/1.1" 200 2313 "-" "Mozilla/5.0 AppleWebKit/537.36 (KHTML, like Gecko; compatible; GPTBot/1.2; +https://openai.com/gptbot)" 153 **0/153848**
217.170.206.1 - - [14/Sep/2025:09:46:02 -0700] "POST /xmlrpc.php HTTP/1.1" 200 72275 "-" "Mozilla/5.0 (Windows NT 10.0) AppleWebKit/537.36 (KHTML, like Gecko) Chrome/114.0.0.0 Safari/537.36" 28 **0/28457**
217.170.206.1 - - [14/Sep/2025:09:46:03 -0700] "POST /xmlrpc.php HTTP/1.1" 200 72275 "-" "Mozilla/5.0 (Windows NT 10.0) AppleWebKit/537.36 (KHTML, like Gecko) Chrome/114.0.0.0 Safari/537.36" 26 **0/26111**
217.170.206.1 - - [14/Sep/2025:09:46:04 -0700] "POST /xmlrpc.php HTTP/1.1" 200 72275 "-" "Mozilla/5.0 (Windows NT 10.0) AppleWebKit/537.36 (KHTML, like Gecko) Chrome/114.0.0.0 Safari/537.36" 32 **0/32668**
217.170.206.1 - - [14/Sep/2025:09:46:04 -0700] "POST /xmlrpc.php HTTP/1.1" 200 72275 "-" "Mozilla/5.0 (Windows NT 10.0) AppleWebKit/537.36 (KHTML, like Gecko) Chrome/114.0.0.0 Safari/537.36" 29 **0/29033**
20.171.207.65 - - [14/Sep/2025:09:46:06 -0700] "GET /?fileloc=//proc/self/root/proc/thread-self/net/rpc/auth.unix.ip/channel&path=//proc/self/root/proc/thread-self/net/rpc/auth.unix.ip HTTP/1.1" 200 2314 "-" "Mozilla/5.0 AppleWebKit/537.36 (KHTML, like Gecko; compatible; GPTBot/1.2; +https://openai.com/gptbot)" 142 **0/142206**
95.217.114.173 - - [14/Sep/2025:09:46:11 -0700] "GET /?path=/home/vrposilw0xwl/public_html HTTP/1.1" 200 4429 "-" "Mozilla/5.0 (compatible; BLEXBot/1.0; +https://help.seranking.com/en/blex-crawler)" 122 **0/122933**
20.171.207.65 - - [14/Sep/2025:09:46:15 -0700] "GET /?fileloc=//proc/self/root/proc/thread-self/net/rpc/auth.unix.ip/flush&path=//proc/self/root/proc/thread-self/net/rpc/auth.unix.ip HTTP/1.1" 200 2315 "-" "Mozilla/5.0 AppleWebKit/537.36 (KHTML, like Gecko; compatible; GPTBot/1.2; +https://openai.com/gptbot)" 123 **0/123323**
20.171.207.65 - - [14/Sep/2025:09:46:19 -0700] "GET /?fileloc=//proc/self/root/proc/sys/fs/quota/lookups&path=//proc/self/root/proc/sys/fs/quota HTTP/1.1" 200 2306 "-" "Mozilla/5.0 AppleWebKit/537.36 (KHTML, like Gecko; compatible; GPTBot/1.2; +https://openai.com/gptbot)" 136 **0/136224**
20.171.207.65 - - [14/Sep/2025:09:46:21 -0700] "GET /?fileloc=//proc/self/root/proc/sys/fs/quota/free_dquots&path=//proc/self/root/proc/sys/fs/quota HTTP/1.1" 200 2302 "-" "Mozilla/5.0 AppleWebKit/537.36 (KHTML, like Gecko; compatible; GPTBot/1.2; +https://openai.com/gptbot)" 125 **0/125034**
20.171.207.65 - - [14/Sep/2025:09:46:24 -0700] "GET /?fileloc=//proc/self/root/proc/sys/fs/quota/allocated_dquots&path=//proc/self/root/proc/sys/fs/quota HTTP/1.1" 200 2307 "-" "Mozilla/5.0 AppleWebKit/537.36 (KHTML, like Gecko; compatible; GPTBot/1.2; +https://openai.com/gptbot)" 125 **0/125477**
20.171.207.65 - - [14/Sep/2025:09:46:27 -0700] "GET /?fileloc=//proc/self/root/proc/sys/fs/quota/warnings&path=//proc/self/root/proc/sys/fs/quota HTTP/1.1" 200 2296 "-" "Mozilla/5.0 AppleWebKit/537.36 (KHTML, like Gecko; compatible; GPTBot/1.2; +https://openai.com/gptbot)" 123 **0/123621**
20.171.207.65 - - [14/Sep/2025:09:46:30 -0700] "GET /?fileloc=//proc/self/root/proc/sys/fs/quota/cache_hits&path=//proc/self/root/proc/sys/fs/quota HTTP/1.1" 200 2305 "-" "Mozilla/5.0 AppleWebKit/537.36 (KHTML, like Gecko; compatible; GPTBot/1.2; +https://openai.com/gptbot)" 120 **0/120648**
20.171.207.65 - - [14/Sep/2025:09:46:35 -0700] "GET /?fileloc=//proc/self/root/proc/sys/fs/quota/writes&path=//proc/self/root/proc/sys/fs/quota HTTP/1.1" 200 2302 "-" "Mozilla/5.0 AppleWebKit/537.36 (KHTML, like Gecko; compatible; GPTBot/1.2; +https://openai.com/gptbot)" 118 **0/118222**
20.171.207.65 - - [14/Sep/2025:09:46:38 -0700] "GET /?fileloc=//proc/self/root/proc/sys/vm/max_map_count&path=//proc/self/root/proc/sys/vm HTTP/1.1" 200 2293 "-" "Mozilla/5.0 AppleWebKit/537.36 (KHTML, like Gecko; compatible; GPTBot/1.2; +https://openai.com/gptbot)" 129 **0/129347**
20.171.207.65 - - [14/Sep/2025:09:46:41 -0700] "GET /?fileloc=//proc/self/root/proc/sys/fs/lease-break-time&path=//proc/self/root/proc/sys/fs HTTP/1.1" 200 2294 "-" "Mozilla/5.0 AppleWebKit/537.36 (KHTML, like Gecko; compatible; GPTBot/1.2; +https://openai.com/gptbot)" 122 **0/122278**
20.171.207.65 - - [14/Sep/2025:09:46:44 -0700] "GET /?fileloc=//proc/self/root/proc/sys/vm/mmap_min_addr&path=//proc/self/root/proc/sys/vm HTTP/1.1" 200 2295 "-" "Mozilla/5.0 AppleWebKit/537.36 (KHTML, like Gecko; compatible; GPTBot/1.2; +https://openai.com/gptbot)" 136 **0/136559**
20.171.207.65 - - [14/Sep/2025:09:46:47 -0700] "GET /?fileloc=//proc/self/root/proc/sys/vm/mmap_rnd_compat_bits&path=//proc/self/root/proc/sys/vm HTTP/1.1" 200 2298 "-" "Mozilla/5.0 AppleWebKit/537.36 (KHTML, like Gecko; compatible; GPTBot/1.2; +https://openai.com/gptbot)" 118 **0/118216**
20.171.207.65 - - [14/Sep/2025:09:46:49 -0700] "GET /?fileloc=//proc/self/root/proc/sys/vm/nr_hugepages&path=//proc/self/root/proc/sys/vm HTTP/1.1" 200 2291 "-" "Mozilla/5.0 AppleWebKit/537.36 (KHTML, like Gecko; compatible; GPTBot/1.2; +https://openai.com/gptbot)" 130 **0/130451**
20.171.207.65 - - [14/Sep/2025:09:46:54 -0700] "GET /?fileloc=//proc/self/root/proc/sys/vm/mmap_rnd_bits&path=//proc/self/root/proc/sys/vm HTTP/1.1" 200 2291 "-" "Mozilla/5.0 AppleWebKit/537.36 (KHTML, like Gecko; compatible; GPTBot/1.2; +https://openai.com/gptbot)" 134 **0/134238**
20.171.207.65 - - [14/Sep/2025:09:46:56 -0700] "GET /?fileloc=//proc/self/root/proc/sys/vm/min_free_kbytes&path=//proc/self/root/proc/sys/vm HTTP/1.1" 200 2297 "-" "Mozilla/5.0 AppleWebKit/537.36 (KHTML, like Gecko; compatible; GPTBot/1.2; +https://openai.com/gptbot)" 117 **0/117272**
20.171.207.65 - - [14/Sep/2025:09:46:59 -0700] "GET /?path=//proc/self/root/proc/thread-self/net/stat HTTP/1.1" 200 2692 "-" "Mozilla/5.0 AppleWebKit/537.36 (KHTML, like Gecko; compatible; GPTBot/1.2; +https://openai.com/gptbot)" 132 **0/132466**
20.171.207.65 - - [14/Sep/2025:09:47:06 -0700] "GET /?fileloc=//proc/self/root/proc/sys/kernel/ctrl-alt-del&path=//proc/self/root/proc/sys/kernel HTTP/1.1" 200 2294 "-" "Mozilla/5.0 AppleWebKit/537.36 (KHTML, like Gecko; compatible; GPTBot/1.2; +https://openai.com/gptbot)" 126 **0/126382**
20.171.207.65 - - [14/Sep/2025:09:47:09 -0700] "GET /?path=//proc/self/root/proc/sys/fs/binfmt_misc HTTP/1.1" 200 2648 "-" "Mozilla/5.0 AppleWebKit/537.36 (KHTML, like Gecko; compatible; GPTBot/1.2; +https://openai.com/gptbot)" 123 **0/123872**
20.171.207.65 - - [14/Sep/2025:09:47:11 -0700] "GET /?fileloc=//proc/self/root/proc/sys/kernel/numa_balancing_scan_period_max_ms&path=//proc/self/root/proc/sys/kernel HTTP/1.1" 200 2315 "-" "Mozilla/5.0 AppleWebKit/537.36 (KHTML, like Gecko; compatible; GPTBot/1.2; +https://openai.com/gptbot)" 141 **0/141597**
20.171.207.65 - - [14/Sep/2025:09:47:16 -0700] "GET /?path=//proc/self/root/proc/sys/fs/mqueue HTTP/1.1" 200 2705 "-" "Mozilla/5.0 AppleWebKit/537.36 (KHTML, like Gecko; compatible; GPTBot/1.2; +https://openai.com/gptbot)" 131 **0/131562**
20.171.207.65 - - [14/Sep/2025:09:47:17 -0700] "GET /?fileloc=//proc/self/root/proc/sys/kernel/numa_balancing_scan_size_mb&path=//proc/self/root/proc/sys/kernel HTTP/1.1" 200 2309 "-" "Mozilla/5.0 AppleWebKit/537.36 (KHTML, like Gecko; compatible; GPTBot/1.2; +https://openai.com/gptbot)" 145 **0/145390**
20.171.207.65 - - [14/Sep/2025:09:47:22 -0700] "GET /?fileloc=//proc/self/root/proc/sys/kernel/numa_balancing_scan_period_min_ms&path=//proc/self/root/proc/sys/kernel HTTP/1.1" 200 2314 "-" "Mozilla/5.0 AppleWebKit/537.36 (KHTML, like Gecko; compatible; GPTBot/1.2; +https://openai.com/gptbot)" 149 **0/149961**
20.171.207.65 - - [14/Sep/2025:09:47:24 -0700] "GET /?fileloc=//proc/self/root/proc/thread-self/net/stat/nf_conntrack&path=//proc/self/root/proc/thread-self/net/stat HTTP/1.1" 200 2593 "-" "Mozilla/5.0 AppleWebKit/537.36 (KHTML, like Gecko; compatible; GPTBot/1.2; +https://openai.com/gptbot)" 140 **0/140613**
95.217.114.173 - - [14/Sep/2025:09:47:29 -0700] "GET /category/uncategorized/page/2/?path=/ HTTP/1.1" 200 3253 "-" "Mozilla/5.0 (compatible; BLEXBot/1.0; +https://help.seranking.com/en/blex-crawler)" 137 **0/137145**
95.217.114.173 - - [14/Sep/2025:09:47:33 -0700] "GET /category/uncategorized/page/3/?path=/ HTTP/1.1" 200 3253 "-" "Mozilla/5.0 (compatible; BLEXBot/1.0; +https://help.seranking.com/en/blex-crawler)" 128 **0/128713**
20.171.207.65 - - [14/Sep/2025:09:47:34 -0700] "GET /?fileloc=//proc/self/root/proc/thread-self/net/stat/arp_cache&path=//proc/self/root/proc/thread-self/net/stat HTTP/1.1" 200 2506 "-" "Mozilla/5.0 AppleWebKit/537.36 (KHTML, like Gecko; compatible; GPTBot/1.2; +https://openai.com/gptbot)" 135 **0/135284**
20.171.207.65 - - [14/Sep/2025:09:47:36 -0700] "GET /?fileloc=//proc/self/root/proc/thread-self/net/stat/ndisc_cache&path=//proc/self/root/proc/thread-self/net/stat HTTP/1.1" 200 2443 "-" "Mozilla/5.0 AppleWebKit/537.36 (KHTML, like Gecko; compatible; GPTBot/1.2; +https://openai.com/gptbot)" 124 **0/124308**
20.171.207.65 - - [14/Sep/2025:09:47:46 -0700] "GET /?fileloc=//proc/self/root/proc/thread-self/net/stat/rt_cache&path=//proc/self/root/proc/thread-self/net/stat HTTP/1.1" 200 2582 "-" "Mozilla/5.0 AppleWebKit/537.36 (KHTML, like Gecko; compatible; GPTBot/1.2; +https://openai.com/gptbot)" 124 **0/124089**
20.171.207.65 - - [14/Sep/2025:09:47:50 -0700] "GET /?fileloc=//proc/self/root/proc/sys/fs/binfmt_misc/status&path=//proc/self/root/proc/sys/fs/binfmt_misc HTTP/1.1" 200 2305 "-" "Mozilla/5.0 AppleWebKit/537.36 (KHTML, like Gecko; compatible; GPTBot/1.2; +https://openai.com/gptbot)" 138 **0/138245**
20.171.207.65 - - [14/Sep/2025:09:47:52 -0700] "GET /?fileloc=//proc/self/root/proc/sys/fs/mqueue/msg_default&path=//proc/self/root/proc/sys/fs/mqueue HTTP/1.1" 200 2302 "-" "Mozilla/5.0 AppleWebKit/537.36 (KHTML, like Gecko; compatible; GPTBot/1.2; +https://openai.com/gptbot)" 132 **0/132480**
20.171.207.65 - - [14/Sep/2025:09:47:56 -0700] "GET /?fileloc=//proc/self/root/proc/sys/fs/mqueue/msgsize_default&path=//proc/self/root/proc/sys/fs/mqueue HTTP/1.1" 200 2306 "-" "Mozilla/5.0 AppleWebKit/537.36 (KHTML, like Gecko; compatible; GPTBot/1.2; +https://openai.com/gptbot)" 130 **0/130756**
20.171.207.65 - - [14/Sep/2025:09:47:59 -0700] "GET /?fileloc=//proc/self/root/proc/sys/fs/mqueue/queues_max&path=//proc/self/root/proc/sys/fs/mqueue HTTP/1.1" 200 2301 "-" "Mozilla/5.0 AppleWebKit/537.36 (KHTML, like Gecko; compatible; GPTBot/1.2; +https://openai.com/gptbot)" 127 **0/127161**
20.171.207.65 - - [14/Sep/2025:09:48:02 -0700] "GET /?fileloc=//proc/self/root/proc/sys/fs/mqueue/msgsize_max&path=//proc/self/root/proc/sys/fs/mqueue HTTP/1.1" 200 2305 "-" "Mozilla/5.0 AppleWebKit/537.36 (KHTML, like Gecko; compatible; GPTBot/1.2; +https://openai.com/gptbot)" 140 **0/140996**
95.217.114.173 - - [14/Sep/2025:09:48:03 -0700] "GET /?path=/home/vrposilw0xwl/public_html/ru HTTP/1.1" 200 2947 "-" "Mozilla/5.0 (compatible; BLEXBot/1.0; +https://help.seranking.com/en/blex-crawler)" 126 **0/126270**
20.171.207.65 - - [14/Sep/2025:09:48:05 -0700] "GET /?fileloc=//proc/self/root/proc/sys/vm/dirty_background_bytes&path=//proc/self/root/proc/sys/vm HTTP/1.1" 200 2294 "-" "Mozilla/5.0 AppleWebKit/537.36 (KHTML, like Gecko; compatible; GPTBot/1.2; +https://openai.com/gptbot)" 161 **0/161854**
20.171.207.65 - - [14/Sep/2025:09:48:08 -0700] "GET /?fileloc=//proc/self/root/proc/sys/fs/quota/drops&path=//proc/self/root/proc/sys/fs/quota HTTP/1.1" 200 2304 "-" "Mozilla/5.0 AppleWebKit/537.36 (KHTML, like Gecko; compatible; GPTBot/1.2; +https://openai.com/gptbot)" 122 **0/122066**
20.171.207.65 - - [14/Sep/2025:09:48:11 -0700] "GET /?fileloc=//proc/self/root/proc/sys/fs/leases-enable&path=//proc/self/root/proc/sys/fs HTTP/1.1" 200 2290 "-" "Mozilla/5.0 AppleWebKit/537.36 (KHTML, like Gecko; compatible; GPTBot/1.2; +https://openai.com/gptbot)" 128 **0/128087**
216.73.216.168 - - [14/Sep/2025:09:48:11 -0700] "GET /1win-onlayn-kazino-ozbekistonda-hisobni-tekshirish-223/feed?fileloc=%2Fhome%2Fvrposilw0xwl%2Fpublic_html%2Fwp-admin%2Fsetup-config.php&path=%2Fhome%2Fvrposilw0xwl%2Fpublic_html%2Fwp-admin HTTP/1.1" 200 7847 "-" "Mozilla/5.0 AppleWebKit/537.36 (KHTML, like Gecko; compatible; ClaudeBot/1.0; +claudebot@anthropic.com)" 254 **0/254063**
216.73.216.168 - - [14/Sep/2025:09:48:13 -0700] "GET /1win-onlayn-kazino-ozbekistonda-hisobni-tekshirish-223/feed?fileloc=%2Fhome%2Fvrposilw0xwl%2Fpublic_html%2Fwp-admin%2Fedit-form-blocks.php&path=%2Fhome%2Fvrposilw0xwl%2Fpublic_html%2Fwp-admin HTTP/1.1" 200 7185 "-" "Mozilla/5.0 AppleWebKit/537.36 (KHTML, like Gecko; compatible; ClaudeBot/1.0; +claudebot@anthropic.com)" 237 **0/237645**
20.171.207.65 - - [14/Sep/2025:09:48:14 -0700] "GET /?fileloc=//proc/self/root/proc/sys/fs/quota/reads&path=//proc/self/root/proc/sys/fs/quota HTTP/1.1" 200 2299 "-" "Mozilla/5.0 AppleWebKit/537.36 (KHTML, like Gecko; compatible; GPTBot/1.2; +https://openai.com/gptbot)" 129 **0/129472**
216.73.216.168 - - [14/Sep/2025:09:48:16 -0700] "GET /1win-onlayn-kazino-ozbekistonda-hisobni-tekshirish-223/feed?fileloc=%2Fhome%2Fvrposilw0xwl%2Fpublic_html%2Fwp-admin%2Fuser-edit.php&path=%2Fhome%2Fvrposilw0xwl%2Fpublic_html%2Fwp-admin HTTP/1.1" 200 12230 "-" "Mozilla/5.0 AppleWebKit/537.36 (KHTML, like Gecko; compatible; ClaudeBot/1.0; +claudebot@anthropic.com)" 229 **0/229630**
20.171.207.65 - - [14/Sep/2025:09:48:17 -0700] "GET /?fileloc=//proc/self/root/proc/sys/fs/quota/syncs&path=//proc/self/root/proc/sys/fs/quota HTTP/1.1" 200 2302 "-" "Mozilla/5.0 AppleWebKit/537.36 (KHTML, like Gecko; compatible; GPTBot/1.2; +https://openai.com/gptbot)" 133 **0/133196**
216.73.216.168 - - [14/Sep/2025:09:48:19 -0700] "GET /1win-onlayn-kazino-ozbekistonda-hisobni-tekshirish-223/feed?fileloc=%2Fhome%2Fvrposilw0xwl%2Fpublic_html%2Fwp-includes%2Foption.php&path=%2Fhome%2Fvrposilw0xwl%2Fpublic_html%2Fwp-includes HTTP/1.1" 200 19807 "-" "Mozilla/5.0 AppleWebKit/537.36 (KHTML, like Gecko; compatible; ClaudeBot/1.0; +claudebot@anthropic.com)" 242 **0/242762**
20.171.207.65 - - [14/Sep/2025:09:48:21 -0700] "GET /?fileloc=//proc/self/root/proc/sys/fs/suid_dumpable&path=//proc/self/root/proc/sys/fs HTTP/1.1" 200 2293 "-" "Mozilla/5.0 AppleWebKit/537.36 (KHTML, like Gecko; compatible; GPTBot/1.2; +https://openai.com/gptbot)" 167 **0/167055**
216.73.216.168 - - [14/Sep/2025:09:48:22 -0700] "GET /1win-onlayn-kazino-ozbekistonda-mobil-ilova-2880?fileloc=%2Fhome%2Fvrposilw0xwl%2Fpublic_html%2Fwp-includes%2Flocale.php&path=%2Fhome%2Fvrposilw0xwl%2Fpublic_html%2Fwp-includes HTTP/1.1" 200 2375 "-" "Mozilla/5.0 AppleWebKit/537.36 (KHTML, like Gecko; compatible; ClaudeBot/1.0; +claudebot@anthropic.com)" 237 **0/237331**
20.171.207.65 - - [14/Sep/2025:09:48:23 -0700] "GET /?fileloc=//proc/self/root/proc/sys/vm/stat_interval&path=//proc/self/root/proc/sys/vm HTTP/1.1" 200 2291 "-" "Mozilla/5.0 AppleWebKit/537.36 (KHTML, like Gecko; compatible; GPTBot/1.2; +https://openai.com/gptbot)" 162 **0/162427**
216.73.216.168 - - [14/Sep/2025:09:48:25 -0700] "GET /1win-skachat-prilozhenie-bukmekerskoj-kontory-1152/feed?fileloc=%2Fhome%2Fvrposilw0xwl%2Fpublic_html%2Fwp-admin%2Fcontribute.php&path=%2Fhome%2Fvrposilw0xwl%2Fpublic_html%2Fwp-admin HTTP/1.1" 200 4099 "-" "Mozilla/5.0 AppleWebKit/537.36 (KHTML, like Gecko; compatible; ClaudeBot/1.0; +claudebot@anthropic.com)" 313 **0/313771**
20.171.207.65 - - [14/Sep/2025:09:48:27 -0700] "GET /?fileloc=//proc/self/root/proc/sys/fs/mqueue/msg_max&path=//proc/self/root/proc/sys/fs/mqueue HTTP/1.1" 200 2299 "-" "Mozilla/5.0 AppleWebKit/537.36 (KHTML, like Gecko; compatible; GPTBot/1.2; +https://openai.com/gptbot)" 157 **0/157835**
216.73.216.168 - - [14/Sep/2025:09:48:28 -0700] "GET /1win-onlayn-kazino-ozbekistonda-hisobni-tekshirish-223/feed?fileloc=%2Fhome%2Fvrposilw0xwl%2Fpublic_html%2Fwp-admin%2Fms-edit.php&path=%2Fhome%2Fvrposilw0xwl%2Fpublic_html%2Fwp-admin HTTP/1.1" 200 2398 "-" "Mozilla/5.0 AppleWebKit/537.36 (KHTML, like Gecko; compatible; ClaudeBot/1.0; +claudebot@anthropic.com)" 271 **0/271302**
20.171.207.65 - - [14/Sep/2025:09:48:30 -0700] "GET /?fileloc=//proc/self/root/proc/sys/fs/dir-notify-enable&path=//proc/self/root/proc/sys/fs HTTP/1.1" 200 2293 "-" "Mozilla/5.0 AppleWebKit/537.36 (KHTML, like Gecko; compatible; GPTBot/1.2; +https://openai.com/gptbot)" 180 **0/180495**
216.73.216.168 - - [14/Sep/2025:09:48:31 -0700] "GET /1win-onlayn-kazino-ozbekistonda-mobil-ilova-2880?fileloc=%2Fhome%2Fvrposilw0xwl%2Fpublic_html%2Fold%2Fsecurity.php&path=%2Fhome%2Fvrposilw0xwl%2Fpublic_html%2Fold HTTP/1.1" 200 33967 "-" "Mozilla/5.0 AppleWebKit/537.36 (KHTML, like Gecko; compatible; ClaudeBot/1.0; +claudebot@anthropic.com)" 243 **0/243721**
20.171.207.65 - - [14/Sep/2025:09:48:33 -0700] "GET /?fileloc=//proc/self/root/proc/sys/vm/hugetlb_shm_group&path=//proc/self/root/proc/sys/vm HTTP/1.1" 200 2295 "-" "Mozilla/5.0 AppleWebKit/537.36 (KHTML, like Gecko; compatible; GPTBot/1.2; +https://openai.com/gptbot)" 129 **0/129979**
216.73.216.168 - - [14/Sep/2025:09:48:34 -0700] "GET /penny-slot-machines-a-comprehensive-overview-to-playing-and-winning?fileloc=%2Fhome%2Fvrposilw0xwl%2Fpublic_html%2Fwp-includes%2Fimages%2Farrow-pointer-blue.png&path=%2Fhome%2Fvrposilw0xwl%2Fpublic_html%2Fwp-includes%2Fimages HTTP/1.1" 200 2286 "-" "Mozilla/5.0 AppleWebKit/537.36 (KHTML, like Gecko; compatible; ClaudeBot/1.0; +claudebot@anthropic.com)" 280 **0/280977**
20.171.207.65 - - [14/Sep/2025:09:48:36 -0700] "GET /?fileloc=//proc/self/root/proc/sys/vm/zone_reclaim_mode&path=//proc/self/root/proc/sys/vm HTTP/1.1" 200 2296 "-" "Mozilla/5.0 AppleWebKit/537.36 (KHTML, like Gecko; compatible; GPTBot/1.2; +https://openai.com/gptbot)" 122 **0/122709**
216.73.216.168 - - [14/Sep/2025:09:48:37 -0700] "GET /tipobet-casino-tipobet-giri-adresi-tipobet365-932/feed?fileloc=%2Fhome%2Fvrposilw0xwl%2Fpublic_html%2Fwp-admin%2Ftools.php&path=%2Fhome%2Fvrposilw0xwl%2Fpublic_html%2Fwp-admin HTTP/1.1" 200 3582 "-" "Mozilla/5.0 AppleWebKit/537.36 (KHTML, like Gecko; compatible; ClaudeBot/1.0; +claudebot@anthropic.com)" 278 **0/278740**
20.171.207.65 - - [14/Sep/2025:09:48:38 -0700] "GET /?fileloc=//proc/self/root/proc/sys/kernel/print-fatal-signals&path=//proc/self/root/proc/sys/kernel HTTP/1.1" 200 2299 "-" "Mozilla/5.0 AppleWebKit/537.36 (KHTML, like Gecko; compatible; GPTBot/1.2; +https://openai.com/gptbot)" 160 **0/160902**
216.73.216.168 - - [14/Sep/2025:09:48:40 -0700] "GET /1win-onlayn-kazino-ozbekistonda-hisobni-tekshirish-223/feed?fileloc=%2Fhome%2Fvrposilw0xwl%2Fpublic_html%2Fwp-includes%2Fversion.php&path=%2Fhome%2Fvrposilw0xwl%2Fpublic_html%2Fwp-includes HTTP/1.1" 200 2678 "-" "Mozilla/5.0 AppleWebKit/537.36 (KHTML, like Gecko; compatible; ClaudeBot/1.0; +claudebot@anthropic.com)" 260 **0/260060**
20.171.207.65 - - [14/Sep/2025:09:48:43 -0700] "GET /?path=//proc/self/root/proc/sys/fs/xfs HTTP/1.1" 200 3056 "-" "Mozilla/5.0 AppleWebKit/537.36 (KHTML, like Gecko; compatible; GPTBot/1.2; +https://openai.com/gptbot)" 129 **0/129144**
216.73.216.168 - - [14/Sep/2025:09:48:43 -0700] "GET /1win-kazino-i-bk-3934-4/feed?path=%2Fhome%2Fvrposilw0xwl%2Fpublic_html%2Fwp-includes%2Frest-api HTTP/1.1" 403 3820 "-" "Mozilla/5.0 AppleWebKit/537.36 (KHTML, like Gecko; compatible; ClaudeBot/1.0; +claudebot@anthropic.com)" 277 **0/277399**
20.171.207.65 - - [14/Sep/2025:09:48:45 -0700] "GET /?path=//proc/self/root/proc/sys/kernel/seccomp HTTP/1.1" 200 2644 "-" "Mozilla/5.0 AppleWebKit/537.36 (KHTML, like Gecko; compatible; GPTBot/1.2; +https://openai.com/gptbot)" 121 **0/121296**
