20.171.207.65 - - [14/Sep/2025:06:28:08 -0700] "GET /bloqueadores-de-la-aromatasa-un-curso-integral-para-comprender-su-uso-y-beneficios-4?fileloc=//proc/sys/net/netfilter/nf_conntrack_sctp_timeout_heartbeat_acked&path=//proc/sys/net/netfilter HTTP/1.1" 200 2306 "-" "Mozilla/5.0 AppleWebKit/537.36 (KHTML, like Gecko; compatible; GPTBot/1.2; +https://openai.com/gptbot)" 135 **0/135463**
216.73.216.168 - - [14/Sep/2025:06:28:10 -0700] "GET /kazino-oficialnyj-sajt-pin-up-casino-vhodi-i-308/feed?fileloc=%2F%2Flib64%2Flibmemcached.so.11.0.0&path=%2F%2Flib64 HTTP/1.1" 200 2256 "-" "Mozilla/5.0 AppleWebKit/537.36 (KHTML, like Gecko; compatible; ClaudeBot/1.0; +claudebot@anthropic.com)" 261 **0/261692**
20.171.207.65 - - [14/Sep/2025:06:28:11 -0700] "GET /bloqueadores-de-la-aromatasa-un-curso-integral-para-comprender-su-uso-y-beneficios-4?fileloc=//proc/sys/net/netfilter/nf_conntrack_timestamp&path=//proc/sys/net/netfilter HTTP/1.1" 200 2288 "-" "Mozilla/5.0 AppleWebKit/537.36 (KHTML, like Gecko; compatible; GPTBot/1.2; +https://openai.com/gptbot)" 122 **0/122625**
216.73.216.168 - - [14/Sep/2025:06:28:13 -0700] "GET /2025-delajte-stavki-i-vyigryvajte-v-ljuboe-vremja-120/feed?fileloc=%2F%2Flib64%2Flibmvec.so.1&path=%2F%2Flib64 HTTP/1.1" 200 2250 "-" "Mozilla/5.0 AppleWebKit/537.36 (KHTML, like Gecko; compatible; ClaudeBot/1.0; +claudebot@anthropic.com)" 257 **0/257664**
20.171.207.65 - - [14/Sep/2025:06:28:14 -0700] "GET /bloqueadores-de-la-aromatasa-un-curso-integral-para-comprender-su-uso-y-beneficios-4?fileloc=//proc/sys/net/netfilter/nf_conntrack_udp_timeout_stream&path=//proc/sys/net/netfilter HTTP/1.1" 200 2298 "-" "Mozilla/5.0 AppleWebKit/537.36 (KHTML, like Gecko; compatible; GPTBot/1.2; +https://openai.com/gptbot)" 115 **0/115808**
43.157.38.228 - - [14/Sep/2025:06:28:15 -0700] "GET /?path=/home/vrposilw0xwl/public_html/wp-includes/Text HTTP/1.1" 200 3006 "-" "Mozilla/5.0 (iPhone; CPU iPhone OS 13_2_3 like Mac OS X) AppleWebKit/605.1.15 (KHTML, like Gecko) Version/13.0.3 Mobile/15E148 Safari/604.1" 266 **0/266238**
216.73.216.168 - - [14/Sep/2025:06:28:16 -0700] "GET /pin-up-kazino-oficialnyj-sajt-pin-ap-vhod-na-564?fileloc=%2F%2Flib64%2Flibexif.so.12.3.4&path=%2F%2Flib64 HTTP/1.1" 200 2253 "-" "Mozilla/5.0 AppleWebKit/537.36 (KHTML, like Gecko; compatible; ClaudeBot/1.0; +claudebot@anthropic.com)" 238 **0/238380**
20.171.207.65 - - [14/Sep/2025:06:28:17 -0700] "GET /bloqueadores-de-la-aromatasa-un-curso-integral-para-comprender-su-uso-y-beneficios-4?fileloc=//proc/sys/net/netfilter/nf_conntrack_dccp_timeout_closing&path=//proc/sys/net/netfilter HTTP/1.1" 200 2300 "-" "Mozilla/5.0 AppleWebKit/537.36 (KHTML, like Gecko; compatible; GPTBot/1.2; +https://openai.com/gptbot)" 131 **0/131099**
216.73.216.168 - - [14/Sep/2025:06:28:19 -0700] "GET /pin-up-kazino-oficialnyj-sajt-pin-ap-vhod-na-564?fileloc=%2F%2Flib64%2Flibcom_err.so.2.1&path=%2F%2Flib64 HTTP/1.1" 200 2252 "-" "Mozilla/5.0 AppleWebKit/537.36 (KHTML, like Gecko; compatible; ClaudeBot/1.0; +claudebot@anthropic.com)" 257 **0/257489**
20.171.207.65 - - [14/Sep/2025:06:28:20 -0700] "GET /bloqueadores-de-la-aromatasa-un-curso-integral-para-comprender-su-uso-y-beneficios-4?fileloc=//proc/sys/net/netfilter/nf_conntrack_tcp_be_liberal&path=//proc/sys/net/netfilter HTTP/1.1" 200 2293 "-" "Mozilla/5.0 AppleWebKit/537.36 (KHTML, like Gecko; compatible; GPTBot/1.2; +https://openai.com/gptbot)" 133 **0/133671**
66.249.65.200 - - [14/Sep/2025:06:28:22 -0700] "GET / HTTP/1.1" 200 25522 "-" "Mozilla/5.0 (Linux; Android 6.0.1; Nexus 5X Build/MMB29P) AppleWebKit/537.36 (KHTML, like Gecko) Chrome/140.0.7339.127 Mobile Safari/537.36 (compatible; Googlebot/2.1; +http://www.google.com/bot.html)" 662 **0/662374**
20.171.207.65 - - [14/Sep/2025:06:28:23 -0700] "GET /bloqueadores-de-la-aromatasa-un-curso-integral-para-comprender-su-uso-y-beneficios-4?fileloc=//proc/sys/net/netfilter/nf_conntrack_sctp_timeout_cookie_echoed&path=//proc/sys/net/netfilter HTTP/1.1" 200 2302 "-" "Mozilla/5.0 AppleWebKit/537.36 (KHTML, like Gecko; compatible; GPTBot/1.2; +https://openai.com/gptbot)" 126 **0/126143**
20.171.207.65 - - [14/Sep/2025:06:28:26 -0700] "GET /bloqueadores-de-la-aromatasa-un-curso-integral-para-comprender-su-uso-y-beneficios-4?fileloc=//proc/sys/net/netfilter/nf_flowtable_tcp_timeout&path=//proc/sys/net/netfilter HTTP/1.1" 200 2293 "-" "Mozilla/5.0 AppleWebKit/537.36 (KHTML, like Gecko; compatible; GPTBot/1.2; +https://openai.com/gptbot)" 136 **0/136483**
20.171.207.65 - - [14/Sep/2025:06:28:30 -0700] "GET /bloqueadores-de-la-aromatasa-un-curso-integral-para-comprender-su-uso-y-beneficios-4?fileloc=//proc/sys/net/netfilter/nf_conntrack_sctp_timeout_cookie_wait&path=//proc/sys/net/netfilter HTTP/1.1" 200 2300 "-" "Mozilla/5.0 AppleWebKit/537.36 (KHTML, like Gecko; compatible; GPTBot/1.2; +https://openai.com/gptbot)" 121 **0/121487**
20.171.207.65 - - [14/Sep/2025:06:28:33 -0700] "GET /bloqueadores-de-la-aromatasa-un-curso-integral-para-comprender-su-uso-y-beneficios-4?fileloc=//proc/sys/net/netfilter/nf_flowtable_udp_timeout&path=//proc/sys/net/netfilter HTTP/1.1" 200 2293 "-" "Mozilla/5.0 AppleWebKit/537.36 (KHTML, like Gecko; compatible; GPTBot/1.2; +https://openai.com/gptbot)" 122 **0/122687**
20.171.207.65 - - [14/Sep/2025:06:28:36 -0700] "GET /bloqueadores-de-la-aromatasa-un-curso-integral-para-comprender-su-uso-y-beneficios-4?fileloc=//proc/sys/net/netfilter/nf_conntrack_tcp_timeout_close&path=//proc/sys/net/netfilter HTTP/1.1" 200 2297 "-" "Mozilla/5.0 AppleWebKit/537.36 (KHTML, like Gecko; compatible; GPTBot/1.2; +https://openai.com/gptbot)" 138 **0/138518**
20.171.207.65 - - [14/Sep/2025:06:28:39 -0700] "GET /bloqueadores-de-la-aromatasa-un-curso-integral-para-comprender-su-uso-y-beneficios-4?fileloc=//proc/sys/net/netfilter/nf_conntrack_generic_timeout&path=//proc/sys/net/netfilter HTTP/1.1" 200 2298 "-" "Mozilla/5.0 AppleWebKit/537.36 (KHTML, like Gecko; compatible; GPTBot/1.2; +https://openai.com/gptbot)" 142 **0/142873**
20.171.207.65 - - [14/Sep/2025:06:28:42 -0700] "GET /bloqueadores-de-la-aromatasa-un-curso-integral-para-comprender-su-uso-y-beneficios-4?fileloc=//proc/sys/net/netfilter/nf_conntrack_sctp_timeout_heartbeat_sent&path=//proc/sys/net/netfilter HTTP/1.1" 200 2306 "-" "Mozilla/5.0 AppleWebKit/537.36 (KHTML, like Gecko; compatible; GPTBot/1.2; +https://openai.com/gptbot)" 127 **0/127114**
20.171.207.65 - - [14/Sep/2025:06:28:45 -0700] "GET /bloqueadores-de-la-aromatasa-un-curso-integral-para-comprender-su-uso-y-beneficios-4?fileloc=//proc/sys/net/netfilter/nf_conntrack_tcp_timeout_syn_sent&path=//proc/sys/net/netfilter HTTP/1.1" 200 2301 "-" "Mozilla/5.0 AppleWebKit/537.36 (KHTML, like Gecko; compatible; GPTBot/1.2; +https://openai.com/gptbot)" 123 **0/123673**
20.171.207.65 - - [14/Sep/2025:06:28:49 -0700] "GET /bloqueadores-de-la-aromatasa-un-curso-integral-para-comprender-su-uso-y-beneficios-4?fileloc=//proc/sys/net/netfilter/nf_conntrack_tcp_timeout_max_retrans&path=//proc/sys/net/netfilter HTTP/1.1" 200 2303 "-" "Mozilla/5.0 AppleWebKit/537.36 (KHTML, like Gecko; compatible; GPTBot/1.2; +https://openai.com/gptbot)" 141 **0/141213**
20.171.207.65 - - [14/Sep/2025:06:28:52 -0700] "GET /bloqueadores-de-la-aromatasa-un-curso-integral-para-comprender-su-uso-y-beneficios-4?fileloc=//proc/sys/net/netfilter/nf_conntrack_dccp_timeout_open&path=//proc/sys/net/netfilter HTTP/1.1" 200 2300 "-" "Mozilla/5.0 AppleWebKit/537.36 (KHTML, like Gecko; compatible; GPTBot/1.2; +https://openai.com/gptbot)" 124 **0/124004**
66.249.73.233 - - [14/Sep/2025:06:28:54 -0700] "GET /menu/11566531 HTTP/1.1" 200 24872 "-" "Mozilla/5.0 (Linux; Android 6.0.1; Nexus 5X Build/MMB29P) AppleWebKit/537.36 (KHTML, like Gecko) Chrome/140.0.7339.127 Mobile Safari/537.36 (compatible; Googlebot/2.1; +http://www.google.com/bot.html)" 635 **0/635953**
20.171.207.65 - - [14/Sep/2025:06:28:55 -0700] "GET /bloqueadores-de-la-aromatasa-un-curso-integral-para-comprender-su-uso-y-beneficios-4?fileloc=//proc/sys/net/netfilter/nf_conntrack_sctp_timeout_closed&path=//proc/sys/net/netfilter HTTP/1.1" 200 2298 "-" "Mozilla/5.0 AppleWebKit/537.36 (KHTML, like Gecko; compatible; GPTBot/1.2; +https://openai.com/gptbot)" 134 **0/134385**
20.171.207.65 - - [14/Sep/2025:06:28:58 -0700] "GET /bloqueadores-de-la-aromatasa-un-curso-integral-para-comprender-su-uso-y-beneficios-4?fileloc=//proc/sys/net/netfilter/nf_conntrack_dccp_timeout_timewait&path=//proc/sys/net/netfilter HTTP/1.1" 200 2299 "-" "Mozilla/5.0 AppleWebKit/537.36 (KHTML, like Gecko; compatible; GPTBot/1.2; +https://openai.com/gptbot)" 130 **0/130507**
20.171.207.65 - - [14/Sep/2025:06:29:01 -0700] "GET /bloqueadores-de-la-aromatasa-un-curso-integral-para-comprender-su-uso-y-beneficios-4?fileloc=//proc/sys/net/core/warnings&path=//proc/sys/net/core HTTP/1.1" 200 2274 "-" "Mozilla/5.0 AppleWebKit/537.36 (KHTML, like Gecko; compatible; GPTBot/1.2; +https://openai.com/gptbot)" 126 **0/126557**
20.171.207.65 - - [14/Sep/2025:06:29:05 -0700] "GET /bloqueadores-de-la-aromatasa-un-curso-integral-para-comprender-su-uso-y-beneficios-4?fileloc=//proc/sys/net/netfilter/nf_conntrack_tcp_timeout_syn_recv&path=//proc/sys/net/netfilter HTTP/1.1" 200 2301 "-" "Mozilla/5.0 AppleWebKit/537.36 (KHTML, like Gecko; compatible; GPTBot/1.2; +https://openai.com/gptbot)" 139 **0/139776**
20.171.207.65 - - [14/Sep/2025:06:29:08 -0700] "GET /bloqueadores-de-la-aromatasa-un-curso-integral-para-comprender-su-uso-y-beneficios-4?fileloc=//proc/sys/net/core/rmem_max&path=//proc/sys/net/core HTTP/1.1" 200 2285 "-" "Mozilla/5.0 AppleWebKit/537.36 (KHTML, like Gecko; compatible; GPTBot/1.2; +https://openai.com/gptbot)" 155 **0/155459**
20.171.207.65 - - [14/Sep/2025:06:29:11 -0700] "GET /bloqueadores-de-la-aromatasa-un-curso-integral-para-comprender-su-uso-y-beneficios-4?fileloc=//proc/sys/net/core/tstamp_allow_data&path=//proc/sys/net/core HTTP/1.1" 200 2285 "-" "Mozilla/5.0 AppleWebKit/537.36 (KHTML, like Gecko; compatible; GPTBot/1.2; +https://openai.com/gptbot)" 135 **0/135901**
20.171.207.65 - - [14/Sep/2025:06:29:14 -0700] "GET /bloqueadores-de-la-aromatasa-un-curso-integral-para-comprender-su-uso-y-beneficios-4?fileloc=//proc/sys/net/netfilter/nf_conntrack_count&path=//proc/sys/net/netfilter HTTP/1.1" 200 2289 "-" "Mozilla/5.0 AppleWebKit/537.36 (KHTML, like Gecko; compatible; GPTBot/1.2; +https://openai.com/gptbot)" 147 **0/147315**
20.171.207.65 - - [14/Sep/2025:06:29:17 -0700] "GET /bloqueadores-de-la-aromatasa-un-curso-integral-para-comprender-su-uso-y-beneficios-4?fileloc=//proc/sys/net/core/netdev_rss_key&path=//proc/sys/net/core HTTP/1.1" 200 2288 "-" "Mozilla/5.0 AppleWebKit/537.36 (KHTML, like Gecko; compatible; GPTBot/1.2; +https://openai.com/gptbot)" 133 **0/133811**
20.171.207.65 - - [14/Sep/2025:06:29:20 -0700] "GET /bloqueadores-de-la-aromatasa-un-curso-integral-para-comprender-su-uso-y-beneficios-4?fileloc=//proc/sys/net/core/message_burst&path=//proc/sys/net/core HTTP/1.1" 200 2281 "-" "Mozilla/5.0 AppleWebKit/537.36 (KHTML, like Gecko; compatible; GPTBot/1.2; +https://openai.com/gptbot)" 138 **0/138929**
20.171.207.65 - - [14/Sep/2025:06:29:23 -0700] "GET /bloqueadores-de-la-aromatasa-un-curso-integral-para-comprender-su-uso-y-beneficios-4?fileloc=//proc/sys/net/netfilter/nf_log_all_netns&path=//proc/sys/net/netfilter HTTP/1.1" 200 2288 "-" "Mozilla/5.0 AppleWebKit/537.36 (KHTML, like Gecko; compatible; GPTBot/1.2; +https://openai.com/gptbot)" 144 **0/144578**
20.171.207.65 - - [14/Sep/2025:06:29:26 -0700] "GET /bloqueadores-de-la-aromatasa-un-curso-integral-para-comprender-su-uso-y-beneficios-4?fileloc=//proc/sys/net/core/optmem_max&path=//proc/sys/net/core HTTP/1.1" 200 2282 "-" "Mozilla/5.0 AppleWebKit/537.36 (KHTML, like Gecko; compatible; GPTBot/1.2; +https://openai.com/gptbot)" 143 **0/143100**
20.171.207.65 - - [14/Sep/2025:06:29:30 -0700] "GET /bloqueadores-de-la-aromatasa-un-curso-integral-para-comprender-su-uso-y-beneficios-4?fileloc=//proc/sys/net/mptcp/enabled&path=//proc/sys/net/mptcp HTTP/1.1" 200 2277 "-" "Mozilla/5.0 AppleWebKit/537.36 (KHTML, like Gecko; compatible; GPTBot/1.2; +https://openai.com/gptbot)" 142 **0/142012**
20.171.207.65 - - [14/Sep/2025:06:29:33 -0700] "GET /bloqueadores-de-la-aromatasa-un-curso-integral-para-comprender-su-uso-y-beneficios-4?fileloc=//proc/sys/net/netfilter/nf_conntrack_acct&path=//proc/sys/net/netfilter HTTP/1.1" 200 2288 "-" "Mozilla/5.0 AppleWebKit/537.36 (KHTML, like Gecko; compatible; GPTBot/1.2; +https://openai.com/gptbot)" 162 **0/162261**
20.171.207.65 - - [14/Sep/2025:06:29:36 -0700] "GET /bloqueadores-de-la-aromatasa-un-curso-integral-para-comprender-su-uso-y-beneficios-4?fileloc=//proc/sys/net/core/txrehash&path=//proc/sys/net/core HTTP/1.1" 200 2280 "-" "Mozilla/5.0 AppleWebKit/537.36 (KHTML, like Gecko; compatible; GPTBot/1.2; +https://openai.com/gptbot)" 141 **0/141950**
20.171.207.65 - - [14/Sep/2025:06:29:39 -0700] "GET /bloqueadores-de-la-aromatasa-un-curso-integral-para-comprender-su-uso-y-beneficios-4?fileloc=//proc/sys/net/mptcp/stale_loss_cnt&path=//proc/sys/net/mptcp HTTP/1.1" 200 2286 "-" "Mozilla/5.0 AppleWebKit/537.36 (KHTML, like Gecko; compatible; GPTBot/1.2; +https://openai.com/gptbot)" 133 **0/133177**
20.171.207.65 - - [14/Sep/2025:06:29:42 -0700] "GET /bloqueadores-de-la-aromatasa-un-curso-integral-para-comprender-su-uso-y-beneficios-4?fileloc=//proc/sys/net/core/netdev_budget&path=//proc/sys/net/core HTTP/1.1" 200 2281 "-" "Mozilla/5.0 AppleWebKit/537.36 (KHTML, like Gecko; compatible; GPTBot/1.2; +https://openai.com/gptbot)" 141 **0/141158**
20.171.207.65 - - [14/Sep/2025:06:29:45 -0700] "GET /bloqueadores-de-la-aromatasa-un-curso-integral-para-comprender-su-uso-y-beneficios-4?fileloc=//proc/sys/net/core/busy_read&path=//proc/sys/net/core HTTP/1.1" 200 2279 "-" "Mozilla/5.0 AppleWebKit/537.36 (KHTML, like Gecko; compatible; GPTBot/1.2; +https://openai.com/gptbot)" 142 **0/142849**
20.171.207.65 - - [14/Sep/2025:06:29:48 -0700] "GET /bloqueadores-de-la-aromatasa-un-curso-integral-para-comprender-su-uso-y-beneficios-4?fileloc=//proc/sys/net/core/netdev_tstamp_prequeue&path=//proc/sys/net/core HTTP/1.1" 200 2289 "-" "Mozilla/5.0 AppleWebKit/537.36 (KHTML, like Gecko; compatible; GPTBot/1.2; +https://openai.com/gptbot)" 160 **0/160160**
20.171.207.65 - - [14/Sep/2025:06:29:51 -0700] "GET /bloqueadores-de-la-aromatasa-un-curso-integral-para-comprender-su-uso-y-beneficios-4?fileloc=//proc/sys/net/core/busy_poll&path=//proc/sys/net/core HTTP/1.1" 200 2279 "-" "Mozilla/5.0 AppleWebKit/537.36 (KHTML, like Gecko; compatible; GPTBot/1.2; +https://openai.com/gptbot)" 134 **0/134233**
20.171.207.65 - - [14/Sep/2025:06:29:54 -0700] "GET /bloqueadores-de-la-aromatasa-un-curso-integral-para-comprender-su-uso-y-beneficios-4?fileloc=//proc/sys/net/core/rmem_default&path=//proc/sys/net/core HTTP/1.1" 200 2282 "-" "Mozilla/5.0 AppleWebKit/537.36 (KHTML, like Gecko; compatible; GPTBot/1.2; +https://openai.com/gptbot)" 125 **0/125628**
20.171.207.65 - - [14/Sep/2025:06:29:58 -0700] "GET /bloqueadores-de-la-aromatasa-un-curso-integral-para-comprender-su-uso-y-beneficios-4?fileloc=//proc/sys/net/core/netdev_budget_usecs&path=//proc/sys/net/core HTTP/1.1" 200 2287 "-" "Mozilla/5.0 AppleWebKit/537.36 (KHTML, like Gecko; compatible; GPTBot/1.2; +https://openai.com/gptbot)" 223 **0/223968**
20.171.207.65 - - [14/Sep/2025:06:30:01 -0700] "GET /bloqueadores-de-la-aromatasa-un-curso-integral-para-comprender-su-uso-y-beneficios-4?fileloc=//proc/sys/net/core/rps_default_mask&path=//proc/sys/net/core HTTP/1.1" 200 2284 "-" "Mozilla/5.0 AppleWebKit/537.36 (KHTML, like Gecko; compatible; GPTBot/1.2; +https://openai.com/gptbot)" 159 **0/159910**
20.171.207.65 - - [14/Sep/2025:06:30:04 -0700] "GET /bloqueadores-de-la-aromatasa-un-curso-integral-para-comprender-su-uso-y-beneficios-4?fileloc=//proc/sys/net/core/default_qdisc&path=//proc/sys/net/core HTTP/1.1" 200 2288 "-" "Mozilla/5.0 AppleWebKit/537.36 (KHTML, like Gecko; compatible; GPTBot/1.2; +https://openai.com/gptbot)" 126 **0/126752**
20.171.207.65 - - [14/Sep/2025:06:30:07 -0700] "GET /bloqueadores-de-la-aromatasa-un-curso-integral-para-comprender-su-uso-y-beneficios-4?fileloc=//proc/sys/net/core/rps_sock_flow_entries&path=//proc/sys/net/core HTTP/1.1" 200 2287 "-" "Mozilla/5.0 AppleWebKit/537.36 (KHTML, like Gecko; compatible; GPTBot/1.2; +https://openai.com/gptbot)" 156 **0/156786**
20.171.207.65 - - [14/Sep/2025:06:30:12 -0700] "GET /bloqueadores-de-la-aromatasa-un-curso-integral-para-comprender-su-uso-y-beneficios-4?fileloc=//proc/sys/net/core/wmem_default&path=//proc/sys/net/core HTTP/1.1" 200 2282 "-" "Mozilla/5.0 AppleWebKit/537.36 (KHTML, like Gecko; compatible; GPTBot/1.2; +https://openai.com/gptbot)" 135 **0/135474**
20.171.207.65 - - [14/Sep/2025:06:30:15 -0700] "GET /bloqueadores-de-la-aromatasa-un-curso-integral-para-comprender-su-uso-y-beneficios-4?fileloc=//proc/sys/net/core/fb_tunnels_only_for_init_net&path=//proc/sys/net/core HTTP/1.1" 200 2293 "-" "Mozilla/5.0 AppleWebKit/537.36 (KHTML, like Gecko; compatible; GPTBot/1.2; +https://openai.com/gptbot)" 153 **0/153391**
20.171.207.65 - - [14/Sep/2025:06:30:16 -0700] "GET /bloqueadores-de-la-aromatasa-un-curso-integral-para-comprender-su-uso-y-beneficios-4?fileloc=//proc/sys/net/core/bpf_jit_limit&path=//proc/sys/net/core HTTP/1.1" 200 2282 "-" "Mozilla/5.0 AppleWebKit/537.36 (KHTML, like Gecko; compatible; GPTBot/1.2; +https://openai.com/gptbot)" 138 **0/138398**
20.171.207.65 - - [14/Sep/2025:06:30:20 -0700] "GET /bloqueadores-de-la-aromatasa-un-curso-integral-para-comprender-su-uso-y-beneficios-4?fileloc=//proc/sys/net/core/bpf_jit_kallsyms&path=//proc/sys/net/core HTTP/1.1" 200 2282 "-" "Mozilla/5.0 AppleWebKit/537.36 (KHTML, like Gecko; compatible; GPTBot/1.2; +https://openai.com/gptbot)" 140 **0/140550**
20.171.207.65 - - [14/Sep/2025:06:30:23 -0700] "GET /bloqueadores-de-la-aromatasa-un-curso-integral-para-comprender-su-uso-y-beneficios-4?fileloc=//proc/sys/net/netfilter/nf_conntrack_max&path=//proc/sys/net/netfilter HTTP/1.1" 200 2291 "-" "Mozilla/5.0 AppleWebKit/537.36 (KHTML, like Gecko; compatible; GPTBot/1.2; +https://openai.com/gptbot)" 155 **0/155099**
20.171.207.65 - - [14/Sep/2025:06:30:26 -0700] "GET /bloqueadores-de-la-aromatasa-un-curso-integral-para-comprender-su-uso-y-beneficios-4?fileloc=//proc/sys/net/core/xfrm_larval_drop&path=//proc/sys/net/core HTTP/1.1" 200 2283 "-" "Mozilla/5.0 AppleWebKit/537.36 (KHTML, like Gecko; compatible; GPTBot/1.2; +https://openai.com/gptbot)" 158 **0/158249**
216.73.216.168 - - [14/Sep/2025:06:30:27 -0700] "GET /pin-up-kazino-oficialnyj-sajt-pin-ap-vhod-na-564?fileloc=%2Fhome%2Fvrposilw0xwl%2Fpublic_html%2Fwp-includes%2Fms-files.php&path=%2Fhome%2Fvrposilw0xwl%2Fpublic_html%2Fwp-includes HTTP/1.1" 200 3369 "-" "Mozilla/5.0 AppleWebKit/537.36 (KHTML, like Gecko; compatible; ClaudeBot/1.0; +claudebot@anthropic.com)" 263 **0/263143**
20.171.207.65 - - [14/Sep/2025:06:30:29 -0700] "GET /bloqueadores-de-la-aromatasa-un-curso-integral-para-comprender-su-uso-y-beneficios-4?fileloc=//proc/sys/net/core/xfrm_aevent_rseqth&path=//proc/sys/net/core HTTP/1.1" 200 2288 "-" "Mozilla/5.0 AppleWebKit/537.36 (KHTML, like Gecko; compatible; GPTBot/1.2; +https://openai.com/gptbot)" 133 **0/133827**
57.141.2.29 - - [14/Sep/2025:06:30:29 -0700] "GET /7-breakthroughs-redefining-the-future-of-gaming/ HTTP/1.1" 200 72275 "-" "meta-externalagent/1.1 (+https://developers.facebook.com/docs/sharing/webmasters/crawler)" 185 **0/185978**
216.73.216.168 - - [14/Sep/2025:06:30:30 -0700] "GET /1win-casino-app-for-android-download-the-apk-2835/feed?fileloc=%2Fhome%2Fvrposilw0xwl%2Fpublic_html%2Fwp-admin%2Fsite-editor.php&path=%2Fhome%2Fvrposilw0xwl%2Fpublic_html%2Fwp-admin HTTP/1.1" 200 5588 "-" "Mozilla/5.0 AppleWebKit/537.36 (KHTML, like Gecko; compatible; ClaudeBot/1.0; +claudebot@anthropic.com)" 251 **0/251357**
216.73.216.168 - - [14/Sep/2025:06:30:33 -0700] "GET /casino-en-ligne-golden-panda-application-mobile-121/feed?fileloc=%2Fhome%2Fvrposilw0xwl%2Fpublic_html%2Fwp-includes%2Fblocks%2Fpost-author.php&path=%2Fhome%2Fvrposilw0xwl%2Fpublic_html%2Fwp-includes%2Fblocks HTTP/1.1" 200 3171 "-" "Mozilla/5.0 AppleWebKit/537.36 (KHTML, like Gecko; compatible; ClaudeBot/1.0; +claudebot@anthropic.com)" 240 **0/240712**
20.171.207.65 - - [14/Sep/2025:06:30:33 -0700] "GET /bloqueadores-de-la-aromatasa-un-curso-integral-para-comprender-su-uso-y-beneficios-4?fileloc=//proc/sys/net/core/bpf_jit_harden&path=//proc/sys/net/core HTTP/1.1" 200 2282 "-" "Mozilla/5.0 AppleWebKit/537.36 (KHTML, like Gecko; compatible; GPTBot/1.2; +https://openai.com/gptbot)" 149 **0/149816**
20.171.207.65 - - [14/Sep/2025:06:30:35 -0700] "GET /bloqueadores-de-la-aromatasa-un-curso-integral-para-comprender-su-uso-y-beneficios-4?fileloc=//proc/sys/net/core/dev_weight&path=//proc/sys/net/core HTTP/1.1" 200 2279 "-" "Mozilla/5.0 AppleWebKit/537.36 (KHTML, like Gecko; compatible; GPTBot/1.2; +https://openai.com/gptbot)" 132 **0/132737**
216.73.216.168 - - [14/Sep/2025:06:30:36 -0700] "GET /casino-en-ligne-golden-panda-application-mobile-121/feed?fileloc=%2Fhome%2Fvrposilw0xwl%2Fpublic_html%2Fwp-includes%2Fblocks%2Fsearch.php&path=%2Fhome%2Fvrposilw0xwl%2Fpublic_html%2Fwp-includes%2Fblocks HTTP/1.1" 200 7410 "-" "Mozilla/5.0 AppleWebKit/537.36 (KHTML, like Gecko; compatible; ClaudeBot/1.0; +claudebot@anthropic.com)" 250 **0/250231**
216.73.216.168 - - [14/Sep/2025:06:30:39 -0700] "GET /pin-up-kazino-oficialnyj-sajt-pin-ap-vhod-na-564?fileloc=%2Fhome%2Fvrposilw0xwl%2Fpublic_html%2Fwp-includes%2Fcache-compat.php&path=%2Fhome%2Fvrposilw0xwl%2Fpublic_html%2Fwp-includes HTTP/1.1" 200 3498 "-" "Mozilla/5.0 AppleWebKit/537.36 (KHTML, like Gecko; compatible; ClaudeBot/1.0; +claudebot@anthropic.com)" 280 **0/280472**
20.171.207.65 - - [14/Sep/2025:06:30:40 -0700] "GET /bloqueadores-de-la-aromatasa-un-curso-integral-para-comprender-su-uso-y-beneficios-4?fileloc=//proc/sys/net/core/flow_limit_table_len&path=//proc/sys/net/core HTTP/1.1" 200 2288 "-" "Mozilla/5.0 AppleWebKit/537.36 (KHTML, like Gecko; compatible; GPTBot/1.2; +https://openai.com/gptbot)" 123 **0/123304**
20.171.207.65 - - [14/Sep/2025:06:30:41 -0700] "GET /bloqueadores-de-la-aromatasa-un-curso-integral-para-comprender-su-uso-y-beneficios-4?fileloc=//proc/sys/net/mptcp/add_addr_timeout&path=//proc/sys/net/mptcp HTTP/1.1" 200 2286 "-" "Mozilla/5.0 AppleWebKit/537.36 (KHTML, like Gecko; compatible; GPTBot/1.2; +https://openai.com/gptbot)" 180 **0/180065**
216.73.216.168 - - [14/Sep/2025:06:30:42 -0700] "GET /casino-en-ligne-golden-panda-application-mobile-121/feed?fileloc=%2Fhome%2Fvrposilw0xwl%2Fpublic_html%2Fwp-includes%2Ffeed-rdf.php&path=%2Fhome%2Fvrposilw0xwl%2Fpublic_html%2Fwp-includes HTTP/1.1" 200 3248 "-" "Mozilla/5.0 AppleWebKit/537.36 (KHTML, like Gecko; compatible; ClaudeBot/1.0; +claudebot@anthropic.com)" 248 **0/248670**
20.171.207.65 - - [14/Sep/2025:06:30:44 -0700] "GET /bloqueadores-de-la-aromatasa-un-curso-integral-para-comprender-su-uso-y-beneficios-4?fileloc=//proc/sys/net/core/bpf_jit_enable&path=//proc/sys/net/core HTTP/1.1" 200 2283 "-" "Mozilla/5.0 AppleWebKit/537.36 (KHTML, like Gecko; compatible; GPTBot/1.2; +https://openai.com/gptbot)" 137 **0/137721**
216.73.216.168 - - [14/Sep/2025:06:30:45 -0700] "GET /casino-en-ligne-golden-panda-application-mobile-121/feed?fileloc=%2Fhome%2Fvrposilw0xwl%2Fpublic_html%2Fwp-includes%2Fcategory.php&path=%2Fhome%2Fvrposilw0xwl%2Fpublic_html%2Fwp-includes HTTP/1.1" 200 5716 "-" "Mozilla/5.0 AppleWebKit/537.36 (KHTML, like Gecko; compatible; ClaudeBot/1.0; +claudebot@anthropic.com)" 232 **0/232502**
216.73.216.168 - - [14/Sep/2025:06:30:48 -0700] "GET /pin-up-kazino-oficialnyj-sajt-pin-ap-vhod-na-564?fileloc=%2Fhome%2Fvrposilw0xwl%2Fpublic_html%2Fwp-includes%2Fspeculative-loading.php&path=%2Fhome%2Fvrposilw0xwl%2Fpublic_html%2Fwp-includes HTTP/1.1" 200 4882 "-" "Mozilla/5.0 AppleWebKit/537.36 (KHTML, like Gecko; compatible; ClaudeBot/1.0; +claudebot@anthropic.com)" 261 **0/261593**
20.171.207.65 - - [14/Sep/2025:06:30:48 -0700] "GET /bloqueadores-de-la-aromatasa-un-curso-integral-para-comprender-su-uso-y-beneficios-4?fileloc=//proc/sys/net/core/xfrm_aevent_etime&path=//proc/sys/net/core HTTP/1.1" 200 2285 "-" "Mozilla/5.0 AppleWebKit/537.36 (KHTML, like Gecko; compatible; GPTBot/1.2; +https://openai.com/gptbot)" 131 **0/131526**
216.73.216.168 - - [14/Sep/2025:06:30:51 -0700] "GET /casino-en-ligne-golden-panda-application-mobile-121/feed?fileloc=%2Fhome%2Fvrposilw0xwl%2Fpublic_html%2Fwp-includes%2Fblocks%2Findex.php&path=%2Fhome%2Fvrposilw0xwl%2Fpublic_html%2Fwp-includes%2Fblocks HTTP/1.1" 200 3977 "-" "Mozilla/5.0 AppleWebKit/537.36 (KHTML, like Gecko; compatible; ClaudeBot/1.0; +claudebot@anthropic.com)" 260 **0/260373**
20.171.207.65 - - [14/Sep/2025:06:30:51 -0700] "GET /bloqueadores-de-la-aromatasa-un-curso-integral-para-comprender-su-uso-y-beneficios-4?fileloc=//proc/sys/net/core/wmem_max&path=//proc/sys/net/core HTTP/1.1" 200 2285 "-" "Mozilla/5.0 AppleWebKit/537.36 (KHTML, like Gecko; compatible; GPTBot/1.2; +https://openai.com/gptbot)" 131 **0/131921**
20.171.207.65 - - [14/Sep/2025:06:30:54 -0700] "GET /bloqueadores-de-la-aromatasa-un-curso-integral-para-comprender-su-uso-y-beneficios-4?fileloc=//proc/sys/net/core/max_skb_frags&path=//proc/sys/net/core HTTP/1.1" 200 2284 "-" "Mozilla/5.0 AppleWebKit/537.36 (KHTML, like Gecko; compatible; GPTBot/1.2; +https://openai.com/gptbot)" 129 **0/129487**
66.249.73.234 - - [14/Sep/2025:06:30:55 -0700] "GET /27114218?goodscode=0027077858 HTTP/1.1" 200 25555 "-" "Mozilla/5.0 (Linux; Android 6.0.1; Nexus 5X Build/MMB29P) AppleWebKit/537.36 (KHTML, like Gecko) Chrome/140.0.7339.127 Mobile Safari/537.36 (compatible; Googlebot/2.1; +http://www.google.com/bot.html)" 638 **0/638286**
20.171.207.65 - - [14/Sep/2025:06:30:57 -0700] "GET /bloqueadores-de-la-aromatasa-un-curso-integral-para-comprender-su-uso-y-beneficios-4?fileloc=//proc/sys/net/core/flow_limit_cpu_bitmap&path=//proc/sys/net/core HTTP/1.1" 200 2289 "-" "Mozilla/5.0 AppleWebKit/537.36 (KHTML, like Gecko; compatible; GPTBot/1.2; +https://openai.com/gptbot)" 138 **0/138779**
20.171.207.65 - - [14/Sep/2025:06:31:00 -0700] "GET /bloqueadores-de-la-aromatasa-un-curso-integral-para-comprender-su-uso-y-beneficios-4?fileloc=//proc/sys/net/core/xfrm_acq_expires&path=//proc/sys/net/core HTTP/1.1" 200 2285 "-" "Mozilla/5.0 AppleWebKit/537.36 (KHTML, like Gecko; compatible; GPTBot/1.2; +https://openai.com/gptbot)" 131 **0/131874**
20.171.207.65 - - [14/Sep/2025:06:31:04 -0700] "GET /bloqueadores-de-la-aromatasa-un-curso-integral-para-comprender-su-uso-y-beneficios-4?fileloc=//proc/sys/net/netfilter/nf_conntrack_sctp_timeout_shutdown_ack_sent&path=//proc/sys/net/netfilter HTTP/1.1" 200 2307 "-" "Mozilla/5.0 AppleWebKit/537.36 (KHTML, like Gecko; compatible; GPTBot/1.2; +https://openai.com/gptbot)" 171 **0/171592**
20.171.207.65 - - [14/Sep/2025:06:31:07 -0700] "GET /bloqueadores-de-la-aromatasa-un-curso-integral-para-comprender-su-uso-y-beneficios-4?fileloc=//proc/sys/net/netfilter/nf_conntrack_icmpv6_timeout&path=//proc/sys/net/netfilter HTTP/1.1" 200 2297 "-" "Mozilla/5.0 AppleWebKit/537.36 (KHTML, like Gecko; compatible; GPTBot/1.2; +https://openai.com/gptbot)" 189 **0/189902**
20.171.207.65 - - [14/Sep/2025:06:31:10 -0700] "GET /bloqueadores-de-la-aromatasa-un-curso-integral-para-comprender-su-uso-y-beneficios-4?fileloc=//proc/sys/net/netfilter/nf_conntrack_sctp_timeout_established&path=//proc/sys/net/netfilter HTTP/1.1" 200 2304 "-" "Mozilla/5.0 AppleWebKit/537.36 (KHTML, like Gecko; compatible; GPTBot/1.2; +https://openai.com/gptbot)" 140 **0/140324**
20.171.207.65 - - [14/Sep/2025:06:31:14 -0700] "GET /bloqueadores-de-la-aromatasa-un-curso-integral-para-comprender-su-uso-y-beneficios-4?fileloc=//proc/sys/net/netfilter/nf_conntrack_frag6_high_thresh&path=//proc/sys/net/netfilter HTTP/1.1" 200 2304 "-" "Mozilla/5.0 AppleWebKit/537.36 (KHTML, like Gecko; compatible; GPTBot/1.2; +https://openai.com/gptbot)" 159 **0/159754**
20.171.207.65 - - [14/Sep/2025:06:31:16 -0700] "GET /bloqueadores-de-la-aromatasa-un-curso-integral-para-comprender-su-uso-y-beneficios-4?fileloc=//proc/sys/net/netfilter/nf_conntrack_frag6_low_thresh&path=//proc/sys/net/netfilter HTTP/1.1" 200 2303 "-" "Mozilla/5.0 AppleWebKit/537.36 (KHTML, like Gecko; compatible; GPTBot/1.2; +https://openai.com/gptbot)" 178 **0/178731**
20.171.207.65 - - [14/Sep/2025:06:31:19 -0700] "GET /bloqueadores-de-la-aromatasa-un-curso-integral-para-comprender-su-uso-y-beneficios-4?fileloc=//proc/sys/net/unix/max_dgram_qlen&path=//proc/sys/net/unix HTTP/1.1" 200 2286 "-" "Mozilla/5.0 AppleWebKit/537.36 (KHTML, like Gecko; compatible; GPTBot/1.2; +https://openai.com/gptbot)" 171 **0/171792**
20.171.207.65 - - [14/Sep/2025:06:31:23 -0700] "GET /bloqueadores-de-la-aromatasa-un-curso-integral-para-comprender-su-uso-y-beneficios-4?fileloc=//proc/sys/net/netfilter/nf_conntrack_sctp_timeout_shutdown_recd&path=//proc/sys/net/netfilter HTTP/1.1" 200 2306 "-" "Mozilla/5.0 AppleWebKit/537.36 (KHTML, like Gecko; compatible; GPTBot/1.2; +https://openai.com/gptbot)" 155 **0/155277**
20.171.207.65 - - [14/Sep/2025:06:31:26 -0700] "GET /bloqueadores-de-la-aromatasa-un-curso-integral-para-comprender-su-uso-y-beneficios-4?fileloc=//proc/sys/net/core/netdev_max_backlog&path=//proc/sys/net/core HTTP/1.1" 200 2288 "-" "Mozilla/5.0 AppleWebKit/537.36 (KHTML, like Gecko; compatible; GPTBot/1.2; +https://openai.com/gptbot)" 130 **0/130982**
20.171.207.65 - - [14/Sep/2025:06:31:29 -0700] "GET /bloqueadores-de-la-aromatasa-un-curso-integral-para-comprender-su-uso-y-beneficios-4?fileloc=//proc/sys/net/core/dev_weight_tx_bias&path=//proc/sys/net/core HTTP/1.1" 200 2285 "-" "Mozilla/5.0 AppleWebKit/537.36 (KHTML, like Gecko; compatible; GPTBot/1.2; +https://openai.com/gptbot)" 120 **0/120717**
20.171.207.65 - - [14/Sep/2025:06:31:32 -0700] "GET /bloqueadores-de-la-aromatasa-un-curso-integral-para-comprender-su-uso-y-beneficios-4?fileloc=//proc/sys/net/netfilter/nf_conntrack_tcp_timeout_unacknowledged&path=//proc/sys/net/netfilter HTTP/1.1" 200 2301 "-" "Mozilla/5.0 AppleWebKit/537.36 (KHTML, like Gecko; compatible; GPTBot/1.2; +https://openai.com/gptbot)" 134 **0/134455**
20.171.207.65 - - [14/Sep/2025:06:31:35 -0700] "GET /bloqueadores-de-la-aromatasa-un-curso-integral-para-comprender-su-uso-y-beneficios-4?fileloc=//proc/sys/net/core/dev_weight_rx_bias&path=//proc/sys/net/core HTTP/1.1" 200 2285 "-" "Mozilla/5.0 AppleWebKit/537.36 (KHTML, like Gecko; compatible; GPTBot/1.2; +https://openai.com/gptbot)" 142 **0/142277**
20.171.207.65 - - [14/Sep/2025:06:31:38 -0700] "GET /bloqueadores-de-la-aromatasa-un-curso-integral-para-comprender-su-uso-y-beneficios-4?path=//var/run HTTP/1.1" 200 2842 "-" "Mozilla/5.0 AppleWebKit/537.36 (KHTML, like Gecko; compatible; GPTBot/1.2; +https://openai.com/gptbot)" 129 **0/129350**
20.171.207.65 - - [14/Sep/2025:06:31:41 -0700] "GET /bloqueadores-de-la-aromatasa-un-curso-integral-para-comprender-su-uso-y-beneficios-4?path=//run/sepermit HTTP/1.1" 200 2306 "-" "Mozilla/5.0 AppleWebKit/537.36 (KHTML, like Gecko; compatible; GPTBot/1.2; +https://openai.com/gptbot)" 132 **0/132565**
20.171.207.65 - - [14/Sep/2025:06:31:44 -0700] "GET /bloqueadores-de-la-aromatasa-un-curso-integral-para-comprender-su-uso-y-beneficios-4?path=//var/cache HTTP/1.1" 200 2678 "-" "Mozilla/5.0 AppleWebKit/537.36 (KHTML, like Gecko; compatible; GPTBot/1.2; +https://openai.com/gptbot)" 130 **0/130374**
20.171.207.65 - - [14/Sep/2025:06:31:48 -0700] "GET /bloqueadores-de-la-aromatasa-un-curso-integral-para-comprender-su-uso-y-beneficios-4?path=//var/log HTTP/1.1" 200 2725 "-" "Mozilla/5.0 AppleWebKit/537.36 (KHTML, like Gecko; compatible; GPTBot/1.2; +https://openai.com/gptbot)" 134 **0/134549**
20.171.207.65 - - [14/Sep/2025:06:31:51 -0700] "GET /bloqueadores-de-la-aromatasa-un-curso-integral-para-comprender-su-uso-y-beneficios-4?path=//run/systemd HTTP/1.1" 200 2542 "-" "Mozilla/5.0 AppleWebKit/537.36 (KHTML, like Gecko; compatible; GPTBot/1.2; +https://openai.com/gptbot)" 131 **0/131808**
20.171.207.65 - - [14/Sep/2025:06:31:54 -0700] "GET /bloqueadores-de-la-aromatasa-un-curso-integral-para-comprender-su-uso-y-beneficios-4?path=//run/console HTTP/1.1" 200 2304 "-" "Mozilla/5.0 AppleWebKit/537.36 (KHTML, like Gecko; compatible; GPTBot/1.2; +https://openai.com/gptbot)" 154 **0/154827**
66.249.73.235 - - [14/Sep/2025:06:31:56 -0700] "GET /27109103?goodscode=0027072750 HTTP/1.1" 200 27088 "-" "Mozilla/5.0 (Linux; Android 6.0.1; Nexus 5X Build/MMB29P) AppleWebKit/537.36 (KHTML, like Gecko) Chrome/140.0.7339.127 Mobile Safari/537.36 (compatible; Googlebot/2.1; +http://www.google.com/bot.html)" 615 **0/615120**
20.171.207.65 - - [14/Sep/2025:06:31:57 -0700] "GET /bloqueadores-de-la-aromatasa-un-curso-integral-para-comprender-su-uso-y-beneficios-4?path=//var/opt HTTP/1.1" 200 2546 "-" "Mozilla/5.0 AppleWebKit/537.36 (KHTML, like Gecko; compatible; GPTBot/1.2; +https://openai.com/gptbot)" 120 **0/120657**
20.171.207.65 - - [14/Sep/2025:06:32:00 -0700] "GET /bloqueadores-de-la-aromatasa-un-curso-integral-para-comprender-su-uso-y-beneficios-4?path=//var/run/nscd HTTP/1.1" 200 2571 "-" "Mozilla/5.0 AppleWebKit/537.36 (KHTML, like Gecko; compatible; GPTBot/1.2; +https://openai.com/gptbot)" 197 **0/197738**
20.171.207.65 - - [14/Sep/2025:06:32:05 -0700] "GET /bloqueadores-de-la-aromatasa-un-curso-integral-para-comprender-su-uso-y-beneficios-4?path=//var/cache/php-eaccelerator HTTP/1.1" 200 2312 "-" "Mozilla/5.0 AppleWebKit/537.36 (KHTML, like Gecko; compatible; GPTBot/1.2; +https://openai.com/gptbot)" 150 **0/150433**
20.171.207.65 - - [14/Sep/2025:06:32:07 -0700] "GET /bloqueadores-de-la-aromatasa-un-curso-integral-para-comprender-su-uso-y-beneficios-4?path=//var/run/dbus HTTP/1.1" 200 2313 "-" "Mozilla/5.0 AppleWebKit/537.36 (KHTML, like Gecko; compatible; GPTBot/1.2; +https://openai.com/gptbot)" 134 **0/134314**
20.171.207.65 - - [14/Sep/2025:06:32:10 -0700] "GET /bloqueadores-de-la-aromatasa-un-curso-integral-para-comprender-su-uso-y-beneficios-4?path=//proc/sys/fs HTTP/1.1" 200 3624 "-" "Mozilla/5.0 AppleWebKit/537.36 (KHTML, like Gecko; compatible; GPTBot/1.2; +https://openai.com/gptbot)" 153 **0/153548**
20.171.207.65 - - [14/Sep/2025:06:32:14 -0700] "GET /bloqueadores-de-la-aromatasa-un-curso-integral-para-comprender-su-uso-y-beneficios-4?path=//run/screen HTTP/1.1" 200 2293 "-" "Mozilla/5.0 AppleWebKit/537.36 (KHTML, like Gecko; compatible; GPTBot/1.2; +https://openai.com/gptbot)" 127 **0/127077**
20.171.207.65 - - [14/Sep/2025:06:32:17 -0700] "GET /bloqueadores-de-la-aromatasa-un-curso-integral-para-comprender-su-uso-y-beneficios-4?path=//var/opt/cyberark HTTP/1.1" 200 2558 "-" "Mozilla/5.0 AppleWebKit/537.36 (KHTML, like Gecko; compatible; GPTBot/1.2; +https://openai.com/gptbot)" 155 **0/155310**
20.171.207.65 - - [14/Sep/2025:06:32:20 -0700] "GET /bloqueadores-de-la-aromatasa-un-curso-integral-para-comprender-su-uso-y-beneficios-4?path=//run/cagefs HTTP/1.1" 200 2549 "-" "Mozilla/5.0 AppleWebKit/537.36 (KHTML, like Gecko; compatible; GPTBot/1.2; +https://openai.com/gptbot)" 130 **0/130449**
20.171.207.65 - - [14/Sep/2025:06:32:25 -0700] "GET /bloqueadores-de-la-aromatasa-un-curso-integral-para-comprender-su-uso-y-beneficios-4?path=//proc/sys/abi HTTP/1.1" 200 2572 "-" "Mozilla/5.0 AppleWebKit/537.36 (KHTML, like Gecko; compatible; GPTBot/1.2; +https://openai.com/gptbot)" 132 **0/132001**
20.171.207.65 - - [14/Sep/2025:06:32:26 -0700] "GET /bloqueadores-de-la-aromatasa-un-curso-integral-para-comprender-su-uso-y-beneficios-4?path=//run/nscd HTTP/1.1" 200 2562 "-" "Mozilla/5.0 AppleWebKit/537.36 (KHTML, like Gecko; compatible; GPTBot/1.2; +https://openai.com/gptbot)" 120 **0/120772**
20.171.207.65 - - [14/Sep/2025:06:32:29 -0700] "GET /bloqueadores-de-la-aromatasa-un-curso-integral-para-comprender-su-uso-y-beneficios-4?path=//bin HTTP/1.1" 200 14439 "-" "Mozilla/5.0 AppleWebKit/537.36 (KHTML, like Gecko; compatible; GPTBot/1.2; +https://openai.com/gptbot)" 148 **0/148602**
20.171.207.65 - - [14/Sep/2025:06:32:46 -0700] "GET /bloqueadores-de-la-aromatasa-un-curso-integral-para-comprender-su-uso-y-beneficios-4?path=//var/spool HTTP/1.1" 200 2578 "-" "Mozilla/5.0 AppleWebKit/537.36 (KHTML, like Gecko; compatible; GPTBot/1.2; +https://openai.com/gptbot)" 134 **0/134952**
20.171.207.65 - - [14/Sep/2025:06:32:54 -0700] "GET /bloqueadores-de-la-aromatasa-un-curso-integral-para-comprender-su-uso-y-beneficios-4?fileloc=//bin/post-grohtml&path=//bin HTTP/1.1" 200 2247 "-" "Mozilla/5.0 AppleWebKit/537.36 (KHTML, like Gecko; compatible; GPTBot/1.2; +https://openai.com/gptbot)" 161 **0/161083**
20.171.207.65 - - [14/Sep/2025:06:32:55 -0700] "GET /bloqueadores-de-la-aromatasa-un-curso-integral-para-comprender-su-uso-y-beneficios-4?fileloc=//bin/ps2ascii&path=//bin HTTP/1.1" 200 2591 "-" "Mozilla/5.0 AppleWebKit/537.36 (KHTML, like Gecko; compatible; GPTBot/1.2; +https://openai.com/gptbot)" 130 **0/130266**
20.171.207.65 - - [14/Sep/2025:06:32:58 -0700] "GET /bloqueadores-de-la-aromatasa-un-curso-integral-para-comprender-su-uso-y-beneficios-4?fileloc=//bin/dnstap-read&path=//bin HTTP/1.1" 200 2249 "-" "Mozilla/5.0 AppleWebKit/537.36 (KHTML, like Gecko; compatible; GPTBot/1.2; +https://openai.com/gptbot)" 145 **0/145609**
20.171.207.65 - - [14/Sep/2025:06:33:05 -0700] "GET /bloqueadores-de-la-aromatasa-un-curso-integral-para-comprender-su-uso-y-beneficios-4?fileloc=//bin/mariadb-show&path=//bin HTTP/1.1" 200 2248 "-" "Mozilla/5.0 AppleWebKit/537.36 (KHTML, like Gecko; compatible; GPTBot/1.2; +https://openai.com/gptbot)" 150 **0/150363**
20.171.207.65 - - [14/Sep/2025:06:33:11 -0700] "GET /bloqueadores-de-la-aromatasa-un-curso-integral-para-comprender-su-uso-y-beneficios-4?path=//var/spool/at HTTP/1.1" 200 2313 "-" "Mozilla/5.0 AppleWebKit/537.36 (KHTML, like Gecko; compatible; GPTBot/1.2; +https://openai.com/gptbot)" 205 **0/205184**
77.75.79.95 - - [14/Sep/2025:06:33:12 -0700] "GET /1215249?goodscode=0001214318 HTTP/1.1" 200 4429 "-" "Mozilla/5.0 (compatible; SeznamBot/4.0; +https://o-seznam.cz/napoveda/vyhledavani/en/seznambot-crawler/)" 263 **0/263186**
20.171.207.65 - - [14/Sep/2025:06:33:17 -0700] "GET /inputs.php?path=//opt/cloudlinux/venv/lib64/python3.11/site-packages/numpy/ma/tests/__pycache__ HTTP/1.1" 200 2943 "-" "Mozilla/5.0 AppleWebKit/537.36 (KHTML, like Gecko; compatible; GPTBot/1.2; +https://openai.com/gptbot)" 181 **0/181469**
20.171.207.65 - - [14/Sep/2025:06:33:21 -0700] "GET /inputs.php?path=//opt/cloudlinux/venv/lib64/python3.11/site-packages/pip/_internal/vcs/__pycache__ HTTP/1.1" 200 2875 "-" "Mozilla/5.0 AppleWebKit/537.36 (KHTML, like Gecko; compatible; GPTBot/1.2; +https://openai.com/gptbot)" 135 **0/135854**
20.171.207.65 - - [14/Sep/2025:06:33:24 -0700] "GET /inputs.php?path=//opt/cloudlinux/venv/lib64/python3.11/site-packages/lve_utils/hooks/__pycache__ HTTP/1.1" 200 2866 "-" "Mozilla/5.0 AppleWebKit/537.36 (KHTML, like Gecko; compatible; GPTBot/1.2; +https://openai.com/gptbot)" 126 **0/126189**
20.171.207.65 - - [14/Sep/2025:06:33:27 -0700] "GET /?fileloc=//lib64/libnetfilter_conntrack.so.3&path=//lib64 HTTP/1.1" 200 2257 "-" "Mozilla/5.0 AppleWebKit/537.36 (KHTML, like Gecko; compatible; GPTBot/1.2; +https://openai.com/gptbot)" 148 **0/148661**
66.249.73.235 - - [14/Sep/2025:06:33:31 -0700] "GET /casino-oyunlarnda-strateji-ve-baar-109/ HTTP/1.1" 200 24844 "-" "Mozilla/5.0 (Linux; Android 6.0.1; Nexus 5X Build/MMB29P) AppleWebKit/537.36 (KHTML, like Gecko) Chrome/140.0.7339.127 Mobile Safari/537.36 (compatible; Googlebot/2.1; +http://www.google.com/bot.html)" 626 **0/626787**
20.171.207.65 - - [14/Sep/2025:06:33:33 -0700] "GET /?path=//usr/local/lib64/perl5/auto/version/vxs HTTP/1.1" 200 2612 "-" "Mozilla/5.0 AppleWebKit/537.36 (KHTML, like Gecko; compatible; GPTBot/1.2; +https://openai.com/gptbot)" 144 **0/144931**
20.171.207.65 - - [14/Sep/2025:06:33:33 -0700] "GET /?path=//usr/local/lib64/perl5/auto/common/sense HTTP/1.1" 200 2613 "-" "Mozilla/5.0 AppleWebKit/537.36 (KHTML, like Gecko; compatible; GPTBot/1.2; +https://openai.com/gptbot)" 137 **0/137218**
20.171.207.65 - - [14/Sep/2025:06:33:36 -0700] "GET /?path=//usr/lib64/python3.12/ensurepip/__pycache__ HTTP/1.1" 200 2804 "-" "Mozilla/5.0 AppleWebKit/537.36 (KHTML, like Gecko; compatible; GPTBot/1.2; +https://openai.com/gptbot)" 145 **0/145177**
20.171.207.65 - - [14/Sep/2025:06:33:42 -0700] "GET /inputs.php?path=//opt/cloudlinux/venv/lib64/python3.11/site-packages/ssa/ssa_utils/__pycache__ HTTP/1.1" 200 2869 "-" "Mozilla/5.0 AppleWebKit/537.36 (KHTML, like Gecko; compatible; GPTBot/1.2; +https://openai.com/gptbot)" 154 **0/154096**
20.171.207.65 - - [14/Sep/2025:06:33:43 -0700] "GET /?path=//opt/alt/python311/include HTTP/1.1" 200 2568 "-" "Mozilla/5.0 AppleWebKit/537.36 (KHTML, like Gecko; compatible; GPTBot/1.2; +https://openai.com/gptbot)" 144 **0/144007**
20.171.207.65 - - [14/Sep/2025:06:33:47 -0700] "GET /inputs.php?path=//opt/cloudlinux/venv/lib64/python3.11/site-packages/pip/_internal/__pycache__ HTTP/1.1" 200 2973 "-" "Mozilla/5.0 AppleWebKit/537.36 (KHTML, like Gecko; compatible; GPTBot/1.2; +https://openai.com/gptbot)" 180 **0/180955**
20.171.207.65 - - [14/Sep/2025:06:33:49 -0700] "GET /xmlrpc.php?path=//opt/cloudlinux/venv/lib/python3.11/site-packages/gitdb/test HTTP/1.1" 200 2904 "-" "Mozilla/5.0 AppleWebKit/537.36 (KHTML, like Gecko; compatible; GPTBot/1.2; +https://openai.com/gptbot)" 58 **0/58629**
20.171.207.65 - - [14/Sep/2025:06:33:52 -0700] "GET /?fileloc=//lib/systemd/systemd-dissect&path=//lib/systemd HTTP/1.1" 200 2259 "-" "Mozilla/5.0 AppleWebKit/537.36 (KHTML, like Gecko; compatible; GPTBot/1.2; +https://openai.com/gptbot)" 156 **0/156394**
20.171.207.65 - - [14/Sep/2025:06:33:55 -0700] "GET /?fileloc=//lib/systemd/systemd-initctl&path=//lib/systemd HTTP/1.1" 200 2260 "-" "Mozilla/5.0 AppleWebKit/537.36 (KHTML, like Gecko; compatible; GPTBot/1.2; +https://openai.com/gptbot)" 180 **0/180842**
66.249.73.234 - - [14/Sep/2025:06:33:57 -0700] "GET /27130629?goodscode=0027094246 HTTP/1.1" 200 26078 "-" "Mozilla/5.0 (Linux; Android 6.0.1; Nexus 5X Build/MMB29P) AppleWebKit/537.36 (KHTML, like Gecko) Chrome/140.0.7339.127 Mobile Safari/537.36 (compatible; Googlebot/2.1; +http://www.google.com/bot.html)" 637 **0/637279**
20.171.207.65 - - [14/Sep/2025:06:34:01 -0700] "GET /?fileloc=//lib/systemd/systemd-localed&path=//lib/systemd HTTP/1.1" 200 2259 "-" "Mozilla/5.0 AppleWebKit/537.36 (KHTML, like Gecko; compatible; GPTBot/1.2; +https://openai.com/gptbot)" 141 **0/141663**
20.171.207.65 - - [14/Sep/2025:06:34:02 -0700] "GET /xmlrpc.php?path=//lib64/perl5/vendor_perl/File HTTP/1.1" 200 2654 "-" "Mozilla/5.0 AppleWebKit/537.36 (KHTML, like Gecko; compatible; GPTBot/1.2; +https://openai.com/gptbot)" 108 **0/108336**
20.171.207.65 - - [14/Sep/2025:06:34:05 -0700] "GET /xmlrpc.php?path=//lib64/perl5/vendor_perl/Filter HTTP/1.1" 200 2778 "-" "Mozilla/5.0 AppleWebKit/537.36 (KHTML, like Gecko; compatible; GPTBot/1.2; +https://openai.com/gptbot)" 35 **0/35822**
20.171.207.65 - - [14/Sep/2025:06:34:09 -0700] "GET /?path=//opt/alt/python311/include/python3.11 HTTP/1.1" 200 4708 "-" "Mozilla/5.0 AppleWebKit/537.36 (KHTML, like Gecko; compatible; GPTBot/1.2; +https://openai.com/gptbot)" 137 **0/137419**
20.171.207.65 - - [14/Sep/2025:06:34:11 -0700] "GET /inputs.php?path=//lib64/perl5/vendor_perl/File HTTP/1.1" 200 2654 "-" "Mozilla/5.0 AppleWebKit/537.36 (KHTML, like Gecko; compatible; GPTBot/1.2; +https://openai.com/gptbot)" 134 **0/134365**
20.171.207.65 - - [14/Sep/2025:06:34:16 -0700] "GET /xmlrpc.php?path=//lib64/perl5/vendor_perl/Term HTTP/1.1" 200 2596 "-" "Mozilla/5.0 AppleWebKit/537.36 (KHTML, like Gecko; compatible; GPTBot/1.2; +https://openai.com/gptbot)" 34 **0/34454**
20.171.207.65 - - [14/Sep/2025:06:34:18 -0700] "GET /xmlrpc.php?path=//lib64/perl5/vendor_perl/Time HTTP/1.1" 200 2593 "-" "Mozilla/5.0 AppleWebKit/537.36 (KHTML, like Gecko; compatible; GPTBot/1.2; +https://openai.com/gptbot)" 37 **0/37415**
216.73.216.168 - - [14/Sep/2025:06:34:21 -0700] "GET /kazino-oficialnyj-sajt-pin-up-casino-vhodi-i-308/feed?fileloc=%2F%2Flib64%2Flibtalloc.so.2&path=%2F%2Flib64 HTTP/1.1" 403 3820 "-" "Mozilla/5.0 AppleWebKit/537.36 (KHTML, like Gecko; compatible; ClaudeBot/1.0; +claudebot@anthropic.com)" 240 **0/240972**
20.171.207.65 - - [14/Sep/2025:06:34:21 -0700] "GET /inputs.php?path=//lib64/perl5/vendor_perl/Filter HTTP/1.1" 200 2778 "-" "Mozilla/5.0 AppleWebKit/537.36 (KHTML, like Gecko; compatible; GPTBot/1.2; +https://openai.com/gptbot)" 142 **0/142268**
20.171.207.65 - - [14/Sep/2025:06:34:24 -0700] "GET /xmlrpc.php?path=//lib64/perl5/vendor_perl/File/Spec HTTP/1.1" 200 2829 "-" "Mozilla/5.0 AppleWebKit/537.36 (KHTML, like Gecko; compatible; GPTBot/1.2; +https://openai.com/gptbot)" 101 **0/101858**
216.73.216.168 - - [14/Sep/2025:06:34:25 -0700] "GET /pin-up-kazino-oficialnyj-sajt-pin-ap-vhod-na-564?fileloc=%2F%2Flib64%2Flibnettle.so.6&path=%2F%2Flib64 HTTP/1.1" 403 3820 "-" "Mozilla/5.0 AppleWebKit/537.36 (KHTML, like Gecko; compatible; ClaudeBot/1.0; +claudebot@anthropic.com)" 268 **0/268972**
216.73.216.168 - - [14/Sep/2025:06:34:26 -0700] "GET /2025-delajte-stavki-i-vyigryvajte-v-ljuboe-vremja-120/feed?fileloc=%2F%2Flib64%2Flibmlx4.so.1.0.48.0&path=%2F%2Flib64 HTTP/1.1" 403 3820 "-" "Mozilla/5.0 AppleWebKit/537.36 (KHTML, like Gecko; compatible; ClaudeBot/1.0; +claudebot@anthropic.com)" 253 **0/253817**
20.171.207.65 - - [14/Sep/2025:06:34:29 -0700] "GET /xmlrpc.php?path=//lib64/perl5/vendor_perl/Filter/Util HTTP/1.1" 200 2673 "-" "Mozilla/5.0 AppleWebKit/537.36 (KHTML, like Gecko; compatible; GPTBot/1.2; +https://openai.com/gptbot)" 39 **0/39563**
216.73.216.168 - - [14/Sep/2025:06:34:29 -0700] "GET /pin-up-kazino-oficialnyj-sajt-pin-ap-vhod-na-564?fileloc=%2F%2Flib64%2Flibxcb-res.so.0&path=%2F%2Flib64 HTTP/1.1" 403 3820 "-" "Mozilla/5.0 AppleWebKit/537.36 (KHTML, like Gecko; compatible; ClaudeBot/1.0; +claudebot@anthropic.com)" 248 **0/248966**
20.171.207.65 - - [14/Sep/2025:06:34:30 -0700] "GET /?path=//opt/alt/python311/include/python3.11/cpython HTTP/1.1" 200 3933 "-" "Mozilla/5.0 AppleWebKit/537.36 (KHTML, like Gecko; compatible; GPTBot/1.2; +https://openai.com/gptbot)" 133 **0/133965**
20.171.207.65 - - [14/Sep/2025:06:34:33 -0700] "GET /inputs.php?path=//lib64/perl5/vendor_perl/Devel HTTP/1.1" 200 2633 "-" "Mozilla/5.0 AppleWebKit/537.36 (KHTML, like Gecko; compatible; GPTBot/1.2; +https://openai.com/gptbot)" 132 **0/132923**
216.73.216.168 - - [14/Sep/2025:06:34:33 -0700] "GET /kazino-oficialnyj-sajt-pin-up-casino-vhodi-i-308/feed?fileloc=%2F%2Flib64%2Flibprotobuf-c.so&path=%2F%2Flib64 HTTP/1.1" 403 3820 "-" "Mozilla/5.0 AppleWebKit/537.36 (KHTML, like Gecko; compatible; ClaudeBot/1.0; +claudebot@anthropic.com)" 250 **0/250622**
216.73.216.168 - - [14/Sep/2025:06:34:36 -0700] "GET /pin-up-kazino-oficialnyj-sajt-pin-ap-vhod-na-564?path=%2F%2Flib64%2Fgroff HTTP/1.1" 403 3820 "-" "Mozilla/5.0 AppleWebKit/537.36 (KHTML, like Gecko; compatible; ClaudeBot/1.0; +claudebot@anthropic.com)" 233 **0/233000**
20.171.207.65 - - [14/Sep/2025:06:34:36 -0700] "GET /?path=//opt/alt/python311/include/python3.11/internal HTTP/1.1" 200 4513 "-" "Mozilla/5.0 AppleWebKit/537.36 (KHTML, like Gecko; compatible; GPTBot/1.2; +https://openai.com/gptbot)" 141 **0/141224**
20.171.207.65 - - [14/Sep/2025:06:34:39 -0700] "GET /xmlrpc.php?path=//lib64/perl5/vendor_perl/Scalar HTTP/1.1" 200 2593 "-" "Mozilla/5.0 AppleWebKit/537.36 (KHTML, like Gecko; compatible; GPTBot/1.2; +https://openai.com/gptbot)" 60 **0/60086**
216.73.216.168 - - [14/Sep/2025:06:34:40 -0700] "GET /a-ascensao-dos-cassinos-moveis-jogos-em-movimento-24/feed?fileloc=%2F%2Flib64%2FlibIex-2_2.so.12&path=%2F%2Flib64 HTTP/1.1" 403 3820 "-" "Mozilla/5.0 AppleWebKit/537.36 (KHTML, like Gecko; compatible; ClaudeBot/1.0; +claudebot@anthropic.com)" 242 **0/242503**
216.73.216.168 - - [14/Sep/2025:06:34:42 -0700] "GET /2025-delajte-stavki-i-vyigryvajte-v-ljuboe-vremja-120/feed?fileloc=%2F%2Flib64%2Flibglut.so.3&path=%2F%2Flib64 HTTP/1.1" 403 3820 "-" "Mozilla/5.0 AppleWebKit/537.36 (KHTML, like Gecko; compatible; ClaudeBot/1.0; +claudebot@anthropic.com)" 254 **0/254522**
20.171.207.65 - - [14/Sep/2025:06:34:43 -0700] "GET /xmlrpc.php?path=//lib64/perl5/vendor_perl/Devel HTTP/1.1" 200 2633 "-" "Mozilla/5.0 AppleWebKit/537.36 (KHTML, like Gecko; compatible; GPTBot/1.2; +https://openai.com/gptbot)" 56 **0/56752**
216.73.216.168 - - [14/Sep/2025:06:34:44 -0700] "GET /a-ascensao-dos-cassinos-moveis-jogos-em-movimento-24/feed?fileloc=%2F%2Flib64%2Flibjq.so.1&path=%2F%2Flib64 HTTP/1.1" 403 3820 "-" "Mozilla/5.0 AppleWebKit/537.36 (KHTML, like Gecko; compatible; ClaudeBot/1.0; +claudebot@anthropic.com)" 284 **0/284941**
20.171.207.65 - - [14/Sep/2025:06:34:46 -0700] "GET /?path=//usr/local/lib64/perl5/version HTTP/1.1" 200 2693 "-" "Mozilla/5.0 AppleWebKit/537.36 (KHTML, like Gecko; compatible; GPTBot/1.2; +https://openai.com/gptbot)" 139 **0/139686**
216.73.216.168 - - [14/Sep/2025:06:34:48 -0700] "GET /pin-up-kazino-oficialnyj-sajt-pin-ap-vhod-na-564?fileloc=%2F%2Flib64%2Flibtk8.6.so&path=%2F%2Flib64 HTTP/1.1" 403 3820 "-" "Mozilla/5.0 AppleWebKit/537.36 (KHTML, like Gecko; compatible; ClaudeBot/1.0; +claudebot@anthropic.com)" 270 **0/270884**
20.171.207.65 - - [14/Sep/2025:06:34:49 -0700] "GET /inputs.php?path=//lib64/perl5/vendor_perl/Filter/Util HTTP/1.1" 200 2673 "-" "Mozilla/5.0 AppleWebKit/537.36 (KHTML, like Gecko; compatible; GPTBot/1.2; +https://openai.com/gptbot)" 134 **0/134122**
216.73.216.168 - - [14/Sep/2025:06:34:51 -0700] "GET /1win-casino-app-for-android-download-the-apk-2835/feed?fileloc=%2F%2Fsbin%2Fdnssec-dsfromkey&path=%2F%2Fsbin HTTP/1.1" 403 3820 "-" "Mozilla/5.0 AppleWebKit/537.36 (KHTML, like Gecko; compatible; ClaudeBot/1.0; +claudebot@anthropic.com)" 252 **0/252313**
