20.171.207.65 - - [14/Sep/2025:09:16:58 -0700] "GET /?fileloc=//proc/self/root/proc/sys/net/ipv6/neigh/default/gc_interval&path=//proc/self/root/proc/sys/net/ipv6/neigh/default HTTP/1.1" 200 2325 "-" "Mozilla/5.0 AppleWebKit/537.36 (KHTML, like Gecko; compatible; GPTBot/1.2; +https://openai.com/gptbot)" 125 **0/125774**
20.171.207.65 - - [14/Sep/2025:09:17:01 -0700] "GET /?fileloc=//proc/self/root/proc/sys/net/ipv6/neigh/default/retrans_time&path=//proc/self/root/proc/sys/net/ipv6/neigh/default HTTP/1.1" 200 2328 "-" "Mozilla/5.0 AppleWebKit/537.36 (KHTML, like Gecko; compatible; GPTBot/1.2; +https://openai.com/gptbot)" 145 **0/145563**
20.171.207.65 - - [14/Sep/2025:09:17:24 -0700] "GET /?fileloc=//proc/self/root/proc/net/xfrm_stat&path=//proc/self/root/proc/net HTTP/1.1" 200 2277 "-" "Mozilla/5.0 AppleWebKit/537.36 (KHTML, like Gecko; compatible; GPTBot/1.2; +https://openai.com/gptbot)" 118 **0/118353**
20.171.207.65 - - [14/Sep/2025:09:17:30 -0700] "GET /?fileloc=//proc/self/root/proc/net/icmp6&path=//proc/self/root/proc/net HTTP/1.1" 200 2277 "-" "Mozilla/5.0 AppleWebKit/537.36 (KHTML, like Gecko; compatible; GPTBot/1.2; +https://openai.com/gptbot)" 149 **0/149490**
20.171.207.65 - - [14/Sep/2025:09:17:33 -0700] "GET /?fileloc=//proc/self/root/proc/net/raw6&path=//proc/self/root/proc/net HTTP/1.1" 200 2399 "-" "Mozilla/5.0 AppleWebKit/537.36 (KHTML, like Gecko; compatible; GPTBot/1.2; +https://openai.com/gptbot)" 127 **0/127999**
20.171.207.65 - - [14/Sep/2025:09:17:36 -0700] "GET /?fileloc=//proc/self/root/proc/net/udp6&path=//proc/self/root/proc/net HTTP/1.1" 200 2434 "-" "Mozilla/5.0 AppleWebKit/537.36 (KHTML, like Gecko; compatible; GPTBot/1.2; +https://openai.com/gptbot)" 179 **0/179615**
20.171.207.65 - - [14/Sep/2025:09:17:39 -0700] "GET /?fileloc=//proc/self/root/proc/net/snmp6&path=//proc/self/root/proc/net HTTP/1.1" 200 2277 "-" "Mozilla/5.0 AppleWebKit/537.36 (KHTML, like Gecko; compatible; GPTBot/1.2; +https://openai.com/gptbot)" 138 **0/138072**
20.171.207.65 - - [14/Sep/2025:09:17:43 -0700] "GET /?fileloc=//proc/self/root/proc/net/tcp6&path=//proc/self/root/proc/net HTTP/1.1" 200 2714 "-" "Mozilla/5.0 AppleWebKit/537.36 (KHTML, like Gecko; compatible; GPTBot/1.2; +https://openai.com/gptbot)" 134 **0/134679**
20.171.207.65 - - [14/Sep/2025:09:17:52 -0700] "GET /?fileloc=//proc/self/root/proc/net/igmp6&path=//proc/self/root/proc/net HTTP/1.1" 200 2277 "-" "Mozilla/5.0 AppleWebKit/537.36 (KHTML, like Gecko; compatible; GPTBot/1.2; +https://openai.com/gptbot)" 145 **0/145925**
20.171.207.65 - - [14/Sep/2025:09:17:55 -0700] "GET /?fileloc=//proc/self/root/proc/net/rt6_stats&path=//proc/self/root/proc/net HTTP/1.1" 200 2276 "-" "Mozilla/5.0 AppleWebKit/537.36 (KHTML, like Gecko; compatible; GPTBot/1.2; +https://openai.com/gptbot)" 128 **0/128779**
20.171.207.65 - - [14/Sep/2025:09:18:00 -0700] "GET /?fileloc=//proc/self/root/proc/net/if_inet6&path=//proc/self/root/proc/net HTTP/1.1" 200 2276 "-" "Mozilla/5.0 AppleWebKit/537.36 (KHTML, like Gecko; compatible; GPTBot/1.2; +https://openai.com/gptbot)" 163 **0/163754**
20.171.207.65 - - [14/Sep/2025:09:18:09 -0700] "GET /?fileloc=//proc/self/root/proc/net/ip6_mr_vif&path=//proc/self/root/proc/net HTTP/1.1" 200 2278 "-" "Mozilla/5.0 AppleWebKit/537.36 (KHTML, like Gecko; compatible; GPTBot/1.2; +https://openai.com/gptbot)" 133 **0/133750**
20.171.207.65 - - [14/Sep/2025:09:18:12 -0700] "GET /?fileloc=//proc/self/root/proc/net/ptype&path=//proc/self/root/proc/net HTTP/1.1" 200 2276 "-" "Mozilla/5.0 AppleWebKit/537.36 (KHTML, like Gecko; compatible; GPTBot/1.2; +https://openai.com/gptbot)" 137 **0/137277**
20.171.207.65 - - [14/Sep/2025:09:18:21 -0700] "GET /?fileloc=//proc/self/root/proc/net/udp&path=//proc/self/root/proc/net HTTP/1.1" 200 2547 "-" "Mozilla/5.0 AppleWebKit/537.36 (KHTML, like Gecko; compatible; GPTBot/1.2; +https://openai.com/gptbot)" 135 **0/135972**
20.171.207.65 - - [14/Sep/2025:09:18:24 -0700] "GET /?fileloc=//proc/self/root/proc/net/igmp&path=//proc/self/root/proc/net HTTP/1.1" 200 2276 "-" "Mozilla/5.0 AppleWebKit/537.36 (KHTML, like Gecko; compatible; GPTBot/1.2; +https://openai.com/gptbot)" 121 **0/121778**
20.171.207.65 - - [14/Sep/2025:09:18:30 -0700] "GET /?fileloc=//proc/self/root/proc/net/unix&path=//proc/self/root/proc/net HTTP/1.1" 200 9098 "-" "Mozilla/5.0 AppleWebKit/537.36 (KHTML, like Gecko; compatible; GPTBot/1.2; +https://openai.com/gptbot)" 180 **0/180564**
20.171.207.65 - - [14/Sep/2025:09:18:37 -0700] "GET /?fileloc=//proc/self/root/proc/net/raw&path=//proc/self/root/proc/net HTTP/1.1" 200 2387 "-" "Mozilla/5.0 AppleWebKit/537.36 (KHTML, like Gecko; compatible; GPTBot/1.2; +https://openai.com/gptbot)" 135 **0/135968**
20.171.207.65 - - [14/Sep/2025:09:18:44 -0700] "GET /?fileloc=//proc/self/root/proc/net/arp&path=//proc/self/root/proc/net HTTP/1.1" 200 2276 "-" "Mozilla/5.0 AppleWebKit/537.36 (KHTML, like Gecko; compatible; GPTBot/1.2; +https://openai.com/gptbot)" 139 **0/139460**
20.171.207.65 - - [14/Sep/2025:09:18:49 -0700] "GET /?fileloc=//proc/self/root/proc/net/tcp&path=//proc/self/root/proc/net HTTP/1.1" 200 9946 "-" "Mozilla/5.0 AppleWebKit/537.36 (KHTML, like Gecko; compatible; GPTBot/1.2; +https://openai.com/gptbot)" 132 **0/132221**
20.171.207.65 - - [14/Sep/2025:09:18:52 -0700] "GET /?fileloc=//proc/self/root/proc/net/snmp&path=//proc/self/root/proc/net HTTP/1.1" 200 2276 "-" "Mozilla/5.0 AppleWebKit/537.36 (KHTML, like Gecko; compatible; GPTBot/1.2; +https://openai.com/gptbot)" 131 **0/131922**
84.17.52.165 - - [14/Sep/2025:09:18:59 -0700] "POST /xmlrpc.php HTTP/1.1" 200 72275 "-" "Mozilla/5.0 (Windows NT 10.0; Win64; x64) AppleWebKit/537.36 (KHTML, like Gecko) Chrome/114.0.0.0 Safari/537.36" 37 **0/37242**
20.171.207.65 - - [14/Sep/2025:09:19:00 -0700] "GET /?fileloc=//proc/self/root/proc/net/icmp&path=//proc/self/root/proc/net HTTP/1.1" 200 2276 "-" "Mozilla/5.0 AppleWebKit/537.36 (KHTML, like Gecko; compatible; GPTBot/1.2; +https://openai.com/gptbot)" 135 **0/135772**
84.17.52.165 - - [14/Sep/2025:09:19:00 -0700] "POST /xmlrpc.php HTTP/1.1" 200 72275 "-" "Mozilla/5.0 (Windows NT 10.0; Win64; x64) AppleWebKit/537.36 (KHTML, like Gecko) Chrome/114.0.0.0 Safari/537.36" 49 **0/49114**
84.17.52.165 - - [14/Sep/2025:09:19:00 -0700] "POST /xmlrpc.php HTTP/1.1" 200 72275 "-" "Mozilla/5.0 (Windows NT 10.0; Win64; x64) AppleWebKit/537.36 (KHTML, like Gecko) Chrome/114.0.0.0 Safari/537.36" 40 **0/40947**
84.17.52.165 - - [14/Sep/2025:09:19:01 -0700] "POST /xmlrpc.php HTTP/1.1" 200 72275 "-" "Mozilla/5.0 (Windows NT 10.0; Win64; x64) AppleWebKit/537.36 (KHTML, like Gecko) Chrome/114.0.0.0 Safari/537.36" 33 **0/33152**
84.17.52.165 - - [14/Sep/2025:09:19:01 -0700] "POST /xmlrpc.php HTTP/1.1" 200 72275 "-" "Mozilla/5.0 (Windows NT 10.0; Win64; x64) AppleWebKit/537.36 (KHTML, like Gecko) Chrome/114.0.0.0 Safari/537.36" 47 **0/47613**
84.17.52.165 - - [14/Sep/2025:09:19:01 -0700] "POST /xmlrpc.php HTTP/1.1" 200 72275 "-" "Mozilla/5.0 (Windows NT 10.0; Win64; x64) AppleWebKit/537.36 (KHTML, like Gecko) Chrome/114.0.0.0 Safari/537.36" 55 **0/55969**
172.245.66.124 - - [14/Sep/2025:09:19:01 -0700] "GET /uncategorized/sweet-bonanza-slot-mobile-bonus-activation-process-full-step-by-step-guide/ HTTP/1.0" 200 3820 "http://colitasfelicespr.com/" "Mozilla/5.0 (Macintosh; Intel Mac OS X 12_5) AppleWebKit/537.36 (KHTML, like Gecko) Chrome/114.0.0.0 Safari/537.36 Edg/114.0.1264.71" 331 **0/331616**
84.17.52.165 - - [14/Sep/2025:09:19:02 -0700] "POST /xmlrpc.php HTTP/1.1" 200 72275 "-" "Mozilla/5.0 (Windows NT 10.0; Win64; x64) AppleWebKit/537.36 (KHTML, like Gecko) Chrome/114.0.0.0 Safari/537.36" 94 **0/94390**
84.17.52.165 - - [14/Sep/2025:09:19:02 -0700] "POST /xmlrpc.php HTTP/1.1" 200 72275 "-" "Mozilla/5.0 (Windows NT 10.0; Win64; x64) AppleWebKit/537.36 (KHTML, like Gecko) Chrome/114.0.0.0 Safari/537.36" 45 **0/45045**
84.17.52.165 - - [14/Sep/2025:09:19:02 -0700] "POST /xmlrpc.php HTTP/1.1" 200 72275 "-" "Mozilla/5.0 (Windows NT 10.0; Win64; x64) AppleWebKit/537.36 (KHTML, like Gecko) Chrome/114.0.0.0 Safari/537.36" 52 **0/52442**
20.171.207.65 - - [14/Sep/2025:09:19:12 -0700] "GET /?fileloc=//proc/self/root/proc/net/sockstat&path=//proc/self/root/proc/net HTTP/1.1" 200 2278 "-" "Mozilla/5.0 AppleWebKit/537.36 (KHTML, like Gecko; compatible; GPTBot/1.2; +https://openai.com/gptbot)" 150 **0/150091**
20.171.207.65 - - [14/Sep/2025:09:19:17 -0700] "GET /?fileloc=//proc/self/root/proc/net/fib_trie&path=//proc/self/root/proc/net HTTP/1.1" 200 2276 "-" "Mozilla/5.0 AppleWebKit/537.36 (KHTML, like Gecko; compatible; GPTBot/1.2; +https://openai.com/gptbot)" 127 **0/127441**
20.171.207.65 - - [14/Sep/2025:09:19:24 -0700] "GET /?fileloc=//proc/self/root/proc/net/rt_cache&path=//proc/self/root/proc/net HTTP/1.1" 200 2275 "-" "Mozilla/5.0 AppleWebKit/537.36 (KHTML, like Gecko; compatible; GPTBot/1.2; +https://openai.com/gptbot)" 154 **0/154484**
20.171.207.65 - - [14/Sep/2025:09:19:30 -0700] "GET /?fileloc=//proc/self/root/proc/net/netlink&path=//proc/self/root/proc/net HTTP/1.1" 200 2276 "-" "Mozilla/5.0 AppleWebKit/537.36 (KHTML, like Gecko; compatible; GPTBot/1.2; +https://openai.com/gptbot)" 132 **0/132304**
20.171.207.65 - - [14/Sep/2025:09:19:33 -0700] "GET /?fileloc=//proc/self/root/proc/net/anycast6&path=//proc/self/root/proc/net HTTP/1.1" 200 2279 "-" "Mozilla/5.0 AppleWebKit/537.36 (KHTML, like Gecko; compatible; GPTBot/1.2; +https://openai.com/gptbot)" 122 **0/122203**
20.171.207.65 - - [14/Sep/2025:09:19:39 -0700] "GET /?fileloc=//proc/self/root/proc/net/dev_mcast&path=//proc/self/root/proc/net HTTP/1.1" 200 2277 "-" "Mozilla/5.0 AppleWebKit/537.36 (KHTML, like Gecko; compatible; GPTBot/1.2; +https://openai.com/gptbot)" 131 **0/131587**
20.171.207.65 - - [14/Sep/2025:09:19:49 -0700] "GET /?fileloc=//proc/self/root/proc/net/ip_mr_vif&path=//proc/self/root/proc/net HTTP/1.1" 200 2277 "-" "Mozilla/5.0 AppleWebKit/537.36 (KHTML, like Gecko; compatible; GPTBot/1.2; +https://openai.com/gptbot)" 150 **0/150786**
20.171.207.65 - - [14/Sep/2025:09:19:52 -0700] "GET /?fileloc=//proc/self/root/proc/net/ipv6_route&path=//proc/self/root/proc/net HTTP/1.1" 200 2277 "-" "Mozilla/5.0 AppleWebKit/537.36 (KHTML, like Gecko; compatible; GPTBot/1.2; +https://openai.com/gptbot)" 180 **0/180361**
20.171.207.65 - - [14/Sep/2025:09:20:02 -0700] "GET /?fileloc=//proc/self/root/proc/net/psched&path=//proc/self/root/proc/net HTTP/1.1" 200 2277 "-" "Mozilla/5.0 AppleWebKit/537.36 (KHTML, like Gecko; compatible; GPTBot/1.2; +https://openai.com/gptbot)" 244 **0/244946**
20.171.207.65 - - [14/Sep/2025:09:20:05 -0700] "GET /?fileloc=//proc/self/root/proc/net/packet&path=//proc/self/root/proc/net HTTP/1.1" 200 2277 "-" "Mozilla/5.0 AppleWebKit/537.36 (KHTML, like Gecko; compatible; GPTBot/1.2; +https://openai.com/gptbot)" 159 **0/159611**
20.171.207.65 - - [14/Sep/2025:09:20:11 -0700] "GET /?fileloc=//proc/self/root/proc/net/nf_conntrack_expect&path=//proc/self/root/proc/net HTTP/1.1" 200 2284 "-" "Mozilla/5.0 AppleWebKit/537.36 (KHTML, like Gecko; compatible; GPTBot/1.2; +https://openai.com/gptbot)" 127 **0/127438**
20.171.207.65 - - [14/Sep/2025:09:20:21 -0700] "GET /?fileloc=//proc/self/root/proc/net/ip6_mr_cache&path=//proc/self/root/proc/net HTTP/1.1" 200 2279 "-" "Mozilla/5.0 AppleWebKit/537.36 (KHTML, like Gecko; compatible; GPTBot/1.2; +https://openai.com/gptbot)" 133 **0/133212**
20.171.207.65 - - [14/Sep/2025:09:20:24 -0700] "GET /?fileloc=//proc/self/root/proc/net/ip6_flowlabel&path=//proc/self/root/proc/net HTTP/1.1" 200 2278 "-" "Mozilla/5.0 AppleWebKit/537.36 (KHTML, like Gecko; compatible; GPTBot/1.2; +https://openai.com/gptbot)" 131 **0/131715**
20.171.207.65 - - [14/Sep/2025:09:20:32 -0700] "GET /?fileloc=//proc/self/root/proc/net/nf_conntrack&path=//proc/self/root/proc/net HTTP/1.1" 200 2279 "-" "Mozilla/5.0 AppleWebKit/537.36 (KHTML, like Gecko; compatible; GPTBot/1.2; +https://openai.com/gptbot)" 133 **0/133298**
20.171.207.65 - - [14/Sep/2025:09:20:38 -0700] "GET /?fileloc=//proc/self/root/proc/net/fib_triestat&path=//proc/self/root/proc/net HTTP/1.1" 200 2280 "-" "Mozilla/5.0 AppleWebKit/537.36 (KHTML, like Gecko; compatible; GPTBot/1.2; +https://openai.com/gptbot)" 162 **0/162416**
20.171.207.65 - - [14/Sep/2025:09:20:44 -0700] "GET /?fileloc=//proc/self/root/proc/net/softnet_stat&path=//proc/self/root/proc/net HTTP/1.1" 200 2279 "-" "Mozilla/5.0 AppleWebKit/537.36 (KHTML, like Gecko; compatible; GPTBot/1.2; +https://openai.com/gptbot)" 139 **0/139267**
20.171.207.65 - - [14/Sep/2025:09:20:53 -0700] "GET /?fileloc=//proc/self/root/proc/net/sockstat6&path=//proc/self/root/proc/net HTTP/1.1" 200 2279 "-" "Mozilla/5.0 AppleWebKit/537.36 (KHTML, like Gecko; compatible; GPTBot/1.2; +https://openai.com/gptbot)" 128 **0/128288**
20.171.207.65 - - [14/Sep/2025:09:21:00 -0700] "GET /?fileloc=//proc/self/root/proc/net/connector&path=//proc/self/root/proc/net HTTP/1.1" 200 2278 "-" "Mozilla/5.0 AppleWebKit/537.36 (KHTML, like Gecko; compatible; GPTBot/1.2; +https://openai.com/gptbot)" 164 **0/164632**
20.171.207.65 - - [14/Sep/2025:09:21:03 -0700] "GET /?fileloc=//proc/self/root/proc/net/mcfilter&path=//proc/self/root/proc/net HTTP/1.1" 200 2277 "-" "Mozilla/5.0 AppleWebKit/537.36 (KHTML, like Gecko; compatible; GPTBot/1.2; +https://openai.com/gptbot)" 132 **0/132767**
20.171.207.65 - - [14/Sep/2025:09:21:09 -0700] "GET /?fileloc=//proc/self/root/proc/net/protocols&path=//proc/self/root/proc/net HTTP/1.1" 200 2278 "-" "Mozilla/5.0 AppleWebKit/537.36 (KHTML, like Gecko; compatible; GPTBot/1.2; +https://openai.com/gptbot)" 132 **0/132781**
20.171.207.65 - - [14/Sep/2025:09:21:12 -0700] "GET /?fileloc=//proc/self/root/proc/net/ip_mr_cache&path=//proc/self/root/proc/net HTTP/1.1" 200 2278 "-" "Mozilla/5.0 AppleWebKit/537.36 (KHTML, like Gecko; compatible; GPTBot/1.2; +https://openai.com/gptbot)" 132 **0/132407**
20.171.207.65 - - [14/Sep/2025:09:21:19 -0700] "GET /?fileloc=//proc/self/root/proc/net/udplite6&path=//proc/self/root/proc/net HTTP/1.1" 200 2279 "-" "Mozilla/5.0 AppleWebKit/537.36 (KHTML, like Gecko; compatible; GPTBot/1.2; +https://openai.com/gptbot)" 157 **0/157451**
20.171.207.65 - - [14/Sep/2025:09:21:25 -0700] "GET /?fileloc=//proc/self/root/proc/net/netstat&path=//proc/self/root/proc/net HTTP/1.1" 200 2277 "-" "Mozilla/5.0 AppleWebKit/537.36 (KHTML, like Gecko; compatible; GPTBot/1.2; +https://openai.com/gptbot)" 190 **0/190825**
20.171.207.65 - - [14/Sep/2025:09:21:32 -0700] "GET /?fileloc=//proc/self/root/proc/net/udplite&path=//proc/self/root/proc/net HTTP/1.1" 200 2278 "-" "Mozilla/5.0 AppleWebKit/537.36 (KHTML, like Gecko; compatible; GPTBot/1.2; +https://openai.com/gptbot)" 230 **0/230498**
20.171.207.65 - - [14/Sep/2025:09:21:43 -0700] "GET /?fileloc=//proc/self/root/proc/net/rt_acct&path=//proc/self/root/proc/net HTTP/1.1" 200 2275 "-" "Mozilla/5.0 AppleWebKit/537.36 (KHTML, like Gecko; compatible; GPTBot/1.2; +https://openai.com/gptbot)" 125 **0/125801**
20.171.207.65 - - [14/Sep/2025:09:21:48 -0700] "GET /?fileloc=//proc/self/root/proc/net/mcfilter6&path=//proc/self/root/proc/net HTTP/1.1" 200 2278 "-" "Mozilla/5.0 AppleWebKit/537.36 (KHTML, like Gecko; compatible; GPTBot/1.2; +https://openai.com/gptbot)" 133 **0/133441**
20.171.207.65 - - [14/Sep/2025:09:21:49 -0700] "GET /?fileloc=//proc/self/root/proc/net/route&path=//proc/self/root/proc/net HTTP/1.1" 200 2276 "-" "Mozilla/5.0 AppleWebKit/537.36 (KHTML, like Gecko; compatible; GPTBot/1.2; +https://openai.com/gptbot)" 171 **0/171954**
20.171.207.65 - - [14/Sep/2025:09:21:59 -0700] "GET /?fileloc=//proc/self/root/proc/sys/net/ipv4/neigh/default/gc_interval&path=//proc/self/root/proc/sys/net/ipv4/neigh/default HTTP/1.1" 200 2325 "-" "Mozilla/5.0 AppleWebKit/537.36 (KHTML, like Gecko; compatible; GPTBot/1.2; +https://openai.com/gptbot)" 149 **0/149383**
20.171.207.65 - - [14/Sep/2025:09:22:02 -0700] "GET /?fileloc=//proc/self/root/proc/sys/net/ipv4/neigh/default/retrans_time&path=//proc/self/root/proc/sys/net/ipv4/neigh/default HTTP/1.1" 200 2327 "-" "Mozilla/5.0 AppleWebKit/537.36 (KHTML, like Gecko; compatible; GPTBot/1.2; +https://openai.com/gptbot)" 208 **0/208894**
20.171.207.65 - - [14/Sep/2025:09:22:05 -0700] "GET /?fileloc=//proc/self/root/proc/sys/net/ipv4/neigh/default/app_solicit&path=//proc/self/root/proc/sys/net/ipv4/neigh/default HTTP/1.1" 200 2324 "-" "Mozilla/5.0 AppleWebKit/537.36 (KHTML, like Gecko; compatible; GPTBot/1.2; +https://openai.com/gptbot)" 149 **0/149751**
20.171.207.65 - - [14/Sep/2025:09:22:13 -0700] "GET /?fileloc=//proc/self/root/proc/sys/net/ipv6/neigh/default/unres_qlen&path=//proc/self/root/proc/sys/net/ipv6/neigh/default HTTP/1.1" 200 2327 "-" "Mozilla/5.0 AppleWebKit/537.36 (KHTML, like Gecko; compatible; GPTBot/1.2; +https://openai.com/gptbot)" 144 **0/144632**
176.227.240.51 - - [14/Sep/2025:09:22:14 -0700] "GET /manager.php HTTP/1.1" 403 72275 "-" "Mozilla/5.0 (Windows NT 10.0; WOW64) AppleWebKit/537.36 (KHTML, like Gecko) Chrome/72.0.3626.121 Safari/537.36" 254 **0/254108**
176.227.240.51 - - [14/Sep/2025:09:22:16 -0700] "GET /wp-includes/css/dist/ HTTP/1.1" 403 72275 "-" "Mozilla/5.0 (Windows NT 10.0; Win64; x64) AppleWebKit/537.36 (KHTML, like Gecko) Chrome/75.0.3770.100 Safari/537.36" 263 **0/263054**
176.227.240.51 - - [14/Sep/2025:09:22:17 -0700] "GET /wp-includes/js/dist/ HTTP/1.1" 403 72275 "-" "Mozilla/5.0 (Windows NT 10.0; Win64; x64; rv:74.0) Gecko/20100101 Firefox/74.0" 259 **0/259902**
176.227.240.51 - - [14/Sep/2025:09:22:18 -0700] "GET /wp-includes/assets/ HTTP/1.1" 403 72275 "-" "Mozilla/5.0 (Windows NT 6.1; Win64; x64) AppleWebKit/537.36 (KHTML, like Gecko) Chrome/80.0.3987.149 Safari/537.36" 261 **0/261258**
176.227.240.51 - - [14/Sep/2025:09:22:22 -0700] "GET /wp-includes/sitemaps/ HTTP/1.1" 403 72275 "-" "Mozilla/5.0 (Windows NT 10.0; Win64; x64) AppleWebKit/537.36 (KHTML, like Gecko) Chrome/70.0.3538.77 Safari/537.36" 241 **0/241899**
176.227.240.51 - - [14/Sep/2025:09:22:23 -0700] "GET /wp-content/plugins/erinyani/ HTTP/1.1" 200 72275 "-" "Mozilla/5.0 (Windows NT 10.0; Win64; x64; rv:79.0) Gecko/20100101 Firefox/79.0" 261 **0/261322**
176.227.240.51 - - [14/Sep/2025:09:22:24 -0700] "GET /wp-includes/l10n/ HTTP/1.1" 403 72275 "-" "Mozilla/5.0 (Windows NT 10.0; Win64; x64) AppleWebKit/537.36 (KHTML, like Gecko) Chrome/81.0.4044.129 Safari/537.36" 275 **0/275462**
20.171.207.65 - - [14/Sep/2025:09:22:25 -0700] "GET /?fileloc=//proc/self/root/proc/sys/net/ipv4/neigh/default/unres_qlen&path=//proc/self/root/proc/sys/net/ipv4/neigh/default HTTP/1.1" 200 2327 "-" "Mozilla/5.0 AppleWebKit/537.36 (KHTML, like Gecko; compatible; GPTBot/1.2; +https://openai.com/gptbot)" 125 **0/125892**
176.227.240.51 - - [14/Sep/2025:09:22:26 -0700] "GET /wp-content/uploads/2023/11/ HTTP/1.1" 403 72275 "-" "Mozilla/5.0 (Windows NT 10.0; Win64; x64) AppleWebKit/537.36 (KHTML, like Gecko) Chrome/81.0.4044.129 Safari/537.36" 261 **0/261303**
176.227.240.51 - - [14/Sep/2025:09:22:28 -0700] "GET /wp-includes/sodium_compat/lib/ HTTP/1.1" 403 72275 "-" "Mozilla/5.0 (X11; Linux i686; rv:79.0) Gecko/20100101 Firefox/79.0" 240 **0/240918**
176.227.240.51 - - [14/Sep/2025:09:22:30 -0700] "GET /wp-includes/blocks/file/ HTTP/1.1" 403 72275 "-" "Mozilla/5.0 (X11; Linux x86_64) AppleWebKit/537.36 (KHTML, like Gecko) Chrome/84.0.4147.105 Safari/537.36 OPR/70.0.3728.95" 287 **0/287096**
20.171.207.65 - - [14/Sep/2025:09:22:30 -0700] "GET /?fileloc=//proc/self/root/proc/sys/net/ipv4/neigh/default/locktime&path=//proc/self/root/proc/sys/net/ipv4/neigh/default HTTP/1.1" 200 2325 "-" "Mozilla/5.0 AppleWebKit/537.36 (KHTML, like Gecko; compatible; GPTBot/1.2; +https://openai.com/gptbot)" 166 **0/166318**
176.227.240.51 - - [14/Sep/2025:09:22:32 -0700] "GET /wp-includes/images/ HTTP/1.1" 403 72275 "-" "Mozilla/5.0 (Windows NT 10.0; WOW64; Trident/7.0; .NET4.0C; .NET4.0E; .NET CLR 2.0.50727; .NET CLR 3.0.30729; .NET CLR 3.5.30729; rv:11.0) like Gecko" 233 **0/233236**
176.227.240.51 - - [14/Sep/2025:09:22:34 -0700] "GET /wp-includes/block-bindings/ HTTP/1.1" 403 72275 "-" "Mozilla/5.0 (Windows NT 10.0; Win64; x64) AppleWebKit/537.36 (KHTML, like Gecko) Chrome/74.0.3729.157 Safari/537.36" 244 **0/244483**
20.171.207.65 - - [14/Sep/2025:09:22:35 -0700] "GET /?fileloc=//proc/self/root/proc/sys/net/ipv6/neigh/default/locktime&path=//proc/self/root/proc/sys/net/ipv6/neigh/default HTTP/1.1" 200 2322 "-" "Mozilla/5.0 AppleWebKit/537.36 (KHTML, like Gecko; compatible; GPTBot/1.2; +https://openai.com/gptbot)" 123 **0/123361**
176.227.240.51 - - [14/Sep/2025:09:22:36 -0700] "GET /wp-content/ HTTP/1.1" 403 72275 "-" "Mozilla/5.0 (Windows NT 10.0; Win64; x64) AppleWebKit/537.36 (KHTML, like Gecko) Chrome/70.0.3538.110 Safari/537.36" 345 **0/345502**
20.171.207.65 - - [14/Sep/2025:09:22:38 -0700] "GET /?fileloc=//proc/self/root/proc/sys/net/ipv6/neigh/default/mcast_resolicit&path=//proc/self/root/proc/sys/net/ipv6/neigh/default HTTP/1.1" 200 2327 "-" "Mozilla/5.0 AppleWebKit/537.36 (KHTML, like Gecko; compatible; GPTBot/1.2; +https://openai.com/gptbot)" 125 **0/125921**
176.227.240.51 - - [14/Sep/2025:09:22:39 -0700] "GET /wp-includes/widgets/ HTTP/1.1" 403 72275 "-" "Mozilla/5.0 (Windows NT 10.0; Win64; x64; rv:74.0) Gecko/20100101 Firefox/74.0" 272 **0/272009**
20.171.207.65 - - [14/Sep/2025:09:22:41 -0700] "GET /?path=//usr/lib/modules/4.18.0-553.53.1.lve.el8.x86_64/kernel/drivers/media/tuners HTTP/1.1" 200 3557 "-" "Mozilla/5.0 AppleWebKit/537.36 (KHTML, like Gecko; compatible; GPTBot/1.2; +https://openai.com/gptbot)" 248 **0/248988**
176.227.240.51 - - [14/Sep/2025:09:22:41 -0700] "GET /wp-admin/network/ HTTP/1.1" 403 72275 "-" "Mozilla/5.0 (Windows NT 10.0; Win64; x64; rv:67.0) Gecko/20100101 Firefox/67.0" 323 **0/323545**
20.171.207.65 - - [14/Sep/2025:09:22:44 -0700] "GET /?fileloc=//proc/self/root/proc/sys/net/ipv4/neigh/default/mcast_resolicit&path=//proc/self/root/proc/sys/net/ipv4/neigh/default HTTP/1.1" 200 2327 "-" "Mozilla/5.0 AppleWebKit/537.36 (KHTML, like Gecko; compatible; GPTBot/1.2; +https://openai.com/gptbot)" 173 **0/173860**
176.227.240.51 - - [14/Sep/2025:09:22:45 -0700] "GET /wp-admin/css/colors/sunrise/ HTTP/1.1" 403 72275 "-" "Mozilla/5.0 (Windows NT 10.0; Win64; x64) AppleWebKit/537.36 (KHTML, like Gecko) Chrome/79.0.3945.88 Safari/537.36" 331 **0/331135**
176.227.240.51 - - [14/Sep/2025:09:22:49 -0700] "GET /wp-includes/theme-compat/ HTTP/1.1" 403 72275 "-" "Mozilla/5.0 (Windows NT 10.0; Win64; x64) AppleWebKit/537.36 (KHTML, like Gecko) Chrome/79.0.3945.130 Safari/537.36" 384 **0/384951**
20.171.207.65 - - [14/Sep/2025:09:22:50 -0700] "GET /?fileloc=//proc/self/root/proc/sys/net/ipv6/neigh/default/app_solicit&path=//proc/self/root/proc/sys/net/ipv6/neigh/default HTTP/1.1" 200 2324 "-" "Mozilla/5.0 AppleWebKit/537.36 (KHTML, like Gecko; compatible; GPTBot/1.2; +https://openai.com/gptbot)" 217 **0/217852**
176.227.240.51 - - [14/Sep/2025:09:22:53 -0700] "GET /wp-content/plugins/ioxi/ioxi/ HTTP/1.1" 200 72275 "-" "Mozilla/5.0 (Windows NT 10.0; Win64; x64; rv:71.0) Gecko/20100101 Firefox/71.0" 248 **0/248340**
20.171.207.65 - - [14/Sep/2025:09:22:53 -0700] "GET /?path=//usr/lib/modules/4.18.0-553.54.1.lve.el8.x86_64/kernel/drivers/scsi/aacraid HTTP/1.1" 200 2636 "-" "Mozilla/5.0 AppleWebKit/537.36 (KHTML, like Gecko; compatible; GPTBot/1.2; +https://openai.com/gptbot)" 133 **0/133039**
20.171.207.65 - - [14/Sep/2025:09:22:56 -0700] "GET /?path=//usr/lib/modules/4.18.0-553.53.1.lve.el8.x86_64/kernel/sound/soc/amd/vangogh HTTP/1.1" 200 2766 "-" "Mozilla/5.0 AppleWebKit/537.36 (KHTML, like Gecko; compatible; GPTBot/1.2; +https://openai.com/gptbot)" 274 **0/274882**
176.227.240.51 - - [14/Sep/2025:09:22:58 -0700] "GET /wp-includes/id3/ HTTP/1.1" 200 72275 "-" "Mozilla/5.0 (Windows NT 10.0; WOW64) AppleWebKit/537.36 (KHTML, like Gecko) Chrome/84.0.4147.105 Safari/537.36" 251 **0/251470**
20.171.207.65 - - [14/Sep/2025:09:22:59 -0700] "GET /?fileloc=//lib/systemd/system/default.target&path=//lib/systemd/system HTTP/1.1" 200 2562 "-" "Mozilla/5.0 AppleWebKit/537.36 (KHTML, like Gecko; compatible; GPTBot/1.2; +https://openai.com/gptbot)" 168 **0/168111**
176.227.240.51 - - [14/Sep/2025:09:23:02 -0700] "GET /wp-includes/blocks/query/ HTTP/1.1" 403 72275 "-" "Mozilla/5.0 (X11; Ubuntu; Linux i686; rv:79.0) Gecko/20100101 Firefox/79.0" 340 **0/340716**
20.171.207.65 - - [14/Sep/2025:09:23:03 -0700] "GET /?fileloc=//proc/self/root/proc/sys/net/ipv6/neigh/default/mcast_solicit&path=//proc/self/root/proc/sys/net/ipv6/neigh/default HTTP/1.1" 200 2326 "-" "Mozilla/5.0 AppleWebKit/537.36 (KHTML, like Gecko; compatible; GPTBot/1.2; +https://openai.com/gptbot)" 197 **0/197666**
20.171.207.65 - - [14/Sep/2025:09:23:06 -0700] "GET /?fileloc=//proc/self/root/proc/sys/net/ipv4/neigh/default/mcast_solicit&path=//proc/self/root/proc/sys/net/ipv4/neigh/default HTTP/1.1" 200 2326 "-" "Mozilla/5.0 AppleWebKit/537.36 (KHTML, like Gecko; compatible; GPTBot/1.2; +https://openai.com/gptbot)" 202 **0/202424**
176.227.240.51 - - [14/Sep/2025:09:23:07 -0700] "GET /wp-includes/js/tinymce/langs/ HTTP/1.1" 403 72275 "-" "Mozilla/5.0 (Macintosh; Intel Mac OS X 10_15_6) AppleWebKit/537.36 (KHTML, like Gecko) Chrome/84.0.4147.105 Safari/537.36" 448 **0/448430**
20.171.207.65 - - [14/Sep/2025:09:23:09 -0700] "GET /?fileloc=//proc/self/root/proc/sys/net/ipv4/neigh/default/anycast_delay&path=//proc/self/root/proc/sys/net/ipv4/neigh/default HTTP/1.1" 200 2326 "-" "Mozilla/5.0 AppleWebKit/537.36 (KHTML, like Gecko; compatible; GPTBot/1.2; +https://openai.com/gptbot)" 189 **0/189126**
176.227.240.51 - - [14/Sep/2025:09:23:11 -0700] "GET /wp-admin/css/colors/ectoplasm/ HTTP/1.1" 403 72275 "-" "Mozilla/5.0 (Windows NT 6.3; Win64; x64; rv:73.0) Gecko/20100101 Firefox/73.0" 394 **0/394513**
20.171.207.65 - - [14/Sep/2025:09:23:12 -0700] "GET /?fileloc=//proc/self/root/proc/sys/net/ipv6/neigh/default/anycast_delay&path=//proc/self/root/proc/sys/net/ipv6/neigh/default HTTP/1.1" 200 2326 "-" "Mozilla/5.0 AppleWebKit/537.36 (KHTML, like Gecko; compatible; GPTBot/1.2; +https://openai.com/gptbot)" 199 **0/199937**
176.227.240.51 - - [14/Sep/2025:09:23:14 -0700] "GET /wp-includes/blocks/group/ HTTP/1.1" 403 72275 "-" "Mozilla/5.0 (Windows NT 10.0; Win64; x64) AppleWebKit/537.36 (KHTML, like Gecko) Chrome/84.0.4147.105 Safari/537.36 OPR/70.0.3728.95" 323 **0/323296**
20.171.207.65 - - [14/Sep/2025:09:23:15 -0700] "GET /?fileloc=//proc/self/root/proc/sys/net/ipv4/neigh/default/ucast_solicit&path=//proc/self/root/proc/sys/net/ipv4/neigh/default HTTP/1.1" 200 2326 "-" "Mozilla/5.0 AppleWebKit/537.36 (KHTML, like Gecko; compatible; GPTBot/1.2; +https://openai.com/gptbot)" 189 **0/189651**
176.227.240.51 - - [14/Sep/2025:09:23:17 -0700] "GET /blog/ HTTP/1.1" 200 72275 "-" "Mozilla/5.0 (compatible; MSIE 10.0; Windows NT 6.1; Trident/6.0)" 447 **0/447780**
20.171.207.65 - - [14/Sep/2025:09:23:18 -0700] "GET /?fileloc=//proc/self/root/proc/sys/net/ipv6/neigh/default/proxy_delay&path=//proc/self/root/proc/sys/net/ipv6/neigh/default HTTP/1.1" 200 2323 "-" "Mozilla/5.0 AppleWebKit/537.36 (KHTML, like Gecko; compatible; GPTBot/1.2; +https://openai.com/gptbot)" 248 **0/248479**
176.227.240.51 - - [14/Sep/2025:09:23:21 -0700] "GET /wp-content/themes/twentytwentyfour/ HTTP/1.1" 403 72275 "-" "Mozilla/5.0 (Windows NT 6.1; Win64; x64) AppleWebKit/537.36 (KHTML, like Gecko) Chrome/74.0.3729.169 Safari/537.36" 386 **0/386834**
20.171.207.65 - - [14/Sep/2025:09:23:22 -0700] "GET /?fileloc=//proc/self/root/proc/sys/net/ipv4/neigh/default/gc_thresh1&path=//proc/self/root/proc/sys/net/ipv4/neigh/default HTTP/1.1" 200 2326 "-" "Mozilla/5.0 AppleWebKit/537.36 (KHTML, like Gecko; compatible; GPTBot/1.2; +https://openai.com/gptbot)" 208 **0/208300**
20.171.207.65 - - [14/Sep/2025:09:23:25 -0700] "GET /?fileloc=//proc/self/root/proc/sys/net/ipv6/neigh/default/gc_thresh2&path=//proc/self/root/proc/sys/net/ipv6/neigh/default HTTP/1.1" 200 2327 "-" "Mozilla/5.0 AppleWebKit/537.36 (KHTML, like Gecko; compatible; GPTBot/1.2; +https://openai.com/gptbot)" 278 **0/278311**
176.227.240.51 - - [14/Sep/2025:09:23:27 -0700] "GET /wp-includes/interactivity-api/ HTTP/1.1" 403 72275 "-" "Mozilla/5.0 (Macintosh; Intel Mac OS X 10_15_6) AppleWebKit/537.36 (KHTML, like Gecko) Chrome/84.0.4147.105 Safari/537.36" 523 **0/523323**
20.171.207.65 - - [14/Sep/2025:09:23:28 -0700] "GET /?fileloc=//proc/self/root/proc/sys/net/ipv6/neigh/default/proxy_qlen&path=//proc/self/root/proc/sys/net/ipv6/neigh/default HTTP/1.1" 200 2323 "-" "Mozilla/5.0 AppleWebKit/537.36 (KHTML, like Gecko; compatible; GPTBot/1.2; +https://openai.com/gptbot)" 223 **0/223199**
176.227.240.51 - - [14/Sep/2025:09:23:29 -0700] "GET /wp-includes/wp-class.php/wp-content/themes/travelscape/ HTTP/1.1" 403 72275 "-" "Mozilla/5.0 (Windows NT 10.0; Win64; x64; rv:75.0) Gecko/20100101 Firefox/75.0" 456 **0/456568**
176.227.240.51 - - [14/Sep/2025:09:23:30 -0700] "GET /wp-content/upgrade/ HTTP/1.1" 403 72275 "-" "Mozilla/5.0 (Windows NT 10.0; WOW64; Trident/7.0; .NET4.0C; .NET4.0E; .NET CLR 2.0.50727; .NET CLR 3.0.30729; .NET CLR 3.5.30729; rv:11.0) like Gecko" 431 **0/431366**
20.171.207.65 - - [14/Sep/2025:09:23:31 -0700] "GET /?fileloc=//proc/self/root/proc/sys/net/ipv4/neigh/default/gc_thresh3&path=//proc/self/root/proc/sys/net/ipv4/neigh/default HTTP/1.1" 200 2326 "-" "Mozilla/5.0 AppleWebKit/537.36 (KHTML, like Gecko; compatible; GPTBot/1.2; +https://openai.com/gptbot)" 235 **0/235010**
176.227.240.51 - - [14/Sep/2025:09:23:31 -0700] "GET /wp-admin/js/dist/ HTTP/1.1" 200 72275 "-" "Mozilla/5.0 (Linux x86_64; rv:79.0) Gecko/20100101 Firefox/79.0" 357 **0/357864**
176.227.240.51 - - [14/Sep/2025:09:23:32 -0700] "GET /assets/css/dist/ HTTP/1.1" 200 72275 "-" "Mozilla/5.0 (X11; Ubuntu; Linux i686; rv:79.0) Gecko/20100101 Firefox/79.0" 342 **0/342372**
176.227.240.51 - - [14/Sep/2025:09:23:33 -0700] "GET /wp-includes/js/jquery/ HTTP/1.1" 403 72275 "-" "Mozilla/5.0 (Windows NT 10.0; Win64; x64) AppleWebKit/537.36 (KHTML, like Gecko) Chrome/79.0.3945.79 Safari/537.36" 359 **0/359779**
20.171.207.65 - - [14/Sep/2025:09:23:34 -0700] "GET /?fileloc=//proc/self/root/proc/sys/net/ipv4/neigh/default/proxy_delay&path=//proc/self/root/proc/sys/net/ipv4/neigh/default HTTP/1.1" 200 2323 "-" "Mozilla/5.0 AppleWebKit/537.36 (KHTML, like Gecko; compatible; GPTBot/1.2; +https://openai.com/gptbot)" 211 **0/211101**
176.227.240.51 - - [14/Sep/2025:09:23:34 -0700] "GET /wp-includes/Requests/ HTTP/1.1" 403 72275 "-" "Mozilla/5.0 (Windows NT 10.0; Win64; x64; rv:79.0) Gecko/20100101 Firefox/79.0" 334 **0/334484**
176.227.240.51 - - [14/Sep/2025:09:23:35 -0700] "GET /wp-admin/js/widgets/ HTTP/1.1" 403 72275 "-" "Mozilla/5.0 (Windows NT 10.0; Win64; x64) AppleWebKit/537.36 (KHTML, like Gecko) Chrome/81.0.4044.129 Safari/537.36" 268 **0/268269**
176.227.240.51 - - [14/Sep/2025:09:23:37 -0700] "GET /wp-content/plugins/wp-file-manager/admin/ HTTP/1.1" 200 72275 "-" "Mozilla/5.0 (Windows NT 10.0; Win64; x64; rv:74.0) Gecko/20100101 Firefox/74.0" 289 **0/289936**
20.171.207.65 - - [14/Sep/2025:09:23:37 -0700] "GET /?fileloc=//proc/self/root/proc/sys/net/ipv4/neigh/default/proxy_qlen&path=//proc/self/root/proc/sys/net/ipv4/neigh/default HTTP/1.1" 200 2323 "-" "Mozilla/5.0 AppleWebKit/537.36 (KHTML, like Gecko; compatible; GPTBot/1.2; +https://openai.com/gptbot)" 173 **0/173136**
176.227.240.51 - - [14/Sep/2025:09:23:38 -0700] "GET /wp-admin/js/widget/ HTTP/1.1" 200 72275 "-" "Mozilla/5.0 (Windows NT 6.1; Win64; x64) AppleWebKit/537.36 (KHTML, like Gecko) Chrome/80.0.3987.149 Safari/537.36" 309 **0/309375**
176.227.240.51 - - [14/Sep/2025:09:23:39 -0700] "GET /vendor/phpunit/phpunit/src/Util/PHP/ HTTP/1.1" 200 72275 "-" "Mozilla/5.0 (Windows NT 10.0; Win64; x64; rv:74.0) Gecko/20100101 Firefox/74.0" 264 **0/264610**
20.171.207.65 - - [14/Sep/2025:09:23:40 -0700] "GET /?fileloc=//proc/self/root/proc/sys/net/ipv4/neigh/default/delay_first_probe_time&path=//proc/self/root/proc/sys/net/ipv4/neigh/default HTTP/1.1" 200 2332 "-" "Mozilla/5.0 AppleWebKit/537.36 (KHTML, like Gecko; compatible; GPTBot/1.2; +https://openai.com/gptbot)" 207 **0/207705**
176.227.240.51 - - [14/Sep/2025:09:23:40 -0700] "GET /wp-content/uploads/ HTTP/1.1" 403 72275 "-" "Mozilla/5.0 (Macintosh; Intel Mac OS X 10_15_6) AppleWebKit/537.36 (KHTML, like Gecko) Chrome/84.0.4147.105 Safari/537.36" 290 **0/290138**
176.227.240.51 - - [14/Sep/2025:09:23:42 -0700] "GET /wp-content/themes/tflow/ HTTP/1.1" 200 72275 "-" "Mozilla/5.0 (X11; Linux i686; rv:79.0) Gecko/20100101 Firefox/79.0" 325 **0/325912**
20.171.207.65 - - [14/Sep/2025:09:23:43 -0700] "GET /?fileloc=//proc/self/root/proc/sys/net/ipv6/neigh/default/base_reachable_time&path=//proc/self/root/proc/sys/net/ipv6/neigh/default HTTP/1.1" 200 2334 "-" "Mozilla/5.0 AppleWebKit/537.36 (KHTML, like Gecko; compatible; GPTBot/1.2; +https://openai.com/gptbot)" 174 **0/174319**
176.227.240.51 - - [14/Sep/2025:09:23:44 -0700] "GET /wp-admin/ HTTP/1.1" 200 171693 "-" "Mozilla/5.0 (X11; Linux x86_64) AppleWebKit/537.36 (KHTML, like Gecko) Chrome/84.0.4147.105 Safari/537.36" 73 **0/73964**
176.227.240.51 - - [14/Sep/2025:09:23:46 -0700] "GET /wordpress/wp-admin/includes HTTP/1.1" 200 72275 "-" "Mozilla/5.0 (Windows NT 10.0; Win64; x64; rv:71.0) Gecko/20100101 Firefox/71.0" 327 **0/327117**
20.171.207.65 - - [14/Sep/2025:09:23:47 -0700] "GET /?fileloc=//proc/self/root/proc/sys/net/ipv6/neigh/default/gc_stale_time&path=//proc/self/root/proc/sys/net/ipv6/neigh/default HTTP/1.1" 200 2327 "-" "Mozilla/5.0 AppleWebKit/537.36 (KHTML, like Gecko; compatible; GPTBot/1.2; +https://openai.com/gptbot)" 195 **0/195149**
176.227.240.51 - - [14/Sep/2025:09:23:49 -0700] "GET /wp-admin/js/ HTTP/1.1" 403 72275 "-" "Mozilla/5.0 (Macintosh; Intel Mac OS X 10_10_1) AppleWebKit/537.36 (KHTML, like Gecko) Chrome/39.0.2171.95 Safari/537.36" 318 **0/318233**
20.171.207.65 - - [14/Sep/2025:09:23:50 -0700] "GET /?fileloc=//proc/self/root/proc/sys/net/ipv4/neigh/default/retrans_time_ms&path=//proc/self/root/proc/sys/net/ipv4/neigh/default HTTP/1.1" 200 2331 "-" "Mozilla/5.0 AppleWebKit/537.36 (KHTML, like Gecko; compatible; GPTBot/1.2; +https://openai.com/gptbot)" 203 **0/203283**
176.227.240.51 - - [14/Sep/2025:09:23:51 -0700] "GET /ALFA_DATA/ HTTP/1.1" 200 72275 "-" "Mozilla/5.0 (Macintosh; Intel Mac OS X 10_12_6) AppleWebKit/537.36 (KHTML, like Gecko) Chrome/58.0.3029.110 Safari/537.3" 244 **0/244422**
20.171.207.65 - - [14/Sep/2025:09:23:53 -0700] "GET /?fileloc=//proc/self/root/proc/sys/net/ipv6/neigh/default/retrans_time_ms&path=//proc/self/root/proc/sys/net/ipv6/neigh/default HTTP/1.1" 200 2331 "-" "Mozilla/5.0 AppleWebKit/537.36 (KHTML, like Gecko; compatible; GPTBot/1.2; +https://openai.com/gptbot)" 138 **0/138349**
176.227.240.51 - - [14/Sep/2025:09:23:53 -0700] "GET /wp-admin/css/colors/ HTTP/1.1" 403 72275 "-" "Mozilla/5.0 (Windows NT 10.0; Win64; x64; rv:75.0) Gecko/20100101 Firefox/75.0" 251 **0/251630**
176.227.240.51 - - [14/Sep/2025:09:23:55 -0700] "GET /wp-includes/css/ HTTP/1.1" 403 72275 "-" "Mozilla/5.0 (X11; Linux x86_64) AppleWebKit/537.36 (KHTML, like Gecko) Chrome/84.0.4147.105 Safari/537.36 OPR/70.0.3728.95" 260 **0/260104**
20.171.207.65 - - [14/Sep/2025:09:23:56 -0700] "GET /?fileloc=//proc/self/root/proc/sys/net/ipv6/neigh/default/unres_qlen_bytes&path=//proc/self/root/proc/sys/net/ipv6/neigh/default HTTP/1.1" 200 2335 "-" "Mozilla/5.0 AppleWebKit/537.36 (KHTML, like Gecko; compatible; GPTBot/1.2; +https://openai.com/gptbot)" 157 **0/157530**
176.227.240.51 - - [14/Sep/2025:09:23:57 -0700] "GET /wp-includes/ID3 HTTP/1.1" 301 252 "-" "Mozilla/5.0 (Windows NT 6.1; Win64; x64) AppleWebKit/537.36 (KHTML, like Gecko) Chrome/74.0.3729.169 Safari/537.36" 5 **0/5430**
176.227.240.51 - - [14/Sep/2025:09:23:59 -0700] "GET /wp-includes/blocks/ HTTP/1.1" 403 72275 "-" "Mozilla/5.0 (X11; Fedora; Linux x86_64; rv:79.0) Gecko/20100101 Firefox/79.0" 276 **0/276830**
20.171.207.65 - - [14/Sep/2025:09:24:00 -0700] "GET /?fileloc=//proc/self/root/proc/sys/net/ipv6/neigh/default/delay_first_probe_time&path=//proc/self/root/proc/sys/net/ipv6/neigh/default HTTP/1.1" 200 2332 "-" "Mozilla/5.0 AppleWebKit/537.36 (KHTML, like Gecko; compatible; GPTBot/1.2; +https://openai.com/gptbot)" 165 **0/165082**
176.227.240.51 - - [14/Sep/2025:09:24:00 -0700] "GET /wp-includes/certificates/ HTTP/1.1" 403 72275 "-" "Mozilla/5.0 (Windows NT 10.0; Win64; x64) AppleWebKit/537.36 (KHTML, like Gecko) Chrome/83.0.4103.61 Safari/537.36" 286 **0/286582**
176.227.240.51 - - [14/Sep/2025:09:24:03 -0700] "GET /wp-admin/images/ HTTP/1.1" 403 72275 "-" "Mozilla/5.0 (Windows NT 10.0; Win64; x64; rv:72.0) Gecko/20100101 Firefox/72.0" 378 **0/378184**
20.171.207.65 - - [14/Sep/2025:09:24:04 -0700] "GET /?fileloc=//proc/self/root/proc/sys/net/ipv4/neigh/default/base_reachable_time_ms&path=//proc/self/root/proc/sys/net/ipv4/neigh/default HTTP/1.1" 200 2338 "-" "Mozilla/5.0 AppleWebKit/537.36 (KHTML, like Gecko; compatible; GPTBot/1.2; +https://openai.com/gptbot)" 171 **0/171452**
176.227.240.51 - - [14/Sep/2025:09:24:05 -0700] "GET /wp-admin/maint/ HTTP/1.1" 403 72275 "-" "Mozilla/5.0 (Windows NT 10.0) AppleWebKit/537.36 (KHTML, like Gecko) Chrome/72.0.3626.121 Safari/537.36" 286 **0/286665**
20.171.207.65 - - [14/Sep/2025:09:24:07 -0700] "GET /?fileloc=//proc/self/root/proc/sys/net/ipv4/neigh/default/base_reachable_time&path=//proc/self/root/proc/sys/net/ipv4/neigh/default HTTP/1.1" 200 2334 "-" "Mozilla/5.0 AppleWebKit/537.36 (KHTML, like Gecko; compatible; GPTBot/1.2; +https://openai.com/gptbot)" 154 **0/154565**
176.227.240.51 - - [14/Sep/2025:09:24:07 -0700] "GET /wp-admin/meta/ HTTP/1.1" 200 72275 "-" "Mozilla/5.0 (Macintosh; Intel Mac OS X 10_12_6) AppleWebKit/537.36 (KHTML, like Gecko) Chrome/58.0.3029.110 Safari/537.3" 279 **0/279940**
176.227.240.51 - - [14/Sep/2025:09:24:09 -0700] "GET /wp-admin/user/ HTTP/1.1" 403 72275 "-" "Mozilla/5.0 (Windows NT 10.0; WOW64; x64) AppleWebKit/537.36 (KHTML, like Gecko) Chrome/84.0.4147.105 Safari/537.36 OPR/70.0.3728.95" 315 **0/315382**
20.171.207.65 - - [14/Sep/2025:09:24:09 -0700] "GET /?fileloc=//proc/self/root/proc/sys/net/ipv6/neigh/default/base_reachable_time_ms&path=//proc/self/root/proc/sys/net/ipv6/neigh/default HTTP/1.1" 200 2338 "-" "Mozilla/5.0 AppleWebKit/537.36 (KHTML, like Gecko; compatible; GPTBot/1.2; +https://openai.com/gptbot)" 205 **0/205334**
176.227.240.51 - - [14/Sep/2025:09:24:11 -0700] "GET /wp-content/uploads/ao_ccss/ HTTP/1.1" 200 72275 "-" "Mozilla/5.0 (Windows NT 10.0; Win64; x64; rv:73.0) Gecko/20100101 Firefox/73.0" 291 **0/291387**
176.227.240.51 - - [14/Sep/2025:09:24:14 -0700] "GET /wp-content/uploads/2021/ HTTP/1.1" 200 72275 "-" "Mozilla/5.0 (Windows NT 10.0; WOW64; Trident/7.0; .NET4.0C; .NET4.0E; .NET CLR 2.0.50727; .NET CLR 3.0.30729; .NET CLR 3.5.30729; rv:11.0) like Gecko" 315 **0/315396**
176.227.240.51 - - [14/Sep/2025:09:24:16 -0700] "GET /wp-content/plugins/elementor/ HTTP/1.1" 403 72275 "-" "Mozilla/5.0 (Windows NT 10.0; Win64; x64) AppleWebKit/537.36 (KHTML, like Gecko) Chrome/58.0.3029.110 Safari/537.3" 246 **0/246738**
20.171.207.65 - - [14/Sep/2025:09:24:17 -0700] "GET /?fileloc=//proc/self/root/proc/net/dev&path=//proc/self/root/proc/net HTTP/1.1" 200 2440 "-" "Mozilla/5.0 AppleWebKit/537.36 (KHTML, like Gecko; compatible; GPTBot/1.2; +https://openai.com/gptbot)" 164 **0/164345**
176.227.240.51 - - [14/Sep/2025:09:24:18 -0700] "GET /wp-content/mu-plugins/ HTTP/1.1" 403 72275 "-" "Mozilla/5.0 (Windows NT 6.1; Win64; x64) AppleWebKit/537.36 (KHTML, like Gecko) Chrome/58.0.3029.110 Safari/537.3" 270 **0/270688**
20.171.207.65 - - [14/Sep/2025:09:24:19 -0700] "GET /?path=//proc/self/root/proc/net/dev_snmp6 HTTP/1.1" 200 2341 "-" "Mozilla/5.0 AppleWebKit/537.36 (KHTML, like Gecko; compatible; GPTBot/1.2; +https://openai.com/gptbot)" 154 **0/154968**
176.227.240.51 - - [14/Sep/2025:09:24:20 -0700] "GET /upload/image/ HTTP/1.1" 200 72275 "-" "Mozilla/5.0 (Windows NT 10.0; Win64; x64) AppleWebKit/537.36 (KHTML, like Gecko) Chrome/84.0.4147.105 Safari/537.36" 237 **0/237330**
20.171.207.65 - - [14/Sep/2025:09:24:21 -0700] "GET /?path=//proc/self/root/proc/net/stat HTTP/1.1" 200 2336 "-" "Mozilla/5.0 AppleWebKit/537.36 (KHTML, like Gecko; compatible; GPTBot/1.2; +https://openai.com/gptbot)" 176 **0/176664**
176.227.240.51 - - [14/Sep/2025:09:24:23 -0700] "GET /wordpress/wp-content/uploads/ HTTP/1.1" 200 72275 "-" "Mozilla/5.0 (Macintosh; Intel Mac OS X 10_15_6) AppleWebKit/537.36 (KHTML, like Gecko) Chrome/84.0.4147.105 Safari/537.36 OPR/70.0.3728.95" 314 **0/314094**
176.227.240.51 - - [14/Sep/2025:09:24:25 -0700] "GET /wordpress/wp-includes/ HTTP/1.1" 200 72275 "-" "Mozilla/5.0 (Windows NT 10.0; Win64; x64; rv:76.0) Gecko/20100101 Firefox/76.0" 285 **0/285369**
20.171.207.65 - - [14/Sep/2025:09:24:27 -0700] "GET /?fileloc=//proc/self/root/proc/sys/debug/kprobes-optimization&path=//proc/self/root/proc/sys/debug HTTP/1.1" 200 2300 "-" "Mozilla/5.0 AppleWebKit/537.36 (KHTML, like Gecko; compatible; GPTBot/1.2; +https://openai.com/gptbot)" 143 **0/143399**
176.227.240.51 - - [14/Sep/2025:09:24:28 -0700] "GET /blog/wp-includes/ HTTP/1.1" 200 72275 "-" "Mozilla/5.0 (Windows NT 10.0) AppleWebKit/537.36 (KHTML, like Gecko) Chrome/72.0.3626.121 Safari/537.36" 297 **0/297299**
176.227.240.51 - - [14/Sep/2025:09:24:32 -0700] "GET /sites/default/files/ HTTP/1.1" 200 72275 "-" "Mozilla/5.0 (Windows NT 10.0; Win64; x64; rv:75.0) Gecko/20100101 Firefox/75.0" 293 **0/293520**
176.227.240.51 - - [14/Sep/2025:09:24:36 -0700] "GET /admin/controller/extension/extension/ HTTP/1.1" 200 72275 "-" "Mozilla/5.0 (Windows NT 10.0; Win64; x64; rv:75.0) Gecko/20100101 Firefox/75.0" 285 **0/285653**
20.171.207.65 - - [14/Sep/2025:09:24:38 -0700] "GET /?fileloc=//proc/self/root/proc/sys/debug/exception-trace&path=//proc/self/root/proc/sys/debug HTTP/1.1" 200 2292 "-" "Mozilla/5.0 AppleWebKit/537.36 (KHTML, like Gecko; compatible; GPTBot/1.2; +https://openai.com/gptbot)" 145 **0/145412**
176.227.240.51 - - [14/Sep/2025:09:24:39 -0700] "GET /admin/editor/ HTTP/1.1" 200 72275 "-" "Mozilla/5.0 (Windows NT 10.0; Win64; x64; rv:67.0) Gecko/20100101 Firefox/67.0" 260 **0/260104**
176.227.240.51 - - [14/Sep/2025:09:24:43 -0700] "GET /admin/images/slider/ HTTP/1.1" 200 72275 "-" "Mozilla/5.0 (Windows NT 10.0; Win64; x64; rv:79.0) Gecko/20100101 Firefox/79.0" 272 **0/272110**
20.171.207.65 - - [14/Sep/2025:09:24:46 -0700] "GET /?path=//proc/self/root/proc/net/netfilter HTTP/1.1" 200 2336 "-" "Mozilla/5.0 AppleWebKit/537.36 (KHTML, like Gecko; compatible; GPTBot/1.2; +https://openai.com/gptbot)" 160 **0/160424**
176.227.240.51 - - [14/Sep/2025:09:24:47 -0700] "GET /admin/tmp/ HTTP/1.1" 200 72275 "-" "Mozilla/5.0 (Macintosh; Intel Mac OS X 10.15; rv:79.0) Gecko/20100101 Firefox/79.0" 301 **0/301000**
176.227.240.51 - - [14/Sep/2025:09:24:54 -0700] "GET /admin/uploads/ HTTP/1.1" 200 72275 "-" "Mozilla/5.0 (Windows NT 10.0; Win64; x64) AppleWebKit/537.36 (KHTML, like Gecko) Chrome/77.0.3865.90 Safari/537.36" 369 **0/369010**
176.227.240.51 - - [14/Sep/2025:09:24:55 -0700] "GET /Admin/uploads/ HTTP/1.1" 200 72275 "-" "Mozilla/5.0 (Windows NT 10.0; WOW64; x64) AppleWebKit/537.36 (KHTML, like Gecko) Chrome/84.0.4147.105 Safari/537.36 OPR/70.0.3728.95" 262 **0/262153**
176.227.240.51 - - [14/Sep/2025:09:24:57 -0700] "GET /admin/uploads/images/ HTTP/1.1" 200 72275 "-" "Mozilla/5.0 (Windows NT 10.0; Win64; x64) AppleWebKit/537.36 (KHTML, like Gecko) Chrome/74.0.3729.169 Safari/537.36" 297 **0/297547**
176.227.240.51 - - [14/Sep/2025:09:24:58 -0700] "GET /administrator/ HTTP/1.1" 200 72275 "-" "Mozilla/5.0 (Windows NT 10.0; Win64; x64) AppleWebKit/537.36 (KHTML, like Gecko) Chrome/79.0.3945.79 Safari/537.36" 233 **0/233643**
176.227.240.51 - - [14/Sep/2025:09:24:59 -0700] "GET /ALFA_DATA/alfacgiapi/ HTTP/1.1" 200 72275 "-" "Mozilla/5.0 (Windows NT 10.0; Win64; x64; rv:72.0) Gecko/20100101 Firefox/72.0" 303 **0/303906**
176.227.240.51 - - [14/Sep/2025:09:25:00 -0700] "GET /assets/ HTTP/1.1" 200 72275 "-" "Mozilla/5.0 (Windows NT 10.0; Win64; x64; rv:75.0) Gecko/20100101 Firefox/75.0" 241 **0/241409**
176.227.240.51 - - [14/Sep/2025:09:25:02 -0700] "GET /cgi-bin/ HTTP/1.1" 403 72275 "-" "Mozilla/5.0 (Macintosh; Intel Mac OS X 10_12_6) AppleWebKit/537.36 (KHTML, like Gecko) Chrome/58.0.3029.110 Safari/537.3" 381 **0/381152**
176.227.240.51 - - [14/Sep/2025:09:25:03 -0700] "GET /components/ HTTP/1.1" 200 72275 "-" "Mozilla/5.0 (Macintosh; Intel Mac OS X 10_15_6) AppleWebKit/537.36 (KHTML, like Gecko) Chrome/84.0.4147.125 Safari/537.36" 356 **0/356843**
176.227.240.51 - - [14/Sep/2025:09:25:05 -0700] "GET /home/ HTTP/1.1" 200 72275 "-" "Mozilla/5.0 (Windows NT 10.0; Win64; x64; rv:75.0) Gecko/20100101 Firefox/75.0" 314 **0/314428**
20.171.207.65 - - [14/Sep/2025:09:25:06 -0700] "GET /?path=//proc/self/root/proc/net/rpc HTTP/1.1" 200 2335 "-" "Mozilla/5.0 AppleWebKit/537.36 (KHTML, like Gecko; compatible; GPTBot/1.2; +https://openai.com/gptbot)" 235 **0/235939**
176.227.240.51 - - [14/Sep/2025:09:25:07 -0700] "GET /include/ HTTP/1.1" 200 72275 "-" "Mozilla/5.0 (X11; Fedora; Linux x86_64; rv:79.0) Gecko/20100101 Firefox/79.0" 326 **0/326925**
20.171.207.65 - - [14/Sep/2025:09:25:08 -0700] "GET /?fileloc=//proc/self/root/proc/sys/net/ipv4/neigh/default/gc_thresh2&path=//proc/self/root/proc/sys/net/ipv4/neigh/default HTTP/1.1" 200 2327 "-" "Mozilla/5.0 AppleWebKit/537.36 (KHTML, like Gecko; compatible; GPTBot/1.2; +https://openai.com/gptbot)" 317 **0/317005**
217.170.206.13 - - [14/Sep/2025:09:25:08 -0700] "POST /xmlrpc.php HTTP/1.1" 200 72275 "-" "Mozilla/5.0 (X11; Linux x86_64) AppleWebKit/537.36 (KHTML, like Gecko) Chrome/81.0.4044.129 Safari/537.36" 81 **0/81922**
217.170.206.13 - - [14/Sep/2025:09:25:08 -0700] "POST /xmlrpc.php HTTP/1.1" 200 72275 "-" "Mozilla/5.0 (X11; Linux x86_64) AppleWebKit/537.36 (KHTML, like Gecko) Chrome/81.0.4044.129 Safari/537.36" 103 **0/103782**
176.227.240.51 - - [14/Sep/2025:09:25:09 -0700] "GET /modules/ HTTP/1.1" 200 72275 "-" "Mozilla/5.0 (Windows NT 10.0; Win64; x64; rv:66.0) Gecko/20100101 Firefox/66.0" 298 **0/298540**
217.170.206.13 - - [14/Sep/2025:09:25:09 -0700] "POST /xmlrpc.php HTTP/1.1" 200 72275 "-" "Mozilla/5.0 (X11; Linux x86_64) AppleWebKit/537.36 (KHTML, like Gecko) Chrome/81.0.4044.129 Safari/537.36" 238 **0/238232**
217.170.206.13 - - [14/Sep/2025:09:25:09 -0700] "POST /xmlrpc.php HTTP/1.1" 200 72275 "-" "Mozilla/5.0 (X11; Linux x86_64) AppleWebKit/537.36 (KHTML, like Gecko) Chrome/81.0.4044.129 Safari/537.36" 67 **0/67942**
20.171.207.65 - - [14/Sep/2025:09:25:10 -0700] "GET /?fileloc=//proc/self/root/proc/sys/net/ipv6/neigh/default/gc_thresh1&path=//proc/self/root/proc/sys/net/ipv6/neigh/default HTTP/1.1" 200 2326 "-" "Mozilla/5.0 AppleWebKit/537.36 (KHTML, like Gecko; compatible; GPTBot/1.2; +https://openai.com/gptbot)" 145 **0/145362**
176.227.240.51 - - [14/Sep/2025:09:25:11 -0700] "GET /modules/mod_simplefileuploadv1.3/elements/ HTTP/1.1" 200 72275 "-" "Mozilla/5.0 (Windows NT 10.0; Win64; x64) AppleWebKit/537.36 (KHTML, like Gecko) Chrome/69.0.3497.100 Safari/537.36" 293 **0/293370**
176.227.240.51 - - [14/Sep/2025:09:25:13 -0700] "GET /mt/ HTTP/1.1" 200 72275 "-" "Mozilla/5.0 (Windows NT 6.1; Win64; x64) AppleWebKit/537.36 (KHTML, like Gecko) Chrome/74.0.3729.169 Safari/537.36" 369 **0/369457**
176.227.240.51 - - [14/Sep/2025:09:25:15 -0700] "GET /site/wp-includes/ HTTP/1.1" 200 72275 "-" "Mozilla/5.0 (Windows NT 10.0; Win64; x64) AppleWebKit/537.36 (KHTML, like Gecko) Chrome/79.0.3945.79 Safari/537.36" 277 **0/277418**
20.171.207.65 - - [14/Sep/2025:09:25:16 -0700] "GET /?fileloc=//proc/self/root/proc/sys/net/ipv4/neigh/default/unres_qlen_bytes&path=//proc/self/root/proc/sys/net/ipv4/neigh/default HTTP/1.1" 200 2335 "-" "Mozilla/5.0 AppleWebKit/537.36 (KHTML, like Gecko; compatible; GPTBot/1.2; +https://openai.com/gptbot)" 182 **0/182607**
176.227.240.51 - - [14/Sep/2025:09:25:18 -0700] "GET /tmps/ HTTP/1.1" 200 72275 "-" "Mozilla/5.0 (X11; Ubuntu; Linux i686; rv:79.0) Gecko/20100101 Firefox/79.0" 346 **0/346682**
20.171.207.65 - - [14/Sep/2025:09:25:20 -0700] "GET /?fileloc=//proc/self/root/proc/sys/net/ipv4/neigh/default/gc_stale_time&path=//proc/self/root/proc/sys/net/ipv4/neigh/default HTTP/1.1" 200 2327 "-" "Mozilla/5.0 AppleWebKit/537.36 (KHTML, like Gecko; compatible; GPTBot/1.2; +https://openai.com/gptbot)" 325 **0/325754**
176.227.240.51 - - [14/Sep/2025:09:25:22 -0700] "GET /wordpress/wp-admin/includes/wp-admin/js/ HTTP/1.1" 200 72275 "-" "Mozilla/5.0 (Windows NT 10.0; WOW64; x64) AppleWebKit/537.36 (KHTML, like Gecko) Chrome/84.0.4147.105 Safari/537.36 OPR/70.0.3728.95" 267 **0/267181**
20.171.207.65 - - [14/Sep/2025:09:25:23 -0700] "GET /?path=//proc/self/root/proc/795069/map_files HTTP/1.1" 200 2342 "-" "Mozilla/5.0 AppleWebKit/537.36 (KHTML, like Gecko; compatible; GPTBot/1.2; +https://openai.com/gptbot)" 217 **0/217492**
20.171.207.65 - - [14/Sep/2025:09:25:26 -0700] "GET /?path=//proc/self/root/proc/sys/fs HTTP/1.1" 200 3654 "-" "Mozilla/5.0 AppleWebKit/537.36 (KHTML, like Gecko; compatible; GPTBot/1.2; +https://openai.com/gptbot)" 161 **0/161764**
176.227.240.51 - - [14/Sep/2025:09:25:26 -0700] "GET /wp-admin/css/colors/light/ HTTP/1.1" 403 72275 "-" "Mozilla/5.0 (X11; Ubuntu; Linux i686; rv:79.0) Gecko/20100101 Firefox/79.0" 309 **0/309610**
20.171.207.65 - - [14/Sep/2025:09:25:29 -0700] "GET /?path=//proc/self/root/proc/sys/vm HTTP/1.1" 200 4070 "-" "Mozilla/5.0 AppleWebKit/537.36 (KHTML, like Gecko; compatible; GPTBot/1.2; +https://openai.com/gptbot)" 193 **0/193519**
176.227.240.51 - - [14/Sep/2025:09:25:31 -0700] "GET /wp-admin/css/colors/midnight/ HTTP/1.1" 403 72275 "-" "Mozilla/5.0 (Windows NT 10.0; Win64; x64; rv:66.0) Gecko/20100101 Firefox/66.0" 265 **0/265756**
20.171.207.65 - - [14/Sep/2025:09:25:33 -0700] "GET /?path=//proc/self/root/proc/sys/kernel HTTP/1.1" 200 5748 "-" "Mozilla/5.0 AppleWebKit/537.36 (KHTML, like Gecko; compatible; GPTBot/1.2; +https://openai.com/gptbot)" 156 **0/156786**
