66.249.73.234 - - [14/Sep/2025:07:11:24 -0700] "GET /27105811?goodscode=0027069462 HTTP/1.1" 200 24947 "-" "Mozilla/5.0 (Linux; Android 6.0.1; Nexus 5X Build/MMB29P) AppleWebKit/537.36 (KHTML, like Gecko) Chrome/140.0.7339.127 Mobile Safari/537.36 (compatible; Googlebot/2.1; +http://www.google.com/bot.html)" 622 **0/622173**
216.73.216.168 - - [14/Sep/2025:07:11:26 -0700] "GET /1win-skachat-prilozhenie-bukmekerskoj-kontory-1152/feed?fileloc=%2F%2Fbin%2Fssh&path=%2F%2Fbin HTTP/1.1" 403 3820 "-" "Mozilla/5.0 AppleWebKit/537.36 (KHTML, like Gecko; compatible; ClaudeBot/1.0; +claudebot@anthropic.com)" 255 **0/255014**
20.171.207.65 - - [14/Sep/2025:07:11:27 -0700] "GET /inputs.php?path=//opt/cloudlinux/venv/lib64/python3.11/site-packages/pytest_tap/__pycache__ HTTP/1.1" 200 2701 "-" "Mozilla/5.0 AppleWebKit/537.36 (KHTML, like Gecko; compatible; GPTBot/1.2; +https://openai.com/gptbot)" 121 **0/121226**
216.73.216.168 - - [14/Sep/2025:07:11:29 -0700] "GET /tipobet-casino-tipobet-giri-adresi-tipobet365-932/feed?fileloc=%2F%2Fbin%2Fps2pdf&path=%2F%2Fbin HTTP/1.1" 403 3820 "-" "Mozilla/5.0 AppleWebKit/537.36 (KHTML, like Gecko; compatible; ClaudeBot/1.0; +claudebot@anthropic.com)" 270 **0/270709**
20.171.207.65 - - [14/Sep/2025:07:11:30 -0700] "GET /inputs.php?path=//opt/cloudlinux/venv/lib64/python3.11/site-packages/_pytest/__pycache__ HTTP/1.1" 200 4074 "-" "Mozilla/5.0 AppleWebKit/537.36 (KHTML, like Gecko; compatible; GPTBot/1.2; +https://openai.com/gptbot)" 134 **0/134347**
216.73.216.168 - - [14/Sep/2025:07:11:32 -0700] "GET /1win-skachat-prilozhenie-bukmekerskoj-kontory-1152/feed?fileloc=%2F%2Fbin%2Fps2pdfwr&path=%2F%2Fbin HTTP/1.1" 403 3820 "-" "Mozilla/5.0 AppleWebKit/537.36 (KHTML, like Gecko; compatible; ClaudeBot/1.0; +claudebot@anthropic.com)" 217 **0/217471**
20.171.207.65 - - [14/Sep/2025:07:11:34 -0700] "GET /?fileloc=//lib/systemd/systemd-rfkill&path=//lib/systemd HTTP/1.1" 200 2260 "-" "Mozilla/5.0 AppleWebKit/537.36 (KHTML, like Gecko; compatible; GPTBot/1.2; +https://openai.com/gptbot)" 120 **0/120959**
216.73.216.168 - - [14/Sep/2025:07:11:35 -0700] "GET /tipobet-casino-tipobet-giri-adresi-tipobet365-932/feed?fileloc=%2F%2Fbin%2Fls&path=%2F%2Fbin HTTP/1.1" 200 2241 "-" "Mozilla/5.0 AppleWebKit/537.36 (KHTML, like Gecko; compatible; ClaudeBot/1.0; +claudebot@anthropic.com)" 278 **0/278083**
20.171.207.65 - - [14/Sep/2025:07:11:37 -0700] "GET /?path=//opt/alt/php74/usr/bin HTTP/1.1" 200 2969 "-" "Mozilla/5.0 AppleWebKit/537.36 (KHTML, like Gecko; compatible; GPTBot/1.2; +https://openai.com/gptbot)" 156 **0/156580**
216.73.216.168 - - [14/Sep/2025:07:11:38 -0700] "GET /tipobet-casino-tipobet-giri-adresi-tipobet365-932/feed?fileloc=%2F%2Fbin%2Fscalar&path=%2F%2Fbin HTTP/1.1" 200 2245 "-" "Mozilla/5.0 AppleWebKit/537.36 (KHTML, like Gecko; compatible; ClaudeBot/1.0; +claudebot@anthropic.com)" 259 **0/259161**
216.73.216.168 - - [14/Sep/2025:07:11:41 -0700] "GET /kazino-oficialnyj-sajt-pin-up-casino-vhodi-i-308/feed?path=%2F%2Fproc%2Fself%2Fcwd%2Fru HTTP/1.1" 200 2684 "-" "Mozilla/5.0 AppleWebKit/537.36 (KHTML, like Gecko; compatible; ClaudeBot/1.0; +claudebot@anthropic.com)" 262 **0/262301**
20.171.207.65 - - [14/Sep/2025:07:11:43 -0700] "GET /?path=//opt/alt/php82/usr/bin HTTP/1.1" 200 2975 "-" "Mozilla/5.0 AppleWebKit/537.36 (KHTML, like Gecko; compatible; GPTBot/1.2; +https://openai.com/gptbot)" 123 **0/123138**
216.73.216.168 - - [14/Sep/2025:07:11:44 -0700] "GET /1win-skachat-prilozhenie-bukmekerskoj-kontory-1152/feed?fileloc=%2F%2Fbin%2Fbase32&path=%2F%2Fbin HTTP/1.1" 200 2244 "-" "Mozilla/5.0 AppleWebKit/537.36 (KHTML, like Gecko; compatible; ClaudeBot/1.0; +claudebot@anthropic.com)" 254 **0/254348**
216.73.216.168 - - [14/Sep/2025:07:11:47 -0700] "GET /1win-skachat-prilozhenie-bukmekerskoj-kontory-1152/feed?fileloc=%2F%2Fbin%2Fscl_enabled&path=%2F%2Fbin HTTP/1.1" 200 2423 "-" "Mozilla/5.0 AppleWebKit/537.36 (KHTML, like Gecko; compatible; ClaudeBot/1.0; +claudebot@anthropic.com)" 249 **0/249912**
216.73.216.168 - - [14/Sep/2025:07:11:50 -0700] "GET /1win-skachat-prilozhenie-bukmekerskoj-kontory-1152/feed?fileloc=%2F%2Fbin%2Fvmstat&path=%2F%2Fbin HTTP/1.1" 200 2245 "-" "Mozilla/5.0 AppleWebKit/537.36 (KHTML, like Gecko; compatible; ClaudeBot/1.0; +claudebot@anthropic.com)" 272 **0/272307**
20.171.207.65 - - [14/Sep/2025:07:11:52 -0700] "GET /?path=//opt/alt/php81/usr/bin HTTP/1.1" 200 2973 "-" "Mozilla/5.0 AppleWebKit/537.36 (KHTML, like Gecko; compatible; GPTBot/1.2; +https://openai.com/gptbot)" 127 **0/127120**
216.73.216.168 - - [14/Sep/2025:07:11:53 -0700] "GET /1win-skachat-prilozhenie-bukmekerskoj-kontory-1152/feed?fileloc=%2F%2Fbin%2Frealpath&path=%2F%2Fbin HTTP/1.1" 200 2246 "-" "Mozilla/5.0 AppleWebKit/537.36 (KHTML, like Gecko; compatible; ClaudeBot/1.0; +claudebot@anthropic.com)" 229 **0/229801**
20.171.207.65 - - [14/Sep/2025:07:11:55 -0700] "GET /?fileloc=//opt/alt/php74/usr/bin/lsphp&path=//opt/alt/php74/usr/bin HTTP/1.1" 200 2286 "-" "Mozilla/5.0 AppleWebKit/537.36 (KHTML, like Gecko; compatible; GPTBot/1.2; +https://openai.com/gptbot)" 134 **0/134373**
216.73.216.168 - - [14/Sep/2025:07:11:56 -0700] "GET /1win-skachat-prilozhenie-bukmekerskoj-kontory-1152/feed?fileloc=%2F%2Fbin%2Flogger&path=%2F%2Fbin HTTP/1.1" 200 2244 "-" "Mozilla/5.0 AppleWebKit/537.36 (KHTML, like Gecko; compatible; ClaudeBot/1.0; +claudebot@anthropic.com)" 257 **0/257773**
20.171.207.65 - - [14/Sep/2025:07:11:58 -0700] "GET /?path=//opt/alt/php56/usr/bin HTTP/1.1" 200 2935 "-" "Mozilla/5.0 AppleWebKit/537.36 (KHTML, like Gecko; compatible; GPTBot/1.2; +https://openai.com/gptbot)" 132 **0/132315**
216.73.216.168 - - [14/Sep/2025:07:11:59 -0700] "GET /tipobet-casino-tipobet-giri-adresi-tipobet365-932/feed?fileloc=%2F%2Fbin%2Fcrontab&path=%2F%2Fbin HTTP/1.1" 200 2879 "-" "Mozilla/5.0 AppleWebKit/537.36 (KHTML, like Gecko; compatible; ClaudeBot/1.0; +claudebot@anthropic.com)" 248 **0/248373**
216.73.216.168 - - [14/Sep/2025:07:12:02 -0700] "GET /1win-skachat-prilozhenie-bukmekerskoj-kontory-1152/feed?fileloc=%2F%2Fbin%2Fchrt&path=%2F%2Fbin HTTP/1.1" 200 2243 "-" "Mozilla/5.0 AppleWebKit/537.36 (KHTML, like Gecko; compatible; ClaudeBot/1.0; +claudebot@anthropic.com)" 232 **0/232013**
20.171.207.65 - - [14/Sep/2025:07:12:02 -0700] "GET /?path=//opt/alt/php71/usr/bin HTTP/1.1" 200 2983 "-" "Mozilla/5.0 AppleWebKit/537.36 (KHTML, like Gecko; compatible; GPTBot/1.2; +https://openai.com/gptbot)" 144 **0/144114**
216.73.216.168 - - [14/Sep/2025:07:12:05 -0700] "GET /1win-skachat-prilozhenie-bukmekerskoj-kontory-1152/feed?fileloc=%2F%2Fbin%2Fgcov&path=%2F%2Fbin HTTP/1.1" 200 2244 "-" "Mozilla/5.0 AppleWebKit/537.36 (KHTML, like Gecko; compatible; ClaudeBot/1.0; +claudebot@anthropic.com)" 224 **0/224297**
216.73.216.168 - - [14/Sep/2025:07:12:08 -0700] "GET /tipobet-casino-tipobet-giri-adresi-tipobet365-932/feed?fileloc=%2F%2Fbin%2Fbatch&path=%2F%2Fbin HTTP/1.1" 200 2330 "-" "Mozilla/5.0 AppleWebKit/537.36 (KHTML, like Gecko; compatible; ClaudeBot/1.0; +claudebot@anthropic.com)" 257 **0/257236**
216.73.216.168 - - [14/Sep/2025:07:12:11 -0700] "GET /tipobet-casino-tipobet-giri-adresi-tipobet365-932/feed?fileloc=%2F%2Fbin%2Fcomposite&path=%2F%2Fbin HTTP/1.1" 200 2247 "-" "Mozilla/5.0 AppleWebKit/537.36 (KHTML, like Gecko; compatible; ClaudeBot/1.0; +claudebot@anthropic.com)" 232 **0/232042**
216.73.216.168 - - [14/Sep/2025:07:12:14 -0700] "GET /1win-skachat-prilozhenie-bukmekerskoj-kontory-1152/feed?fileloc=%2F%2Fbin%2Fgnroff&path=%2F%2Fbin HTTP/1.1" 200 3745 "-" "Mozilla/5.0 AppleWebKit/537.36 (KHTML, like Gecko; compatible; ClaudeBot/1.0; +claudebot@anthropic.com)" 264 **0/264306**
20.171.207.65 - - [14/Sep/2025:07:12:15 -0700] "GET /?fileloc=//opt/alt/php56/usr/bin/peardev&path=//opt/alt/php56/usr/bin HTTP/1.1" 200 2480 "-" "Mozilla/5.0 AppleWebKit/537.36 (KHTML, like Gecko; compatible; GPTBot/1.2; +https://openai.com/gptbot)" 119 **0/119254**
216.73.216.168 - - [14/Sep/2025:07:12:17 -0700] "GET /tipobet-casino-tipobet-giri-adresi-tipobet365-932/feed?fileloc=%2F%2Fbin%2Funzip&path=%2F%2Fbin HTTP/1.1" 200 2245 "-" "Mozilla/5.0 AppleWebKit/537.36 (KHTML, like Gecko; compatible; ClaudeBot/1.0; +claudebot@anthropic.com)" 231 **0/231452**
20.171.207.65 - - [14/Sep/2025:07:12:18 -0700] "GET /?path=//opt/alt/php84/usr/bin HTTP/1.1" 200 2971 "-" "Mozilla/5.0 AppleWebKit/537.36 (KHTML, like Gecko; compatible; GPTBot/1.2; +https://openai.com/gptbot)" 139 **0/139350**
216.73.216.168 - - [14/Sep/2025:07:12:20 -0700] "GET /tipobet-casino-tipobet-giri-adresi-tipobet365-932/feed?fileloc=%2F%2Fbin%2Fbash&path=%2F%2Fbin HTTP/1.1" 200 2243 "-" "Mozilla/5.0 AppleWebKit/537.36 (KHTML, like Gecko; compatible; ClaudeBot/1.0; +claudebot@anthropic.com)" 264 **0/264292**
216.73.216.168 - - [14/Sep/2025:07:12:23 -0700] "GET /tipobet-casino-tipobet-giri-adresi-tipobet365-932/feed?fileloc=%2F%2Fbin%2Fmake-dummy-cert&path=%2F%2Fbin HTTP/1.1" 200 2563 "-" "Mozilla/5.0 AppleWebKit/537.36 (KHTML, like Gecko; compatible; ClaudeBot/1.0; +claudebot@anthropic.com)" 235 **0/235976**
66.249.73.233 - - [14/Sep/2025:07:12:25 -0700] "GET /27121838?goodscode=0027085466 HTTP/1.1" 200 26349 "-" "Mozilla/5.0 (Linux; Android 6.0.1; Nexus 5X Build/MMB29P) AppleWebKit/537.36 (KHTML, like Gecko) Chrome/140.0.7339.127 Mobile Safari/537.36 (compatible; Googlebot/2.1; +http://www.google.com/bot.html)" 583 **0/583105**
216.73.216.168 - - [14/Sep/2025:07:12:26 -0700] "GET /tipobet-casino-tipobet-giri-adresi-tipobet365-932/feed?fileloc=%2F%2Fbin%2Fexpr&path=%2F%2Fbin HTTP/1.1" 200 2243 "-" "Mozilla/5.0 AppleWebKit/537.36 (KHTML, like Gecko; compatible; ClaudeBot/1.0; +claudebot@anthropic.com)" 239 **0/239053**
216.73.216.168 - - [14/Sep/2025:07:12:29 -0700] "GET /1win-skachat-prilozhenie-bukmekerskoj-kontory-1152/feed?fileloc=%2F%2Fbin%2Fps2epsi&path=%2F%2Fbin HTTP/1.1" 200 3481 "-" "Mozilla/5.0 AppleWebKit/537.36 (KHTML, like Gecko; compatible; ClaudeBot/1.0; +claudebot@anthropic.com)" 249 **0/249728**
20.171.207.65 - - [14/Sep/2025:07:12:30 -0700] "GET /?path=//opt/alt/php83/usr/bin HTTP/1.1" 200 2982 "-" "Mozilla/5.0 AppleWebKit/537.36 (KHTML, like Gecko; compatible; GPTBot/1.2; +https://openai.com/gptbot)" 133 **0/133646**
216.73.216.168 - - [14/Sep/2025:07:12:32 -0700] "GET /tipobet-casino-tipobet-giri-adresi-tipobet365-932/feed?fileloc=%2F%2Fbin%2Fautom4te&path=%2F%2Fbin HTTP/1.1" 200 13997 "-" "Mozilla/5.0 AppleWebKit/537.36 (KHTML, like Gecko; compatible; ClaudeBot/1.0; +claudebot@anthropic.com)" 224 **0/224647**
20.171.207.65 - - [14/Sep/2025:07:12:34 -0700] "GET /?path=//opt/alt/php54/usr/bin HTTP/1.1" 200 2913 "-" "Mozilla/5.0 AppleWebKit/537.36 (KHTML, like Gecko; compatible; GPTBot/1.2; +https://openai.com/gptbot)" 137 **0/137668**
216.73.216.168 - - [14/Sep/2025:07:12:35 -0700] "GET /tipobet-casino-tipobet-giri-adresi-tipobet365-932/feed?fileloc=%2F%2Fbin%2Ffc-scan&path=%2F%2Fbin HTTP/1.1" 200 2245 "-" "Mozilla/5.0 AppleWebKit/537.36 (KHTML, like Gecko; compatible; ClaudeBot/1.0; +claudebot@anthropic.com)" 292 **0/292464**
216.73.216.168 - - [14/Sep/2025:07:12:38 -0700] "GET /1win-skachat-prilozhenie-bukmekerskoj-kontory-1152/feed?fileloc=%2F%2Fbin%2Fpkgconf&path=%2F%2Fbin HTTP/1.1" 200 2246 "-" "Mozilla/5.0 AppleWebKit/537.36 (KHTML, like Gecko; compatible; ClaudeBot/1.0; +claudebot@anthropic.com)" 279 **0/279195**
216.73.216.168 - - [14/Sep/2025:07:12:41 -0700] "GET /tipobet-casino-tipobet-giri-adresi-tipobet365-932/feed?fileloc=%2F%2Fbin%2Fstrings&path=%2F%2Fbin HTTP/1.1" 200 2243 "-" "Mozilla/5.0 AppleWebKit/537.36 (KHTML, like Gecko; compatible; ClaudeBot/1.0; +claudebot@anthropic.com)" 246 **0/246073**
20.171.207.65 - - [14/Sep/2025:07:12:43 -0700] "GET /?path=//opt/alt/php70/usr/bin HTTP/1.1" 200 2981 "-" "Mozilla/5.0 AppleWebKit/537.36 (KHTML, like Gecko; compatible; GPTBot/1.2; +https://openai.com/gptbot)" 133 **0/133340**
216.73.216.168 - - [14/Sep/2025:07:12:44 -0700] "GET /1win-skachat-prilozhenie-bukmekerskoj-kontory-1152/feed?fileloc=%2F%2Fbin%2Fvim&path=%2F%2Fbin HTTP/1.1" 200 2244 "-" "Mozilla/5.0 AppleWebKit/537.36 (KHTML, like Gecko; compatible; ClaudeBot/1.0; +claudebot@anthropic.com)" 251 **0/251566**
20.171.207.65 - - [14/Sep/2025:07:12:46 -0700] "GET /?fileloc=//opt/alt/php83/usr/bin/phpdbg&path=//opt/alt/php83/usr/bin HTTP/1.1" 200 2284 "-" "Mozilla/5.0 AppleWebKit/537.36 (KHTML, like Gecko; compatible; GPTBot/1.2; +https://openai.com/gptbot)" 150 **0/150748**
216.73.216.168 - - [14/Sep/2025:07:12:47 -0700] "GET /tipobet-casino-tipobet-giri-adresi-tipobet365-932/feed?fileloc=%2F%2Fbin%2Fobjcopy&path=%2F%2Fbin HTTP/1.1" 200 2246 "-" "Mozilla/5.0 AppleWebKit/537.36 (KHTML, like Gecko; compatible; ClaudeBot/1.0; +claudebot@anthropic.com)" 259 **0/259990**
216.73.216.168 - - [14/Sep/2025:07:12:50 -0700] "GET /1win-skachat-prilozhenie-bukmekerskoj-kontory-1152/feed?fileloc=%2F%2Fbin%2Frvi&path=%2F%2Fbin HTTP/1.1" 200 2244 "-" "Mozilla/5.0 AppleWebKit/537.36 (KHTML, like Gecko; compatible; ClaudeBot/1.0; +claudebot@anthropic.com)" 249 **0/249318**
20.171.207.65 - - [14/Sep/2025:07:12:52 -0700] "GET /?path=//opt/alt/php73/usr/bin HTTP/1.1" 200 2982 "-" "Mozilla/5.0 AppleWebKit/537.36 (KHTML, like Gecko; compatible; GPTBot/1.2; +https://openai.com/gptbot)" 143 **0/143473**
216.73.216.168 - - [14/Sep/2025:07:12:53 -0700] "GET /1win-skachat-prilozhenie-bukmekerskoj-kontory-1152/feed?fileloc=%2F%2Fbin%2Fsync&path=%2F%2Fbin HTTP/1.1" 200 2244 "-" "Mozilla/5.0 AppleWebKit/537.36 (KHTML, like Gecko; compatible; ClaudeBot/1.0; +claudebot@anthropic.com)" 217 **0/217952**
20.171.207.65 - - [14/Sep/2025:07:12:55 -0700] "GET /?path=//opt/alt/php80/usr/bin HTTP/1.1" 200 2973 "-" "Mozilla/5.0 AppleWebKit/537.36 (KHTML, like Gecko; compatible; GPTBot/1.2; +https://openai.com/gptbot)" 125 **0/125602**
216.73.216.168 - - [14/Sep/2025:07:12:56 -0700] "GET /tipobet-casino-tipobet-giri-adresi-tipobet365-932/feed?fileloc=%2F%2Fbin%2Ffactor&path=%2F%2Fbin HTTP/1.1" 200 2244 "-" "Mozilla/5.0 AppleWebKit/537.36 (KHTML, like Gecko; compatible; ClaudeBot/1.0; +claudebot@anthropic.com)" 243 **0/243281**
20.171.207.65 - - [14/Sep/2025:07:12:59 -0700] "GET /?fileloc=//opt/alt/php70/usr/bin/composer.phar&path=//opt/alt/php70/usr/bin HTTP/1.1" 200 2290 "-" "Mozilla/5.0 AppleWebKit/537.36 (KHTML, like Gecko; compatible; GPTBot/1.2; +https://openai.com/gptbot)" 126 **0/126322**
216.73.216.168 - - [14/Sep/2025:07:12:59 -0700] "GET /1win-skachat-prilozhenie-bukmekerskoj-kontory-1152/feed?fileloc=%2F%2Fbin%2Fdir&path=%2F%2Fbin HTTP/1.1" 200 2244 "-" "Mozilla/5.0 AppleWebKit/537.36 (KHTML, like Gecko; compatible; ClaudeBot/1.0; +claudebot@anthropic.com)" 232 **0/232001**
216.73.216.168 - - [14/Sep/2025:07:13:02 -0700] "GET /1win-skachat-prilozhenie-bukmekerskoj-kontory-1152/feed?fileloc=%2F%2Fbin%2Fcompare&path=%2F%2Fbin HTTP/1.1" 200 2245 "-" "Mozilla/5.0 AppleWebKit/537.36 (KHTML, like Gecko; compatible; ClaudeBot/1.0; +claudebot@anthropic.com)" 236 **0/236834**
216.73.216.168 - - [14/Sep/2025:07:13:05 -0700] "GET /tipobet-casino-tipobet-giri-adresi-tipobet365-932/feed?fileloc=%2F%2Fbin%2Frenew-dummy-cert&path=%2F%2Fbin HTTP/1.1" 200 2657 "-" "Mozilla/5.0 AppleWebKit/537.36 (KHTML, like Gecko; compatible; ClaudeBot/1.0; +claudebot@anthropic.com)" 244 **0/244680**
20.171.207.65 - - [14/Sep/2025:07:13:05 -0700] "GET /?fileloc=//usr/lib64/libboost_chrono.so.1.66.0&path=//usr/lib64 HTTP/1.1" 200 2269 "-" "Mozilla/5.0 AppleWebKit/537.36 (KHTML, like Gecko; compatible; GPTBot/1.2; +https://openai.com/gptbot)" 129 **0/129166**
216.73.216.168 - - [14/Sep/2025:07:13:08 -0700] "GET /1win-skachat-prilozhenie-bukmekerskoj-kontory-1152/feed?fileloc=%2F%2Fbin%2Ffc-conflist&path=%2F%2Fbin HTTP/1.1" 403 3820 "-" "Mozilla/5.0 AppleWebKit/537.36 (KHTML, like Gecko; compatible; ClaudeBot/1.0; +claudebot@anthropic.com)" 259 **0/259696**
20.171.207.65 - - [14/Sep/2025:07:13:08 -0700] "GET /inputs.php?path=//opt/cloudlinux/venv/lib64/python3.11/site-packages/ssa/__pycache__ HTTP/1.1" 200 2771 "-" "Mozilla/5.0 AppleWebKit/537.36 (KHTML, like Gecko; compatible; GPTBot/1.2; +https://openai.com/gptbot)" 124 **0/124087**
216.73.216.168 - - [14/Sep/2025:07:13:11 -0700] "GET /tipobet-casino-tipobet-giri-adresi-tipobet365-932/feed?fileloc=%2F%2Fbin%2Fchmod&path=%2F%2Fbin HTTP/1.1" 403 3820 "-" "Mozilla/5.0 AppleWebKit/537.36 (KHTML, like Gecko; compatible; ClaudeBot/1.0; +claudebot@anthropic.com)" 239 **0/239199**
20.171.207.65 - - [14/Sep/2025:07:13:11 -0700] "GET /?path=//lib/python3.6/site-packages/pyudev-0.21.0-py3.6.egg-info HTTP/1.1" 200 2755 "-" "Mozilla/5.0 AppleWebKit/537.36 (KHTML, like Gecko; compatible; GPTBot/1.2; +https://openai.com/gptbot)" 123 **0/123485**
216.73.216.168 - - [14/Sep/2025:07:13:14 -0700] "GET /tipobet-casino-tipobet-giri-adresi-tipobet365-932/feed?fileloc=%2F%2Fbin%2Ftaskset&path=%2F%2Fbin HTTP/1.1" 403 3820 "-" "Mozilla/5.0 AppleWebKit/537.36 (KHTML, like Gecko; compatible; ClaudeBot/1.0; +claudebot@anthropic.com)" 240 **0/240565**
20.171.207.65 - - [14/Sep/2025:07:13:15 -0700] "GET /?path=//opt/alt/php72/usr/bin HTTP/1.1" 200 3145 "-" "Mozilla/5.0 AppleWebKit/537.36 (KHTML, like Gecko; compatible; GPTBot/1.2; +https://openai.com/gptbot)" 120 **0/120966**
216.73.216.168 - - [14/Sep/2025:07:13:17 -0700] "GET /1win-skachat-prilozhenie-bukmekerskoj-kontory-1152/feed?fileloc=%2F%2Fbin%2Ftclsh8.6&path=%2F%2Fbin HTTP/1.1" 403 3820 "-" "Mozilla/5.0 AppleWebKit/537.36 (KHTML, like Gecko; compatible; ClaudeBot/1.0; +claudebot@anthropic.com)" 218 **0/218773**
216.73.216.168 - - [14/Sep/2025:07:13:20 -0700] "GET /1win-skachat-prilozhenie-bukmekerskoj-kontory-1152/feed?fileloc=%2F%2Fbin%2Fflex++&path=%2F%2Fbin HTTP/1.1" 403 3820 "-" "Mozilla/5.0 AppleWebKit/537.36 (KHTML, like Gecko; compatible; ClaudeBot/1.0; +claudebot@anthropic.com)" 248 **0/248514**
20.171.207.65 - - [14/Sep/2025:07:13:21 -0700] "GET /xmlrpc.php?path=//opt/cloudlinux/venv/lib64/python3.11/site-packages/numpy/lib/tests/__pycache__ HTTP/1.1" 200 3513 "-" "Mozilla/5.0 AppleWebKit/537.36 (KHTML, like Gecko; compatible; GPTBot/1.2; +https://openai.com/gptbot)" 39 **0/39063**
216.73.216.168 - - [14/Sep/2025:07:13:23 -0700] "GET /tipobet-casino-tipobet-giri-adresi-tipobet365-932/feed?fileloc=%2F%2Fbin%2Fautoheader&path=%2F%2Fbin HTTP/1.1" 403 3820 "-" "Mozilla/5.0 AppleWebKit/537.36 (KHTML, like Gecko; compatible; ClaudeBot/1.0; +claudebot@anthropic.com)" 267 **0/267506**
20.171.207.65 - - [14/Sep/2025:07:13:24 -0700] "GET /xmlrpc.php?path=//opt/cloudlinux/venv/lib64/python3.11/site-packages/pip/_vendor/distlib/__pycache__ HTTP/1.1" 200 3088 "-" "Mozilla/5.0 AppleWebKit/537.36 (KHTML, like Gecko; compatible; GPTBot/1.2; +https://openai.com/gptbot)" 32 **0/32500**
216.73.216.168 - - [14/Sep/2025:07:13:26 -0700] "GET /1win-skachat-prilozhenie-bukmekerskoj-kontory-1152/feed?fileloc=%2F%2Fbin%2Fps2pdf14&path=%2F%2Fbin HTTP/1.1" 403 3820 "-" "Mozilla/5.0 AppleWebKit/537.36 (KHTML, like Gecko; compatible; ClaudeBot/1.0; +claudebot@anthropic.com)" 226 **0/226919**
66.249.73.233 - - [14/Sep/2025:07:13:26 -0700] "GET /21649006?goodscode=0021620122 HTTP/1.1" 200 26465 "-" "Mozilla/5.0 (Linux; Android 6.0.1; Nexus 5X Build/MMB29P) AppleWebKit/537.36 (KHTML, like Gecko) Chrome/140.0.7339.127 Mobile Safari/537.36 (compatible; Googlebot/2.1; +http://www.google.com/bot.html)" 528 **0/528591**
20.171.207.65 - - [14/Sep/2025:07:13:27 -0700] "GET /xmlrpc.php?path=//opt/cloudlinux/venv/lib64/python3.11/site-packages/pip/_vendor/tomli/__pycache__ HTTP/1.1" 200 2786 "-" "Mozilla/5.0 AppleWebKit/537.36 (KHTML, like Gecko; compatible; GPTBot/1.2; +https://openai.com/gptbot)" 31 **0/31550**
20.171.207.65 - - [14/Sep/2025:07:13:30 -0700] "GET /xmlrpc.php?path=//opt/cloudlinux/venv/lib64/python3.11/site-packages/pip/_vendor/certifi/__pycache__ HTTP/1.1" 200 2748 "-" "Mozilla/5.0 AppleWebKit/537.36 (KHTML, like Gecko; compatible; GPTBot/1.2; +https://openai.com/gptbot)" 40 **0/40057**
216.73.216.168 - - [14/Sep/2025:07:13:30 -0700] "GET /tipobet-casino-tipobet-giri-adresi-tipobet365-932/feed?fileloc=%2F%2Fbin%2Fpathchk&path=%2F%2Fbin HTTP/1.1" 403 3820 "-" "Mozilla/5.0 AppleWebKit/537.36 (KHTML, like Gecko; compatible; ClaudeBot/1.0; +claudebot@anthropic.com)" 236 **0/236319**
20.171.207.65 - - [14/Sep/2025:07:13:34 -0700] "GET /xmlrpc.php?path=//opt/cloudlinux/venv/lib64/python3.11/site-packages/pip/_vendor/msgpack/__pycache__ HTTP/1.1" 200 2787 "-" "Mozilla/5.0 AppleWebKit/537.36 (KHTML, like Gecko; compatible; GPTBot/1.2; +https://openai.com/gptbot)" 35 **0/35324**
216.73.216.168 - - [14/Sep/2025:07:13:35 -0700] "GET /tipobet-casino-tipobet-giri-adresi-tipobet365-932/feed?fileloc=%2F%2Fbin%2Fsplit&path=%2F%2Fbin HTTP/1.1" 403 3820 "-" "Mozilla/5.0 AppleWebKit/537.36 (KHTML, like Gecko; compatible; ClaudeBot/1.0; +claudebot@anthropic.com)" 239 **0/239349**
20.171.207.65 - - [14/Sep/2025:07:13:37 -0700] "GET /xmlrpc.php?path=//opt/cloudlinux/venv/lib64/python3.11/site-packages/pip/_vendor/distro/__pycache__ HTTP/1.1" 200 2748 "-" "Mozilla/5.0 AppleWebKit/537.36 (KHTML, like Gecko; compatible; GPTBot/1.2; +https://openai.com/gptbot)" 29 **0/29660**
216.73.216.168 - - [14/Sep/2025:07:13:39 -0700] "GET /1win-skachat-prilozhenie-bukmekerskoj-kontory-1152/feed?fileloc=%2F%2Fbin%2Fps2pdf13&path=%2F%2Fbin HTTP/1.1" 403 3820 "-" "Mozilla/5.0 AppleWebKit/537.36 (KHTML, like Gecko; compatible; ClaudeBot/1.0; +claudebot@anthropic.com)" 240 **0/240144**
20.171.207.65 - - [14/Sep/2025:07:13:40 -0700] "GET /xmlrpc.php?path=//opt/cloudlinux/venv/lib64/python3.11/site-packages/_distutils_hack/__pycache__ HTTP/1.1" 200 2725 "-" "Mozilla/5.0 AppleWebKit/537.36 (KHTML, like Gecko; compatible; GPTBot/1.2; +https://openai.com/gptbot)" 50 **0/50739**
216.73.216.168 - - [14/Sep/2025:07:13:41 -0700] "GET /1win-skachat-prilozhenie-bukmekerskoj-kontory-1152/feed?fileloc=%2F%2Fbin%2Fenchant-lsmod&path=%2F%2Fbin HTTP/1.1" 403 3820 "-" "Mozilla/5.0 AppleWebKit/537.36 (KHTML, like Gecko; compatible; ClaudeBot/1.0; +claudebot@anthropic.com)" 236 **0/236255**
216.73.216.168 - - [14/Sep/2025:07:13:44 -0700] "GET /tipobet-casino-tipobet-giri-adresi-tipobet365-932/feed?fileloc=%2F%2Fbin%2Fzipnote&path=%2F%2Fbin HTTP/1.1" 403 3820 "-" "Mozilla/5.0 AppleWebKit/537.36 (KHTML, like Gecko; compatible; ClaudeBot/1.0; +claudebot@anthropic.com)" 231 **0/231616**
216.73.216.168 - - [14/Sep/2025:07:13:47 -0700] "GET /1win-skachat-prilozhenie-bukmekerskoj-kontory-1152/feed?fileloc=%2F%2Fbin%2Fpre-grohtml&path=%2F%2Fbin HTTP/1.1" 403 3820 "-" "Mozilla/5.0 AppleWebKit/537.36 (KHTML, like Gecko; compatible; ClaudeBot/1.0; +claudebot@anthropic.com)" 235 **0/235032**
20.171.207.65 - - [14/Sep/2025:07:13:49 -0700] "GET /?path=//lib/modules/4.18.0-553.53.1.lve.el8.x86_64/kernel/sound/firewire/digi00x HTTP/1.1" 200 2633 "-" "Mozilla/5.0 AppleWebKit/537.36 (KHTML, like Gecko; compatible; GPTBot/1.2; +https://openai.com/gptbot)" 131 **0/131428**
216.73.216.168 - - [14/Sep/2025:07:13:50 -0700] "GET /1win-skachat-prilozhenie-bukmekerskoj-kontory-1152/feed?fileloc=%2F%2Fbin%2Fsleep&path=%2F%2Fbin HTTP/1.1" 200 2244 "-" "Mozilla/5.0 AppleWebKit/537.36 (KHTML, like Gecko; compatible; ClaudeBot/1.0; +claudebot@anthropic.com)" 260 **0/260034**
20.171.207.65 - - [14/Sep/2025:07:13:53 -0700] "GET /inputs.php?path=/home/vrposilw0xwl/.appdata/backups HTTP/1.1" 200 3156 "-" "Mozilla/5.0 AppleWebKit/537.36 (KHTML, like Gecko; compatible; GPTBot/1.2; +https://openai.com/gptbot)" 137 **0/137368**
216.73.216.168 - - [14/Sep/2025:07:13:53 -0700] "GET /tipobet-casino-tipobet-giri-adresi-tipobet365-932/feed?fileloc=%2F%2Fbin%2Fvdir&path=%2F%2Fbin HTTP/1.1" 200 2243 "-" "Mozilla/5.0 AppleWebKit/537.36 (KHTML, like Gecko; compatible; ClaudeBot/1.0; +claudebot@anthropic.com)" 252 **0/252039**
216.73.216.168 - - [14/Sep/2025:07:13:56 -0700] "GET /tipobet-casino-tipobet-giri-adresi-tipobet365-932/feed?fileloc=%2F%2Fbin%2Fgcc-ar&path=%2F%2Fbin HTTP/1.1" 200 2245 "-" "Mozilla/5.0 AppleWebKit/537.36 (KHTML, like Gecko; compatible; ClaudeBot/1.0; +claudebot@anthropic.com)" 217 **0/217882**
216.73.216.168 - - [14/Sep/2025:07:13:59 -0700] "GET /1win-skachat-prilozhenie-bukmekerskoj-kontory-1152/feed?fileloc=%2F%2Fbin%2Fdirname&path=%2F%2Fbin HTTP/1.1" 200 2245 "-" "Mozilla/5.0 AppleWebKit/537.36 (KHTML, like Gecko; compatible; ClaudeBot/1.0; +claudebot@anthropic.com)" 223 **0/223141**
20.171.207.65 - - [14/Sep/2025:07:13:59 -0700] "GET /?path=//lib/modules/4.18.0-553.54.1.lve.el8.x86_64/kernel/drivers/media/v4l2-core HTTP/1.1" 200 2842 "-" "Mozilla/5.0 AppleWebKit/537.36 (KHTML, like Gecko; compatible; GPTBot/1.2; +https://openai.com/gptbot)" 153 **0/153036**
216.73.216.168 - - [14/Sep/2025:07:14:02 -0700] "GET /1win-skachat-prilozhenie-bukmekerskoj-kontory-1152/feed?fileloc=%2F%2Fbin%2Fps2pdf12&path=%2F%2Fbin HTTP/1.1" 200 2383 "-" "Mozilla/5.0 AppleWebKit/537.36 (KHTML, like Gecko; compatible; ClaudeBot/1.0; +claudebot@anthropic.com)" 362 **0/362318**
216.73.216.168 - - [14/Sep/2025:07:14:05 -0700] "GET /best-non-gamstop-casinos-in-the-uk-1623?path=%2F%2Fvar%2F.cagefs HTTP/1.1" 200 2559 "-" "Mozilla/5.0 AppleWebKit/537.36 (KHTML, like Gecko; compatible; ClaudeBot/1.0; +claudebot@anthropic.com)" 259 **0/259801**
20.171.207.65 - - [14/Sep/2025:07:14:05 -0700] "GET /?path=//lib/modules/4.18.0-553.53.1.lve.el8.x86_64/kernel/drivers/media/v4l2-core HTTP/1.1" 200 2843 "-" "Mozilla/5.0 AppleWebKit/537.36 (KHTML, like Gecko; compatible; GPTBot/1.2; +https://openai.com/gptbot)" 141 **0/141964**
216.73.216.168 - - [14/Sep/2025:07:14:08 -0700] "GET /tipobet-casino-tipobet-giri-adresi-tipobet365-932/feed?fileloc=%2F%2Fbin%2Fobjdump&path=%2F%2Fbin HTTP/1.1" 200 2246 "-" "Mozilla/5.0 AppleWebKit/537.36 (KHTML, like Gecko; compatible; ClaudeBot/1.0; +claudebot@anthropic.com)" 235 **0/235176**
216.73.216.168 - - [14/Sep/2025:07:14:11 -0700] "GET /1win-skachat-prilozhenie-bukmekerskoj-kontory-1152/feed?fileloc=%2F%2Fbin%2Fldd&path=%2F%2Fbin HTTP/1.1" 200 4563 "-" "Mozilla/5.0 AppleWebKit/537.36 (KHTML, like Gecko; compatible; ClaudeBot/1.0; +claudebot@anthropic.com)" 222 **0/222130**
20.171.207.65 - - [14/Sep/2025:07:14:12 -0700] "GET /?path=//lib/modules/4.18.0-553.54.1.lve.el8.x86_64/kernel/sound/firewire/digi00x HTTP/1.1" 200 2632 "-" "Mozilla/5.0 AppleWebKit/537.36 (KHTML, like Gecko; compatible; GPTBot/1.2; +https://openai.com/gptbot)" 115 **0/115856**
216.73.216.168 - - [14/Sep/2025:07:14:14 -0700] "GET /tipobet-casino-tipobet-giri-adresi-tipobet365-932/feed?fileloc=%2F%2Fbin%2Fcurl&path=%2F%2Fbin HTTP/1.1" 200 2244 "-" "Mozilla/5.0 AppleWebKit/537.36 (KHTML, like Gecko; compatible; ClaudeBot/1.0; +claudebot@anthropic.com)" 228 **0/228297**
216.73.216.168 - - [14/Sep/2025:07:14:17 -0700] "GET /1win-skachat-prilozhenie-bukmekerskoj-kontory-1152/feed?fileloc=%2F%2Fbin%2Fh2ph&path=%2F%2Fbin HTTP/1.1" 200 12252 "-" "Mozilla/5.0 AppleWebKit/537.36 (KHTML, like Gecko; compatible; ClaudeBot/1.0; +claudebot@anthropic.com)" 229 **0/229576**
216.73.216.168 - - [14/Sep/2025:07:14:20 -0700] "GET /tipobet-casino-tipobet-giri-adresi-tipobet365-932/feed?fileloc=%2F%2Fbin%2Fpdf2dsc&path=%2F%2Fbin HTTP/1.1" 200 2685 "-" "Mozilla/5.0 AppleWebKit/537.36 (KHTML, like Gecko; compatible; ClaudeBot/1.0; +claudebot@anthropic.com)" 294 **0/294117**
20.171.207.65 - - [14/Sep/2025:07:14:21 -0700] "GET /?path=//lib/modules/4.18.0-553.62.1.lve.el8.x86_64/kernel/sound/firewire/digi00x HTTP/1.1" 200 2637 "-" "Mozilla/5.0 AppleWebKit/537.36 (KHTML, like Gecko; compatible; GPTBot/1.2; +https://openai.com/gptbot)" 121 **0/121192**
216.73.216.168 - - [14/Sep/2025:07:14:23 -0700] "GET /1win-skachat-prilozhenie-bukmekerskoj-kontory-1152/feed?fileloc=%2F%2Fbin%2Flesspipe.sh&path=%2F%2Fbin HTTP/1.1" 200 3554 "-" "Mozilla/5.0 AppleWebKit/537.36 (KHTML, like Gecko; compatible; ClaudeBot/1.0; +claudebot@anthropic.com)" 228 **0/228576**
216.73.216.168 - - [14/Sep/2025:07:14:26 -0700] "GET /tipobet-casino-tipobet-giri-adresi-tipobet365-932/feed?fileloc=%2F%2Fbin%2Flftpget&path=%2F%2Fbin HTTP/1.1" 200 2871 "-" "Mozilla/5.0 AppleWebKit/537.36 (KHTML, like Gecko; compatible; ClaudeBot/1.0; +claudebot@anthropic.com)" 241 **0/241366**
20.171.207.65 - - [14/Sep/2025:07:14:28 -0700] "GET /?fileloc=//opt/python38/lib/python3.8/ctypes/test/test_win32.py&path=//opt/python38/lib/python3.8/ctypes/test HTTP/1.1" 200 3806 "-" "Mozilla/5.0 AppleWebKit/537.36 (KHTML, like Gecko; compatible; GPTBot/1.2; +https://openai.com/gptbot)" 130 **0/130098**
216.73.216.168 - - [14/Sep/2025:07:14:29 -0700] "GET /tipobet-casino-tipobet-giri-adresi-tipobet365-932/feed?fileloc=%2F%2Fbin%2Fpaste&path=%2F%2Fbin HTTP/1.1" 200 2244 "-" "Mozilla/5.0 AppleWebKit/537.36 (KHTML, like Gecko; compatible; ClaudeBot/1.0; +claudebot@anthropic.com)" 269 **0/269182**
216.73.216.168 - - [14/Sep/2025:07:14:32 -0700] "GET /tipobet-casino-tipobet-giri-adresi-tipobet365-932/feed?fileloc=%2F%2Fbin%2Fpod2html&path=%2F%2Fbin HTTP/1.1" 200 3733 "-" "Mozilla/5.0 AppleWebKit/537.36 (KHTML, like Gecko; compatible; ClaudeBot/1.0; +claudebot@anthropic.com)" 278 **0/278761**
216.73.216.168 - - [14/Sep/2025:07:14:35 -0700] "GET /tipobet-casino-tipobet-giri-adresi-tipobet365-932/feed?fileloc=%2F%2Fbin%2Fps2ps2&path=%2F%2Fbin HTTP/1.1" 200 2666 "-" "Mozilla/5.0 AppleWebKit/537.36 (KHTML, like Gecko; compatible; ClaudeBot/1.0; +claudebot@anthropic.com)" 235 **0/235154**
20.171.207.65 - - [14/Sep/2025:07:14:37 -0700] "GET /?path=//var/lib/mysql/decisionscoring HTTP/1.1" 200 2330 "-" "Mozilla/5.0 AppleWebKit/537.36 (KHTML, like Gecko; compatible; GPTBot/1.2; +https://openai.com/gptbot)" 149 **0/149633**
216.73.216.168 - - [14/Sep/2025:07:14:38 -0700] "GET /1win-skachat-prilozhenie-bukmekerskoj-kontory-1152/feed?fileloc=%2F%2Fbin%2Flocaledef&path=%2F%2Fbin HTTP/1.1" 200 2247 "-" "Mozilla/5.0 AppleWebKit/537.36 (KHTML, like Gecko; compatible; ClaudeBot/1.0; +claudebot@anthropic.com)" 240 **0/240552**
216.73.216.168 - - [14/Sep/2025:07:14:41 -0700] "GET /1win-skachat-prilozhenie-bukmekerskoj-kontory-1152/feed?fileloc=%2F%2Fbin%2Ftimeout&path=%2F%2Fbin HTTP/1.1" 200 2246 "-" "Mozilla/5.0 AppleWebKit/537.36 (KHTML, like Gecko; compatible; ClaudeBot/1.0; +claudebot@anthropic.com)" 284 **0/284795**
216.73.216.168 - - [14/Sep/2025:07:14:44 -0700] "GET /tipobet-casino-tipobet-giri-adresi-tipobet365-932/feed?fileloc=%2F%2Fbin%2Funexpand&path=%2F%2Fbin HTTP/1.1" 200 2245 "-" "Mozilla/5.0 AppleWebKit/537.36 (KHTML, like Gecko; compatible; ClaudeBot/1.0; +claudebot@anthropic.com)" 247 **0/247326**
20.171.207.65 - - [14/Sep/2025:07:14:47 -0700] "GET /?fileloc=//usr/lib64/libnss_dns.so.2&path=//usr/lib64 HTTP/1.1" 200 2260 "-" "Mozilla/5.0 AppleWebKit/537.36 (KHTML, like Gecko; compatible; GPTBot/1.2; +https://openai.com/gptbot)" 128 **0/128504**
216.73.216.168 - - [14/Sep/2025:07:14:47 -0700] "GET /tipobet-casino-tipobet-giri-adresi-tipobet365-932/feed?fileloc=%2F%2Fbin%2Fxmlwf&path=%2F%2Fbin HTTP/1.1" 200 2244 "-" "Mozilla/5.0 AppleWebKit/537.36 (KHTML, like Gecko; compatible; ClaudeBot/1.0; +claudebot@anthropic.com)" 225 **0/225034**
216.73.216.168 - - [14/Sep/2025:07:14:50 -0700] "GET /tipobet-casino-tipobet-giri-adresi-tipobet365-932/feed?fileloc=%2F%2Fbin%2Fautoconf&path=%2F%2Fbin HTTP/1.1" 200 7679 "-" "Mozilla/5.0 AppleWebKit/537.36 (KHTML, like Gecko; compatible; ClaudeBot/1.0; +claudebot@anthropic.com)" 258 **0/258521**
20.171.207.65 - - [14/Sep/2025:07:14:50 -0700] "GET /?fileloc=//usr/lib64/libxcb-res.so.0&path=//usr/lib64 HTTP/1.1" 200 2264 "-" "Mozilla/5.0 AppleWebKit/537.36 (KHTML, like Gecko; compatible; GPTBot/1.2; +https://openai.com/gptbot)" 173 **0/173015**
216.73.216.168 - - [14/Sep/2025:07:14:53 -0700] "GET /tipobet-casino-tipobet-giri-adresi-tipobet365-932/feed?fileloc=%2F%2Fbin%2Fscl_source&path=%2F%2Fbin HTTP/1.1" 200 2984 "-" "Mozilla/5.0 AppleWebKit/537.36 (KHTML, like Gecko; compatible; ClaudeBot/1.0; +claudebot@anthropic.com)" 229 **0/229711**
20.171.207.65 - - [14/Sep/2025:07:14:53 -0700] "GET /xmlrpc.php?path=//opt/cloudlinux/venv/lib64/python3.11/site-packages/pip/_internal/req/__pycache__ HTTP/1.1" 200 2863 "-" "Mozilla/5.0 AppleWebKit/537.36 (KHTML, like Gecko; compatible; GPTBot/1.2; +https://openai.com/gptbot)" 29 **0/29804**
216.73.216.168 - - [14/Sep/2025:07:14:56 -0700] "GET /1win-skachat-prilozhenie-bukmekerskoj-kontory-1152/feed?fileloc=%2F%2Fbin%2Fnumfmt&path=%2F%2Fbin HTTP/1.1" 200 2245 "-" "Mozilla/5.0 AppleWebKit/537.36 (KHTML, like Gecko; compatible; ClaudeBot/1.0; +claudebot@anthropic.com)" 248 **0/248522**
20.171.207.65 - - [14/Sep/2025:07:14:56 -0700] "GET /xmlrpc.php?path=//opt/cloudlinux/venv/lib64/python3.11/site-packages/numpy/ma/tests/__pycache__ HTTP/1.1" 200 2943 "-" "Mozilla/5.0 AppleWebKit/537.36 (KHTML, like Gecko; compatible; GPTBot/1.2; +https://openai.com/gptbot)" 33 **0/33859**
20.171.207.65 - - [14/Sep/2025:07:14:59 -0700] "GET /?path=//opt/alt/ruby26/lib64/ruby/gems/2.6.0/doc/rack-3.0.8/ri/Rack/QueryParser/InvalidParameterError HTTP/1.1" 200 2706 "-" "Mozilla/5.0 AppleWebKit/537.36 (KHTML, like Gecko; compatible; GPTBot/1.2; +https://openai.com/gptbot)" 136 **0/136530**
20.171.207.65 - - [14/Sep/2025:07:15:02 -0700] "GET /xmlrpc.php?path=//opt/cloudlinux/venv/lib64/python3.11/site-packages/numpy/fft/tests/__pycache__ HTTP/1.1" 200 2758 "-" "Mozilla/5.0 AppleWebKit/537.36 (KHTML, like Gecko; compatible; GPTBot/1.2; +https://openai.com/gptbot)" 44 **0/44645**
216.73.216.168 - - [14/Sep/2025:07:15:05 -0700] "GET /when-courage-meets-excitement-even-a-chicken-can/feed?fileloc=%2Fhome%2Fvrposilw0xwl%2Fpublic_html%2Fold%2Fwp-includes%2Frss-functions.php&path=%2Fhome%2Fvrposilw0xwl%2Fpublic_html%2Fold%2Fwp-includes HTTP/1.1" 200 2442 "-" "Mozilla/5.0 AppleWebKit/537.36 (KHTML, like Gecko; compatible; ClaudeBot/1.0; +claudebot@anthropic.com)" 243 **0/243822**
20.171.207.65 - - [14/Sep/2025:07:15:06 -0700] "GET /xmlrpc.php?path=//opt/cloudlinux/venv/lib64/python3.11/site-packages/lve_utils/hooks/__pycache__ HTTP/1.1" 200 2866 "-" "Mozilla/5.0 AppleWebKit/537.36 (KHTML, like Gecko; compatible; GPTBot/1.2; +https://openai.com/gptbot)" 32 **0/32588**
216.73.216.168 - - [14/Sep/2025:07:15:07 -0700] "GET /resmi-giris-adresi-guncel-mariobet-linki-2025?fileloc=%2Fhome%2Fvrposilw0xwl%2Fpublic_html%2Fwp-content%2Fplugins%2Frevslider%2Fincludes%2Foutput.class.php&path=%2Fhome%2Fvrposilw0xwl%2Fpublic_html%2Fwp-content%2Fplugins%2Frevslider%2Fincludes HTTP/1.1" 200 64560 "-" "Mozilla/5.0 AppleWebKit/537.36 (KHTML, like Gecko; compatible; ClaudeBot/1.0; +claudebot@anthropic.com)" 269 **0/269852**
20.171.207.65 - - [14/Sep/2025:07:15:09 -0700] "GET /xmlrpc.php?path=//opt/cloudlinux/venv/lib64/python3.11/site-packages/numpy/array_api/__pycache__ HTTP/1.1" 200 3219 "-" "Mozilla/5.0 AppleWebKit/537.36 (KHTML, like Gecko; compatible; GPTBot/1.2; +https://openai.com/gptbot)" 41 **0/41867**
216.73.216.168 - - [14/Sep/2025:07:15:10 -0700] "GET /resmi-giris-adresi-guncel-mariobet-linki-2025?fileloc=%2Fhome%2Fvrposilw0xwl%2Fpublic_html%2Fwp-content%2Fplugins%2Frevslider%2Fincludes%2Fem-integration.class.php&path=%2Fhome%2Fvrposilw0xwl%2Fpublic_html%2Fwp-content%2Fplugins%2Frevslider%2Fincludes HTTP/1.1" 200 3915 "-" "Mozilla/5.0 AppleWebKit/537.36 (KHTML, like Gecko; compatible; ClaudeBot/1.0; +claudebot@anthropic.com)" 256 **0/256855**
20.171.207.65 - - [14/Sep/2025:07:15:12 -0700] "GET /inputs.php?path=/home/vrposilw0xwl/public_html/.tmb HTTP/1.1" 200 2574 "-" "Mozilla/5.0 AppleWebKit/537.36 (KHTML, like Gecko; compatible; GPTBot/1.2; +https://openai.com/gptbot)" 128 **0/128412**
216.73.216.168 - - [14/Sep/2025:07:15:13 -0700] "GET /retirada-en-tenis-stake?fileloc=%2Fhome%2Fvrposilw0xwl%2Fpublic_html%2Fwp-includes%2Fcustomize%2Fclass-wp-customize-selective-refresh.php&path=%2Fhome%2Fvrposilw0xwl%2Fpublic_html%2Fwp-includes%2Fcustomize HTTP/1.1" 200 5877 "-" "Mozilla/5.0 AppleWebKit/537.36 (KHTML, like Gecko; compatible; ClaudeBot/1.0; +claudebot@anthropic.com)" 256 **0/256431**
216.73.216.168 - - [14/Sep/2025:07:15:16 -0700] "GET /when-courage-meets-excitement-even-a-chicken-can/feed?fileloc=%2Fhome%2Fvrposilw0xwl%2Fpublic_html%2Fold%2Fwp-includes%2Fclass-wp-image-editor.php&path=%2Fhome%2Fvrposilw0xwl%2Fpublic_html%2Fold%2Fwp-includes HTTP/1.1" 200 6935 "-" "Mozilla/5.0 AppleWebKit/537.36 (KHTML, like Gecko; compatible; ClaudeBot/1.0; +claudebot@anthropic.com)" 251 **0/251302**
20.171.207.65 - - [14/Sep/2025:07:15:18 -0700] "GET /?fileloc=//lib64/gettext/urlget&path=//lib64/gettext HTTP/1.1" 200 2259 "-" "Mozilla/5.0 AppleWebKit/537.36 (KHTML, like Gecko; compatible; GPTBot/1.2; +https://openai.com/gptbot)" 118 **0/118360**
20.171.207.65 - - [14/Sep/2025:07:15:25 -0700] "GET /?fileloc=//usr/lib64/libicutest.so.60.3&path=//usr/lib64 HTTP/1.1" 200 2266 "-" "Mozilla/5.0 AppleWebKit/537.36 (KHTML, like Gecko; compatible; GPTBot/1.2; +https://openai.com/gptbot)" 126 **0/126796**
66.249.73.233 - - [14/Sep/2025:07:15:27 -0700] "GET /21648715?goodscode=0021619830 HTTP/1.1" 200 25638 "-" "Mozilla/5.0 (Linux; Android 6.0.1; Nexus 5X Build/MMB29P) AppleWebKit/537.36 (KHTML, like Gecko) Chrome/140.0.7339.127 Mobile Safari/537.36 (compatible; Googlebot/2.1; +http://www.google.com/bot.html)" 544 **0/544658**
20.171.207.65 - - [14/Sep/2025:07:15:31 -0700] "GET /?fileloc=//usr/lib64/libpoppler.so.104&path=//usr/lib64 HTTP/1.1" 200 2265 "-" "Mozilla/5.0 AppleWebKit/537.36 (KHTML, like Gecko; compatible; GPTBot/1.2; +https://openai.com/gptbot)" 158 **0/158294**
20.171.207.65 - - [14/Sep/2025:07:15:34 -0700] "GET /bloqueadores-de-la-aromatasa-un-curso-integral-para-comprender-su-uso-y-beneficios-4?path=//lib/exim HTTP/1.1" 200 2546 "-" "Mozilla/5.0 AppleWebKit/537.36 (KHTML, like Gecko; compatible; GPTBot/1.2; +https://openai.com/gptbot)" 130 **0/130320**
20.171.207.65 - - [14/Sep/2025:07:15:37 -0700] "GET /bloqueadores-de-la-aromatasa-un-curso-integral-para-comprender-su-uso-y-beneficios-4?path=//lib/sysimage HTTP/1.1" 200 2308 "-" "Mozilla/5.0 AppleWebKit/537.36 (KHTML, like Gecko; compatible; GPTBot/1.2; +https://openai.com/gptbot)" 131 **0/131444**
20.171.207.65 - - [14/Sep/2025:07:15:41 -0700] "GET /bloqueadores-de-la-aromatasa-un-curso-integral-para-comprender-su-uso-y-beneficios-4?path=//run/motd.d HTTP/1.1" 200 2305 "-" "Mozilla/5.0 AppleWebKit/537.36 (KHTML, like Gecko; compatible; GPTBot/1.2; +https://openai.com/gptbot)" 138 **0/138768**
20.171.207.65 - - [14/Sep/2025:07:15:44 -0700] "GET /bloqueadores-de-la-aromatasa-un-curso-integral-para-comprender-su-uso-y-beneficios-4?path=//usr/lib/exim HTTP/1.1" 200 2556 "-" "Mozilla/5.0 AppleWebKit/537.36 (KHTML, like Gecko; compatible; GPTBot/1.2; +https://openai.com/gptbot)" 148 **0/148385**
20.171.207.65 - - [14/Sep/2025:07:15:50 -0700] "GET /bloqueadores-de-la-aromatasa-un-curso-integral-para-comprender-su-uso-y-beneficios-4?path=//lib/systemd HTTP/1.1" 200 4296 "-" "Mozilla/5.0 AppleWebKit/537.36 (KHTML, like Gecko; compatible; GPTBot/1.2; +https://openai.com/gptbot)" 128 **0/128205**
20.171.207.65 - - [14/Sep/2025:07:15:53 -0700] "GET /bloqueadores-de-la-aromatasa-un-curso-integral-para-comprender-su-uso-y-beneficios-4?path=//proc/sysvipc HTTP/1.1" 200 2604 "-" "Mozilla/5.0 AppleWebKit/537.36 (KHTML, like Gecko; compatible; GPTBot/1.2; +https://openai.com/gptbot)" 128 **0/128822**
20.171.207.65 - - [14/Sep/2025:07:15:56 -0700] "GET /bloqueadores-de-la-aromatasa-un-curso-integral-para-comprender-su-uso-y-beneficios-4?path=//var/lib HTTP/1.1" 200 2609 "-" "Mozilla/5.0 AppleWebKit/537.36 (KHTML, like Gecko; compatible; GPTBot/1.2; +https://openai.com/gptbot)" 119 **0/119897**
20.171.207.65 - - [14/Sep/2025:07:15:59 -0700] "GET /bloqueadores-de-la-aromatasa-un-curso-integral-para-comprender-su-uso-y-beneficios-4?path=//etc/motd.d HTTP/1.1" 200 2304 "-" "Mozilla/5.0 AppleWebKit/537.36 (KHTML, like Gecko; compatible; GPTBot/1.2; +https://openai.com/gptbot)" 120 **0/120620**
20.171.207.65 - - [14/Sep/2025:07:16:02 -0700] "GET /bloqueadores-de-la-aromatasa-un-curso-integral-para-comprender-su-uso-y-beneficios-4?path=//run/faillock HTTP/1.1" 200 2307 "-" "Mozilla/5.0 AppleWebKit/537.36 (KHTML, like Gecko; compatible; GPTBot/1.2; +https://openai.com/gptbot)" 122 **0/122017**
20.171.207.65 - - [14/Sep/2025:07:16:05 -0700] "GET /bloqueadores-de-la-aromatasa-un-curso-integral-para-comprender-su-uso-y-beneficios-4?path=//etc/gcrypt HTTP/1.1" 200 2566 "-" "Mozilla/5.0 AppleWebKit/537.36 (KHTML, like Gecko; compatible; GPTBot/1.2; +https://openai.com/gptbot)" 129 **0/129184**
20.171.207.65 - - [14/Sep/2025:07:16:09 -0700] "GET /bloqueadores-de-la-aromatasa-un-curso-integral-para-comprender-su-uso-y-beneficios-4?path=//lib/systemd/user-preset HTTP/1.1" 200 2580 "-" "Mozilla/5.0 AppleWebKit/537.36 (KHTML, like Gecko; compatible; GPTBot/1.2; +https://openai.com/gptbot)" 134 **0/134030**
20.171.207.65 - - [14/Sep/2025:07:16:12 -0700] "GET /bloqueadores-de-la-aromatasa-un-curso-integral-para-comprender-su-uso-y-beneficios-4?path=//lib/systemd/user-generators HTTP/1.1" 200 2320 "-" "Mozilla/5.0 AppleWebKit/537.36 (KHTML, like Gecko; compatible; GPTBot/1.2; +https://openai.com/gptbot)" 121 **0/121420**
20.171.207.65 - - [14/Sep/2025:07:16:15 -0700] "GET /bloqueadores-de-la-aromatasa-un-curso-integral-para-comprender-su-uso-y-beneficios-4?path=//lib/systemd/user-environment-generators HTTP/1.1" 200 2591 "-" "Mozilla/5.0 AppleWebKit/537.36 (KHTML, like Gecko; compatible; GPTBot/1.2; +https://openai.com/gptbot)" 119 **0/119465**
20.171.207.65 - - [14/Sep/2025:07:16:18 -0700] "GET /bloqueadores-de-la-aromatasa-un-curso-integral-para-comprender-su-uso-y-beneficios-4?path=//proc/sys/vm HTTP/1.1" 200 4024 "-" "Mozilla/5.0 AppleWebKit/537.36 (KHTML, like Gecko; compatible; GPTBot/1.2; +https://openai.com/gptbot)" 116 **0/116933**
20.171.207.65 - - [14/Sep/2025:07:16:21 -0700] "GET /bloqueadores-de-la-aromatasa-un-curso-integral-para-comprender-su-uso-y-beneficios-4?path=//lib/firmware HTTP/1.1" 200 11595 "-" "Mozilla/5.0 AppleWebKit/537.36 (KHTML, like Gecko; compatible; GPTBot/1.2; +https://openai.com/gptbot)" 149 **0/149070**
20.171.207.65 - - [14/Sep/2025:07:16:24 -0700] "GET /bloqueadores-de-la-aromatasa-un-curso-integral-para-comprender-su-uso-y-beneficios-4?path=//lib/systemd/user HTTP/1.1" 200 3454 "-" "Mozilla/5.0 AppleWebKit/537.36 (KHTML, like Gecko; compatible; GPTBot/1.2; +https://openai.com/gptbot)" 144 **0/144960**
20.171.207.65 - - [14/Sep/2025:07:16:28 -0700] "GET /bloqueadores-de-la-aromatasa-un-curso-integral-para-comprender-su-uso-y-beneficios-4?path=//lib/kbd HTTP/1.1" 200 2617 "-" "Mozilla/5.0 AppleWebKit/537.36 (KHTML, like Gecko; compatible; GPTBot/1.2; +https://openai.com/gptbot)" 150 **0/150209**
66.249.73.233 - - [14/Sep/2025:07:16:28 -0700] "GET /21646226?goodscode=0021617346 HTTP/1.1" 200 25818 "-" "Mozilla/5.0 (Linux; Android 6.0.1; Nexus 5X Build/MMB29P) AppleWebKit/537.36 (KHTML, like Gecko) Chrome/140.0.7339.127 Mobile Safari/537.36 (compatible; Googlebot/2.1; +http://www.google.com/bot.html)" 549 **0/549355**
20.171.207.65 - - [14/Sep/2025:07:16:31 -0700] "GET /bloqueadores-de-la-aromatasa-un-curso-integral-para-comprender-su-uso-y-beneficios-4?path=//opt/alt/vips HTTP/1.1" 200 2577 "-" "Mozilla/5.0 AppleWebKit/537.36 (KHTML, like Gecko; compatible; GPTBot/1.2; +https://openai.com/gptbot)" 177 **0/177337**
20.171.207.65 - - [14/Sep/2025:07:16:34 -0700] "GET /bloqueadores-de-la-aromatasa-un-curso-integral-para-comprender-su-uso-y-beneficios-4?path=//usr/lib/kbd HTTP/1.1" 200 2627 "-" "Mozilla/5.0 AppleWebKit/537.36 (KHTML, like Gecko; compatible; GPTBot/1.2; +https://openai.com/gptbot)" 131 **0/131844**
20.171.207.65 - - [14/Sep/2025:07:16:37 -0700] "GET /bloqueadores-de-la-aromatasa-un-curso-integral-para-comprender-su-uso-y-beneficios-4?path=//lib/firmware/powervr HTTP/1.1" 200 2631 "-" "Mozilla/5.0 AppleWebKit/537.36 (KHTML, like Gecko; compatible; GPTBot/1.2; +https://openai.com/gptbot)" 151 **0/151399**
20.171.207.65 - - [14/Sep/2025:07:16:40 -0700] "GET /bloqueadores-de-la-aromatasa-un-curso-integral-para-comprender-su-uso-y-beneficios-4?path=//lib/firmware/nxp HTTP/1.1" 200 2810 "-" "Mozilla/5.0 AppleWebKit/537.36 (KHTML, like Gecko; compatible; GPTBot/1.2; +https://openai.com/gptbot)" 122 **0/122094**
20.171.207.65 - - [14/Sep/2025:07:16:43 -0700] "GET /bloqueadores-de-la-aromatasa-un-curso-integral-para-comprender-su-uso-y-beneficios-4?path=//etc/pki HTTP/1.1" 200 2745 "-" "Mozilla/5.0 AppleWebKit/537.36 (KHTML, like Gecko; compatible; GPTBot/1.2; +https://openai.com/gptbot)" 121 **0/121339**
20.171.207.65 - - [14/Sep/2025:07:16:47 -0700] "GET /bloqueadores-de-la-aromatasa-un-curso-integral-para-comprender-su-uso-y-beneficios-4?fileloc=//lib/firmware/iwlwifi-ma-b0-gf4-a0-86.ucode&path=//lib/firmware HTTP/1.1" 200 2278 "-" "Mozilla/5.0 AppleWebKit/537.36 (KHTML, like Gecko; compatible; GPTBot/1.2; +https://openai.com/gptbot)" 134 **0/134363**
20.171.207.65 - - [14/Sep/2025:07:16:50 -0700] "GET /bloqueadores-de-la-aromatasa-un-curso-integral-para-comprender-su-uso-y-beneficios-4?fileloc=//lib/firmware/iwlwifi-so-a0-gf-a0-79.ucode&path=//lib/firmware HTTP/1.1" 200 2277 "-" "Mozilla/5.0 AppleWebKit/537.36 (KHTML, like Gecko; compatible; GPTBot/1.2; +https://openai.com/gptbot)" 152 **0/152724**
20.171.207.65 - - [14/Sep/2025:07:16:53 -0700] "GET /bloqueadores-de-la-aromatasa-un-curso-integral-para-comprender-su-uso-y-beneficios-4?path=//lib/systemd/user/timers.target.wants HTTP/1.1" 200 2600 "-" "Mozilla/5.0 AppleWebKit/537.36 (KHTML, like Gecko; compatible; GPTBot/1.2; +https://openai.com/gptbot)" 151 **0/151305**
20.171.207.65 - - [14/Sep/2025:07:16:56 -0700] "GET /bloqueadores-de-la-aromatasa-un-curso-integral-para-comprender-su-uso-y-beneficios-4?path=//lib/systemd/user/sockets.target.wants HTTP/1.1" 200 2595 "-" "Mozilla/5.0 AppleWebKit/537.36 (KHTML, like Gecko; compatible; GPTBot/1.2; +https://openai.com/gptbot)" 122 **0/122174**
20.171.207.65 - - [14/Sep/2025:07:16:59 -0700] "GET /bloqueadores-de-la-aromatasa-un-curso-integral-para-comprender-su-uso-y-beneficios-4?path=//proc/fs/xfs HTTP/1.1" 200 2596 "-" "Mozilla/5.0 AppleWebKit/537.36 (KHTML, like Gecko; compatible; GPTBot/1.2; +https://openai.com/gptbot)" 170 **0/170156**
20.171.207.65 - - [14/Sep/2025:07:17:02 -0700] "GET /bloqueadores-de-la-aromatasa-un-curso-integral-para-comprender-su-uso-y-beneficios-4?path=//var/tmp HTTP/1.1" 200 2864 "-" "Mozilla/5.0 AppleWebKit/537.36 (KHTML, like Gecko; compatible; GPTBot/1.2; +https://openai.com/gptbot)" 135 **0/135825**
20.171.207.65 - - [14/Sep/2025:07:17:05 -0700] "GET /bloqueadores-de-la-aromatasa-un-curso-integral-para-comprender-su-uso-y-beneficios-4?path=//opt/liblve HTTP/1.1" 200 2691 "-" "Mozilla/5.0 AppleWebKit/537.36 (KHTML, like Gecko; compatible; GPTBot/1.2; +https://openai.com/gptbot)" 125 **0/125405**
20.171.207.65 - - [14/Sep/2025:07:17:08 -0700] "GET /bloqueadores-de-la-aromatasa-un-curso-integral-para-comprender-su-uso-y-beneficios-4?path=//opt/cyberark HTTP/1.1" 200 2548 "-" "Mozilla/5.0 AppleWebKit/537.36 (KHTML, like Gecko; compatible; GPTBot/1.2; +https://openai.com/gptbot)" 122 **0/122970**
20.171.207.65 - - [14/Sep/2025:07:17:12 -0700] "GET /bloqueadores-de-la-aromatasa-un-curso-integral-para-comprender-su-uso-y-beneficios-4?path=//etc/pki/tls HTTP/1.1" 200 2741 "-" "Mozilla/5.0 AppleWebKit/537.36 (KHTML, like Gecko; compatible; GPTBot/1.2; +https://openai.com/gptbot)" 115 **0/115871**
20.171.207.65 - - [14/Sep/2025:07:17:15 -0700] "GET /bloqueadores-de-la-aromatasa-un-curso-integral-para-comprender-su-uso-y-beneficios-4?path=//etc/pam.d HTTP/1.1" 200 2958 "-" "Mozilla/5.0 AppleWebKit/537.36 (KHTML, like Gecko; compatible; GPTBot/1.2; +https://openai.com/gptbot)" 124 **0/124736**
20.171.207.65 - - [14/Sep/2025:07:17:18 -0700] "GET /bloqueadores-de-la-aromatasa-un-curso-integral-para-comprender-su-uso-y-beneficios-4?path=//usr/lib/udev HTTP/1.1" 200 3029 "-" "Mozilla/5.0 AppleWebKit/537.36 (KHTML, like Gecko; compatible; GPTBot/1.2; +https://openai.com/gptbot)" 122 **0/122143**
20.171.207.65 - - [14/Sep/2025:07:17:21 -0700] "GET /bloqueadores-de-la-aromatasa-un-curso-integral-para-comprender-su-uso-y-beneficios-4?path=//lib/gcc HTTP/1.1" 200 2552 "-" "Mozilla/5.0 AppleWebKit/537.36 (KHTML, like Gecko; compatible; GPTBot/1.2; +https://openai.com/gptbot)" 132 **0/132092**
20.171.207.65 - - [14/Sep/2025:07:17:24 -0700] "GET /?fileloc=//opt/alt/tests/alt-php73-pecl-memcached_3.1.5-1.el8/tests/getserverbykey.phpt&path=//opt/alt/tests/alt-php73-pecl-memcached_3.1.5-1.el8/tests HTTP/1.1" 200 2623 "-" "Mozilla/5.0 AppleWebKit/537.36 (KHTML, like Gecko; compatible; GPTBot/1.2; +https://openai.com/gptbot)" 164 **0/164386**
20.171.207.65 - - [14/Sep/2025:07:17:30 -0700] "GET /bloqueadores-de-la-aromatasa-un-curso-integral-para-comprender-su-uso-y-beneficios-4?path=//lib/udev HTTP/1.1" 200 3019 "-" "Mozilla/5.0 AppleWebKit/537.36 (KHTML, like Gecko; compatible; GPTBot/1.2; +https://openai.com/gptbot)" 126 **0/126964**
20.171.207.65 - - [14/Sep/2025:07:17:33 -0700] "GET /?fileloc=//opt/alt/python34/lib64/python3.4/encodings/__pycache__/shift_jis.cpython-34.pyo&path=//opt/alt/python34/lib64/python3.4/encodings/__pycache__ HTTP/1.1" 200 2329 "-" "Mozilla/5.0 AppleWebKit/537.36 (KHTML, like Gecko; compatible; GPTBot/1.2; +https://openai.com/gptbot)" 160 **0/160803**
20.171.207.65 - - [14/Sep/2025:07:17:46 -0700] "GET /bloqueadores-de-la-aromatasa-un-curso-integral-para-comprender-su-uso-y-beneficios-4?fileloc=//lib/udev/v4l_id&path=//lib/udev HTTP/1.1" 200 2256 "-" "Mozilla/5.0 AppleWebKit/537.36 (KHTML, like Gecko; compatible; GPTBot/1.2; +https://openai.com/gptbot)" 174 **0/174552**
20.171.207.65 - - [14/Sep/2025:07:17:49 -0700] "GET /?path=//usr/lib/modules/4.18.0-553.62.1.lve.el8.x86_64/kernel/net/key HTTP/1.1" 200 2629 "-" "Mozilla/5.0 AppleWebKit/537.36 (KHTML, like Gecko; compatible; GPTBot/1.2; +https://openai.com/gptbot)" 133 **0/133243**
20.171.207.65 - - [14/Sep/2025:07:17:52 -0700] "GET /?path=//lib/modules/4.18.0-553.62.1.lve.el8.x86_64/kernel/net/key HTTP/1.1" 200 2618 "-" "Mozilla/5.0 AppleWebKit/537.36 (KHTML, like Gecko; compatible; GPTBot/1.2; +https://openai.com/gptbot)" 130 **0/130104**
