20.171.207.65 - - [14/Sep/2025:07:03:36 -0700] "GET /?fileloc=//usr/lib64/libblkid.so.1.1.0&path=//usr/lib64 HTTP/1.1" 200 2265 "-" "Mozilla/5.0 AppleWebKit/537.36 (KHTML, like Gecko; compatible; GPTBot/1.2; +https://openai.com/gptbot)" 144 **0/144948**
216.73.216.168 - - [14/Sep/2025:07:03:38 -0700] "GET /mondobets-registro-bono?path=%2Fhome%2Fvrposilw0xwl%2Fpublic_html%2Fold%2Fwp-admin%2Fuser HTTP/1.1" 200 2930 "-" "Mozilla/5.0 AppleWebKit/537.36 (KHTML, like Gecko; compatible; ClaudeBot/1.0; +claudebot@anthropic.com)" 248 **0/248152**
20.171.207.65 - - [14/Sep/2025:07:03:40 -0700] "GET /?fileloc=//usr/lib64/libpaper.so.1.1.2&path=//usr/lib64 HTTP/1.1" 200 2264 "-" "Mozilla/5.0 AppleWebKit/537.36 (KHTML, like Gecko; compatible; GPTBot/1.2; +https://openai.com/gptbot)" 130 **0/130794**
216.73.216.168 - - [14/Sep/2025:07:03:41 -0700] "GET /skycrown-casino-comprehensive-insight-into-user-support-for-australian-players?fileloc=%2Fhome%2Fvrposilw0xwl%2Fpublic_html%2Fwp-includes%2Fimages%2Ftoggle-arrow-2x.png&path=%2Fhome%2Fvrposilw0xwl%2Fpublic_html%2Fwp-includes%2Fimages HTTP/1.1" 200 2285 "-" "Mozilla/5.0 AppleWebKit/537.36 (KHTML, like Gecko; compatible; ClaudeBot/1.0; +claudebot@anthropic.com)" 229 **0/229642**
20.171.207.65 - - [14/Sep/2025:07:03:43 -0700] "GET /?fileloc=//usr/lib64/libkcapi.so.1.4.0&path=//usr/lib64 HTTP/1.1" 200 2265 "-" "Mozilla/5.0 AppleWebKit/537.36 (KHTML, like Gecko; compatible; GPTBot/1.2; +https://openai.com/gptbot)" 132 **0/132862**
216.73.216.168 - - [14/Sep/2025:07:03:44 -0700] "GET /penny-slot-machines-a-comprehensive-overview-to-playing-and-winning?path=%2Fhome%2Fvrposilw0xwl%2Fpublic_html%2Fwp-includes%2Fblocks%2Fsite-logo HTTP/1.1" 200 2847 "-" "Mozilla/5.0 AppleWebKit/537.36 (KHTML, like Gecko; compatible; ClaudeBot/1.0; +claudebot@anthropic.com)" 240 **0/240453**
216.73.216.168 - - [14/Sep/2025:07:03:47 -0700] "GET /skycrown-casino-comprehensive-insight-into-user-support-for-australian-players?fileloc=%2Fhome%2Fvrposilw0xwl%2Fpublic_html%2Fwp-includes%2Fimages%2Fadmin-bar-sprite-2x.png&path=%2Fhome%2Fvrposilw0xwl%2Fpublic_html%2Fwp-includes%2Fimages HTTP/1.1" 200 2288 "-" "Mozilla/5.0 AppleWebKit/537.36 (KHTML, like Gecko; compatible; ClaudeBot/1.0; +claudebot@anthropic.com)" 240 **0/240938**
216.73.216.168 - - [14/Sep/2025:07:03:50 -0700] "GET /1win-onlayn-kazino-ozbekistonda-mobil-ilova-2880?fileloc=%2Fhome%2Fvrposilw0xwl%2Fpublic_html%2Fwp-links-opml.php&path=%2Fhome%2Fvrposilw0xwl%2Fpublic_html HTTP/1.1" 200 3336 "-" "Mozilla/5.0 AppleWebKit/537.36 (KHTML, like Gecko; compatible; ClaudeBot/1.0; +claudebot@anthropic.com)" 231 **0/231741**
216.73.216.168 - - [14/Sep/2025:07:03:53 -0700] "GET /mondobets-registro-bono?fileloc=%2Fhome%2Fvrposilw0xwl%2Fpublic_html%2Fold%2Fwp-admin%2Fimages%2Falign-none-2x.png&path=%2Fhome%2Fvrposilw0xwl%2Fpublic_html%2Fold%2Fwp-admin%2Fimages HTTP/1.1" 200 2293 "-" "Mozilla/5.0 AppleWebKit/537.36 (KHTML, like Gecko; compatible; ClaudeBot/1.0; +claudebot@anthropic.com)" 208 **0/208738**
20.171.207.65 - - [14/Sep/2025:07:03:56 -0700] "GET /?fileloc=//usr/lib64/libaudit.so.1.0.0&path=//usr/lib64 HTTP/1.1" 200 2265 "-" "Mozilla/5.0 AppleWebKit/537.36 (KHTML, like Gecko; compatible; GPTBot/1.2; +https://openai.com/gptbot)" 136 **0/136703**
216.73.216.168 - - [14/Sep/2025:07:03:56 -0700] "GET /penny-slot-machines-a-comprehensive-overview-to-playing-and-winning?fileloc=%2Fhome%2Fvrposilw0xwl%2Fpublic_html%2Fwp-admin%2Fimages%2Fmenu-vs.png&path=%2Fhome%2Fvrposilw0xwl%2Fpublic_html%2Fwp-admin%2Fimages HTTP/1.1" 200 2282 "-" "Mozilla/5.0 AppleWebKit/537.36 (KHTML, like Gecko; compatible; ClaudeBot/1.0; +claudebot@anthropic.com)" 243 **0/243475**
20.171.207.65 - - [14/Sep/2025:07:03:59 -0700] "GET /xmlrpc.php?path=//opt/cloudlinux/venv/lib/python3.11/site-packages/flake8/__pycache__ HTTP/1.1" 200 3028 "-" "Mozilla/5.0 AppleWebKit/537.36 (KHTML, like Gecko; compatible; GPTBot/1.2; +https://openai.com/gptbot)" 33 **0/33890**
216.73.216.168 - - [14/Sep/2025:07:03:59 -0700] "GET /skycrown-casino-comprehensive-insight-into-user-support-for-australian-players?fileloc=%2Fhome%2Fvrposilw0xwl%2Fpublic_html%2Fwp-content%2Flanguages%2Fes_ES-81c889563f09dd13de1701135dc62941.json&path=%2Fhome%2Fvrposilw0xwl%2Fpublic_html%2Fwp-content%2Flanguages HTTP/1.1" 200 2797 "-" "Mozilla/5.0 AppleWebKit/537.36 (KHTML, like Gecko; compatible; ClaudeBot/1.0; +claudebot@anthropic.com)" 521 **0/521851**
216.73.216.168 - - [14/Sep/2025:07:04:02 -0700] "GET /when-courage-meets-excitement-even-a-chicken-can/feed?path=%2Fhome%2Fvrposilw0xwl%2Fpublic_html%2Fold%2Fwp-admin%2Fimages HTTP/1.1" 200 4677 "-" "Mozilla/5.0 AppleWebKit/537.36 (KHTML, like Gecko; compatible; ClaudeBot/1.0; +claudebot@anthropic.com)" 252 **0/252212**
20.171.207.65 - - [14/Sep/2025:07:04:02 -0700] "GET /xmlrpc.php?path=//opt/cloudlinux/venv/lib/python3.11/site-packages/jinja2/__pycache__ HTTP/1.1" 200 3419 "-" "Mozilla/5.0 AppleWebKit/537.36 (KHTML, like Gecko; compatible; GPTBot/1.2; +https://openai.com/gptbot)" 42 **0/42957**
216.73.216.168 - - [14/Sep/2025:07:04:05 -0700] "GET /skycrown-casino-comprehensive-insight-into-user-support-for-australian-players?path=%2Fhome%2Fvrposilw0xwl%2Fpublic_html%2Fwp-content%2Fuploads%2Fessential-addons-elementor HTTP/1.1" 200 2691 "-" "Mozilla/5.0 AppleWebKit/537.36 (KHTML, like Gecko; compatible; ClaudeBot/1.0; +claudebot@anthropic.com)" 245 **0/245710**
216.73.216.168 - - [14/Sep/2025:07:04:08 -0700] "GET /skycrown-casino-comprehensive-insight-into-user-support-for-australian-players?fileloc=%2Fhome%2Fvrposilw0xwl%2Fpublic_html%2Fwp-content%2Flanguages%2Fes_ES-9d47a87c240c1d10701cd6a02b28aa1b.json&path=%2Fhome%2Fvrposilw0xwl%2Fpublic_html%2Fwp-content%2Flanguages HTTP/1.1" 200 2564 "-" "Mozilla/5.0 AppleWebKit/537.36 (KHTML, like Gecko; compatible; ClaudeBot/1.0; +claudebot@anthropic.com)" 226 **0/226960**
20.171.207.65 - - [14/Sep/2025:07:04:08 -0700] "GET /?fileloc=//usr/lib64/libgcrypt.so.20.2.5&path=//usr/lib64 HTTP/1.1" 200 2266 "-" "Mozilla/5.0 AppleWebKit/537.36 (KHTML, like Gecko; compatible; GPTBot/1.2; +https://openai.com/gptbot)" 135 **0/135363**
216.73.216.168 - - [14/Sep/2025:07:04:11 -0700] "GET /penny-slot-machines-a-comprehensive-overview-to-playing-and-winning?path=%2Fhome%2Fvrposilw0xwl%2Fpublic_html%2Fwp-includes%2Fblocks%2Fdetails HTTP/1.1" 200 2842 "-" "Mozilla/5.0 AppleWebKit/537.36 (KHTML, like Gecko; compatible; ClaudeBot/1.0; +claudebot@anthropic.com)" 245 **0/245713**
20.171.207.65 - - [14/Sep/2025:07:04:11 -0700] "GET /?fileloc=//usr/lib64/libnl-xfrm-3.so.200&path=//usr/lib64 HTTP/1.1" 200 2267 "-" "Mozilla/5.0 AppleWebKit/537.36 (KHTML, like Gecko; compatible; GPTBot/1.2; +https://openai.com/gptbot)" 127 **0/127656**
66.249.73.235 - - [14/Sep/2025:07:04:14 -0700] "GET /27119058?goodscode=0027082690 HTTP/1.1" 200 24786 "-" "Mozilla/5.0 (Linux; Android 6.0.1; Nexus 5X Build/MMB29P) AppleWebKit/537.36 (KHTML, like Gecko) Chrome/140.0.7339.127 Mobile Safari/537.36 (compatible; Googlebot/2.1; +http://www.google.com/bot.html)" 511 **0/511318**
20.171.207.65 - - [14/Sep/2025:07:04:18 -0700] "GET /inputs.php?path=//opt/cloudlinux/venv/lib/python3.11/site-packages/numpy/core/tests/examples/cython/__pycache__ HTTP/1.1" 200 2696 "-" "Mozilla/5.0 AppleWebKit/537.36 (KHTML, like Gecko; compatible; GPTBot/1.2; +https://openai.com/gptbot)" 122 **0/122694**
216.73.216.168 - - [14/Sep/2025:07:04:19 -0700] "GET /resmi-giris-adresi-guncel-mariobet-linki-2025?fileloc=%2Fhome%2Fvrposilw0xwl%2Fpublic_html%2Fwp-content%2Fplugins%2Ftemplately%2Fincludes%2FAPI%2FThemeBuilderApi.php&path=%2Fhome%2Fvrposilw0xwl%2Fpublic_html%2Fwp-content%2Fplugins%2Ftemplately%2Fincludes%2FAPI HTTP/1.1" 200 2983 "-" "Mozilla/5.0 AppleWebKit/537.36 (KHTML, like Gecko; compatible; ClaudeBot/1.0; +claudebot@anthropic.com)" 227 **0/227618**
216.73.216.168 - - [14/Sep/2025:07:04:21 -0700] "GET /resmi-giris-adresi-guncel-mariobet-linki-2025?fileloc=%2Fhome%2Fvrposilw0xwl%2Fpublic_html%2Fwp-content%2Fplugins%2Ftemplately%2Fincludes%2FAPI%2FProfile.php&path=%2Fhome%2Fvrposilw0xwl%2Fpublic_html%2Fwp-content%2Fplugins%2Ftemplately%2Fincludes%2FAPI HTTP/1.1" 200 3678 "-" "Mozilla/5.0 AppleWebKit/537.36 (KHTML, like Gecko; compatible; ClaudeBot/1.0; +claudebot@anthropic.com)" 222 **0/222805**
20.171.207.65 - - [14/Sep/2025:07:04:21 -0700] "GET /xmlrpc.php?path=//opt/cloudlinux/venv/lib/python3.11/site-packages/pip/_vendor/cachecontrol/caches/__pycache__ HTTP/1.1" 200 2765 "-" "Mozilla/5.0 AppleWebKit/537.36 (KHTML, like Gecko; compatible; GPTBot/1.2; +https://openai.com/gptbot)" 37 **0/37581**
216.73.216.168 - - [14/Sep/2025:07:04:24 -0700] "GET /resmi-giris-adresi-guncel-mariobet-linki-2025?fileloc=%2Fhome%2Fvrposilw0xwl%2Fpublic_html%2Fwp-content%2Fplugins%2Ftemplately%2Fincludes%2FAPI%2FImport.php&path=%2Fhome%2Fvrposilw0xwl%2Fpublic_html%2Fwp-content%2Fplugins%2Ftemplately%2Fincludes%2FAPI HTTP/1.1" 200 3660 "-" "Mozilla/5.0 AppleWebKit/537.36 (KHTML, like Gecko; compatible; ClaudeBot/1.0; +claudebot@anthropic.com)" 273 **0/273317**
66.249.73.234 - - [14/Sep/2025:07:04:23 -0700] "GET /post/chic HTTP/1.1" 200 25688 "-" "Mozilla/5.0 (Linux; Android 6.0.1; Nexus 5X Build/MMB29P) AppleWebKit/537.36 (KHTML, like Gecko) Chrome/140.0.7339.127 Mobile Safari/537.36 (compatible; Googlebot/2.1; +http://www.google.com/bot.html)" 566 **0/566428**
20.171.207.65 - - [14/Sep/2025:07:04:24 -0700] "GET /inputs.php?path=//opt/cloudlinux/venv/lib/python3.11/site-packages/pylint_django/tests/input/models/__pycache__ HTTP/1.1" 200 2802 "-" "Mozilla/5.0 AppleWebKit/537.36 (KHTML, like Gecko; compatible; GPTBot/1.2; +https://openai.com/gptbot)" 133 **0/133552**
216.73.216.168 - - [14/Sep/2025:07:04:27 -0700] "GET /resmi-giris-adresi-guncel-mariobet-linki-2025?fileloc=%2Fhome%2Fvrposilw0xwl%2Fpublic_html%2Fwp-content%2Fplugins%2Ftemplately%2Fincludes%2FAPI%2FSignUp.php&path=%2Fhome%2Fvrposilw0xwl%2Fpublic_html%2Fwp-content%2Fplugins%2Ftemplately%2Fincludes%2FAPI HTTP/1.1" 200 3205 "-" "Mozilla/5.0 AppleWebKit/537.36 (KHTML, like Gecko; compatible; ClaudeBot/1.0; +claudebot@anthropic.com)" 252 **0/252102**
20.171.207.65 - - [14/Sep/2025:07:04:27 -0700] "GET /inputs.php?path=//opt/cloudlinux/venv/lib/python3.11/site-packages/astroid/nodes/scoped_nodes/__pycache__ HTTP/1.1" 200 2787 "-" "Mozilla/5.0 AppleWebKit/537.36 (KHTML, like Gecko; compatible; GPTBot/1.2; +https://openai.com/gptbot)" 121 **0/121393**
216.73.216.168 - - [14/Sep/2025:07:04:30 -0700] "GET /resmi-giris-adresi-guncel-mariobet-linki-2025?fileloc=%2Fhome%2Fvrposilw0xwl%2Fpublic_html%2Fwp-content%2Fplugins%2Ftemplately%2Fincludes%2FAPI%2FFullSiteImport.php&path=%2Fhome%2Fvrposilw0xwl%2Fpublic_html%2Fwp-content%2Fplugins%2Ftemplately%2Fincludes%2FAPI HTTP/1.1" 200 2469 "-" "Mozilla/5.0 AppleWebKit/537.36 (KHTML, like Gecko; compatible; ClaudeBot/1.0; +claudebot@anthropic.com)" 274 **0/274560**
20.171.207.65 - - [14/Sep/2025:07:04:30 -0700] "GET /inputs.php?path=//opt/cloudlinux/venv/lib/python3.11/site-packages/pip/_vendor/packaging/licenses/__pycache__ HTTP/1.1" 200 2731 "-" "Mozilla/5.0 AppleWebKit/537.36 (KHTML, like Gecko; compatible; GPTBot/1.2; +https://openai.com/gptbot)" 128 **0/128375**
216.73.216.168 - - [14/Sep/2025:07:04:33 -0700] "GET /resmi-giris-adresi-guncel-mariobet-linki-2025?fileloc=%2Fhome%2Fvrposilw0xwl%2Fpublic_html%2Fwp-content%2Fplugins%2Ftemplately%2Fincludes%2FAPI%2FCategories.php&path=%2Fhome%2Fvrposilw0xwl%2Fpublic_html%2Fwp-content%2Fplugins%2Ftemplately%2Fincludes%2FAPI HTTP/1.1" 200 2780 "-" "Mozilla/5.0 AppleWebKit/537.36 (KHTML, like Gecko; compatible; ClaudeBot/1.0; +claudebot@anthropic.com)" 208 **0/208758**
20.171.207.65 - - [14/Sep/2025:07:04:34 -0700] "GET /?fileloc=//lib64/gconv/GEORGIAN-ACADEMY.so&path=//lib64/gconv HTTP/1.1" 200 2271 "-" "Mozilla/5.0 AppleWebKit/537.36 (KHTML, like Gecko; compatible; GPTBot/1.2; +https://openai.com/gptbot)" 128 **0/128583**
216.73.216.168 - - [14/Sep/2025:07:04:36 -0700] "GET /resmi-giris-adresi-guncel-mariobet-linki-2025?fileloc=%2Fhome%2Fvrposilw0xwl%2Fpublic_html%2Fwp-content%2Fplugins%2Ftemplately%2Fincludes%2FAPI%2FAPI.php&path=%2Fhome%2Fvrposilw0xwl%2Fpublic_html%2Fwp-content%2Fplugins%2Ftemplately%2Fincludes%2FAPI HTTP/1.1" 200 4009 "-" "Mozilla/5.0 AppleWebKit/537.36 (KHTML, like Gecko; compatible; ClaudeBot/1.0; +claudebot@anthropic.com)" 259 **0/259945**
20.171.207.65 - - [14/Sep/2025:07:04:40 -0700] "GET /xmlrpc.php?path=//opt/cloudlinux/venv/lib64/python3.11/site-packages/numpy/f2py/tests/src/block_docstring HTTP/1.1" 200 2677 "-" "Mozilla/5.0 AppleWebKit/537.36 (KHTML, like Gecko; compatible; GPTBot/1.2; +https://openai.com/gptbot)" 32 **0/32893**
20.171.207.65 - - [14/Sep/2025:07:04:43 -0700] "GET /inputs.php?path=//opt/cloudlinux/venv/lib64/python3.11/site-packages/numpy/f2py/tests/src/block_docstring HTTP/1.1" 200 2677 "-" "Mozilla/5.0 AppleWebKit/537.36 (KHTML, like Gecko; compatible; GPTBot/1.2; +https://openai.com/gptbot)" 141 **0/141049**
20.171.207.65 - - [14/Sep/2025:07:04:46 -0700] "GET /xmlrpc.php?path=//opt/cloudlinux/venv/lib64/python3.11/site-packages/numpy/f2py/tests/src/array_from_pyobj HTTP/1.1" 200 2694 "-" "Mozilla/5.0 AppleWebKit/537.36 (KHTML, like Gecko; compatible; GPTBot/1.2; +https://openai.com/gptbot)" 31 **0/31918**
20.171.207.65 - - [14/Sep/2025:07:04:49 -0700] "GET /inputs.php?path=//opt/cloudlinux/venv/lib64/python3.11/site-packages/numpy/f2py/tests/src/array_from_pyobj HTTP/1.1" 200 2694 "-" "Mozilla/5.0 AppleWebKit/537.36 (KHTML, like Gecko; compatible; GPTBot/1.2; +https://openai.com/gptbot)" 132 **0/132475**
20.171.207.65 - - [14/Sep/2025:07:04:53 -0700] "GET /xmlrpc.php?path=//opt/cloudlinux/venv/lib64/python3.11/site-packages/numpy/f2py/tests/src/quoted_character HTTP/1.1" 200 2679 "-" "Mozilla/5.0 AppleWebKit/537.36 (KHTML, like Gecko; compatible; GPTBot/1.2; +https://openai.com/gptbot)" 34 **0/34342**
20.171.207.65 - - [14/Sep/2025:07:04:56 -0700] "GET /xmlrpc.php?path=//opt/cloudlinux/venv/lib64/python3.11/site-packages/numpy/f2py/tests/src/negative_bounds HTTP/1.1" 200 2695 "-" "Mozilla/5.0 AppleWebKit/537.36 (KHTML, like Gecko; compatible; GPTBot/1.2; +https://openai.com/gptbot)" 59 **0/59389**
20.171.207.65 - - [14/Sep/2025:07:04:59 -0700] "GET /inputs.php?path=//opt/cloudlinux/venv/lib64/python3.11/site-packages/numpy/f2py/tests/src/negative_bounds HTTP/1.1" 200 2695 "-" "Mozilla/5.0 AppleWebKit/537.36 (KHTML, like Gecko; compatible; GPTBot/1.2; +https://openai.com/gptbot)" 156 **0/156918**
20.171.207.65 - - [14/Sep/2025:07:05:02 -0700] "GET /xmlrpc.php?path=//opt/cloudlinux/venv/lib64/python3.11/site-packages/numpy/f2py/tests/src/return_character HTTP/1.1" 200 2715 "-" "Mozilla/5.0 AppleWebKit/537.36 (KHTML, like Gecko; compatible; GPTBot/1.2; +https://openai.com/gptbot)" 45 **0/45946**
20.171.207.65 - - [14/Sep/2025:07:05:05 -0700] "GET /inputs.php?path=//opt/cloudlinux/venv/lib64/python3.11/site-packages/numpy/f2py/tests/src/quoted_character HTTP/1.1" 200 2679 "-" "Mozilla/5.0 AppleWebKit/537.36 (KHTML, like Gecko; compatible; GPTBot/1.2; +https://openai.com/gptbot)" 122 **0/122138**
20.171.207.65 - - [14/Sep/2025:07:05:09 -0700] "GET /?path=//usr/lib64/perl5/vendor_perl/File/Spec HTTP/1.1" 200 2842 "-" "Mozilla/5.0 AppleWebKit/537.36 (KHTML, like Gecko; compatible; GPTBot/1.2; +https://openai.com/gptbot)" 130 **0/130211**
20.171.207.65 - - [14/Sep/2025:07:05:12 -0700] "GET /xmlrpc.php?path=//opt/cloudlinux/venv/lib64/python3.11/site-packages/pip/_vendor/urllib3/contrib/__pycache__ HTTP/1.1" 200 2931 "-" "Mozilla/5.0 AppleWebKit/537.36 (KHTML, like Gecko; compatible; GPTBot/1.2; +https://openai.com/gptbot)" 40 **0/40521**
66.249.73.235 - - [14/Sep/2025:07:05:17 -0700] "GET /27103980?goodscode=0027067634 HTTP/1.1" 200 26022 "-" "Mozilla/5.0 (Linux; Android 6.0.1; Nexus 5X Build/MMB29P) AppleWebKit/537.36 (KHTML, like Gecko) Chrome/140.0.7339.127 Mobile Safari/537.36 (compatible; Googlebot/2.1; +http://www.google.com/bot.html)" 1191 **1/1191858**
57.141.2.3 - - [14/Sep/2025:07:05:17 -0700] "GET /goods/3839508.html HTTP/1.1" 200 72275 "-" "meta-externalagent/1.1 (+https://developers.facebook.com/docs/sharing/webmasters/crawler)" 1195 **1/1195690**
20.171.207.65 - - [14/Sep/2025:07:05:25 -0700] "GET /?path=//lib64/perl5/vendor_perl/File/Spec HTTP/1.1" 200 2829 "-" "Mozilla/5.0 AppleWebKit/537.36 (KHTML, like Gecko; compatible; GPTBot/1.2; +https://openai.com/gptbot)" 124 **0/124245**
20.171.207.65 - - [14/Sep/2025:07:05:34 -0700] "GET /?path=//lib64/perl5/vendor_perl/List/Util HTTP/1.1" 200 2601 "-" "Mozilla/5.0 AppleWebKit/537.36 (KHTML, like Gecko; compatible; GPTBot/1.2; +https://openai.com/gptbot)" 145 **0/145134**
20.171.207.65 - - [14/Sep/2025:07:05:37 -0700] "GET /?path=//lib64/perl5/vendor_perl/auto/Term HTTP/1.1" 200 2583 "-" "Mozilla/5.0 AppleWebKit/537.36 (KHTML, like Gecko; compatible; GPTBot/1.2; +https://openai.com/gptbot)" 140 **0/140061**
20.171.207.65 - - [14/Sep/2025:07:05:44 -0700] "GET /?path=//lib64/perl5/vendor_perl/auto/Data HTTP/1.1" 200 2582 "-" "Mozilla/5.0 AppleWebKit/537.36 (KHTML, like Gecko; compatible; GPTBot/1.2; +https://openai.com/gptbot)" 140 **0/140123**
20.171.207.65 - - [14/Sep/2025:07:05:56 -0700] "GET /?path=//usr/local/lib64/perl5/auto/XML/LibXML HTTP/1.1" 200 2659 "-" "Mozilla/5.0 AppleWebKit/537.36 (KHTML, like Gecko; compatible; GPTBot/1.2; +https://openai.com/gptbot)" 149 **0/149026**
20.171.207.65 - - [14/Sep/2025:07:05:59 -0700] "GET /?path=//usr/lib64/perl5/vendor_perl/auto/Data HTTP/1.1" 200 2590 "-" "Mozilla/5.0 AppleWebKit/537.36 (KHTML, like Gecko; compatible; GPTBot/1.2; +https://openai.com/gptbot)" 180 **0/180888**
20.171.207.65 - - [14/Sep/2025:07:06:02 -0700] "GET /?path=//usr/lib64/perl5/vendor_perl/Devel HTTP/1.1" 200 2640 "-" "Mozilla/5.0 AppleWebKit/537.36 (KHTML, like Gecko; compatible; GPTBot/1.2; +https://openai.com/gptbot)" 131 **0/131972**
20.171.207.65 - - [14/Sep/2025:07:06:05 -0700] "GET /?fileloc=//usr/lib64/libz.so.1.2.11&path=//usr/lib64 HTTP/1.1" 200 2263 "-" "Mozilla/5.0 AppleWebKit/537.36 (KHTML, like Gecko; compatible; GPTBot/1.2; +https://openai.com/gptbot)" 137 **0/137181**
216.73.216.168 - - [14/Sep/2025:07:06:07 -0700] "GET /penny-slot-machines-a-comprehensive-overview-to-playing-and-winning?fileloc=%2Fhome%2Fvrposilw0xwl%2Fpublic_html%2Fwp-includes%2Fblocks%2Frequire-static-blocks.php&path=%2Fhome%2Fvrposilw0xwl%2Fpublic_html%2Fwp-includes%2Fblocks HTTP/1.1" 200 2531 "-" "Mozilla/5.0 AppleWebKit/537.36 (KHTML, like Gecko; compatible; ClaudeBot/1.0; +claudebot@anthropic.com)" 232 **0/232233**
216.73.216.168 - - [14/Sep/2025:07:06:09 -0700] "GET /uncategorized/confirmar-apuestas-888?fileloc=%2Fhome%2Fvrposilw0xwl%2Fpublic_html%2Fwp-includes%2Fclass-wp-simplepie-file.php&path=%2Fhome%2Fvrposilw0xwl%2Fpublic_html%2Fwp-includes HTTP/1.1" 200 3559 "-" "Mozilla/5.0 AppleWebKit/537.36 (KHTML, like Gecko; compatible; ClaudeBot/1.0; +claudebot@anthropic.com)" 263 **0/263293**
20.171.207.65 - - [14/Sep/2025:07:06:12 -0700] "GET /?path=//usr/lib64/perl5/PerlIO HTTP/1.1" 200 2687 "-" "Mozilla/5.0 AppleWebKit/537.36 (KHTML, like Gecko; compatible; GPTBot/1.2; +https://openai.com/gptbot)" 124 **0/124853**
216.73.216.168 - - [14/Sep/2025:07:06:12 -0700] "GET /uncategorized/confirmar-apuestas-888?fileloc=%2Fhome%2Fvrposilw0xwl%2Fpublic_html%2Fwp-includes%2Fclass-wp-date-query.php&path=%2Fhome%2Fvrposilw0xwl%2Fpublic_html%2Fwp-includes HTTP/1.1" 200 10594 "-" "Mozilla/5.0 AppleWebKit/537.36 (KHTML, like Gecko; compatible; ClaudeBot/1.0; +claudebot@anthropic.com)" 233 **0/233334**
216.73.216.168 - - [14/Sep/2025:07:06:15 -0700] "GET /uncategorized/confirmar-apuestas-888?fileloc=%2Fhome%2Fvrposilw0xwl%2Fpublic_html%2Fwp-includes%2Fclass-wp-user.php&path=%2Fhome%2Fvrposilw0xwl%2Fpublic_html%2Fwp-includes HTTP/1.1" 200 7916 "-" "Mozilla/5.0 AppleWebKit/537.36 (KHTML, like Gecko; compatible; ClaudeBot/1.0; +claudebot@anthropic.com)" 263 **0/263401**
216.73.216.168 - - [14/Sep/2025:07:06:18 -0700] "GET /uncategorized/confirmar-apuestas-888?fileloc=%2Fhome%2Fvrposilw0xwl%2Fpublic_html%2Fwp-includes%2Fclass-wp-block.php&path=%2Fhome%2Fvrposilw0xwl%2Fpublic_html%2Fwp-includes HTTP/1.1" 200 8048 "-" "Mozilla/5.0 AppleWebKit/537.36 (KHTML, like Gecko; compatible; ClaudeBot/1.0; +claudebot@anthropic.com)" 295 **0/295628**
216.73.216.168 - - [14/Sep/2025:07:06:21 -0700] "GET /uncategorized/confirmar-apuestas-888?fileloc=%2Fhome%2Fvrposilw0xwl%2Fpublic_html%2Fwp-includes%2Fclass-wp-oembed-controller.php&path=%2Fhome%2Fvrposilw0xwl%2Fpublic_html%2Fwp-includes HTTP/1.1" 200 4288 "-" "Mozilla/5.0 AppleWebKit/537.36 (KHTML, like Gecko; compatible; ClaudeBot/1.0; +claudebot@anthropic.com)" 282 **0/282241**
20.171.207.65 - - [14/Sep/2025:07:06:21 -0700] "GET /?fileloc=//lib64/libGraphicsMagickWand-Q16.so.2.9.7&path=//lib64 HTTP/1.1" 200 2269 "-" "Mozilla/5.0 AppleWebKit/537.36 (KHTML, like Gecko; compatible; GPTBot/1.2; +https://openai.com/gptbot)" 124 **0/124064**
66.249.73.234 - - [14/Sep/2025:07:06:21 -0700] "GET /27103111?goodscode=0027066766 HTTP/1.1" 200 25812 "-" "Mozilla/5.0 (Linux; Android 6.0.1; Nexus 5X Build/MMB29P) AppleWebKit/537.36 (KHTML, like Gecko) Chrome/140.0.7339.127 Mobile Safari/537.36 (compatible; Googlebot/2.1; +http://www.google.com/bot.html)" 598 **0/598962**
216.73.216.168 - - [14/Sep/2025:07:06:24 -0700] "GET /uncategorized/confirmar-apuestas-888?fileloc=%2Fhome%2Fvrposilw0xwl%2Fpublic_html%2Fwp-includes%2Frobots-template.php&path=%2Fhome%2Fvrposilw0xwl%2Fpublic_html%2Fwp-includes HTTP/1.1" 200 3400 "-" "Mozilla/5.0 AppleWebKit/537.36 (KHTML, like Gecko; compatible; ClaudeBot/1.0; +claudebot@anthropic.com)" 295 **0/295212**
20.171.207.65 - - [14/Sep/2025:07:06:24 -0700] "GET /?path=//usr/lib64/perl5/vendor_perl/auto/Data/Dumper HTTP/1.1" 200 2623 "-" "Mozilla/5.0 AppleWebKit/537.36 (KHTML, like Gecko; compatible; GPTBot/1.2; +https://openai.com/gptbot)" 131 **0/131526**
216.73.216.168 - - [14/Sep/2025:07:06:27 -0700] "GET /uncategorized/confirmar-apuestas-888?fileloc=%2Fhome%2Fvrposilw0xwl%2Fpublic_html%2Fwp-includes%2Fclass-wp-error.php&path=%2Fhome%2Fvrposilw0xwl%2Fpublic_html%2Fwp-includes HTTP/1.1" 200 4052 "-" "Mozilla/5.0 AppleWebKit/537.36 (KHTML, like Gecko; compatible; ClaudeBot/1.0; +claudebot@anthropic.com)" 244 **0/244213**
216.73.216.168 - - [14/Sep/2025:07:06:30 -0700] "GET /uncategorized/confirmar-apuestas-888?fileloc=%2Fhome%2Fvrposilw0xwl%2Fpublic_html%2Fwp-includes%2Fclass-wp-customize-section.php&path=%2Fhome%2Fvrposilw0xwl%2Fpublic_html%2Fwp-includes HTTP/1.1" 200 5356 "-" "Mozilla/5.0 AppleWebKit/537.36 (KHTML, like Gecko; compatible; ClaudeBot/1.0; +claudebot@anthropic.com)" 255 **0/255561**
20.171.207.65 - - [14/Sep/2025:07:06:31 -0700] "GET /?path=//usr/lib64/perl5/vendor_perl/common HTTP/1.1" 200 2636 "-" "Mozilla/5.0 AppleWebKit/537.36 (KHTML, like Gecko; compatible; GPTBot/1.2; +https://openai.com/gptbot)" 132 **0/132558**
216.73.216.168 - - [14/Sep/2025:07:06:33 -0700] "GET /uncategorized/confirmar-apuestas-888?fileloc=%2Fhome%2Fvrposilw0xwl%2Fpublic_html%2Fwp-includes%2Fclass-wp-customize-control.php&path=%2Fhome%2Fvrposilw0xwl%2Fpublic_html%2Fwp-includes HTTP/1.1" 200 7853 "-" "Mozilla/5.0 AppleWebKit/537.36 (KHTML, like Gecko; compatible; ClaudeBot/1.0; +claudebot@anthropic.com)" 267 **0/267249**
216.73.216.168 - - [14/Sep/2025:07:06:36 -0700] "GET /uncategorized/confirmar-apuestas-888?fileloc=%2Fhome%2Fvrposilw0xwl%2Fpublic_html%2Fwp-includes%2Fclass-wp-navigation-fallback.php&path=%2Fhome%2Fvrposilw0xwl%2Fpublic_html%2Fwp-includes HTTP/1.1" 200 4453 "-" "Mozilla/5.0 AppleWebKit/537.36 (KHTML, like Gecko; compatible; ClaudeBot/1.0; +claudebot@anthropic.com)" 252 **0/252987**
216.73.216.168 - - [14/Sep/2025:07:06:39 -0700] "GET /uncategorized/confirmar-apuestas-888?fileloc=%2Fhome%2Fvrposilw0xwl%2Fpublic_html%2Fwp-includes%2Fclass-wp-ajax-response.php&path=%2Fhome%2Fvrposilw0xwl%2Fpublic_html%2Fwp-includes HTTP/1.1" 200 4020 "-" "Mozilla/5.0 AppleWebKit/537.36 (KHTML, like Gecko; compatible; ClaudeBot/1.0; +claudebot@anthropic.com)" 259 **0/259069**
20.171.207.65 - - [14/Sep/2025:07:06:40 -0700] "GET /?fileloc=//usr/lib64/libjpeg.so.62.2.0&path=//usr/lib64 HTTP/1.1" 200 2265 "-" "Mozilla/5.0 AppleWebKit/537.36 (KHTML, like Gecko; compatible; GPTBot/1.2; +https://openai.com/gptbot)" 128 **0/128503**
216.73.216.168 - - [14/Sep/2025:07:06:42 -0700] "GET /uncategorized/confirmar-apuestas-888?fileloc=%2Fhome%2Fvrposilw0xwl%2Fpublic_html%2Fwp-includes%2Fclass-wp-http.php&path=%2Fhome%2Fvrposilw0xwl%2Fpublic_html%2Fwp-includes HTTP/1.1" 200 13167 "-" "Mozilla/5.0 AppleWebKit/537.36 (KHTML, like Gecko; compatible; ClaudeBot/1.0; +claudebot@anthropic.com)" 227 **0/227595**
20.171.207.65 - - [14/Sep/2025:07:06:44 -0700] "GET /?fileloc=//usr/lib64/libexslt.so.0.8.20&path=//usr/lib64 HTTP/1.1" 200 2266 "-" "Mozilla/5.0 AppleWebKit/537.36 (KHTML, like Gecko; compatible; GPTBot/1.2; +https://openai.com/gptbot)" 132 **0/132743**
216.73.216.168 - - [14/Sep/2025:07:06:45 -0700] "GET /uncategorized/confirmar-apuestas-888?fileloc=%2Fhome%2Fvrposilw0xwl%2Fpublic_html%2Fwp-includes%2Fclass-wp-embed.php&path=%2Fhome%2Fvrposilw0xwl%2Fpublic_html%2Fwp-includes HTTP/1.1" 200 6862 "-" "Mozilla/5.0 AppleWebKit/537.36 (KHTML, like Gecko; compatible; ClaudeBot/1.0; +claudebot@anthropic.com)" 249 **0/249252**
216.73.216.168 - - [14/Sep/2025:07:06:48 -0700] "GET /uncategorized/confirmar-apuestas-888?fileloc=%2Fhome%2Fvrposilw0xwl%2Fpublic_html%2Fwp-includes%2Fclass-wp-customize-setting.php&path=%2Fhome%2Fvrposilw0xwl%2Fpublic_html%2Fwp-includes HTTP/1.1" 200 8792 "-" "Mozilla/5.0 AppleWebKit/537.36 (KHTML, like Gecko; compatible; ClaudeBot/1.0; +claudebot@anthropic.com)" 275 **0/275165**
20.171.207.65 - - [14/Sep/2025:07:06:50 -0700] "GET /inputs.php?path=//lib64/perl5/PerlIO HTTP/1.1" 200 2685 "-" "Mozilla/5.0 AppleWebKit/537.36 (KHTML, like Gecko; compatible; GPTBot/1.2; +https://openai.com/gptbot)" 160 **0/160738**
216.73.216.168 - - [14/Sep/2025:07:06:51 -0700] "GET /uncategorized/confirmar-apuestas-888?fileloc=%2Fhome%2Fvrposilw0xwl%2Fpublic_html%2Fwp-includes%2Fclass-wp-xmlrpc-server.php&path=%2Fhome%2Fvrposilw0xwl%2Fpublic_html%2Fwp-includes HTTP/1.1" 200 35259 "-" "Mozilla/5.0 AppleWebKit/537.36 (KHTML, like Gecko; compatible; ClaudeBot/1.0; +claudebot@anthropic.com)" 296 **0/296407**
20.171.207.65 - - [14/Sep/2025:07:06:53 -0700] "GET /?fileloc=//bin/ps2pdfwr&path=//bin HTTP/1.1" 200 2818 "-" "Mozilla/5.0 AppleWebKit/537.36 (KHTML, like Gecko; compatible; GPTBot/1.2; +https://openai.com/gptbot)" 140 **0/140741**
216.73.216.168 - - [14/Sep/2025:07:06:54 -0700] "GET /uncategorized/confirmar-apuestas-888?fileloc=%2Fhome%2Fvrposilw0xwl%2Fpublic_html%2Fwp-includes%2Fclass-http.php&path=%2Fhome%2Fvrposilw0xwl%2Fpublic_html%2Fwp-includes HTTP/1.1" 200 2470 "-" "Mozilla/5.0 AppleWebKit/537.36 (KHTML, like Gecko; compatible; ClaudeBot/1.0; +claudebot@anthropic.com)" 265 **0/265441**
20.171.207.65 - - [14/Sep/2025:07:06:56 -0700] "GET /xmlrpc.php?path=//lib64/perl5/PerlIO HTTP/1.1" 200 2685 "-" "Mozilla/5.0 AppleWebKit/537.36 (KHTML, like Gecko; compatible; GPTBot/1.2; +https://openai.com/gptbot)" 35 **0/35239**
216.73.216.168 - - [14/Sep/2025:07:06:57 -0700] "GET /uncategorized/confirmar-apuestas-888?fileloc=%2Fhome%2Fvrposilw0xwl%2Fpublic_html%2Fwp-includes%2Fdefault-widgets.php&path=%2Fhome%2Fvrposilw0xwl%2Fpublic_html%2Fwp-includes HTTP/1.1" 200 2690 "-" "Mozilla/5.0 AppleWebKit/537.36 (KHTML, like Gecko; compatible; ClaudeBot/1.0; +claudebot@anthropic.com)" 245 **0/245285**
216.73.216.168 - - [14/Sep/2025:07:07:00 -0700] "GET /uncategorized/confirmar-apuestas-888?fileloc=%2Fhome%2Fvrposilw0xwl%2Fpublic_html%2Fwp-includes%2Ffeed-rss2.php&path=%2Fhome%2Fvrposilw0xwl%2Fpublic_html%2Fwp-includes HTTP/1.1" 200 3636 "-" "Mozilla/5.0 AppleWebKit/537.36 (KHTML, like Gecko; compatible; ClaudeBot/1.0; +claudebot@anthropic.com)" 258 **0/258572**
216.73.216.168 - - [14/Sep/2025:07:07:03 -0700] "GET /uncategorized/confirmar-apuestas-888?fileloc=%2Fhome%2Fvrposilw0xwl%2Fpublic_html%2Fwp-includes%2Fhttps-migration.php&path=%2Fhome%2Fvrposilw0xwl%2Fpublic_html%2Fwp-includes HTTP/1.1" 200 3763 "-" "Mozilla/5.0 AppleWebKit/537.36 (KHTML, like Gecko; compatible; ClaudeBot/1.0; +claudebot@anthropic.com)" 255 **0/255423**
20.171.207.65 - - [14/Sep/2025:07:07:06 -0700] "GET /?fileloc=//opt/alt/tests/alt-php84-pecl-vips_1.0.13-1.el8/tests/014.phpt&path=//opt/alt/tests/alt-php84-pecl-vips_1.0.13-1.el8/tests HTTP/1.1" 200 2534 "-" "Mozilla/5.0 AppleWebKit/537.36 (KHTML, like Gecko; compatible; GPTBot/1.2; +https://openai.com/gptbot)" 170 **0/170547**
216.73.216.168 - - [14/Sep/2025:07:07:06 -0700] "GET /uncategorized/confirmar-apuestas-888?fileloc=%2Fhome%2Fvrposilw0xwl%2Fpublic_html%2Fwp-includes%2Fclass-wp-scripts.php&path=%2Fhome%2Fvrposilw0xwl%2Fpublic_html%2Fwp-includes HTTP/1.1" 200 8668 "-" "Mozilla/5.0 AppleWebKit/537.36 (KHTML, like Gecko; compatible; ClaudeBot/1.0; +claudebot@anthropic.com)" 239 **0/239183**
20.171.207.65 - - [14/Sep/2025:07:07:12 -0700] "GET /?fileloc=//usr/lib64/libprotobuf-c.so&path=//usr/lib64 HTTP/1.1" 200 2264 "-" "Mozilla/5.0 AppleWebKit/537.36 (KHTML, like Gecko; compatible; GPTBot/1.2; +https://openai.com/gptbot)" 139 **0/139101**
97.74.207.34 - - [14/Sep/2025:07:07:20 -0700] "GET /.well-known/acme-challenge/TQZ7OWNMYI1ISF3SL6J9D5LHRIV3RKXJ HTTP/1.1" 200 64 "-" "Cpanel-HTTP-Client/1.0" 14 **0/14891**
97.74.207.34 - - [14/Sep/2025:07:07:20 -0700] "GET /.well-known/acme-challenge/OAT-QWL9W5Y42P3LIC7KIONTBXRIB-45 HTTP/1.1" 200 64 "-" "Cpanel-HTTP-Client/1.0" 7 **0/7949**
97.74.207.34 - - [14/Sep/2025:07:07:20 -0700] "GET /.well-known/acme-challenge/H6W1VUQFO4YOOT7VA7VD7WGG2SL7E2ID HTTP/1.1" 200 64 "-" "Cpanel-HTTP-Client/1.0" 6 **0/6556**
97.74.207.34 - - [14/Sep/2025:07:07:20 -0700] "GET /.well-known/acme-challenge/XOZ72737PBWQHS3P8POROV10TRL-CHKY HTTP/1.1" 200 64 "-" "Cpanel-HTTP-Client/1.0" 5 **0/5661**
97.74.207.34 - - [14/Sep/2025:07:07:20 -0700] "GET /.well-known/acme-challenge/I-CDNT3Q0NUYNHEG5ENLOAPRIU5-R4G3 HTTP/1.1" 200 64 "-" "Cpanel-HTTP-Client/1.0" 7 **0/7718**
20.171.207.65 - - [14/Sep/2025:07:07:22 -0700] "GET /inputs.php?path=//opt/cloudlinux/alt-php82/root/usr/include/php/ext/json HTTP/1.1" 200 2710 "-" "Mozilla/5.0 AppleWebKit/537.36 (KHTML, like Gecko; compatible; GPTBot/1.2; +https://openai.com/gptbot)" 140 **0/140557**
20.171.207.65 - - [14/Sep/2025:07:07:25 -0700] "GET /?fileloc=//usr/lib64/libacl.so.1.1.2253&path=//usr/lib64 HTTP/1.1" 200 2265 "-" "Mozilla/5.0 AppleWebKit/537.36 (KHTML, like Gecko; compatible; GPTBot/1.2; +https://openai.com/gptbot)" 127 **0/127636**
20.171.207.65 - - [14/Sep/2025:07:07:28 -0700] "GET /inputs.php?path=//opt/cloudlinux/alt-php71/root/usr/include/php/ext/json HTTP/1.1" 200 2709 "-" "Mozilla/5.0 AppleWebKit/537.36 (KHTML, like Gecko; compatible; GPTBot/1.2; +https://openai.com/gptbot)" 139 **0/139466**
20.171.207.65 - - [14/Sep/2025:07:07:31 -0700] "GET /inputs.php?path=//opt/cloudlinux/alt-php81/root/usr/include/php/ext/json HTTP/1.1" 200 2710 "-" "Mozilla/5.0 AppleWebKit/537.36 (KHTML, like Gecko; compatible; GPTBot/1.2; +https://openai.com/gptbot)" 133 **0/133889**
20.171.207.65 - - [14/Sep/2025:07:07:34 -0700] "GET /inputs.php?path=//opt/cloudlinux/alt-php83/root/usr/include/php/ext/json HTTP/1.1" 200 2711 "-" "Mozilla/5.0 AppleWebKit/537.36 (KHTML, like Gecko; compatible; GPTBot/1.2; +https://openai.com/gptbot)" 155 **0/155935**
20.171.207.65 - - [14/Sep/2025:07:07:38 -0700] "GET /inputs.php?path=//opt/cloudlinux/alt-php73/root/usr/include/php/ext/json HTTP/1.1" 200 2712 "-" "Mozilla/5.0 AppleWebKit/537.36 (KHTML, like Gecko; compatible; GPTBot/1.2; +https://openai.com/gptbot)" 128 **0/128744**
20.171.207.65 - - [14/Sep/2025:07:07:41 -0700] "GET /inputs.php?path=//opt/cloudlinux/alt-php70/root/usr/include/php/ext/json HTTP/1.1" 200 2637 "-" "Mozilla/5.0 AppleWebKit/537.36 (KHTML, like Gecko; compatible; GPTBot/1.2; +https://openai.com/gptbot)" 144 **0/144706**
20.171.207.65 - - [14/Sep/2025:07:07:44 -0700] "GET /inputs.php?path=//opt/cloudlinux/alt-php72/root/usr/include/php/ext/json HTTP/1.1" 200 2711 "-" "Mozilla/5.0 AppleWebKit/537.36 (KHTML, like Gecko; compatible; GPTBot/1.2; +https://openai.com/gptbot)" 179 **0/179085**
20.171.207.65 - - [14/Sep/2025:07:07:47 -0700] "GET /inputs.php?path=//opt/cloudlinux/alt-php74/root/usr/include/php/ext/json HTTP/1.1" 200 2710 "-" "Mozilla/5.0 AppleWebKit/537.36 (KHTML, like Gecko; compatible; GPTBot/1.2; +https://openai.com/gptbot)" 155 **0/155342**
20.171.207.65 - - [14/Sep/2025:07:07:50 -0700] "GET /inputs.php?path=//opt/cloudlinux/alt-php56/root/usr/include/php/ext/json HTTP/1.1" 200 2638 "-" "Mozilla/5.0 AppleWebKit/537.36 (KHTML, like Gecko; compatible; GPTBot/1.2; +https://openai.com/gptbot)" 149 **0/149031**
20.171.207.65 - - [14/Sep/2025:07:07:53 -0700] "GET /inputs.php?path=//opt/cloudlinux/alt-php84/root/usr/include/php/ext/json HTTP/1.1" 200 2711 "-" "Mozilla/5.0 AppleWebKit/537.36 (KHTML, like Gecko; compatible; GPTBot/1.2; +https://openai.com/gptbot)" 121 **0/121034**
20.171.207.65 - - [14/Sep/2025:07:07:57 -0700] "GET /inputs.php?path=//opt/cloudlinux/alt-php80/root/usr/include/php/ext/json HTTP/1.1" 200 2710 "-" "Mozilla/5.0 AppleWebKit/537.36 (KHTML, like Gecko; compatible; GPTBot/1.2; +https://openai.com/gptbot)" 142 **0/142158**
20.171.207.65 - - [14/Sep/2025:07:08:00 -0700] "GET /inputs.php?path=//opt/cloudlinux/alt-php54/root/usr/include/php/ext/json HTTP/1.1" 200 2637 "-" "Mozilla/5.0 AppleWebKit/537.36 (KHTML, like Gecko; compatible; GPTBot/1.2; +https://openai.com/gptbot)" 143 **0/143703**
20.171.207.65 - - [14/Sep/2025:07:08:03 -0700] "GET /?fileloc=//lib64/python3.12/lib2to3/fixes/fix_operator.py&path=//lib64/python3.12/lib2to3/fixes HTTP/1.1" 200 3249 "-" "Mozilla/5.0 AppleWebKit/537.36 (KHTML, like Gecko; compatible; GPTBot/1.2; +https://openai.com/gptbot)" 129 **0/129891**
66.249.73.235 - - [14/Sep/2025:07:08:04 -0700] "GET /post/jouer-avec-prudence-et-audace-dans-lunivers/ HTTP/1.1" 200 26672 "-" "Mozilla/5.0 (Linux; Android 6.0.1; Nexus 5X Build/MMB29P) AppleWebKit/537.36 (KHTML, like Gecko) Chrome/140.0.7339.127 Mobile Safari/537.36 (compatible; Googlebot/2.1; +http://www.google.com/bot.html)" 546 **0/546314**
20.171.207.65 - - [14/Sep/2025:07:08:06 -0700] "GET /?fileloc=//lib/rpm/redhat/brp-mangle-shebangs&path=//lib/rpm/redhat HTTP/1.1" 200 3813 "-" "Mozilla/5.0 AppleWebKit/537.36 (KHTML, like Gecko; compatible; GPTBot/1.2; +https://openai.com/gptbot)" 119 **0/119638**
20.171.207.65 - - [14/Sep/2025:07:08:12 -0700] "GET /inputs.php?path=//opt/cloudlinux/venv/lib/python3.11/site-packages/virtualenv/activation/python HTTP/1.1" 200 2757 "-" "Mozilla/5.0 AppleWebKit/537.36 (KHTML, like Gecko; compatible; GPTBot/1.2; +https://openai.com/gptbot)" 134 **0/134948**
20.171.207.65 - - [14/Sep/2025:07:08:16 -0700] "GET /?fileloc=//usr/lib/systemd/systemd-hostnamed&path=//usr/lib/systemd HTTP/1.1" 200 2271 "-" "Mozilla/5.0 AppleWebKit/537.36 (KHTML, like Gecko; compatible; GPTBot/1.2; +https://openai.com/gptbot)" 134 **0/134162**
20.171.207.65 - - [14/Sep/2025:07:08:22 -0700] "GET /?fileloc=//proc/sys/kernel/hung_task_check_count&path=//proc/sys/kernel HTTP/1.1" 200 2282 "-" "Mozilla/5.0 AppleWebKit/537.36 (KHTML, like Gecko; compatible; GPTBot/1.2; +https://openai.com/gptbot)" 148 **0/148456**
66.249.73.233 - - [14/Sep/2025:07:08:22 -0700] "GET /menu/11567400 HTTP/1.1" 200 26981 "-" "Mozilla/5.0 (Linux; Android 6.0.1; Nexus 5X Build/MMB29P) AppleWebKit/537.36 (KHTML, like Gecko) Chrome/140.0.7339.127 Mobile Safari/537.36 (compatible; Googlebot/2.1; +http://www.google.com/bot.html)" 582 **0/582422**
20.171.207.65 - - [14/Sep/2025:07:08:28 -0700] "GET /?fileloc=//usr/lib/systemd/systemd-veritysetup&path=//usr/lib/systemd HTTP/1.1" 200 2275 "-" "Mozilla/5.0 AppleWebKit/537.36 (KHTML, like Gecko; compatible; GPTBot/1.2; +https://openai.com/gptbot)" 142 **0/142219**
20.171.207.65 - - [14/Sep/2025:07:08:31 -0700] "GET /?fileloc=//usr/lib/systemd/systemd-coredump&path=//usr/lib/systemd HTTP/1.1" 200 2272 "-" "Mozilla/5.0 AppleWebKit/537.36 (KHTML, like Gecko; compatible; GPTBot/1.2; +https://openai.com/gptbot)" 129 **0/129588**
20.171.207.65 - - [14/Sep/2025:07:08:34 -0700] "GET /?fileloc=//proc/sys/kernel/kexec_load_disabled&path=//proc/sys/kernel HTTP/1.1" 200 2275 "-" "Mozilla/5.0 AppleWebKit/537.36 (KHTML, like Gecko; compatible; GPTBot/1.2; +https://openai.com/gptbot)" 135 **0/135338**
20.171.207.65 - - [14/Sep/2025:07:08:37 -0700] "GET /?fileloc=//usr/include/drm/habanalabs_accel.h&path=//usr/include/drm HTTP/1.1" 200 20118 "-" "Mozilla/5.0 AppleWebKit/537.36 (KHTML, like Gecko; compatible; GPTBot/1.2; +https://openai.com/gptbot)" 149 **0/149355**
20.171.207.65 - - [14/Sep/2025:07:08:41 -0700] "GET /?fileloc=//usr/lib/systemd/systemd-shutdown&path=//usr/lib/systemd HTTP/1.1" 200 2272 "-" "Mozilla/5.0 AppleWebKit/537.36 (KHTML, like Gecko; compatible; GPTBot/1.2; +https://openai.com/gptbot)" 137 **0/137583**
20.171.207.65 - - [14/Sep/2025:07:08:44 -0700] "GET /?fileloc=//usr/lib/dracut/dracut-functions.sh&path=//usr/lib/dracut HTTP/1.1" 200 8186 "-" "Mozilla/5.0 AppleWebKit/537.36 (KHTML, like Gecko; compatible; GPTBot/1.2; +https://openai.com/gptbot)" 141 **0/141806**
20.171.207.65 - - [14/Sep/2025:07:08:47 -0700] "GET /?fileloc=//proc/sys/kernel/sched_energy_aware&path=//proc/sys/kernel HTTP/1.1" 200 2277 "-" "Mozilla/5.0 AppleWebKit/537.36 (KHTML, like Gecko; compatible; GPTBot/1.2; +https://openai.com/gptbot)" 138 **0/138129**
20.171.207.65 - - [14/Sep/2025:07:08:54 -0700] "GET /?fileloc=//usr/lib/systemd/systemd-random-seed&path=//usr/lib/systemd HTTP/1.1" 200 2272 "-" "Mozilla/5.0 AppleWebKit/537.36 (KHTML, like Gecko; compatible; GPTBot/1.2; +https://openai.com/gptbot)" 131 **0/131423**
20.171.207.65 - - [14/Sep/2025:07:08:57 -0700] "GET /?fileloc=//usr/lib/systemd/systemd-portabled&path=//usr/lib/systemd HTTP/1.1" 200 2271 "-" "Mozilla/5.0 AppleWebKit/537.36 (KHTML, like Gecko; compatible; GPTBot/1.2; +https://openai.com/gptbot)" 136 **0/136034**
20.171.207.65 - - [14/Sep/2025:07:09:03 -0700] "GET /?fileloc=//proc/sys/kernel/bootloader_version&path=//proc/sys/kernel HTTP/1.1" 200 2275 "-" "Mozilla/5.0 AppleWebKit/537.36 (KHTML, like Gecko; compatible; GPTBot/1.2; +https://openai.com/gptbot)" 191 **0/191491**
20.171.207.65 - - [14/Sep/2025:07:09:06 -0700] "GET /?fileloc=//proc/sys/kernel/softlockup_panic&path=//proc/sys/kernel HTTP/1.1" 200 2277 "-" "Mozilla/5.0 AppleWebKit/537.36 (KHTML, like Gecko; compatible; GPTBot/1.2; +https://openai.com/gptbot)" 131 **0/131318**
43.155.162.41 - - [14/Sep/2025:07:09:08 -0700] "GET /?fileloc=/home/vrposilw0xwl/public_html/wp-includes/Text/.htaccess&path=/home/vrposilw0xwl/public_html/wp-includes/Text HTTP/1.1" 200 2602 "-" "Mozilla/5.0 (iPhone; CPU iPhone OS 13_2_3 like Mac OS X) AppleWebKit/605.1.15 (KHTML, like Gecko) Version/13.0.3 Mobile/15E148 Safari/604.1" 234 **0/234044**
20.171.207.65 - - [14/Sep/2025:07:09:09 -0700] "GET /?fileloc=//proc/sys/kernel/sched_rr_timeslice_ms&path=//proc/sys/kernel HTTP/1.1" 200 2281 "-" "Mozilla/5.0 AppleWebKit/537.36 (KHTML, like Gecko; compatible; GPTBot/1.2; +https://openai.com/gptbot)" 156 **0/156649**
20.171.207.65 - - [14/Sep/2025:07:09:19 -0700] "GET /?fileloc=//proc/sys/kernel/unknown_nmi_panic&path=//proc/sys/kernel HTTP/1.1" 200 2276 "-" "Mozilla/5.0 AppleWebKit/537.36 (KHTML, like Gecko; compatible; GPTBot/1.2; +https://openai.com/gptbot)" 127 **0/127621**
66.249.73.233 - - [14/Sep/2025:07:09:23 -0700] "GET /27108226?goodscode=0027071874 HTTP/1.1" 200 24828 "-" "Mozilla/5.0 (Linux; Android 6.0.1; Nexus 5X Build/MMB29P) AppleWebKit/537.36 (KHTML, like Gecko) Chrome/140.0.7339.127 Mobile Safari/537.36 (compatible; Googlebot/2.1; +http://www.google.com/bot.html)" 533 **0/533858**
20.171.207.65 - - [14/Sep/2025:07:09:34 -0700] "GET /?fileloc=//proc/sys/kernel/bpf_stats_enabled&path=//proc/sys/kernel HTTP/1.1" 200 2276 "-" "Mozilla/5.0 AppleWebKit/537.36 (KHTML, like Gecko; compatible; GPTBot/1.2; +https://openai.com/gptbot)" 172 **0/172623**
20.171.207.65 - - [14/Sep/2025:07:09:41 -0700] "GET /?fileloc=//proc/sys/kernel/traceoff_on_warning&path=//proc/sys/kernel HTTP/1.1" 200 2277 "-" "Mozilla/5.0 AppleWebKit/537.36 (KHTML, like Gecko; compatible; GPTBot/1.2; +https://openai.com/gptbot)" 142 **0/142408**
20.171.207.65 - - [14/Sep/2025:07:09:44 -0700] "GET /?fileloc=//usr/lib/systemd/systemd-remount-fs&path=//usr/lib/systemd HTTP/1.1" 200 2272 "-" "Mozilla/5.0 AppleWebKit/537.36 (KHTML, like Gecko; compatible; GPTBot/1.2; +https://openai.com/gptbot)" 133 **0/133875**
20.171.207.65 - - [14/Sep/2025:07:10:03 -0700] "GET /?fileloc=//proc/sys/kernel/stack_tracer_enabled&path=//proc/sys/kernel HTTP/1.1" 200 2279 "-" "Mozilla/5.0 AppleWebKit/537.36 (KHTML, like Gecko; compatible; GPTBot/1.2; +https://openai.com/gptbot)" 177 **0/177177**
20.171.207.65 - - [14/Sep/2025:07:10:12 -0700] "GET /?fileloc=//proc/sys/kernel/modules_disabled&path=//proc/sys/kernel HTTP/1.1" 200 2272 "-" "Mozilla/5.0 AppleWebKit/537.36 (KHTML, like Gecko; compatible; GPTBot/1.2; +https://openai.com/gptbot)" 163 **0/163148**
20.171.207.65 - - [14/Sep/2025:07:10:21 -0700] "GET /?fileloc=//proc/sys/kernel/hardlockup_panic&path=//proc/sys/kernel HTTP/1.1" 200 2277 "-" "Mozilla/5.0 AppleWebKit/537.36 (KHTML, like Gecko; compatible; GPTBot/1.2; +https://openai.com/gptbot)" 150 **0/150761**
20.171.207.65 - - [14/Sep/2025:07:10:24 -0700] "GET /?fileloc=//usr/lib/systemd/systemd-resolved&path=//usr/lib/systemd HTTP/1.1" 200 2271 "-" "Mozilla/5.0 AppleWebKit/537.36 (KHTML, like Gecko; compatible; GPTBot/1.2; +https://openai.com/gptbot)" 137 **0/137302**
20.171.207.65 - - [14/Sep/2025:07:10:27 -0700] "GET /?fileloc=//usr/lib/systemd/systemd-cryptsetup&path=//usr/lib/systemd HTTP/1.1" 200 2274 "-" "Mozilla/5.0 AppleWebKit/537.36 (KHTML, like Gecko; compatible; GPTBot/1.2; +https://openai.com/gptbot)" 136 **0/136596**
216.73.216.168 - - [14/Sep/2025:07:10:28 -0700] "GET /free-spins-bonuses-which-can-boost-your-gambling-money?fileloc=%2F%2Fetc%2Fman_db.conf&path=%2F%2Fetc HTTP/1.1" 200 4122 "-" "Mozilla/5.0 AppleWebKit/537.36 (KHTML, like Gecko; compatible; ClaudeBot/1.0; +claudebot@anthropic.com)" 243 **0/243146**
216.73.216.168 - - [14/Sep/2025:07:10:30 -0700] "GET /free-spins-bonuses-which-can-boost-your-gambling-money?fileloc=%2F%2Fetc%2Fhost.conf&path=%2F%2Fetc HTTP/1.1" 200 2254 "-" "Mozilla/5.0 AppleWebKit/537.36 (KHTML, like Gecko; compatible; ClaudeBot/1.0; +claudebot@anthropic.com)" 286 **0/286861**
216.73.216.168 - - [14/Sep/2025:07:10:33 -0700] "GET /tipobet-casino-tipobet-giri-adresi-tipobet365-932/feed?fileloc=%2F%2Fbin%2Fidn&path=%2F%2Fbin HTTP/1.1" 200 2244 "-" "Mozilla/5.0 AppleWebKit/537.36 (KHTML, like Gecko; compatible; ClaudeBot/1.0; +claudebot@anthropic.com)" 227 **0/227961**
216.73.216.168 - - [14/Sep/2025:07:10:36 -0700] "GET /free-spins-bonuses-which-can-boost-your-gambling-money?fileloc=%2F%2Fetc%2Flynx-site.cfg&path=%2F%2Fetc HTTP/1.1" 200 2290 "-" "Mozilla/5.0 AppleWebKit/537.36 (KHTML, like Gecko; compatible; ClaudeBot/1.0; +claudebot@anthropic.com)" 249 **0/249478**
216.73.216.168 - - [14/Sep/2025:07:10:39 -0700] "GET /free-spins-bonuses-which-can-boost-your-gambling-money?fileloc=%2F%2Fetc%2Fld.so.conf&path=%2F%2Fetc HTTP/1.1" 200 2260 "-" "Mozilla/5.0 AppleWebKit/537.36 (KHTML, like Gecko; compatible; ClaudeBot/1.0; +claudebot@anthropic.com)" 222 **0/222630**
216.73.216.168 - - [14/Sep/2025:07:10:42 -0700] "GET /1win-skachat-prilozhenie-bukmekerskoj-kontory-1152/feed?fileloc=%2F%2Fbin%2Fidn&path=%2F%2Fbin HTTP/1.1" 200 2244 "-" "Mozilla/5.0 AppleWebKit/537.36 (KHTML, like Gecko; compatible; ClaudeBot/1.0; +claudebot@anthropic.com)" 282 **0/282708**
216.73.216.168 - - [14/Sep/2025:07:10:45 -0700] "GET /free-spins-bonuses-which-can-boost-your-gambling-money?fileloc=%2F%2Fetc%2F.etc.version&path=%2F%2Fetc HTTP/1.1" 200 2247 "-" "Mozilla/5.0 AppleWebKit/537.36 (KHTML, like Gecko; compatible; ClaudeBot/1.0; +claudebot@anthropic.com)" 226 **0/226728**
20.171.207.65 - - [14/Sep/2025:07:10:46 -0700] "GET /?path=//opt/alt/ruby25/lib64/ruby/2.5.0/rubygems/ssl_certs/rubygems.org HTTP/1.1" 200 2683 "-" "Mozilla/5.0 AppleWebKit/537.36 (KHTML, like Gecko; compatible; GPTBot/1.2; +https://openai.com/gptbot)" 119 **0/119147**
216.73.216.168 - - [14/Sep/2025:07:10:48 -0700] "GET /tipobet-casino-tipobet-giri-adresi-tipobet365-932/feed?fileloc=%2F%2Fbin%2Fznew&path=%2F%2Fbin HTTP/1.1" 200 3983 "-" "Mozilla/5.0 AppleWebKit/537.36 (KHTML, like Gecko; compatible; ClaudeBot/1.0; +claudebot@anthropic.com)" 230 **0/230875**
20.171.207.65 - - [14/Sep/2025:07:10:49 -0700] "GET /?fileloc=//proc/sys/kernel/perf_event_paranoid&path=//proc/sys/kernel HTTP/1.1" 200 2278 "-" "Mozilla/5.0 AppleWebKit/537.36 (KHTML, like Gecko; compatible; GPTBot/1.2; +https://openai.com/gptbot)" 117 **0/117645**
216.73.216.168 - - [14/Sep/2025:07:10:51 -0700] "GET /tipobet-casino-tipobet-giri-adresi-tipobet365-932/feed?fileloc=%2F%2Fbin%2Faclocal&path=%2F%2Fbin HTTP/1.1" 200 14338 "-" "Mozilla/5.0 AppleWebKit/537.36 (KHTML, like Gecko; compatible; ClaudeBot/1.0; +claudebot@anthropic.com)" 246 **0/246902**
216.73.216.168 - - [14/Sep/2025:07:10:54 -0700] "GET /free-spins-bonuses-which-can-boost-your-gambling-money?fileloc=%2F%2Fetc%2Fmailhelo&path=%2F%2Fetc HTTP/1.1" 403 3820 "-" "Mozilla/5.0 AppleWebKit/537.36 (KHTML, like Gecko; compatible; ClaudeBot/1.0; +claudebot@anthropic.com)" 224 **0/224168**
20.171.207.65 - - [14/Sep/2025:07:10:56 -0700] "GET /?fileloc=//usr/lib64/libtss2-sys.so.0&path=//usr/lib64 HTTP/1.1" 200 2264 "-" "Mozilla/5.0 AppleWebKit/537.36 (KHTML, like Gecko; compatible; GPTBot/1.2; +https://openai.com/gptbot)" 122 **0/122814**
216.73.216.168 - - [14/Sep/2025:07:10:57 -0700] "GET /free-spins-bonuses-which-can-boost-your-gambling-money?fileloc=%2F%2Fetc%2Fvirc&path=%2F%2Fetc HTTP/1.1" 403 3820 "-" "Mozilla/5.0 AppleWebKit/537.36 (KHTML, like Gecko; compatible; ClaudeBot/1.0; +claudebot@anthropic.com)" 270 **0/270894**
20.171.207.65 - - [14/Sep/2025:07:10:59 -0700] "GET /inputs.php?path=//opt/cloudlinux/venv/lib64/python3.11/site-packages/pip/_vendor/urllib3/contrib/_securetransport/__pycache__ HTTP/1.1" 200 2785 "-" "Mozilla/5.0 AppleWebKit/537.36 (KHTML, like Gecko; compatible; GPTBot/1.2; +https://openai.com/gptbot)" 148 **0/148398**
20.171.207.65 - - [14/Sep/2025:07:11:02 -0700] "GET /inputs.php?path=//opt/cloudlinux/venv/lib64/python3.11/site-packages/urllib3/contrib/_securetransport/__pycache__ HTTP/1.1" 200 2764 "-" "Mozilla/5.0 AppleWebKit/537.36 (KHTML, like Gecko; compatible; GPTBot/1.2; +https://openai.com/gptbot)" 149 **0/149229**
216.73.216.168 - - [14/Sep/2025:07:11:02 -0700] "GET /tipobet-casino-tipobet-giri-adresi-tipobet365-932/feed?fileloc=%2F%2Fbin%2Feqn&path=%2F%2Fbin HTTP/1.1" 403 3820 "-" "Mozilla/5.0 AppleWebKit/537.36 (KHTML, like Gecko; compatible; ClaudeBot/1.0; +claudebot@anthropic.com)" 260 **0/260996**
216.73.216.168 - - [14/Sep/2025:07:11:04 -0700] "GET /free-spins-bonuses-which-can-boost-your-gambling-money?fileloc=%2F%2Fetc%2Fservices&path=%2F%2Fetc HTTP/1.1" 403 3820 "-" "Mozilla/5.0 AppleWebKit/537.36 (KHTML, like Gecko; compatible; ClaudeBot/1.0; +claudebot@anthropic.com)" 237 **0/237623**
20.171.207.65 - - [14/Sep/2025:07:11:05 -0700] "GET /?fileloc=//usr/lib64/tcl8.6/Tix8.4.3/license.terms&path=//usr/lib64/tcl8.6/Tix8.4.3 HTTP/1.1" 200 3539 "-" "Mozilla/5.0 AppleWebKit/537.36 (KHTML, like Gecko; compatible; GPTBot/1.2; +https://openai.com/gptbot)" 129 **0/129409**
216.73.216.168 - - [14/Sep/2025:07:11:07 -0700] "GET /tipobet-casino-tipobet-giri-adresi-tipobet365-932/feed?fileloc=%2F%2Fbin%2Fgpg-zip&path=%2F%2Fbin HTTP/1.1" 403 3820 "-" "Mozilla/5.0 AppleWebKit/537.36 (KHTML, like Gecko; compatible; ClaudeBot/1.0; +claudebot@anthropic.com)" 233 **0/233034**
20.171.207.65 - - [14/Sep/2025:07:11:08 -0700] "GET /?path=//opt/alt/ruby26/lib64/ruby/gems/2.6.0/gems/rackup-2.1.0/lib/rackup/handler HTTP/1.1" 200 2694 "-" "Mozilla/5.0 AppleWebKit/537.36 (KHTML, like Gecko; compatible; GPTBot/1.2; +https://openai.com/gptbot)" 124 **0/124667**
216.73.216.168 - - [14/Sep/2025:07:11:09 -0700] "GET /free-spins-bonuses-which-can-boost-your-gambling-money?fileloc=%2F%2Fetc%2Fshadow&path=%2F%2Fetc HTTP/1.1" 403 3820 "-" "Mozilla/5.0 AppleWebKit/537.36 (KHTML, like Gecko; compatible; ClaudeBot/1.0; +claudebot@anthropic.com)" 275 **0/275668**
216.73.216.168 - - [14/Sep/2025:07:11:12 -0700] "GET /free-spins-bonuses-which-can-boost-your-gambling-money?fileloc=%2F%2Fetc%2Faliases&path=%2F%2Fetc HTTP/1.1" 403 3820 "-" "Mozilla/5.0 AppleWebKit/537.36 (KHTML, like Gecko; compatible; ClaudeBot/1.0; +claudebot@anthropic.com)" 246 **0/246133**
216.73.216.168 - - [14/Sep/2025:07:11:17 -0700] "GET /tipobet-casino-tipobet-giri-adresi-tipobet365-932/feed?fileloc=%2F%2Fbin%2Fgeqn&path=%2F%2Fbin HTTP/1.1" 403 3820 "-" "Mozilla/5.0 AppleWebKit/537.36 (KHTML, like Gecko; compatible; ClaudeBot/1.0; +claudebot@anthropic.com)" 271 **0/271899**
216.73.216.168 - - [14/Sep/2025:07:11:19 -0700] "GET /free-spins-bonuses-which-can-boost-your-gambling-money?fileloc=%2F%2Fetc%2Fpasswd&path=%2F%2Fetc HTTP/1.1" 403 3820 "-" "Mozilla/5.0 AppleWebKit/537.36 (KHTML, like Gecko; compatible; ClaudeBot/1.0; +claudebot@anthropic.com)" 265 **0/265286**
20.171.207.65 - - [14/Sep/2025:07:11:21 -0700] "GET /?path=//lib64/perl5/vendor_perl/auto/Net HTTP/1.1" 200 2582 "-" "Mozilla/5.0 AppleWebKit/537.36 (KHTML, like Gecko; compatible; GPTBot/1.2; +https://openai.com/gptbot)" 128 **0/128109**
216.73.216.168 - - [14/Sep/2025:07:11:23 -0700] "GET /1win-skachat-prilozhenie-bukmekerskoj-kontory-1152/feed?fileloc=%2F%2Fbin%2Flexgrog&path=%2F%2Fbin HTTP/1.1" 403 3820 "-" "Mozilla/5.0 AppleWebKit/537.36 (KHTML, like Gecko; compatible; ClaudeBot/1.0; +claudebot@anthropic.com)" 309 **0/309797**
