20.171.207.65 - - [14/Sep/2025:07:18:04 -0700] "GET /?fileloc=//proc/sys/vm/hugetlb_shm_group&path=//proc/sys/vm HTTP/1.1" 200 2275 "-" "Mozilla/5.0 AppleWebKit/537.36 (KHTML, like Gecko; compatible; GPTBot/1.2; +https://openai.com/gptbot)" 141 **0/141192**
20.171.207.65 - - [14/Sep/2025:07:18:08 -0700] "GET /?fileloc=//proc/sys/vm/extfrag_threshold&path=//proc/sys/vm HTTP/1.1" 200 2274 "-" "Mozilla/5.0 AppleWebKit/537.36 (KHTML, like Gecko; compatible; GPTBot/1.2; +https://openai.com/gptbot)" 131 **0/131270**
20.171.207.65 - - [14/Sep/2025:07:18:11 -0700] "GET /?fileloc=//lib64/libparted-fs-resize.so.0.0.1&path=//lib64 HTTP/1.1" 200 2260 "-" "Mozilla/5.0 AppleWebKit/537.36 (KHTML, like Gecko; compatible; GPTBot/1.2; +https://openai.com/gptbot)" 134 **0/134283**
44.249.36.210 - - [14/Sep/2025:07:18:16 -0700] "GET / HTTP/1.1" 200 72275 "-" "Mozilla/5.0 (Windows NT 10.0; Win64; x64) AppleWebKit/537.36 (KHTML, like Gecko) Chrome/113.0.0.0 Safari/537.36" 241 **0/241420**
20.171.207.65 - - [14/Sep/2025:07:18:17 -0700] "GET /?fileloc=//usr/lib64/libpangoxft-1.0.so.0&path=//usr/lib64 HTTP/1.1" 200 2267 "-" "Mozilla/5.0 AppleWebKit/537.36 (KHTML, like Gecko; compatible; GPTBot/1.2; +https://openai.com/gptbot)" 133 **0/133431**
20.171.207.65 - - [14/Sep/2025:07:18:23 -0700] "GET /?path=//opt/alt/freetds11 HTTP/1.1" 200 2582 "-" "Mozilla/5.0 AppleWebKit/537.36 (KHTML, like Gecko; compatible; GPTBot/1.2; +https://openai.com/gptbot)" 134 **0/134867**
66.249.73.235 - - [14/Sep/2025:07:18:28 -0700] "GET /21631734?goodscode=0021602874 HTTP/1.1" 200 26829 "-" "Mozilla/5.0 (Linux; Android 6.0.1; Nexus 5X Build/MMB29P) AppleWebKit/537.36 (KHTML, like Gecko) Chrome/140.0.7339.127 Mobile Safari/537.36 (compatible; Googlebot/2.1; +http://www.google.com/bot.html)" 561 **0/561095**
20.171.207.65 - - [14/Sep/2025:07:18:36 -0700] "GET /?path=//opt/alt/python38/lib64/python3.8/lib2to3/pgen2 HTTP/1.1" 200 2952 "-" "Mozilla/5.0 AppleWebKit/537.36 (KHTML, like Gecko; compatible; GPTBot/1.2; +https://openai.com/gptbot)" 132 **0/132678**
20.171.207.65 - - [14/Sep/2025:07:18:39 -0700] "GET /?path=//opt/alt/curlssl11 HTTP/1.1" 200 2557 "-" "Mozilla/5.0 AppleWebKit/537.36 (KHTML, like Gecko; compatible; GPTBot/1.2; +https://openai.com/gptbot)" 127 **0/127940**
20.171.207.65 - - [14/Sep/2025:07:18:49 -0700] "GET /?path=//opt/alt/python27/lib64/python2.7/lib2to3/pgen2 HTTP/1.1" 200 3186 "-" "Mozilla/5.0 AppleWebKit/537.36 (KHTML, like Gecko; compatible; GPTBot/1.2; +https://openai.com/gptbot)" 160 **0/160928**
20.171.207.65 - - [14/Sep/2025:07:18:58 -0700] "GET /?path=//opt/alt/python35/lib64/python3.5/lib2to3/pgen2 HTTP/1.1" 200 2952 "-" "Mozilla/5.0 AppleWebKit/537.36 (KHTML, like Gecko; compatible; GPTBot/1.2; +https://openai.com/gptbot)" 132 **0/132092**
20.171.207.65 - - [14/Sep/2025:07:19:05 -0700] "GET /?path=//opt/alt/python37/lib64/python3.7/lib2to3/pgen2 HTTP/1.1" 200 2953 "-" "Mozilla/5.0 AppleWebKit/537.36 (KHTML, like Gecko; compatible; GPTBot/1.2; +https://openai.com/gptbot)" 184 **0/184608**
20.171.207.65 - - [14/Sep/2025:07:19:08 -0700] "GET /?path=//opt/alt/python39/lib64/python3.9/lib2to3/pgen2 HTTP/1.1" 200 2952 "-" "Mozilla/5.0 AppleWebKit/537.36 (KHTML, like Gecko; compatible; GPTBot/1.2; +https://openai.com/gptbot)" 133 **0/133942**
20.171.207.65 - - [14/Sep/2025:07:19:11 -0700] "GET /?path=//lib64/python3.12/xml HTTP/1.1" 200 2764 "-" "Mozilla/5.0 AppleWebKit/537.36 (KHTML, like Gecko; compatible; GPTBot/1.2; +https://openai.com/gptbot)" 133 **0/133549**
20.171.207.65 - - [14/Sep/2025:07:19:17 -0700] "GET /inputs.php?path=//lib64/perl5/vendor_perl/Storable HTTP/1.1" 200 2595 "-" "Mozilla/5.0 AppleWebKit/537.36 (KHTML, like Gecko; compatible; GPTBot/1.2; +https://openai.com/gptbot)" 175 **0/175837**
66.249.65.197 - - [14/Sep/2025:07:19:20 -0700] "GET /?t=97018551238 HTTP/1.1" 200 25142 "-" "Mozilla/5.0 (Linux; Android 6.0.1; Nexus 5X Build/MMB29P) AppleWebKit/537.36 (KHTML, like Gecko) Chrome/140.0.7339.127 Mobile Safari/537.36 (compatible; Googlebot/2.1; +http://www.google.com/bot.html)" 532 **0/532543**
20.171.207.65 - - [14/Sep/2025:07:19:21 -0700] "GET /xmlrpc.php?path=//lib64/perl5/vendor_perl/Compress HTTP/1.1" 200 2668 "-" "Mozilla/5.0 AppleWebKit/537.36 (KHTML, like Gecko; compatible; GPTBot/1.2; +https://openai.com/gptbot)" 46 **0/46747**
20.171.207.65 - - [14/Sep/2025:07:19:24 -0700] "GET /xmlrpc.php?path=//opt/cloudlinux/venv/lib64/python3.11/site-packages/numpy/_typing/__pycache__ HTTP/1.1" 200 3025 "-" "Mozilla/5.0 AppleWebKit/537.36 (KHTML, like Gecko; compatible; GPTBot/1.2; +https://openai.com/gptbot)" 44 **0/44796**
20.171.207.65 - - [14/Sep/2025:07:19:27 -0700] "GET /?path=//lib64/python3.12/xml/parsers HTTP/1.1" 200 2697 "-" "Mozilla/5.0 AppleWebKit/537.36 (KHTML, like Gecko; compatible; GPTBot/1.2; +https://openai.com/gptbot)" 124 **0/124053**
66.249.73.235 - - [14/Sep/2025:07:19:29 -0700] "GET /21657285?goodscode=0021628390 HTTP/1.1" 200 25652 "-" "Mozilla/5.0 (Linux; Android 6.0.1; Nexus 5X Build/MMB29P) AppleWebKit/537.36 (KHTML, like Gecko) Chrome/140.0.7339.127 Mobile Safari/537.36 (compatible; Googlebot/2.1; +http://www.google.com/bot.html)" 503 **0/503806**
20.171.207.65 - - [14/Sep/2025:07:19:33 -0700] "GET /?path=//lib64/python3.12/xml/__pycache__ HTTP/1.1" 200 2656 "-" "Mozilla/5.0 AppleWebKit/537.36 (KHTML, like Gecko; compatible; GPTBot/1.2; +https://openai.com/gptbot)" 133 **0/133660**
216.73.216.168 - - [14/Sep/2025:07:19:41 -0700] "GET /mastercard-in-online-gambling-enterprises-a-convenient-and-protected-repayment-approach?fileloc=%2Fhome%2Fvrposilw0xwl%2Fpublic_html%2Fwp-includes%2Fclass-wp-http-streams.php&path=%2Fhome%2Fvrposilw0xwl%2Fpublic_html%2Fwp-includes HTTP/1.1" 200 6807 "-" "Mozilla/5.0 AppleWebKit/537.36 (KHTML, like Gecko; compatible; ClaudeBot/1.0; +claudebot@anthropic.com)" 250 **0/250368**
20.171.207.65 - - [14/Sep/2025:07:19:43 -0700] "GET /?path=//lib64/python3.12/xml/sax HTTP/1.1" 200 2822 "-" "Mozilla/5.0 AppleWebKit/537.36 (KHTML, like Gecko; compatible; GPTBot/1.2; +https://openai.com/gptbot)" 125 **0/125027**
216.73.216.168 - - [14/Sep/2025:07:19:44 -0700] "GET /when-courage-meets-excitement-even-a-chicken-can/feed?fileloc=%2Fhome%2Fvrposilw0xwl%2Fpublic_html%2Fold%2Fwp-includes%2Ffunctions.php&path=%2Fhome%2Fvrposilw0xwl%2Fpublic_html%2Fold%2Fwp-includes HTTP/1.1" 200 71701 "-" "Mozilla/5.0 AppleWebKit/537.36 (KHTML, like Gecko; compatible; ClaudeBot/1.0; +claudebot@anthropic.com)" 315 **0/315163**
216.73.216.168 - - [14/Sep/2025:07:19:47 -0700] "GET /when-courage-meets-excitement-even-a-chicken-can/feed?fileloc=%2Fhome%2Fvrposilw0xwl%2Fpublic_html%2Fold%2Fwp-includes%2Fclass-wp-image-editor-imagick.php&path=%2Fhome%2Fvrposilw0xwl%2Fpublic_html%2Fold%2Fwp-includes HTTP/1.1" 200 11535 "-" "Mozilla/5.0 AppleWebKit/537.36 (KHTML, like Gecko; compatible; ClaudeBot/1.0; +claudebot@anthropic.com)" 224 **0/224677**
20.171.207.65 - - [14/Sep/2025:07:19:49 -0700] "GET /?path=//lib64/python3.12/xml/dom HTTP/1.1" 200 2892 "-" "Mozilla/5.0 AppleWebKit/537.36 (KHTML, like Gecko; compatible; GPTBot/1.2; +https://openai.com/gptbot)" 138 **0/138447**
216.73.216.168 - - [14/Sep/2025:07:19:50 -0700] "GET /1xslots-1hslots-registracija-akkaunta-294-2?fileloc=%2Fhome%2Fvrposilw0xwl%2Fpublic_html%2Fwp-includes%2Fjs%2Fcomment-reply.min.js&path=%2Fhome%2Fvrposilw0xwl%2Fpublic_html%2Fwp-includes%2Fjs HTTP/1.1" 200 3637 "-" "Mozilla/5.0 AppleWebKit/537.36 (KHTML, like Gecko; compatible; ClaudeBot/1.0; +claudebot@anthropic.com)" 279 **0/279008**
20.171.207.65 - - [14/Sep/2025:07:19:52 -0700] "GET /?path=//lib64/python3.12/xml/etree HTTP/1.1" 200 2794 "-" "Mozilla/5.0 AppleWebKit/537.36 (KHTML, like Gecko; compatible; GPTBot/1.2; +https://openai.com/gptbot)" 132 **0/132108**
216.73.216.168 - - [14/Sep/2025:07:19:53 -0700] "GET /when-courage-meets-excitement-even-a-chicken-can/feed?fileloc=%2Fhome%2Fvrposilw0xwl%2Fpublic_html%2Fold%2Fwp-includes%2Fblock-template-utils.php&path=%2Fhome%2Fvrposilw0xwl%2Fpublic_html%2Fold%2Fwp-includes HTTP/1.1" 200 14992 "-" "Mozilla/5.0 AppleWebKit/537.36 (KHTML, like Gecko; compatible; ClaudeBot/1.0; +claudebot@anthropic.com)" 233 **0/233239**
216.73.216.168 - - [14/Sep/2025:07:19:56 -0700] "GET /resmi-giris-adresi-guncel-mariobet-linki-2025?fileloc=%2Fhome%2Fvrposilw0xwl%2Fpublic_html%2Fwp-content%2Fplugins%2Frevslider%2Fincludes%2Fwoocommerce.class.php&path=%2Fhome%2Fvrposilw0xwl%2Fpublic_html%2Fwp-content%2Fplugins%2Frevslider%2Fincludes HTTP/1.1" 200 4357 "-" "Mozilla/5.0 AppleWebKit/537.36 (KHTML, like Gecko; compatible; ClaudeBot/1.0; +claudebot@anthropic.com)" 251 **0/251189**
20.171.207.65 - - [14/Sep/2025:07:19:58 -0700] "GET /xmlrpc.php?fileloc=//opt/cloudlinux/venv/lib64/python3.11/site-packages/numpy/_typing/__pycache__/_nbit.cpython-311.pyc&path=//opt/cloudlinux/venv/lib64/python3.11/site-packages/numpy/_typing/__pycache__ HTTP/1.1" 200 2358 "-" "Mozilla/5.0 AppleWebKit/537.36 (KHTML, like Gecko; compatible; GPTBot/1.2; +https://openai.com/gptbot)" 56 **0/56245**
216.73.216.168 - - [14/Sep/2025:07:19:59 -0700] "GET /resmi-giris-adresi-guncel-mariobet-linki-2025?fileloc=%2Fhome%2Fvrposilw0xwl%2Fpublic_html%2Fwp-content%2Fplugins%2Frevslider%2Fincludes%2Fwpml.class.php&path=%2Fhome%2Fvrposilw0xwl%2Fpublic_html%2Fwp-content%2Fplugins%2Frevslider%2Fincludes HTTP/1.1" 403 3820 "-" "Mozilla/5.0 AppleWebKit/537.36 (KHTML, like Gecko; compatible; ClaudeBot/1.0; +claudebot@anthropic.com)" 262 **0/262991**
20.171.207.65 - - [14/Sep/2025:07:20:02 -0700] "GET /?path=//lib64/python3.12/xml/sax/__pycache__ HTTP/1.1" 200 3009 "-" "Mozilla/5.0 AppleWebKit/537.36 (KHTML, like Gecko; compatible; GPTBot/1.2; +https://openai.com/gptbot)" 270 **0/270113**
216.73.216.168 - - [14/Sep/2025:07:20:02 -0700] "GET /resmi-giris-adresi-guncel-mariobet-linki-2025?fileloc=%2Fhome%2Fvrposilw0xwl%2Fpublic_html%2Fwp-content%2Fplugins%2Frevslider%2Fincludes%2Faq-resizer.class.php&path=%2Fhome%2Fvrposilw0xwl%2Fpublic_html%2Fwp-content%2Fplugins%2Frevslider%2Fincludes HTTP/1.1" 403 3820 "-" "Mozilla/5.0 AppleWebKit/537.36 (KHTML, like Gecko; compatible; ClaudeBot/1.0; +claudebot@anthropic.com)" 302 **0/302159**
20.171.207.65 - - [14/Sep/2025:07:20:05 -0700] "GET /?path=//lib64/python3.12/xml/dom/__pycache__ HTTP/1.1" 200 3147 "-" "Mozilla/5.0 AppleWebKit/537.36 (KHTML, like Gecko; compatible; GPTBot/1.2; +https://openai.com/gptbot)" 144 **0/144316**
216.73.216.168 - - [14/Sep/2025:07:20:06 -0700] "GET /1win-kazino-i-bk-3934-4/feed?fileloc=%2Fhome%2Fvrposilw0xwl%2Fpublic_html%2Fwp-includes%2Fclass-wp-http-response.php&path=%2Fhome%2Fvrposilw0xwl%2Fpublic_html%2Fwp-includes HTTP/1.1" 403 3820 "-" "Mozilla/5.0 AppleWebKit/537.36 (KHTML, like Gecko; compatible; ClaudeBot/1.0; +claudebot@anthropic.com)" 226 **0/226631**
216.73.216.168 - - [14/Sep/2025:07:20:12 -0700] "GET /1xslots-1hslots-registracija-akkaunta-294-2?fileloc=%2Fhome%2Fvrposilw0xwl%2Fpublic_html%2Fwp-includes%2Fjs%2Fwp-pointer.js&path=%2Fhome%2Fvrposilw0xwl%2Fpublic_html%2Fwp-includes%2Fjs HTTP/1.1" 403 3820 "-" "Mozilla/5.0 AppleWebKit/537.36 (KHTML, like Gecko; compatible; ClaudeBot/1.0; +claudebot@anthropic.com)" 245 **0/245637**
216.73.216.168 - - [14/Sep/2025:07:20:14 -0700] "GET /retirada-en-tenis-stake?fileloc=%2Fhome%2Fvrposilw0xwl%2Fpublic_html%2Fwp-includes%2Fcustomize%2Fclass-wp-customize-theme-control.php&path=%2Fhome%2Fvrposilw0xwl%2Fpublic_html%2Fwp-includes%2Fcustomize HTTP/1.1" 403 3820 "-" "Mozilla/5.0 AppleWebKit/537.36 (KHTML, like Gecko; compatible; ClaudeBot/1.0; +claudebot@anthropic.com)" 296 **0/296363**
20.171.207.65 - - [14/Sep/2025:07:20:20 -0700] "GET /?fileloc=//lib64/python3.12/xml/sax/__pycache__/_exceptions.cpython-312.opt-1.pyc&path=//lib64/python3.12/xml/sax/__pycache__ HTTP/1.1" 200 2312 "-" "Mozilla/5.0 AppleWebKit/537.36 (KHTML, like Gecko; compatible; GPTBot/1.2; +https://openai.com/gptbot)" 137 **0/137052**
107.151.163.162 - - [14/Sep/2025:07:19:59 -0700] "POST /xmlrpc.php HTTP/1.1" 200 72275 "-" "Mozilla/5.0 (Windows NT 10.0; Win64; x64) AppleWebKit/537.36 (KHTML, like Gecko) Chrome/114.0.0.0 Safari/537.36" 22381 **22/22381466**
20.171.207.65 - - [14/Sep/2025:07:20:23 -0700] "GET /?fileloc=//lib64/python3.12/xml/dom/__pycache__/xmlbuilder.cpython-312.pyc&path=//lib64/python3.12/xml/dom/__pycache__ HTTP/1.1" 200 2308 "-" "Mozilla/5.0 AppleWebKit/537.36 (KHTML, like Gecko; compatible; GPTBot/1.2; +https://openai.com/gptbot)" 187 **0/187509**
20.171.207.65 - - [14/Sep/2025:07:20:26 -0700] "GET /?fileloc=//lib64/python3.12/xml/dom/__pycache__/minicompat.cpython-312.pyc&path=//lib64/python3.12/xml/dom/__pycache__ HTTP/1.1" 200 2310 "-" "Mozilla/5.0 AppleWebKit/537.36 (KHTML, like Gecko; compatible; GPTBot/1.2; +https://openai.com/gptbot)" 129 **0/129153**
20.171.207.65 - - [14/Sep/2025:07:20:30 -0700] "GET /?fileloc=//lib64/python3.12/xml/dom/__pycache__/minidom.cpython-312.opt-2.pyc&path=//lib64/python3.12/xml/dom/__pycache__ HTTP/1.1" 200 2312 "-" "Mozilla/5.0 AppleWebKit/537.36 (KHTML, like Gecko; compatible; GPTBot/1.2; +https://openai.com/gptbot)" 136 **0/136487**
107.151.163.162 - - [14/Sep/2025:07:20:34 -0700] "POST /xmlrpc.php HTTP/1.1" 200 72275 "-" "Mozilla/5.0 (Windows NT 10.0; Win64; x64) AppleWebKit/537.36 (KHTML, like Gecko) Chrome/114.0.0.0 Safari/537.36" 417 **0/417328**
20.171.207.65 - - [14/Sep/2025:07:20:36 -0700] "GET /?fileloc=//lib64/python3.12/xml/dom/__pycache__/minicompat.cpython-312.opt-2.pyc&path=//lib64/python3.12/xml/dom/__pycache__ HTTP/1.1" 200 2314 "-" "Mozilla/5.0 AppleWebKit/537.36 (KHTML, like Gecko; compatible; GPTBot/1.2; +https://openai.com/gptbot)" 121 **0/121182**
20.171.207.65 - - [14/Sep/2025:07:20:39 -0700] "GET /?fileloc=//lib64/python3.12/xml/sax/__pycache__/_exceptions.cpython-312.opt-2.pyc&path=//lib64/python3.12/xml/sax/__pycache__ HTTP/1.1" 200 2312 "-" "Mozilla/5.0 AppleWebKit/537.36 (KHTML, like Gecko; compatible; GPTBot/1.2; +https://openai.com/gptbot)" 152 **0/152233**
43.165.67.57 - - [14/Sep/2025:07:20:44 -0700] "GET /?path=/home/vrposilw0xwl/public_html/wp-includes/Text/Diff HTTP/1.1" 200 3009 "-" "Mozilla/5.0 (iPhone; CPU iPhone OS 13_2_3 like Mac OS X) AppleWebKit/605.1.15 (KHTML, like Gecko) Version/13.0.3 Mobile/15E148 Safari/604.1" 259 **0/259775**
20.171.207.65 - - [14/Sep/2025:07:20:45 -0700] "GET /?fileloc=//lib64/python3.12/xml/dom/__pycache__/pulldom.cpython-312.opt-2.pyc&path=//lib64/python3.12/xml/dom/__pycache__ HTTP/1.1" 200 2312 "-" "Mozilla/5.0 AppleWebKit/537.36 (KHTML, like Gecko; compatible; GPTBot/1.2; +https://openai.com/gptbot)" 133 **0/133654**
20.171.207.65 - - [14/Sep/2025:07:20:51 -0700] "GET /?fileloc=//lib64/python3.12/xml/dom/__pycache__/minicompat.cpython-312.opt-1.pyc&path=//lib64/python3.12/xml/dom/__pycache__ HTTP/1.1" 200 2314 "-" "Mozilla/5.0 AppleWebKit/537.36 (KHTML, like Gecko; compatible; GPTBot/1.2; +https://openai.com/gptbot)" 130 **0/130508**
20.171.207.65 - - [14/Sep/2025:07:20:58 -0700] "GET /?fileloc=//lib64/python3.12/xml/sax/__pycache__/_exceptions.cpython-312.pyc&path=//lib64/python3.12/xml/sax/__pycache__ HTTP/1.1" 200 2309 "-" "Mozilla/5.0 AppleWebKit/537.36 (KHTML, like Gecko; compatible; GPTBot/1.2; +https://openai.com/gptbot)" 151 **0/151507**
20.171.207.65 - - [14/Sep/2025:07:21:04 -0700] "GET /?fileloc=//lib64/python3.12/xml/dom/__pycache__/minidom.cpython-312.opt-1.pyc&path=//lib64/python3.12/xml/dom/__pycache__ HTTP/1.1" 200 2312 "-" "Mozilla/5.0 AppleWebKit/537.36 (KHTML, like Gecko; compatible; GPTBot/1.2; +https://openai.com/gptbot)" 152 **0/152899**
20.171.207.65 - - [14/Sep/2025:07:21:17 -0700] "GET /?fileloc=//lib64/python3.12/xml/dom/__pycache__/pulldom.cpython-312.opt-1.pyc&path=//lib64/python3.12/xml/dom/__pycache__ HTTP/1.1" 200 2312 "-" "Mozilla/5.0 AppleWebKit/537.36 (KHTML, like Gecko; compatible; GPTBot/1.2; +https://openai.com/gptbot)" 141 **0/141290**
20.171.207.65 - - [14/Sep/2025:07:21:20 -0700] "GET /?fileloc=//lib64/python3.12/xml/dom/__pycache__/pulldom.cpython-312.pyc&path=//lib64/python3.12/xml/dom/__pycache__ HTTP/1.1" 200 2309 "-" "Mozilla/5.0 AppleWebKit/537.36 (KHTML, like Gecko; compatible; GPTBot/1.2; +https://openai.com/gptbot)" 183 **0/183743**
20.171.207.65 - - [14/Sep/2025:07:21:23 -0700] "GET /?fileloc=//lib64/python3.12/xml/sax/__pycache__/saxutils.cpython-312.pyc&path=//lib64/python3.12/xml/sax/__pycache__ HTTP/1.1" 200 2308 "-" "Mozilla/5.0 AppleWebKit/537.36 (KHTML, like Gecko; compatible; GPTBot/1.2; +https://openai.com/gptbot)" 138 **0/138397**
66.249.73.234 - - [14/Sep/2025:07:21:30 -0700] "GET /21646372?goodscode=0021617490 HTTP/1.1" 200 24967 "-" "Mozilla/5.0 (Linux; Android 6.0.1; Nexus 5X Build/MMB29P) AppleWebKit/537.36 (KHTML, like Gecko) Chrome/140.0.7339.127 Mobile Safari/537.36 (compatible; Googlebot/2.1; +http://www.google.com/bot.html)" 558 **0/558993**
20.171.207.65 - - [14/Sep/2025:07:21:33 -0700] "GET /?fileloc=//lib64/python3.12/xml/dom/__pycache__/minidom.cpython-312.pyc&path=//lib64/python3.12/xml/dom/__pycache__ HTTP/1.1" 200 2309 "-" "Mozilla/5.0 AppleWebKit/537.36 (KHTML, like Gecko; compatible; GPTBot/1.2; +https://openai.com/gptbot)" 131 **0/131208**
20.171.207.65 - - [14/Sep/2025:07:21:35 -0700] "GET /?fileloc=//lib64/python3.12/xml/sax/__pycache__/xmlreader.cpython-312.opt-1.pyc&path=//lib64/python3.12/xml/sax/__pycache__ HTTP/1.1" 200 2311 "-" "Mozilla/5.0 AppleWebKit/537.36 (KHTML, like Gecko; compatible; GPTBot/1.2; +https://openai.com/gptbot)" 154 **0/154696**
20.171.207.65 - - [14/Sep/2025:07:21:39 -0700] "GET /?fileloc=//lib64/python3.12/xml/dom/__pycache__/expatbuilder.cpython-312.opt-2.pyc&path=//lib64/python3.12/xml/dom/__pycache__ HTTP/1.1" 200 2316 "-" "Mozilla/5.0 AppleWebKit/537.36 (KHTML, like Gecko; compatible; GPTBot/1.2; +https://openai.com/gptbot)" 150 **0/150209**
57.141.2.7 - - [14/Sep/2025:07:21:39 -0700] "GET /contact/ HTTP/1.1" 200 72275 "-" "meta-externalagent/1.1 (+https://developers.facebook.com/docs/sharing/webmasters/crawler)" 145 **0/145484**
20.171.207.65 - - [14/Sep/2025:07:21:46 -0700] "GET /?fileloc=//lib64/python3.12/xml/dom/__pycache__/xmlbuilder.cpython-312.opt-1.pyc&path=//lib64/python3.12/xml/dom/__pycache__ HTTP/1.1" 200 2311 "-" "Mozilla/5.0 AppleWebKit/537.36 (KHTML, like Gecko; compatible; GPTBot/1.2; +https://openai.com/gptbot)" 118 **0/118792**
20.171.207.65 - - [14/Sep/2025:07:21:49 -0700] "GET /?fileloc=//lib64/python3.12/xml/sax/__pycache__/expatreader.cpython-312.opt-1.pyc&path=//lib64/python3.12/xml/sax/__pycache__ HTTP/1.1" 200 2315 "-" "Mozilla/5.0 AppleWebKit/537.36 (KHTML, like Gecko; compatible; GPTBot/1.2; +https://openai.com/gptbot)" 137 **0/137071**
20.171.207.65 - - [14/Sep/2025:07:22:02 -0700] "GET /?fileloc=//lib64/python3.12/xml/sax/__pycache__/expatreader.cpython-312.opt-2.pyc&path=//lib64/python3.12/xml/sax/__pycache__ HTTP/1.1" 200 2315 "-" "Mozilla/5.0 AppleWebKit/537.36 (KHTML, like Gecko; compatible; GPTBot/1.2; +https://openai.com/gptbot)" 188 **0/188943**
20.171.207.65 - - [14/Sep/2025:07:22:14 -0700] "GET /?fileloc=//lib64/python3.12/xml/dom/__pycache__/domreg.cpython-312.opt-2.pyc&path=//lib64/python3.12/xml/dom/__pycache__ HTTP/1.1" 200 2310 "-" "Mozilla/5.0 AppleWebKit/537.36 (KHTML, like Gecko; compatible; GPTBot/1.2; +https://openai.com/gptbot)" 150 **0/150143**
20.171.207.65 - - [14/Sep/2025:07:22:21 -0700] "GET /?fileloc=//lib64/python3.12/xml/sax/__pycache__/handler.cpython-312.opt-2.pyc&path=//lib64/python3.12/xml/sax/__pycache__ HTTP/1.1" 200 2310 "-" "Mozilla/5.0 AppleWebKit/537.36 (KHTML, like Gecko; compatible; GPTBot/1.2; +https://openai.com/gptbot)" 166 **0/166701**
20.171.207.65 - - [14/Sep/2025:07:22:27 -0700] "GET /?fileloc=//lib64/python3.12/xml/dom/__pycache__/xmlbuilder.cpython-312.opt-2.pyc&path=//lib64/python3.12/xml/dom/__pycache__ HTTP/1.1" 200 2311 "-" "Mozilla/5.0 AppleWebKit/537.36 (KHTML, like Gecko; compatible; GPTBot/1.2; +https://openai.com/gptbot)" 236 **0/236989**
20.171.207.65 - - [14/Sep/2025:07:22:30 -0700] "GET /?fileloc=//lib64/python3.12/xml/sax/__pycache__/xmlreader.cpython-312.opt-2.pyc&path=//lib64/python3.12/xml/sax/__pycache__ HTTP/1.1" 200 2311 "-" "Mozilla/5.0 AppleWebKit/537.36 (KHTML, like Gecko; compatible; GPTBot/1.2; +https://openai.com/gptbot)" 189 **0/189232**
66.249.73.233 - - [14/Sep/2025:07:22:31 -0700] "GET /21641980?goodscode=0021613106 HTTP/1.1" 200 25094 "-" "Mozilla/5.0 (Linux; Android 6.0.1; Nexus 5X Build/MMB29P) AppleWebKit/537.36 (KHTML, like Gecko) Chrome/140.0.7339.127 Mobile Safari/537.36 (compatible; Googlebot/2.1; +http://www.google.com/bot.html)" 535 **0/535118**
20.171.207.65 - - [14/Sep/2025:07:22:33 -0700] "GET /?fileloc=//lib64/python3.12/xml/sax/__pycache__/handler.cpython-312.opt-1.pyc&path=//lib64/python3.12/xml/sax/__pycache__ HTTP/1.1" 200 2310 "-" "Mozilla/5.0 AppleWebKit/537.36 (KHTML, like Gecko; compatible; GPTBot/1.2; +https://openai.com/gptbot)" 152 **0/152633**
20.171.207.65 - - [14/Sep/2025:07:22:55 -0700] "GET /?fileloc=//lib64/python3.12/xml/sax/__pycache__/expatreader.cpython-312.pyc&path=//lib64/python3.12/xml/sax/__pycache__ HTTP/1.1" 200 2312 "-" "Mozilla/5.0 AppleWebKit/537.36 (KHTML, like Gecko; compatible; GPTBot/1.2; +https://openai.com/gptbot)" 183 **0/183679**
20.171.207.65 - - [14/Sep/2025:07:22:58 -0700] "GET /?fileloc=//lib64/python3.12/xml/sax/__pycache__/saxutils.cpython-312.opt-1.pyc&path=//lib64/python3.12/xml/sax/__pycache__ HTTP/1.1" 200 2311 "-" "Mozilla/5.0 AppleWebKit/537.36 (KHTML, like Gecko; compatible; GPTBot/1.2; +https://openai.com/gptbot)" 133 **0/133111**
20.171.207.65 - - [14/Sep/2025:07:23:01 -0700] "GET /?fileloc=//lib64/python3.12/xml/dom/__pycache__/domreg.cpython-312.opt-1.pyc&path=//lib64/python3.12/xml/dom/__pycache__ HTTP/1.1" 200 2310 "-" "Mozilla/5.0 AppleWebKit/537.36 (KHTML, like Gecko; compatible; GPTBot/1.2; +https://openai.com/gptbot)" 151 **0/151908**
20.171.207.65 - - [14/Sep/2025:07:23:07 -0700] "GET /?fileloc=//lib64/python3.12/xml/dom/__pycache__/expatbuilder.cpython-312.pyc&path=//lib64/python3.12/xml/dom/__pycache__ HTTP/1.1" 200 2313 "-" "Mozilla/5.0 AppleWebKit/537.36 (KHTML, like Gecko; compatible; GPTBot/1.2; +https://openai.com/gptbot)" 158 **0/158204**
20.171.207.65 - - [14/Sep/2025:07:23:17 -0700] "GET /?fileloc=//lib64/python3.12/xml/sax/__pycache__/xmlreader.cpython-312.pyc&path=//lib64/python3.12/xml/sax/__pycache__ HTTP/1.1" 200 2308 "-" "Mozilla/5.0 AppleWebKit/537.36 (KHTML, like Gecko; compatible; GPTBot/1.2; +https://openai.com/gptbot)" 159 **0/159258**
20.171.207.65 - - [14/Sep/2025:07:23:20 -0700] "GET /?fileloc=//lib64/python3.12/xml/dom/__pycache__/expatbuilder.cpython-312.opt-1.pyc&path=//lib64/python3.12/xml/dom/__pycache__ HTTP/1.1" 200 2316 "-" "Mozilla/5.0 AppleWebKit/537.36 (KHTML, like Gecko; compatible; GPTBot/1.2; +https://openai.com/gptbot)" 134 **0/134950**
20.171.207.65 - - [14/Sep/2025:07:23:23 -0700] "GET /?fileloc=//lib64/python3.12/xml/sax/__pycache__/saxutils.cpython-312.opt-2.pyc&path=//lib64/python3.12/xml/sax/__pycache__ HTTP/1.1" 200 2311 "-" "Mozilla/5.0 AppleWebKit/537.36 (KHTML, like Gecko; compatible; GPTBot/1.2; +https://openai.com/gptbot)" 151 **0/151420**
20.171.207.65 - - [14/Sep/2025:07:23:29 -0700] "GET /?fileloc=//lib64/python3.12/xml/sax/__pycache__/handler.cpython-312.pyc&path=//lib64/python3.12/xml/sax/__pycache__ HTTP/1.1" 200 2308 "-" "Mozilla/5.0 AppleWebKit/537.36 (KHTML, like Gecko; compatible; GPTBot/1.2; +https://openai.com/gptbot)" 145 **0/145088**
66.249.73.235 - - [14/Sep/2025:07:23:31 -0700] "GET /21653846?goodscode=0021624954 HTTP/1.1" 200 24705 "-" "Mozilla/5.0 (Linux; Android 6.0.1; Nexus 5X Build/MMB29P) AppleWebKit/537.36 (KHTML, like Gecko) Chrome/140.0.7339.127 Mobile Safari/537.36 (compatible; Googlebot/2.1; +http://www.google.com/bot.html)" 518 **0/518532**
20.171.207.65 - - [14/Sep/2025:07:23:35 -0700] "GET /?fileloc=//lib64/python3.12/xml/dom/__pycache__/domreg.cpython-312.pyc&path=//lib64/python3.12/xml/dom/__pycache__ HTTP/1.1" 200 2307 "-" "Mozilla/5.0 AppleWebKit/537.36 (KHTML, like Gecko; compatible; GPTBot/1.2; +https://openai.com/gptbot)" 137 **0/137628**
20.171.207.65 - - [14/Sep/2025:07:23:41 -0700] "GET /?fileloc=//lib64/python3.12/xml/etree/__init__.py&path=//lib64/python3.12/xml/etree HTTP/1.1" 200 3082 "-" "Mozilla/5.0 AppleWebKit/537.36 (KHTML, like Gecko; compatible; GPTBot/1.2; +https://openai.com/gptbot)" 141 **0/141150**
20.171.207.65 - - [14/Sep/2025:07:23:45 -0700] "GET /?fileloc=//lib64/python3.12/xml/dom/__pycache__/NodeFilter.cpython-312.opt-1.pyc&path=//lib64/python3.12/xml/dom/__pycache__ HTTP/1.1" 200 2314 "-" "Mozilla/5.0 AppleWebKit/537.36 (KHTML, like Gecko; compatible; GPTBot/1.2; +https://openai.com/gptbot)" 131 **0/131208**
20.171.207.65 - - [14/Sep/2025:07:23:48 -0700] "GET /?fileloc=//lib64/python3.12/xml/dom/__pycache__/NodeFilter.cpython-312.opt-2.pyc&path=//lib64/python3.12/xml/dom/__pycache__ HTTP/1.1" 200 2314 "-" "Mozilla/5.0 AppleWebKit/537.36 (KHTML, like Gecko; compatible; GPTBot/1.2; +https://openai.com/gptbot)" 146 **0/146984**
20.171.207.65 - - [14/Sep/2025:07:23:57 -0700] "GET /?fileloc=//lib64/python3.12/xml/dom/__pycache__/NodeFilter.cpython-312.pyc&path=//lib64/python3.12/xml/dom/__pycache__ HTTP/1.1" 200 2309 "-" "Mozilla/5.0 AppleWebKit/537.36 (KHTML, like Gecko; compatible; GPTBot/1.2; +https://openai.com/gptbot)" 132 **0/132483**
20.171.207.65 - - [14/Sep/2025:07:24:04 -0700] "GET /?fileloc=//lib64/python3.12/xml/sax/__pycache__/__init__.cpython-312.opt-2.pyc&path=//lib64/python3.12/xml/sax/__pycache__ HTTP/1.1" 200 2314 "-" "Mozilla/5.0 AppleWebKit/537.36 (KHTML, like Gecko; compatible; GPTBot/1.2; +https://openai.com/gptbot)" 141 **0/141924**
20.171.207.65 - - [14/Sep/2025:07:24:16 -0700] "GET /?fileloc=//lib64/python3.12/xml/dom/__pycache__/__init__.cpython-312.opt-1.pyc&path=//lib64/python3.12/xml/dom/__pycache__ HTTP/1.1" 200 2315 "-" "Mozilla/5.0 AppleWebKit/537.36 (KHTML, like Gecko; compatible; GPTBot/1.2; +https://openai.com/gptbot)" 153 **0/153991**
20.171.207.65 - - [14/Sep/2025:07:24:22 -0700] "GET /?fileloc=//lib64/python3.12/xml/dom/__pycache__/__init__.cpython-312.opt-2.pyc&path=//lib64/python3.12/xml/dom/__pycache__ HTTP/1.1" 200 2315 "-" "Mozilla/5.0 AppleWebKit/537.36 (KHTML, like Gecko; compatible; GPTBot/1.2; +https://openai.com/gptbot)" 134 **0/134321**
20.171.207.65 - - [14/Sep/2025:07:24:32 -0700] "GET /?fileloc=//lib64/python3.12/xml/__init__.py&path=//lib64/python3.12/xml HTTP/1.1" 200 2585 "-" "Mozilla/5.0 AppleWebKit/537.36 (KHTML, like Gecko; compatible; GPTBot/1.2; +https://openai.com/gptbot)" 129 **0/129282**
20.171.207.65 - - [14/Sep/2025:07:24:39 -0700] "GET /?path=//lib64/python3.12/xml/etree/__pycache__ HTTP/1.1" 200 2921 "-" "Mozilla/5.0 AppleWebKit/537.36 (KHTML, like Gecko; compatible; GPTBot/1.2; +https://openai.com/gptbot)" 134 **0/134740**
66.249.65.201 - - [14/Sep/2025:07:24:39 -0700] "GET /goods/4048008.html HTTP/1.1" 200 25722 "-" "Mozilla/5.0 (Linux; Android 6.0.1; Nexus 5X Build/MMB29P) AppleWebKit/537.36 (KHTML, like Gecko) Chrome/140.0.7339.127 Mobile Safari/537.36 (compatible; Googlebot/2.1; +http://www.google.com/bot.html)" 558 **0/558237**
66.249.65.195 - - [14/Sep/2025:07:24:39 -0700] "GET /goods/6004453.html HTTP/1.1" 200 25996 "-" "Mozilla/5.0 (Linux; Android 6.0.1; Nexus 5X Build/MMB29P) AppleWebKit/537.36 (KHTML, like Gecko) Chrome/140.0.7339.127 Mobile Safari/537.36 (compatible; Googlebot/2.1; +http://www.google.com/bot.html)" 543 **0/543895**
66.249.65.195 - - [14/Sep/2025:07:24:40 -0700] "GET /goods/5574886.html HTTP/1.1" 200 24739 "-" "Mozilla/5.0 (Linux; Android 6.0.1; Nexus 5X Build/MMB29P) AppleWebKit/537.36 (KHTML, like Gecko) Chrome/140.0.7339.127 Mobile Safari/537.36 (compatible; Googlebot/2.1; +http://www.google.com/bot.html)" 545 **0/545909**
66.249.65.192 - - [14/Sep/2025:07:24:40 -0700] "GET /goods/12922197.html HTTP/1.1" 200 25545 "-" "Mozilla/5.0 (Linux; Android 6.0.1; Nexus 5X Build/MMB29P) AppleWebKit/537.36 (KHTML, like Gecko) Chrome/140.0.7339.127 Mobile Safari/537.36 (compatible; Googlebot/2.1; +http://www.google.com/bot.html)" 548 **0/548152**
20.171.207.65 - - [14/Sep/2025:07:24:42 -0700] "GET /?fileloc=//lib64/python3.12/xml/sax/__pycache__/__init__.cpython-312.opt-1.pyc&path=//lib64/python3.12/xml/sax/__pycache__ HTTP/1.1" 200 2314 "-" "Mozilla/5.0 AppleWebKit/537.36 (KHTML, like Gecko; compatible; GPTBot/1.2; +https://openai.com/gptbot)" 128 **0/128860**
20.171.207.65 - - [14/Sep/2025:07:24:45 -0700] "GET /?fileloc=//lib64/python3.12/xml/__pycache__/__init__.cpython-312.pyc&path=//lib64/python3.12/xml/__pycache__ HTTP/1.1" 200 2302 "-" "Mozilla/5.0 AppleWebKit/537.36 (KHTML, like Gecko; compatible; GPTBot/1.2; +https://openai.com/gptbot)" 128 **0/128517**
216.73.216.168 - - [14/Sep/2025:07:24:46 -0700] "GET /when-courage-meets-excitement-even-a-chicken-can/feed?fileloc=%2Fhome%2Fvrposilw0xwl%2Fpublic_html%2Fold%2Fwp-includes%2Fpost-formats.php&path=%2Fhome%2Fvrposilw0xwl%2Fpublic_html%2Fold%2Fwp-includes HTTP/1.1" 403 3820 "-" "Mozilla/5.0 AppleWebKit/537.36 (KHTML, like Gecko; compatible; ClaudeBot/1.0; +claudebot@anthropic.com)" 247 **0/247203**
216.73.216.168 - - [14/Sep/2025:07:24:49 -0700] "GET /1xslots-1hslots-registracija-akkaunta-294-2?fileloc=%2Fhome%2Fvrposilw0xwl%2Fpublic_html%2Fwp-includes%2Fjs%2Fcustomize-loader.js&path=%2Fhome%2Fvrposilw0xwl%2Fpublic_html%2Fwp-includes%2Fjs HTTP/1.1" 403 3820 "-" "Mozilla/5.0 AppleWebKit/537.36 (KHTML, like Gecko; compatible; ClaudeBot/1.0; +claudebot@anthropic.com)" 211 **0/211554**
216.73.216.168 - - [14/Sep/2025:07:24:52 -0700] "GET /1win-kazino-i-bk-3934-4/feed?fileloc=%2Fhome%2Fvrposilw0xwl%2Fpublic_html%2Fwp-includes%2Fclass-json.php&path=%2Fhome%2Fvrposilw0xwl%2Fpublic_html%2Fwp-includes HTTP/1.1" 403 3820 "-" "Mozilla/5.0 AppleWebKit/537.36 (KHTML, like Gecko; compatible; ClaudeBot/1.0; +claudebot@anthropic.com)" 239 **0/239812**
216.73.216.168 - - [14/Sep/2025:07:24:55 -0700] "GET /mastercard-in-online-gambling-enterprises-a-convenient-and-protected-repayment-approach?fileloc=%2Fhome%2Fvrposilw0xwl%2Fpublic_html%2Fwp-includes%2Fblock-editor.php&path=%2Fhome%2Fvrposilw0xwl%2Fpublic_html%2Fwp-includes HTTP/1.1" 403 3820 "-" "Mozilla/5.0 AppleWebKit/537.36 (KHTML, like Gecko; compatible; ClaudeBot/1.0; +claudebot@anthropic.com)" 273 **0/273064**
20.171.207.65 - - [14/Sep/2025:07:24:57 -0700] "GET /?fileloc=//lib64/python3.12/xml/etree/__pycache__/ElementPath.cpython-312.opt-1.pyc&path=//lib64/python3.12/xml/etree/__pycache__ HTTP/1.1" 200 2314 "-" "Mozilla/5.0 AppleWebKit/537.36 (KHTML, like Gecko; compatible; GPTBot/1.2; +https://openai.com/gptbot)" 135 **0/135592**
216.73.216.168 - - [14/Sep/2025:07:24:59 -0700] "GET /when-courage-meets-excitement-even-a-chicken-can/feed?fileloc=%2Fhome%2Fvrposilw0xwl%2Fpublic_html%2Fold%2Fwp-includes%2Frss.php&path=%2Fhome%2Fvrposilw0xwl%2Fpublic_html%2Fold%2Fwp-includes HTTP/1.1" 403 3820 "-" "Mozilla/5.0 AppleWebKit/537.36 (KHTML, like Gecko; compatible; ClaudeBot/1.0; +claudebot@anthropic.com)" 214 **0/214497**
216.73.216.168 - - [14/Sep/2025:07:25:02 -0700] "GET /uncategorized/confirmar-apuestas-888?fileloc=%2Fhome%2Fvrposilw0xwl%2Fpublic_html%2Fold%2Fsecurity.php&path=%2Fhome%2Fvrposilw0xwl%2Fpublic_html%2Fold HTTP/1.1" 403 3820 "-" "Mozilla/5.0 AppleWebKit/537.36 (KHTML, like Gecko; compatible; ClaudeBot/1.0; +claudebot@anthropic.com)" 237 **0/237109**
216.73.216.168 - - [14/Sep/2025:07:25:05 -0700] "GET /when-courage-meets-excitement-even-a-chicken-can/feed?fileloc=%2Fhome%2Fvrposilw0xwl%2Fpublic_html%2Fold%2Fwp-includes%2Ffeed-rss.php&path=%2Fhome%2Fvrposilw0xwl%2Fpublic_html%2Fold%2Fwp-includes HTTP/1.1" 403 3820 "-" "Mozilla/5.0 AppleWebKit/537.36 (KHTML, like Gecko; compatible; ClaudeBot/1.0; +claudebot@anthropic.com)" 238 **0/238693**
20.171.207.65 - - [14/Sep/2025:07:25:06 -0700] "GET /?fileloc=//lib64/python3.12/xml/etree/__pycache__/ElementTree.cpython-312.opt-2.pyc&path=//lib64/python3.12/xml/etree/__pycache__ HTTP/1.1" 200 2315 "-" "Mozilla/5.0 AppleWebKit/537.36 (KHTML, like Gecko; compatible; GPTBot/1.2; +https://openai.com/gptbot)" 161 **0/161600**
216.73.216.168 - - [14/Sep/2025:07:25:08 -0700] "GET /when-courage-meets-excitement-even-a-chicken-can/feed?fileloc=%2Fhome%2Fvrposilw0xwl%2Fpublic_html%2Fold%2Fwp-includes%2Fclass-wp-query.php&path=%2Fhome%2Fvrposilw0xwl%2Fpublic_html%2Fold%2Fwp-includes HTTP/1.1" 403 3820 "-" "Mozilla/5.0 AppleWebKit/537.36 (KHTML, like Gecko; compatible; ClaudeBot/1.0; +claudebot@anthropic.com)" 234 **0/234067**
20.171.207.65 - - [14/Sep/2025:07:25:10 -0700] "GET /?fileloc=//lib64/python3.12/xml/etree/__pycache__/cElementTree.cpython-312.pyc&path=//lib64/python3.12/xml/etree/__pycache__ HTTP/1.1" 200 2313 "-" "Mozilla/5.0 AppleWebKit/537.36 (KHTML, like Gecko; compatible; GPTBot/1.2; +https://openai.com/gptbot)" 162 **0/162533**
20.171.207.65 - - [14/Sep/2025:07:25:13 -0700] "GET /?fileloc=//lib64/python3.12/xml/etree/__pycache__/ElementTree.cpython-312.opt-1.pyc&path=//lib64/python3.12/xml/etree/__pycache__ HTTP/1.1" 200 2315 "-" "Mozilla/5.0 AppleWebKit/537.36 (KHTML, like Gecko; compatible; GPTBot/1.2; +https://openai.com/gptbot)" 130 **0/130953**
216.73.216.168 - - [14/Sep/2025:07:25:14 -0700] "GET /mastercard-in-online-gambling-enterprises-a-convenient-and-protected-repayment-approach?fileloc=%2Fhome%2Fvrposilw0xwl%2Fpublic_html%2Fwp-includes%2Ffunctions.wp-styles.php&path=%2Fhome%2Fvrposilw0xwl%2Fpublic_html%2Fwp-includes HTTP/1.1" 200 4463 "-" "Mozilla/5.0 AppleWebKit/537.36 (KHTML, like Gecko; compatible; ClaudeBot/1.0; +claudebot@anthropic.com)" 254 **0/254108**
216.73.216.168 - - [14/Sep/2025:07:25:16 -0700] "GET /when-courage-meets-excitement-even-a-chicken-can/feed?fileloc=%2Fhome%2Fvrposilw0xwl%2Fpublic_html%2Fold%2Fwp-includes%2Fplugin.php&path=%2Fhome%2Fvrposilw0xwl%2Fpublic_html%2Fold%2Fwp-includes HTTP/1.1" 200 9205 "-" "Mozilla/5.0 AppleWebKit/537.36 (KHTML, like Gecko; compatible; ClaudeBot/1.0; +claudebot@anthropic.com)" 314 **0/314780**
216.73.216.168 - - [14/Sep/2025:07:25:19 -0700] "GET /1xslots-1hslots-registracija-akkaunta-294-2?fileloc=%2Fhome%2Fvrposilw0xwl%2Fpublic_html%2Fwp-includes%2Fjs%2Fhoverintent-js.min.js&path=%2Fhome%2Fvrposilw0xwl%2Fpublic_html%2Fwp-includes%2Fjs HTTP/1.1" 200 2977 "-" "Mozilla/5.0 AppleWebKit/537.36 (KHTML, like Gecko; compatible; ClaudeBot/1.0; +claudebot@anthropic.com)" 238 **0/238513**
20.171.207.65 - - [14/Sep/2025:07:25:19 -0700] "GET /?fileloc=//lib64/python3.12/xml/etree/__pycache__/ElementPath.cpython-312.opt-2.pyc&path=//lib64/python3.12/xml/etree/__pycache__ HTTP/1.1" 200 2314 "-" "Mozilla/5.0 AppleWebKit/537.36 (KHTML, like Gecko; compatible; GPTBot/1.2; +https://openai.com/gptbot)" 131 **0/131456**
216.73.216.168 - - [14/Sep/2025:07:25:22 -0700] "GET /penny-slot-machines-a-comprehensive-overview-to-playing-and-winning?fileloc=%2Fhome%2Fvrposilw0xwl%2Fpublic_html%2Fwp-admin%2Fnetwork%2Ftheme-editor.php&path=%2Fhome%2Fvrposilw0xwl%2Fpublic_html%2Fwp-admin%2Fnetwork HTTP/1.1" 200 2424 "-" "Mozilla/5.0 AppleWebKit/537.36 (KHTML, like Gecko; compatible; ClaudeBot/1.0; +claudebot@anthropic.com)" 260 **0/260145**
20.171.207.65 - - [14/Sep/2025:07:25:22 -0700] "GET /?fileloc=//lib64/python3.12/xml/etree/__pycache__/ElementTree.cpython-312.pyc&path=//lib64/python3.12/xml/etree/__pycache__ HTTP/1.1" 200 2312 "-" "Mozilla/5.0 AppleWebKit/537.36 (KHTML, like Gecko; compatible; GPTBot/1.2; +https://openai.com/gptbot)" 145 **0/145975**
216.73.216.168 - - [14/Sep/2025:07:25:25 -0700] "GET /casino-en-ligne-golden-panda-application-mobile-121/feed?fileloc=%2Fhome%2Fvrposilw0xwl%2Fpublic_html%2Fwp-admin%2Fjs%2Fcustomize-nav-menus.js&path=%2Fhome%2Fvrposilw0xwl%2Fpublic_html%2Fwp-admin%2Fjs HTTP/1.1" 200 26107 "-" "Mozilla/5.0 AppleWebKit/537.36 (KHTML, like Gecko; compatible; ClaudeBot/1.0; +claudebot@anthropic.com)" 249 **0/249281**
20.171.207.65 - - [14/Sep/2025:07:25:26 -0700] "GET /?fileloc=//lib64/python3.12/xml/etree/__pycache__/ElementPath.cpython-312.pyc&path=//lib64/python3.12/xml/etree/__pycache__ HTTP/1.1" 200 2311 "-" "Mozilla/5.0 AppleWebKit/537.36 (KHTML, like Gecko; compatible; GPTBot/1.2; +https://openai.com/gptbot)" 135 **0/135576**
216.73.216.168 - - [14/Sep/2025:07:25:28 -0700] "GET /when-courage-meets-excitement-even-a-chicken-can/feed?fileloc=%2Fhome%2Fvrposilw0xwl%2Fpublic_html%2Fold%2Fwp-includes%2Fwidgets.php&path=%2Fhome%2Fvrposilw0xwl%2Fpublic_html%2Fold%2Fwp-includes HTTP/1.1" 200 17511 "-" "Mozilla/5.0 AppleWebKit/537.36 (KHTML, like Gecko; compatible; ClaudeBot/1.0; +claudebot@anthropic.com)" 284 **0/284409**
216.73.216.168 - - [14/Sep/2025:07:25:31 -0700] "GET /mastercard-in-online-gambling-enterprises-a-convenient-and-protected-repayment-approach?fileloc=%2Fhome%2Fvrposilw0xwl%2Fpublic_html%2Fwp-includes%2Fclass-wp-http-ixr-client.php&path=%2Fhome%2Fvrposilw0xwl%2Fpublic_html%2Fwp-includes HTTP/1.1" 200 3581 "-" "Mozilla/5.0 AppleWebKit/537.36 (KHTML, like Gecko; compatible; ClaudeBot/1.0; +claudebot@anthropic.com)" 250 **0/250460**
20.171.207.65 - - [14/Sep/2025:07:25:32 -0700] "GET /?fileloc=//lib64/python3.12/xml/etree/__pycache__/cElementTree.cpython-312.opt-2.pyc&path=//lib64/python3.12/xml/etree/__pycache__ HTTP/1.1" 200 2316 "-" "Mozilla/5.0 AppleWebKit/537.36 (KHTML, like Gecko; compatible; GPTBot/1.2; +https://openai.com/gptbot)" 156 **0/156272**
66.249.73.233 - - [14/Sep/2025:07:25:32 -0700] "GET /21652218?goodscode=0021623330 HTTP/1.1" 200 24698 "-" "Mozilla/5.0 (Linux; Android 6.0.1; Nexus 5X Build/MMB29P) AppleWebKit/537.36 (KHTML, like Gecko) Chrome/140.0.7339.127 Mobile Safari/537.36 (compatible; Googlebot/2.1; +http://www.google.com/bot.html)" 553 **0/553380**
216.73.216.168 - - [14/Sep/2025:07:25:34 -0700] "GET /when-courage-meets-excitement-even-a-chicken-can/feed?fileloc=%2Fhome%2Fvrposilw0xwl%2Fpublic_html%2Fold%2Fwp-includes%2Fclass-wp-comment-query.php&path=%2Fhome%2Fvrposilw0xwl%2Fpublic_html%2Fold%2Fwp-includes HTTP/1.1" 200 12411 "-" "Mozilla/5.0 AppleWebKit/537.36 (KHTML, like Gecko; compatible; ClaudeBot/1.0; +claudebot@anthropic.com)" 247 **0/247180**
216.73.216.168 - - [14/Sep/2025:07:25:37 -0700] "GET /when-courage-meets-excitement-even-a-chicken-can/feed?fileloc=%2Fhome%2Fvrposilw0xwl%2Fpublic_html%2Fold%2Fwp-includes%2Fnavigation-fallback.php&path=%2Fhome%2Fvrposilw0xwl%2Fpublic_html%2Fold%2Fwp-includes HTTP/1.1" 200 2928 "-" "Mozilla/5.0 AppleWebKit/537.36 (KHTML, like Gecko; compatible; ClaudeBot/1.0; +claudebot@anthropic.com)" 271 **0/271851**
20.171.207.65 - - [14/Sep/2025:07:25:38 -0700] "GET /?fileloc=//lib64/python3.12/xml/etree/__pycache__/cElementTree.cpython-312.opt-1.pyc&path=//lib64/python3.12/xml/etree/__pycache__ HTTP/1.1" 200 2316 "-" "Mozilla/5.0 AppleWebKit/537.36 (KHTML, like Gecko; compatible; GPTBot/1.2; +https://openai.com/gptbot)" 142 **0/142116**
216.73.216.168 - - [14/Sep/2025:07:25:40 -0700] "GET /1win-kazino-i-bk-3934-4/feed?fileloc=%2Fhome%2Fvrposilw0xwl%2Fpublic_html%2Fwp-includes%2Fms-default-constants.php&path=%2Fhome%2Fvrposilw0xwl%2Fpublic_html%2Fwp-includes HTTP/1.1" 200 3801 "-" "Mozilla/5.0 AppleWebKit/537.36 (KHTML, like Gecko; compatible; ClaudeBot/1.0; +claudebot@anthropic.com)" 251 **0/251521**
216.73.216.168 - - [14/Sep/2025:07:25:43 -0700] "GET /1win-kazino-i-bk-3934-4/feed?fileloc=%2Fhome%2Fvrposilw0xwl%2Fpublic_html%2Fwp-includes%2Fclass-wp-user-query.php&path=%2Fhome%2Fvrposilw0xwl%2Fpublic_html%2Fwp-includes HTTP/1.1" 200 11452 "-" "Mozilla/5.0 AppleWebKit/537.36 (KHTML, like Gecko; compatible; ClaudeBot/1.0; +claudebot@anthropic.com)" 262 **0/262617**
216.73.216.168 - - [14/Sep/2025:07:25:46 -0700] "GET /1win-kazino-i-bk-3934-4/feed?fileloc=%2Fhome%2Fvrposilw0xwl%2Fpublic_html%2Fwp-includes%2Fclass-wp-exception.php&path=%2Fhome%2Fvrposilw0xwl%2Fpublic_html%2Fwp-includes HTTP/1.1" 200 2387 "-" "Mozilla/5.0 AppleWebKit/537.36 (KHTML, like Gecko; compatible; ClaudeBot/1.0; +claudebot@anthropic.com)" 248 **0/248193**
216.73.216.168 - - [14/Sep/2025:07:25:49 -0700] "GET /mastercard-in-online-gambling-enterprises-a-convenient-and-protected-repayment-approach?fileloc=%2Fhome%2Fvrposilw0xwl%2Fpublic_html%2Fwp-includes%2Frss-functions.php&path=%2Fhome%2Fvrposilw0xwl%2Fpublic_html%2Fwp-includes HTTP/1.1" 200 2432 "-" "Mozilla/5.0 AppleWebKit/537.36 (KHTML, like Gecko; compatible; ClaudeBot/1.0; +claudebot@anthropic.com)" 261 **0/261099**
216.73.216.168 - - [14/Sep/2025:07:25:52 -0700] "GET /1win-kazino-i-bk-3934-4/feed?fileloc=%2Fhome%2Fvrposilw0xwl%2Fpublic_html%2Fwp-includes%2Fclass-wp-dependency.php&path=%2Fhome%2Fvrposilw0xwl%2Fpublic_html%2Fwp-includes HTTP/1.1" 200 3134 "-" "Mozilla/5.0 AppleWebKit/537.36 (KHTML, like Gecko; compatible; ClaudeBot/1.0; +claudebot@anthropic.com)" 258 **0/258957**
216.73.216.168 - - [14/Sep/2025:07:25:55 -0700] "GET /mastercard-in-online-gambling-enterprises-a-convenient-and-protected-repayment-approach?fileloc=%2Fhome%2Fvrposilw0xwl%2Fpublic_html%2Fwp-includes%2Fclass-wp-script-modules.php&path=%2Fhome%2Fvrposilw0xwl%2Fpublic_html%2Fwp-includes HTTP/1.1" 200 6823 "-" "Mozilla/5.0 AppleWebKit/537.36 (KHTML, like Gecko; compatible; ClaudeBot/1.0; +claudebot@anthropic.com)" 277 **0/277794**
20.171.207.65 - - [14/Sep/2025:07:25:58 -0700] "GET /?fileloc=//lib64/python3.12/xml/etree/__pycache__/ElementInclude.cpython-312.opt-1.pyc&path=//lib64/python3.12/xml/etree/__pycache__ HTTP/1.1" 200 2318 "-" "Mozilla/5.0 AppleWebKit/537.36 (KHTML, like Gecko; compatible; GPTBot/1.2; +https://openai.com/gptbot)" 133 **0/133162**
216.73.216.168 - - [14/Sep/2025:07:25:58 -0700] "GET /mastercard-in-online-gambling-enterprises-a-convenient-and-protected-repayment-approach?fileloc=%2Fhome%2Fvrposilw0xwl%2Fpublic_html%2Fwp-includes%2Fhttps-detection.php&path=%2Fhome%2Fvrposilw0xwl%2Fpublic_html%2Fwp-includes HTTP/1.1" 200 4119 "-" "Mozilla/5.0 AppleWebKit/537.36 (KHTML, like Gecko; compatible; ClaudeBot/1.0; +claudebot@anthropic.com)" 242 **0/242441**
216.73.216.168 - - [14/Sep/2025:07:26:01 -0700] "GET /1win-kazino-i-bk-3934-4/feed?fileloc=%2Fhome%2Fvrposilw0xwl%2Fpublic_html%2Fwp-includes%2Fscript-modules.php&path=%2Fhome%2Fvrposilw0xwl%2Fpublic_html%2Fwp-includes HTTP/1.1" 200 3871 "-" "Mozilla/5.0 AppleWebKit/537.36 (KHTML, like Gecko; compatible; ClaudeBot/1.0; +claudebot@anthropic.com)" 326 **0/326095**
20.171.207.65 - - [14/Sep/2025:07:26:01 -0700] "GET /?fileloc=//lib64/python3.12/xml/etree/__pycache__/ElementInclude.cpython-312.opt-2.pyc&path=//lib64/python3.12/xml/etree/__pycache__ HTTP/1.1" 200 2318 "-" "Mozilla/5.0 AppleWebKit/537.36 (KHTML, like Gecko; compatible; GPTBot/1.2; +https://openai.com/gptbot)" 131 **0/131921**
216.73.216.168 - - [14/Sep/2025:07:26:04 -0700] "GET /1xslots-1hslots-registracija-akkaunta-294-2?fileloc=%2Fhome%2Fvrposilw0xwl%2Fpublic_html%2Fwp-includes%2Fjs%2Fwp-pointer.min.js&path=%2Fhome%2Fvrposilw0xwl%2Fpublic_html%2Fwp-includes%2Fjs HTTP/1.1" 200 3566 "-" "Mozilla/5.0 AppleWebKit/537.36 (KHTML, like Gecko; compatible; ClaudeBot/1.0; +claudebot@anthropic.com)" 233 **0/233059**
20.171.207.65 - - [14/Sep/2025:07:26:04 -0700] "GET /?fileloc=//lib64/python3.12/xml/etree/__pycache__/__init__.cpython-312.opt-2.pyc&path=//lib64/python3.12/xml/etree/__pycache__ HTTP/1.1" 200 2316 "-" "Mozilla/5.0 AppleWebKit/537.36 (KHTML, like Gecko; compatible; GPTBot/1.2; +https://openai.com/gptbot)" 141 **0/141470**
216.73.216.168 - - [14/Sep/2025:07:26:07 -0700] "GET /1win-kazino-i-bk-3934-4/feed?fileloc=%2Fhome%2Fvrposilw0xwl%2Fpublic_html%2Fwp-includes%2Fclass-wp-customize-nav-menus.php&path=%2Fhome%2Fvrposilw0xwl%2Fpublic_html%2Fwp-includes HTTP/1.1" 200 16089 "-" "Mozilla/5.0 AppleWebKit/537.36 (KHTML, like Gecko; compatible; ClaudeBot/1.0; +claudebot@anthropic.com)" 283 **0/283460**
216.73.216.168 - - [14/Sep/2025:07:26:10 -0700] "GET /1xslots-1hslots-registracija-akkaunta-294-2?fileloc=%2Fhome%2Fvrposilw0xwl%2Fpublic_html%2Fwp-includes%2Fjs%2Fcustomize-preview-widgets.js&path=%2Fhome%2Fvrposilw0xwl%2Fpublic_html%2Fwp-includes%2Fjs HTTP/1.1" 200 7924 "-" "Mozilla/5.0 AppleWebKit/537.36 (KHTML, like Gecko; compatible; ClaudeBot/1.0; +claudebot@anthropic.com)" 255 **0/255289**
20.171.207.65 - - [14/Sep/2025:07:26:10 -0700] "GET /?fileloc=//lib64/python3.12/xml/etree/__pycache__/__init__.cpython-312.pyc&path=//lib64/python3.12/xml/etree/__pycache__ HTTP/1.1" 200 2312 "-" "Mozilla/5.0 AppleWebKit/537.36 (KHTML, like Gecko; compatible; GPTBot/1.2; +https://openai.com/gptbot)" 127 **0/127821**
216.73.216.168 - - [14/Sep/2025:07:26:13 -0700] "GET /when-courage-meets-excitement-even-a-chicken-can/feed?fileloc=%2Fhome%2Fvrposilw0xwl%2Fpublic_html%2Fold%2Fwp-includes%2Fclass-wp-block-bindings-registry.php&path=%2Fhome%2Fvrposilw0xwl%2Fpublic_html%2Fold%2Fwp-includes HTTP/1.1" 200 4351 "-" "Mozilla/5.0 AppleWebKit/537.36 (KHTML, like Gecko; compatible; ClaudeBot/1.0; +claudebot@anthropic.com)" 295 **0/295272**
216.73.216.168 - - [14/Sep/2025:07:26:16 -0700] "GET /casino-en-ligne-golden-panda-application-mobile-121/feed?fileloc=%2Fhome%2Fvrposilw0xwl%2Fpublic_html%2Fwp-admin%2Fjs%2Fcustomize-controls.js&path=%2Fhome%2Fvrposilw0xwl%2Fpublic_html%2Fwp-admin%2Fjs HTTP/1.1" 200 64483 "-" "Mozilla/5.0 AppleWebKit/537.36 (KHTML, like Gecko; compatible; ClaudeBot/1.0; +claudebot@anthropic.com)" 293 **0/293662**
20.171.207.65 - - [14/Sep/2025:07:26:16 -0700] "GET /?fileloc=//lib64/python3.12/xml/etree/__pycache__/__init__.cpython-312.opt-1.pyc&path=//lib64/python3.12/xml/etree/__pycache__ HTTP/1.1" 200 2316 "-" "Mozilla/5.0 AppleWebKit/537.36 (KHTML, like Gecko; compatible; GPTBot/1.2; +https://openai.com/gptbot)" 134 **0/134278**
216.73.216.168 - - [14/Sep/2025:07:26:19 -0700] "GET /1win-kazino-i-bk-3934-4/feed?fileloc=%2Fhome%2Fvrposilw0xwl%2Fpublic_html%2Fwp-includes%2Fshortcodes.php&path=%2Fhome%2Fvrposilw0xwl%2Fpublic_html%2Fwp-includes HTTP/1.1" 200 8691 "-" "Mozilla/5.0 AppleWebKit/537.36 (KHTML, like Gecko; compatible; ClaudeBot/1.0; +claudebot@anthropic.com)" 256 **0/256500**
20.171.207.65 - - [14/Sep/2025:07:26:19 -0700] "GET /?fileloc=//lib64/python3.12/xml/__pycache__/__init__.cpython-312.opt-1.pyc&path=//lib64/python3.12/xml/__pycache__ HTTP/1.1" 200 2304 "-" "Mozilla/5.0 AppleWebKit/537.36 (KHTML, like Gecko; compatible; GPTBot/1.2; +https://openai.com/gptbot)" 156 **0/156147**
216.73.216.168 - - [14/Sep/2025:07:26:22 -0700] "GET /mastercard-in-online-gambling-enterprises-a-convenient-and-protected-repayment-approach?fileloc=%2Fhome%2Fvrposilw0xwl%2Fpublic_html%2Fwp-includes%2Ffeed-rss2-comments.php&path=%2Fhome%2Fvrposilw0xwl%2Fpublic_html%2Fwp-includes HTTP/1.1" 200 3693 "-" "Mozilla/5.0 AppleWebKit/537.36 (KHTML, like Gecko; compatible; ClaudeBot/1.0; +claudebot@anthropic.com)" 254 **0/254783**
216.73.216.168 - - [14/Sep/2025:07:26:25 -0700] "GET /when-courage-meets-excitement-even-a-chicken-can/feed?fileloc=%2Fhome%2Fvrposilw0xwl%2Fpublic_html%2Fold%2Fwp-includes%2Ftemplate-loader.php&path=%2Fhome%2Fvrposilw0xwl%2Fpublic_html%2Fold%2Fwp-includes HTTP/1.1" 200 3299 "-" "Mozilla/5.0 AppleWebKit/537.36 (KHTML, like Gecko; compatible; ClaudeBot/1.0; +claudebot@anthropic.com)" 240 **0/240454**
216.73.216.168 - - [14/Sep/2025:07:26:28 -0700] "GET /1win-kazino-i-bk-3934-4/feed?fileloc=%2Fhome%2Fvrposilw0xwl%2Fpublic_html%2Fwp-includes%2Fwp-diff.php&path=%2Fhome%2Fvrposilw0xwl%2Fpublic_html%2Fwp-includes HTTP/1.1" 200 2569 "-" "Mozilla/5.0 AppleWebKit/537.36 (KHTML, like Gecko; compatible; ClaudeBot/1.0; +claudebot@anthropic.com)" 258 **0/258377**
20.171.207.65 - - [14/Sep/2025:07:26:29 -0700] "GET /?fileloc=//lib64/python3.12/xml/__pycache__/__init__.cpython-312.opt-2.pyc&path=//lib64/python3.12/xml/__pycache__ HTTP/1.1" 200 2304 "-" "Mozilla/5.0 AppleWebKit/537.36 (KHTML, like Gecko; compatible; GPTBot/1.2; +https://openai.com/gptbot)" 160 **0/160555**
216.73.216.168 - - [14/Sep/2025:07:26:31 -0700] "GET /1win-kazino-i-bk-3934-4/feed?fileloc=%2Fhome%2Fvrposilw0xwl%2Fpublic_html%2Fwp-includes%2Fclass-wp-feed-cache-transient.php&path=%2Fhome%2Fvrposilw0xwl%2Fpublic_html%2Fwp-includes HTTP/1.1" 200 3265 "-" "Mozilla/5.0 AppleWebKit/537.36 (KHTML, like Gecko; compatible; ClaudeBot/1.0; +claudebot@anthropic.com)" 244 **0/244126**
66.249.73.233 - - [14/Sep/2025:07:26:33 -0700] "GET /21656610?goodscode=0021627714 HTTP/1.1" 200 25546 "-" "Mozilla/5.0 (Linux; Android 6.0.1; Nexus 5X Build/MMB29P) AppleWebKit/537.36 (KHTML, like Gecko) Chrome/140.0.7339.127 Mobile Safari/537.36 (compatible; Googlebot/2.1; +http://www.google.com/bot.html)" 538 **0/538802**
216.73.216.168 - - [14/Sep/2025:07:26:34 -0700] "GET /when-courage-meets-excitement-even-a-chicken-can/feed?fileloc=%2Fhome%2Fvrposilw0xwl%2Fpublic_html%2Fold%2Fwp-admin%2Fnetwork%2Fplugin-editor.php&path=%2Fhome%2Fvrposilw0xwl%2Fpublic_html%2Fold%2Fwp-admin%2Fnetwork HTTP/1.1" 200 2433 "-" "Mozilla/5.0 AppleWebKit/537.36 (KHTML, like Gecko; compatible; ClaudeBot/1.0; +claudebot@anthropic.com)" 227 **0/227586**
216.73.216.168 - - [14/Sep/2025:07:26:37 -0700] "GET /1xslots-1hslots-registracija-akkaunta-294-2?fileloc=%2Fhome%2Fvrposilw0xwl%2Fpublic_html%2Fwp-includes%2Fjs%2Fzxcvbn-async.js&path=%2Fhome%2Fvrposilw0xwl%2Fpublic_html%2Fwp-includes%2Fjs HTTP/1.1" 200 2611 "-" "Mozilla/5.0 AppleWebKit/537.36 (KHTML, like Gecko; compatible; ClaudeBot/1.0; +claudebot@anthropic.com)" 249 **0/249300**
20.171.207.65 - - [14/Sep/2025:07:26:38 -0700] "GET /?fileloc=//lib64/python3.12/xml/sax/__pycache__/__init__.cpython-312.pyc&path=//lib64/python3.12/xml/sax/__pycache__ HTTP/1.1" 200 2311 "-" "Mozilla/5.0 AppleWebKit/537.36 (KHTML, like Gecko; compatible; GPTBot/1.2; +https://openai.com/gptbot)" 123 **0/123317**
216.73.216.168 - - [14/Sep/2025:07:26:40 -0700] "GET /1win-kazino-i-bk-3934-4/feed?fileloc=%2Fhome%2Fvrposilw0xwl%2Fpublic_html%2Fwp-includes%2Fclass-wp-editor.php&path=%2Fhome%2Fvrposilw0xwl%2Fpublic_html%2Fwp-includes HTTP/1.1" 200 18582 "-" "Mozilla/5.0 AppleWebKit/537.36 (KHTML, like Gecko; compatible; ClaudeBot/1.0; +claudebot@anthropic.com)" 236 **0/236187**
